114.119.156.102 - - [14/Jul/2026:14:07:54 +0000] "GET /index.php/zzztvsa/39aayzpksh_liqzne72382/principal/ELEMENTS/principal/principal/pages/avigilajudicial/pages/principal/menu_comunicados.php HTTP/1.1" 200 54693 "http://www.asjudinet.com/index.php/zzztvsa/39aayzpksh_liqzne72382/principal/ELEMENTS/principal/principal/pages/avigilajudicial/pages/index.php" "Mozilla/5.0 (Linux; Android 7.0;) AppleWebKit/537.36 (HTML, like Gecko) Mobile Safari/537.36 (compatible; PetalBot;+https://webmaster.petalsearch.com/site/petalbot)"
190.85.87.250 - - [14/Jul/2026:14:08:01 +0000] "POST /cartera_num_procesos_sus.php?ced2=1100246634&numcon=3088 HTTP/1.1" 200 10288 "http://www.asjudinet.com/cartera_num_procesos_sus.php?ced2=1100246634&numcon=3088" "Mozilla/5.0 (Windows NT 10.0; Win64; x64) AppleWebKit/537.36 (KHTML, like Gecko) Chrome/150.0.0.0 Safari/537.36"
190.85.87.250 - - [14/Jul/2026:14:08:01 +0000] "GET /cartera_consulta_titu_usuario.php?ced2=1100246634&numcon=3088 HTTP/1.1" 200 394886 "http://www.asjudinet.com/cartera_num_procesos_sus.php?ced2=1100246634&numcon=3088" "Mozilla/5.0 (Windows NT 10.0; Win64; x64) AppleWebKit/537.36 (KHTML, like Gecko) Chrome/150.0.0.0 Safari/537.36"
190.85.87.250 - - [14/Jul/2026:14:08:08 +0000] "GET /callcenter_consulta_tickets.php?ced=1100246634 HTTP/1.1" 200 2693 "http://www.asjudinet.com/cartera_consulta_titu_usuario.php?ced2=1100246634&numcon=3088" "Mozilla/5.0 (Windows NT 10.0; Win64; x64) AppleWebKit/537.36 (KHTML, like Gecko) Chrome/150.0.0.0 Safari/537.36"
190.85.87.250 - - [14/Jul/2026:14:08:11 +0000] "GET /callcenter/respuesta_tickets.php?cedulita=1100246634&numcon=3088&fecha=2026-02-10&atencion=104727&funcionario= HTTP/1.1" 200 17469 "http://www.asjudinet.com/callcenter_consulta_tickets.php?ced=1100246634" "Mozilla/5.0 (Windows NT 10.0; Win64; x64) AppleWebKit/537.36 (KHTML, like Gecko) Chrome/150.0.0.0 Safari/537.36"
190.85.87.250 - - [14/Jul/2026:14:08:28 +0000] "POST /callcenter/solicitud_cita_ingreso.php?numcon=3088&cedulita=1100246634&funcionario=1110177572 HTTP/1.1" 200 49321 "http://www.asjudinet.com/callcenter/solicitud_cita_ingreso.php?numcon=3088&cedulita=1100246634&funcionario=1110177572" "Mozilla/5.0 (Windows NT 10.0; Win64; x64) AppleWebKit/537.36 (KHTML, like Gecko) Chrome/150.0.0.0 Safari/537.36"
190.85.87.250 - - [14/Jul/2026:14:08:31 +0000] "GET /callcenter/respuesta_tickets.php?cedulita=1100246634&numcon=3088&fecha=2023-12-31&atencion=61840 HTTP/1.1" 200 17780 "http://www.asjudinet.com/callcenter/solicitud_cita.php?ced=1000505297&nom=CORTAZAR%20HERRERA%20SERGIO%20ALEJANDRO" "Mozilla/5.0 (Windows NT 10.0; Win64; x64) AppleWebKit/537.36 (KHTML, like Gecko) Chrome/150.0.0.0 Safari/537.36"
190.85.87.250 - - [14/Jul/2026:14:08:37 +0000] "GET /callcenter/menu_callcenter.php?ced=1110177572&nom=FERLA%20MORENO%20FRANCY%20LORENA HTTP/1.1" 200 11645 "http://www.asjudinet.com/callcenter/solicitud_cita_ingreso.php?numcon=3088&cedulita=1100246634&funcionario=1110177572" "Mozilla/5.0 (Windows NT 10.0; Win64; x64) AppleWebKit/537.36 (KHTML, like Gecko) Chrome/150.0.0.0 Safari/537.36"
190.85.87.250 - - [14/Jul/2026:14:08:39 +0000] "GET /callcenter/validar_recepcionistas.php?ced=1110177572&nom=FERLA%20MORENO%20FRANCY%20LORENA HTTP/1.1" 200 7964 "http://www.asjudinet.com/callcenter/menu_callcenter.php?ced=1110177572&nom=FERLA%20MORENO%20FRANCY%20LORENA" "Mozilla/5.0 (Windows NT 10.0; Win64; x64) AppleWebKit/537.36 (KHTML, like Gecko) Chrome/150.0.0.0 Safari/537.36"
190.85.87.250 - - [14/Jul/2026:14:08:41 +0000] "POST /callcenter/validar_recepcionistas.php HTTP/1.1" 200 8054 "http://www.asjudinet.com/callcenter/validar_recepcionistas.php?ced=1110177572&nom=FERLA%20MORENO%20FRANCY%20LORENA" "Mozilla/5.0 (Windows NT 10.0; Win64; x64) AppleWebKit/537.36 (KHTML, like Gecko) Chrome/150.0.0.0 Safari/537.36"
190.85.87.250 - - [14/Jul/2026:14:08:41 +0000] "GET /callcenter/solicitud_cita.php?ced=1110177572&nom=FERLA%20MORENO%20FRANCY%20LORENA HTTP/1.1" 200 5676 "http://www.asjudinet.com/callcenter/validar_recepcionistas.php" "Mozilla/5.0 (Windows NT 10.0; Win64; x64) AppleWebKit/537.36 (KHTML, like Gecko) Chrome/150.0.0.0 Safari/537.36"
190.85.87.250 - - [14/Jul/2026:14:07:43 +0000] "POST /callcenter/solicitud_cita.php?ced=1000505297&nom=CORTAZAR%20HERRERA%20SERGIO%20ALEJANDRO HTTP/1.1" 200 9704 "http://www.asjudinet.com/callcenter/solicitud_cita.php?ced=1000505297&nom=CORTAZAR%20HERRERA%20SERGIO%20ALEJANDRO" "Mozilla/5.0 (Windows NT 10.0; Win64; x64) AppleWebKit/537.36 (KHTML, like Gecko) Chrome/150.0.0.0 Safari/537.36"
114.119.130.177 - - [14/Jul/2026:14:09:17 +0000] "GET /index.php/zzztvsa/39aayzpksh_liqzne72382/principal/ELEMENTS/principal/pages/principal/avigilajudicial/pages/principal/quienes.php HTTP/1.1" 200 54693 "http://www.asjudinet.com/index.php/zzztvsa/39aayzpksh_liqzne72382/principal/ELEMENTS/principal/pages/principal/avigilajudicial/pages/menu_procesos_todos.php" "Mozilla/5.0 (Linux; Android 7.0;) AppleWebKit/537.36 (HTML, like Gecko) Mobile Safari/537.36 (compatible; PetalBot;+https://webmaster.petalsearch.com/site/petalbot)"
190.85.87.250 - - [14/Jul/2026:14:09:36 +0000] "GET /callcenter_consulta_tickets.php?ced=1100246634 HTTP/1.1" 200 3244 "http://www.asjudinet.com/cartera_consulta_titu_usuario.php?ced2=1100246634&numcon=3088" "Mozilla/5.0 (Windows NT 10.0; Win64; x64) AppleWebKit/537.36 (KHTML, like Gecko) Chrome/150.0.0.0 Safari/537.36"
190.85.87.250 - - [14/Jul/2026:14:09:40 +0000] "GET /callcenter/respuesta_tickets.php?cedulita=1100246634&numcon=3088&fecha=2026-07-14&atencion=107084&funcionario= HTTP/1.1" 200 15466 "http://www.asjudinet.com/callcenter_consulta_tickets.php?ced=1100246634" "Mozilla/5.0 (Windows NT 10.0; Win64; x64) AppleWebKit/537.36 (KHTML, like Gecko) Chrome/150.0.0.0 Safari/537.36"
190.85.87.250 - - [14/Jul/2026:14:10:36 +0000] "GET /consulta_cartera.php HTTP/1.1" 200 4668 "http://www.asjudinet.com/cartera_consulta_titu_usuario.php?ced2=1100246634&numcon=3088" "Mozilla/5.0 (Windows NT 10.0; Win64; x64) AppleWebKit/537.36 (KHTML, like Gecko) Chrome/150.0.0.0 Safari/537.36"
190.85.87.250 - - [14/Jul/2026:14:10:38 +0000] "GET /consulta_ced_info_servi.php HTTP/1.1" 200 4523 "http://www.asjudinet.com/consulta_cartera.php" "Mozilla/5.0 (Windows NT 10.0; Win64; x64) AppleWebKit/537.36 (KHTML, like Gecko) Chrome/150.0.0.0 Safari/537.36"
114.119.156.102 - - [14/Jul/2026:14:10:41 +0000] "GET /index.php/zzztvsa/39aayzpksh_liqzne72382/principal/ELEMENTS/principal/pages/avigilajudicial/principal/video_empresa.php HTTP/1.1" 200 54693 "http://www.asjudinet.com/index.php/zzztvsa/39aayzpksh_liqzne72382/principal/ELEMENTS/principal/pages/avigilajudicial/validar_vigi_judicial.php" "Mozilla/5.0 (Linux; Android 7.0;) AppleWebKit/537.36 (HTML, like Gecko) Mobile Safari/537.36 (compatible; PetalBot;+https://webmaster.petalsearch.com/site/petalbot)"
190.85.87.250 - - [14/Jul/2026:14:10:47 +0000] "GET /callcenter_consulta_tickets.php?ced=1100246634 HTTP/1.1" 200 3244 "http://www.asjudinet.com/cartera_consulta_titu_usuario.php?ced2=1100246634&numcon=3088" "Mozilla/5.0 (Windows NT 10.0; Win64; x64) AppleWebKit/537.36 (KHTML, like Gecko) Chrome/150.0.0.0 Safari/537.36"
190.85.87.250 - - [14/Jul/2026:14:10:59 +0000] "GET /consulta_cartera.php HTTP/1.1" 200 4668 "http://www.asjudinet.com/cartera_consulta_titu_usuario.php?ced2=1100246634&numcon=3088" "Mozilla/5.0 (Windows NT 10.0; Win64; x64) AppleWebKit/537.36 (KHTML, like Gecko) Chrome/150.0.0.0 Safari/537.36"
190.85.87.250 - - [14/Jul/2026:14:11:00 +0000] "GET /consulta_ced_info_servi.php HTTP/1.1" 200 4523 "http://www.asjudinet.com/consulta_cartera.php" "Mozilla/5.0 (Windows NT 10.0; Win64; x64) AppleWebKit/537.36 (KHTML, like Gecko) Chrome/150.0.0.0 Safari/537.36"
185.104.164.179 - - [14/Jul/2026:14:11:49 +0000] "GET / HTTP/1.1" 200 54693 "-" "Mozilla/5.0 (Windows NT 10.0; Win64; x64) AppleWebKit/537.36 (KHTML, like Gecko) Chrome/150.0.0.0 Safari/537.36"
185.104.164.179 - - [14/Jul/2026:14:11:52 +0000] "GET /favicon.ico HTTP/1.1" 200 9036 "http://www.asjudinet.com/" "Mozilla/5.0 (Windows NT 10.0; Win64; x64) AppleWebKit/537.36 (KHTML, like Gecko) Chrome/150.0.0.0 Safari/537.36"
185.104.164.179 - - [14/Jul/2026:14:12:00 +0000] "GET /val_usuarios.php HTTP/1.1" 200 7808 "http://www.asjudinet.com/" "Mozilla/5.0 (Windows NT 10.0; Win64; x64) AppleWebKit/537.36 (KHTML, like Gecko) Chrome/150.0.0.0 Safari/537.36"
114.119.150.5 - - [14/Jul/2026:14:12:04 +0000] "GET /index.php/zzztvsa/39aayzpksh_liqzne72382/principal/ELEMENTS/otros/principal/principal/principal/avigilajudicial/val_usuarios_IURIS.php HTTP/1.1" 200 54693 "http://www.asjudinet.com/index.php/zzztvsa/39aayzpksh_liqzne72382/principal/ELEMENTS/otros/principal/principal/principal/avigilajudicial/validar_vigi_judicial.php" "Mozilla/5.0 (Linux; Android 7.0;) AppleWebKit/537.36 (HTML, like Gecko) Mobile Safari/537.36 (compatible; PetalBot;+https://webmaster.petalsearch.com/site/petalbot)"
190.84.119.116 - - [14/Jul/2026:14:12:05 +0000] "GET /callcenter/menu_abogados.php?ced=72311716&nom=ROJANO%20HELD%20RICARDO HTTP/1.1" 200 3494 "http://www.asjudinet.com/callcenter/listado_por_abogado.php?ced=72311716&nom=ROJANO%20HELD%20RICARDO" "Mozilla/5.0 (Windows NT 10.0; Win64; x64) AppleWebKit/537.36 (KHTML, like Gecko) Chrome/150.0.0.0 Safari/537.36 Edg/150.0.0.0"
190.84.119.116 - - [14/Jul/2026:14:12:06 +0000] "GET /callcenter/listado_por_abogado.php?ced=72311716&nom=ROJANO%20HELD%20RICARDO HTTP/1.1" 200 17741 "http://www.asjudinet.com/callcenter/menu_abogados.php?ced=72311716&nom=ROJANO%20HELD%20RICARDO" "Mozilla/5.0 (Windows NT 10.0; Win64; x64) AppleWebKit/537.36 (KHTML, like Gecko) Chrome/150.0.0.0 Safari/537.36 Edg/150.0.0.0"
190.84.119.116 - - [14/Jul/2026:14:12:09 +0000] "GET /callcenter/menu_abogados.php?ced=72311716&nom=ROJANO%20HELD%20RICARDO HTTP/1.1" 200 3494 "http://www.asjudinet.com/callcenter/listado_por_abogado.php?ced=72311716&nom=ROJANO%20HELD%20RICARDO" "Mozilla/5.0 (Windows NT 10.0; Win64; x64) AppleWebKit/537.36 (KHTML, like Gecko) Chrome/150.0.0.0 Safari/537.36 Edg/150.0.0.0"
190.84.119.116 - - [14/Jul/2026:14:12:10 +0000] "GET /callcenter/listado_por_abogado_trabajos.php?ced=72311716&nom=ROJANO%20HELD%20RICARDO HTTP/1.1" 200 15265 "http://www.asjudinet.com/callcenter/menu_abogados.php?ced=72311716&nom=ROJANO%20HELD%20RICARDO" "Mozilla/5.0 (Windows NT 10.0; Win64; x64) AppleWebKit/537.36 (KHTML, like Gecko) Chrome/150.0.0.0 Safari/537.36 Edg/150.0.0.0"
190.84.119.116 - - [14/Jul/2026:14:12:11 +0000] "GET /callcenter/menu_abogados.php?ced=72311716&nom=ROJANO%20HELD%20RICARDO HTTP/1.1" 200 3494 "http://www.asjudinet.com/callcenter/listado_por_abogado_trabajos.php?ced=72311716&nom=ROJANO%20HELD%20RICARDO" "Mozilla/5.0 (Windows NT 10.0; Win64; x64) AppleWebKit/537.36 (KHTML, like Gecko) Chrome/150.0.0.0 Safari/537.36 Edg/150.0.0.0"
190.84.119.116 - - [14/Jul/2026:14:12:12 +0000] "GET /callcenter/menu_callcenter.php?ced=72311716&nom=ROJANO%20HELD%20RICARDO HTTP/1.1" 200 11348 "http://www.asjudinet.com/callcenter/menu_abogados.php?ced=72311716&nom=ROJANO%20HELD%20RICARDO" "Mozilla/5.0 (Windows NT 10.0; Win64; x64) AppleWebKit/537.36 (KHTML, like Gecko) Chrome/150.0.0.0 Safari/537.36 Edg/150.0.0.0"
190.84.119.116 - - [14/Jul/2026:14:12:13 +0000] "GET /menu_admin.php HTTP/1.1" 200 55572 "http://www.asjudinet.com/callcenter/menu_callcenter.php?ced=72311716&nom=ROJANO%20HELD%20RICARDO" "Mozilla/5.0 (Windows NT 10.0; Win64; x64) AppleWebKit/537.36 (KHTML, like Gecko) Chrome/150.0.0.0 Safari/537.36 Edg/150.0.0.0"
190.84.119.116 - - [14/Jul/2026:14:12:15 +0000] "GET /callcenter/validar_callcenter.php HTTP/1.1" 200 7839 "http://www.asjudinet.com/menu_admin.php" "Mozilla/5.0 (Windows NT 10.0; Win64; x64) AppleWebKit/537.36 (KHTML, like Gecko) Chrome/150.0.0.0 Safari/537.36 Edg/150.0.0.0"
190.67.205.191 - - [14/Jul/2026:14:12:17 +0000] "GET / HTTP/1.1" 200 54693 "-" "Mozilla/5.0 (Windows NT 10.0; Win64; x64) AppleWebKit/537.36 (KHTML, like Gecko) Chrome/150.0.0.0 Safari/537.36"
190.84.119.116 - - [14/Jul/2026:14:12:18 +0000] "POST /callcenter/validar_callcenter.php HTTP/1.1" 200 7957 "http://www.asjudinet.com/callcenter/validar_callcenter.php" "Mozilla/5.0 (Windows NT 10.0; Win64; x64) AppleWebKit/537.36 (KHTML, like Gecko) Chrome/150.0.0.0 Safari/537.36 Edg/150.0.0.0"
190.84.119.116 - - [14/Jul/2026:14:12:18 +0000] "GET /callcenter/menu_callcenter.php?ced=72311716&nom=ROJANO%20HELD%20RICARDO HTTP/1.1" 200 11348 "http://www.asjudinet.com/callcenter/validar_callcenter.php" "Mozilla/5.0 (Windows NT 10.0; Win64; x64) AppleWebKit/537.36 (KHTML, like Gecko) Chrome/150.0.0.0 Safari/537.36 Edg/150.0.0.0"
190.84.119.116 - - [14/Jul/2026:14:12:19 +0000] "GET /callcenter/validar_abogado.php?ced=72311716&nom=ROJANO%20HELD%20RICARDO HTTP/1.1" 200 7938 "http://www.asjudinet.com/callcenter/menu_callcenter.php?ced=72311716&nom=ROJANO%20HELD%20RICARDO" "Mozilla/5.0 (Windows NT 10.0; Win64; x64) AppleWebKit/537.36 (KHTML, like Gecko) Chrome/150.0.0.0 Safari/537.36 Edg/150.0.0.0"
190.84.119.116 - - [14/Jul/2026:14:12:23 +0000] "POST /callcenter/validar_abogado.php HTTP/1.1" 200 8027 "http://www.asjudinet.com/callcenter/validar_abogado.php?ced=72311716&nom=ROJANO%20HELD%20RICARDO" "Mozilla/5.0 (Windows NT 10.0; Win64; x64) AppleWebKit/537.36 (KHTML, like Gecko) Chrome/150.0.0.0 Safari/537.36 Edg/150.0.0.0"
190.84.119.116 - - [14/Jul/2026:14:12:23 +0000] "GET /callcenter/menu_abogados.php?ced=72311716&nom=ROJANO%20HELD%20RICARDO HTTP/1.1" 200 3494 "http://www.asjudinet.com/callcenter/validar_abogado.php" "Mozilla/5.0 (Windows NT 10.0; Win64; x64) AppleWebKit/537.36 (KHTML, like Gecko) Chrome/150.0.0.0 Safari/537.36 Edg/150.0.0.0"
190.84.119.116 - - [14/Jul/2026:14:12:25 +0000] "GET /callcenter/listado_por_abogado.php?ced=72311716&nom=ROJANO%20HELD%20RICARDO HTTP/1.1" 200 17741 "http://www.asjudinet.com/callcenter/menu_abogados.php?ced=72311716&nom=ROJANO%20HELD%20RICARDO" "Mozilla/5.0 (Windows NT 10.0; Win64; x64) AppleWebKit/537.36 (KHTML, like Gecko) Chrome/150.0.0.0 Safari/537.36 Edg/150.0.0.0"
190.84.119.116 - - [14/Jul/2026:14:12:27 +0000] "GET /callcenter/menu_abogados.php?ced=72311716&nom=ROJANO%20HELD%20RICARDO HTTP/1.1" 200 3494 "http://www.asjudinet.com/callcenter/listado_por_abogado.php?ced=72311716&nom=ROJANO%20HELD%20RICARDO" "Mozilla/5.0 (Windows NT 10.0; Win64; x64) AppleWebKit/537.36 (KHTML, like Gecko) Chrome/150.0.0.0 Safari/537.36 Edg/150.0.0.0"
190.84.119.116 - - [14/Jul/2026:14:12:28 +0000] "GET /callcenter/menu_callcenter.php?ced=72311716&nom=ROJANO%20HELD%20RICARDO HTTP/1.1" 200 11348 "http://www.asjudinet.com/callcenter/menu_abogados.php?ced=72311716&nom=ROJANO%20HELD%20RICARDO" "Mozilla/5.0 (Windows NT 10.0; Win64; x64) AppleWebKit/537.36 (KHTML, like Gecko) Chrome/150.0.0.0 Safari/537.36 Edg/150.0.0.0"
190.84.119.116 - - [14/Jul/2026:14:12:29 +0000] "GET /menu_admin.php HTTP/1.1" 200 55572 "http://www.asjudinet.com/callcenter/menu_callcenter.php?ced=72311716&nom=ROJANO%20HELD%20RICARDO" "Mozilla/5.0 (Windows NT 10.0; Win64; x64) AppleWebKit/537.36 (KHTML, like Gecko) Chrome/150.0.0.0 Safari/537.36 Edg/150.0.0.0"
190.85.87.250 - - [14/Jul/2026:14:13:13 +0000] "POST /consulta_ced_info_servi.php HTTP/1.1" 200 6150 "http://www.asjudinet.com/consulta_ced_info_servi.php" "Mozilla/5.0 (Windows NT 10.0; Win64; x64) AppleWebKit/537.36 (KHTML, like Gecko) Chrome/150.0.0.0 Safari/537.36"
190.85.87.250 - - [14/Jul/2026:14:13:18 +0000] "GET /callcenter/solicitud_cita.php?ced=1124077740&nom=ORTIZ%20YUSNEHIDI HTTP/1.1" 200 5654 "-" "Mozilla/5.0 (Windows NT 10.0; Win64; x64) AppleWebKit/537.36 (KHTML, like Gecko) Chrome/150.0.0.0 Safari/537.36"
114.119.136.100 - - [14/Jul/2026:14:13:29 +0000] "GET /index.php/zzztvsa/39aayzpksh_liqzne72382/principal/ELEMENTS/otros/principal/principal/avigilajudicial/principal/contactenos.php HTTP/1.1" 200 54693 "http://www.asjudinet.com/index.php/zzztvsa/39aayzpksh_liqzne72382/principal/ELEMENTS/otros/principal/principal/avigilajudicial/principal/contactenos.php" "Mozilla/5.0 (Linux; Android 7.0;) AppleWebKit/537.36 (HTML, like Gecko) Mobile Safari/537.36 (compatible; PetalBot;+https://webmaster.petalsearch.com/site/petalbot)"
190.85.87.250 - - [14/Jul/2026:14:13:28 +0000] "POST /consulta_ced_info_servi.php HTTP/1.1" 200 8585 "http://www.asjudinet.com/consulta_ced_info_servi.php" "Mozilla/5.0 (Windows NT 10.0; Win64; x64) AppleWebKit/537.36 (KHTML, like Gecko) Chrome/150.0.0.0 Safari/537.36"
185.104.164.179 - - [14/Jul/2026:14:13:32 +0000] "POST /val_usuarios.php HTTP/1.1" 200 141 "http://www.asjudinet.com/val_usuarios.php" "Mozilla/5.0 (Windows NT 10.0; Win64; x64) AppleWebKit/537.36 (KHTML, like Gecko) Chrome/150.0.0.0 Safari/537.36"
185.104.164.179 - - [14/Jul/2026:14:13:32 +0000] "GET /menu_admin.php?ced=34973320&nom=JALAL%20JULIO%20YAMILE&aaa=126&cargo=126 HTTP/1.1" 200 55572 "http://www.asjudinet.com/val_usuarios.php" "Mozilla/5.0 (Windows NT 10.0; Win64; x64) AppleWebKit/537.36 (KHTML, like Gecko) Chrome/150.0.0.0 Safari/537.36"
190.85.87.250 - - [14/Jul/2026:14:13:32 +0000] "GET /agendarse/cartera_consulta_titu_usuario.php?ced2=94491347&numcon=A916 HTTP/1.1" 200 59125 "http://www.asjudinet.com/consulta_ced_info_servi.php" "Mozilla/5.0 (Windows NT 10.0; Win64; x64) AppleWebKit/537.36 (KHTML, like Gecko) Chrome/150.0.0.0 Safari/537.36"
185.104.164.179 - - [14/Jul/2026:14:13:43 +0000] "GET /validar_histoser.php HTTP/1.1" 200 21741 "http://www.asjudinet.com/menu_admin.php?ced=34973320&nom=JALAL%20JULIO%20YAMILE&aaa=126&cargo=126" "Mozilla/5.0 (Windows NT 10.0; Win64; x64) AppleWebKit/537.36 (KHTML, like Gecko) Chrome/150.0.0.0 Safari/537.36"
185.104.164.179 - - [14/Jul/2026:14:13:43 +0000] "GET /themes//style/style.css HTTP/1.1" 404 - "http://www.asjudinet.com/validar_histoser.php" "Mozilla/5.0 (Windows NT 10.0; Win64; x64) AppleWebKit/537.36 (KHTML, like Gecko) Chrome/150.0.0.0 Safari/537.36"
185.104.164.179 - - [14/Jul/2026:14:13:44 +0000] "GET /mm_menu.js HTTP/1.1" 200 29972 "http://www.asjudinet.com/validar_histoser.php" "Mozilla/5.0 (Windows NT 10.0; Win64; x64) AppleWebKit/537.36 (KHTML, like Gecko) Chrome/150.0.0.0 Safari/537.36"
185.104.164.179 - - [14/Jul/2026:14:13:44 +0000] "GET /AC_RunActiveContent.js HTTP/1.1" 200 8031 "http://www.asjudinet.com/validar_histoser.php" "Mozilla/5.0 (Windows NT 10.0; Win64; x64) AppleWebKit/537.36 (KHTML, like Gecko) Chrome/150.0.0.0 Safari/537.36"
185.104.164.179 - - [14/Jul/2026:14:13:44 +0000] "GET /milonic_src.js HTTP/1.1" 200 6067 "http://www.asjudinet.com/validar_histoser.php" "Mozilla/5.0 (Windows NT 10.0; Win64; x64) AppleWebKit/537.36 (KHTML, like Gecko) Chrome/150.0.0.0 Safari/537.36"
185.104.164.179 - - [14/Jul/2026:14:13:44 +0000] "GET /menu_data.js HTTP/1.1" 200 5728 "http://www.asjudinet.com/validar_histoser.php" "Mozilla/5.0 (Windows NT 10.0; Win64; x64) AppleWebKit/537.36 (KHTML, like Gecko) Chrome/150.0.0.0 Safari/537.36"
185.104.164.179 - - [14/Jul/2026:14:13:44 +0000] "GET /imagedos/spacer.gif HTTP/1.1" 200 43 "http://www.asjudinet.com/validar_histoser.php" "Mozilla/5.0 (Windows NT 10.0; Win64; x64) AppleWebKit/537.36 (KHTML, like Gecko) Chrome/150.0.0.0 Safari/537.36"
185.104.164.179 - - [14/Jul/2026:14:13:44 +0000] "GET /Atras.gif HTTP/1.1" 200 4750 "http://www.asjudinet.com/validar_histoser.php" "Mozilla/5.0 (Windows NT 10.0; Win64; x64) AppleWebKit/537.36 (KHTML, like Gecko) Chrome/150.0.0.0 Safari/537.36"
185.104.164.179 - - [14/Jul/2026:14:13:44 +0000] "GET /mmenudom.js HTTP/1.1" 200 30274 "http://www.asjudinet.com/validar_histoser.php" "Mozilla/5.0 (Windows NT 10.0; Win64; x64) AppleWebKit/537.36 (KHTML, like Gecko) Chrome/150.0.0.0 Safari/537.36"
185.104.164.179 - - [14/Jul/2026:14:13:44 +0000] "GET /ELEMENTOS/fondocuadritosgrises.gif HTTP/1.1" 200 506 "http://www.asjudinet.com/validar_histoser.php" "Mozilla/5.0 (Windows NT 10.0; Win64; x64) AppleWebKit/537.36 (KHTML, like Gecko) Chrome/150.0.0.0 Safari/537.36"
185.104.164.179 - - [14/Jul/2026:14:13:44 +0000] "GET /fondotabla.jpg HTTP/1.1" 200 2845 "http://www.asjudinet.com/validar_histoser.php" "Mozilla/5.0 (Windows NT 10.0; Win64; x64) AppleWebKit/537.36 (KHTML, like Gecko) Chrome/150.0.0.0 Safari/537.36"
185.104.164.179 - - [14/Jul/2026:14:13:44 +0000] "GET /imagedos/menu_r3_c2_f2.gif HTTP/1.1" 200 377 "http://www.asjudinet.com/validar_histoser.php" "Mozilla/5.0 (Windows NT 10.0; Win64; x64) AppleWebKit/537.36 (KHTML, like Gecko) Chrome/150.0.0.0 Safari/537.36"
185.104.164.179 - - [14/Jul/2026:14:13:44 +0000] "GET /imagedos/menu_r3_c3_f2.gif HTTP/1.1" 200 342 "http://www.asjudinet.com/validar_histoser.php" "Mozilla/5.0 (Windows NT 10.0; Win64; x64) AppleWebKit/537.36 (KHTML, like Gecko) Chrome/150.0.0.0 Safari/537.36"
185.104.164.179 - - [14/Jul/2026:14:13:44 +0000] "GET /imagedos/menu_r3_c1_f2.gif HTTP/1.1" 200 397 "http://www.asjudinet.com/validar_histoser.php" "Mozilla/5.0 (Windows NT 10.0; Win64; x64) AppleWebKit/537.36 (KHTML, like Gecko) Chrome/150.0.0.0 Safari/537.36"
185.104.164.179 - - [14/Jul/2026:14:13:44 +0000] "GET /imagedos/menu_r3_c5_f2.gif HTTP/1.1" 200 369 "http://www.asjudinet.com/validar_histoser.php" "Mozilla/5.0 (Windows NT 10.0; Win64; x64) AppleWebKit/537.36 (KHTML, like Gecko) Chrome/150.0.0.0 Safari/537.36"
185.104.164.179 - - [14/Jul/2026:14:13:44 +0000] "GET /imagedos/menu_r3_c6_f2.gif HTTP/1.1" 200 306 "http://www.asjudinet.com/validar_histoser.php" "Mozilla/5.0 (Windows NT 10.0; Win64; x64) AppleWebKit/537.36 (KHTML, like Gecko) Chrome/150.0.0.0 Safari/537.36"
185.104.164.179 - - [14/Jul/2026:14:13:44 +0000] "GET /imagedos/menu_r3_c4_f2.gif HTTP/1.1" 200 400 "http://www.asjudinet.com/validar_histoser.php" "Mozilla/5.0 (Windows NT 10.0; Win64; x64) AppleWebKit/537.36 (KHTML, like Gecko) Chrome/150.0.0.0 Safari/537.36"
185.104.164.179 - - [14/Jul/2026:14:13:44 +0000] "GET /imagedos/menu_r3_c7_f2.gif HTTP/1.1" 200 309 "http://www.asjudinet.com/validar_histoser.php" "Mozilla/5.0 (Windows NT 10.0; Win64; x64) AppleWebKit/537.36 (KHTML, like Gecko) Chrome/150.0.0.0 Safari/537.36"
185.104.164.179 - - [14/Jul/2026:14:13:52 +0000] "POST /validar_histoser.php HTTP/1.1" 200 19236 "http://www.asjudinet.com/validar_histoser.php" "Mozilla/5.0 (Windows NT 10.0; Win64; x64) AppleWebKit/537.36 (KHTML, like Gecko) Chrome/150.0.0.0 Safari/537.36"
185.104.164.179 - - [14/Jul/2026:14:13:53 +0000] "GET /themes//style/style.css HTTP/1.1" 404 - "http://www.asjudinet.com/validar_histoser.php" "Mozilla/5.0 (Windows NT 10.0; Win64; x64) AppleWebKit/537.36 (KHTML, like Gecko) Chrome/150.0.0.0 Safari/537.36"
185.104.164.179 - - [14/Jul/2026:14:13:53 +0000] "GET /menu_histoser.php?ced=34973320&nom=JALAL%20JULIO%20YAMILE HTTP/1.1" 200 16590 "http://www.asjudinet.com/validar_histoser.php" "Mozilla/5.0 (Windows NT 10.0; Win64; x64) AppleWebKit/537.36 (KHTML, like Gecko) Chrome/150.0.0.0 Safari/537.36"
185.104.164.179 - - [14/Jul/2026:14:13:55 +0000] "GET /sub_listado_activacion.php HTTP/1.1" 200 5720 "http://www.asjudinet.com/menu_histoser.php?ced=34973320&nom=JALAL%20JULIO%20YAMILE" "Mozilla/5.0 (Windows NT 10.0; Win64; x64) AppleWebKit/537.36 (KHTML, like Gecko) Chrome/150.0.0.0 Safari/537.36"
185.104.164.179 - - [14/Jul/2026:14:13:58 +0000] "GET /sub_activa_atencion.php?id=23866496&atencion=138628 HTTP/1.1" 200 11003 "http://www.asjudinet.com/sub_listado_activacion.php" "Mozilla/5.0 (Windows NT 10.0; Win64; x64) AppleWebKit/537.36 (KHTML, like Gecko) Chrome/150.0.0.0 Safari/537.36"
185.104.164.179 - - [14/Jul/2026:14:13:59 +0000] "GET /fondo_argollado.gif HTTP/1.1" 404 - "http://www.asjudinet.com/sub_activa_atencion.php?id=23866496&atencion=138628" "Mozilla/5.0 (Windows NT 10.0; Win64; x64) AppleWebKit/537.36 (KHTML, like Gecko) Chrome/150.0.0.0 Safari/537.36"
185.104.164.179 - - [14/Jul/2026:14:14:02 +0000] "GET /fondo_argollado.gif HTTP/1.1" 404 - "http://www.asjudinet.com/sub_activa_atencion.php?id=23866496&atencion=138628" "Mozilla/5.0 (Windows NT 10.0; Win64; x64) AppleWebKit/537.36 (KHTML, like Gecko) Chrome/150.0.0.0 Safari/537.36"
185.104.164.179 - - [14/Jul/2026:14:14:02 +0000] "POST /sub_activa_atencion.php?id=23866496&atencion=138628 HTTP/1.1" 200 11061 "http://www.asjudinet.com/sub_activa_atencion.php?id=23866496&atencion=138628" "Mozilla/5.0 (Windows NT 10.0; Win64; x64) AppleWebKit/537.36 (KHTML, like Gecko) Chrome/150.0.0.0 Safari/537.36"
185.104.164.179 - - [14/Jul/2026:14:14:19 +0000] "GET / HTTP/1.1" 200 54693 "-" "Mozilla/5.0 (Windows NT 10.0; Win64; x64) AppleWebKit/537.36 (KHTML, like Gecko) Chrome/150.0.0.0 Safari/537.36"
190.85.87.250 - - [14/Jul/2026:14:13:21 +0000] "POST /callcenter/solicitud_cita.php?ced=1124077740&nom=ORTIZ%20YUSNEHIDI HTTP/1.1" 200 12272 "http://www.asjudinet.com/callcenter/solicitud_cita.php?ced=1124077740&nom=ORTIZ%20YUSNEHIDI" "Mozilla/5.0 (Windows NT 10.0; Win64; x64) AppleWebKit/537.36 (KHTML, like Gecko) Chrome/150.0.0.0 Safari/537.36"
185.104.164.179 - - [14/Jul/2026:14:14:22 +0000] "GET /val_usuarios.php HTTP/1.1" 200 7808 "http://www.asjudinet.com/" "Mozilla/5.0 (Windows NT 10.0; Win64; x64) AppleWebKit/537.36 (KHTML, like Gecko) Chrome/150.0.0.0 Safari/537.36"
185.104.164.179 - - [14/Jul/2026:14:14:31 +0000] "GET / HTTP/1.1" 200 54693 "-" "Mozilla/5.0 (Windows NT 10.0; Win64; x64) AppleWebKit/537.36 (KHTML, like Gecko) Chrome/150.0.0.0 Safari/537.36"
93.123.109.52 - - [14/Jul/2026:14:14:40 +0000] "GET / HTTP/1.1" 200 54693 "-" "Mozilla/5.0 (Windows NT 10.0; Win64; x64) AppleWebKit/537.36 (KHTML, like Gecko) Chrome/131.0.0.0 Safari/537.36"
93.123.109.52 - - [14/Jul/2026:14:14:43 +0000] "GET /js/leaflet.js HTTP/1.1" 200 141125 "-" "Mozilla/5.0 (Windows NT 10.0; Win64; x64) AppleWebKit/537.36 (KHTML, like Gecko) Chrome/131.0.0.0 Safari/537.36"
93.123.109.52 - - [14/Jul/2026:14:14:44 +0000] "GET /js/responsive.js HTTP/1.1" 200 7095 "-" "Mozilla/5.0 (Windows NT 10.0; Win64; x64) AppleWebKit/537.36 (KHTML, like Gecko) Chrome/131.0.0.0 Safari/537.36"
93.123.109.52 - - [14/Jul/2026:14:14:44 +0000] "GET /js/menu_prueba.js HTTP/1.1" 200 1678 "-" "Mozilla/5.0 (Windows NT 10.0; Win64; x64) AppleWebKit/537.36 (KHTML, like Gecko) Chrome/131.0.0.0 Safari/537.36"
93.123.109.52 - - [14/Jul/2026:14:14:44 +0000] "GET /js/script.js HTTP/1.1" 404 - "-" "Mozilla/5.0 (Windows NT 10.0; Win64; x64) AppleWebKit/537.36 (KHTML, like Gecko) Chrome/131.0.0.0 Safari/537.36"
114.119.142.179 - - [14/Jul/2026:14:14:55 +0000] "GET /index.php/zzztvsa/39aayzpksh_liqzne72382/principal/ELEMENTS/otros/principal/pages/pages/avigilajudicial/pages/principal/ventajas.php HTTP/1.1" 200 54693 "http://www.asjudinet.com/index.php/zzztvsa/39aayzpksh_liqzne72382/principal/ELEMENTS/otros/principal/pages/pages/avigilajudicial/pages/index.php" "Mozilla/5.0 (Linux; Android 7.0;) AppleWebKit/537.36 (HTML, like Gecko) Mobile Safari/537.36 (compatible; PetalBot;+https://webmaster.petalsearch.com/site/petalbot)"
114.119.137.103 - - [14/Jul/2026:14:16:15 +0000] "GET /index.php/zzztvsa/39aayzpksh_liqzne72382/principal/ELEMENTS/otros/principal/pages/avigilajudicial/principal/avigilajudicial/avigilajudicial/formulario_seminario_dih.php HTTP/1.1" 200 54693 "http://www.asjudinet.com/index.php/zzztvsa/39aayzpksh_liqzne72382/principal/ELEMENTS/otros/principal/pages/avigilajudicial/principal/avigilajudicial/avigilajudicial/val_usuarios.php" "Mozilla/5.0 (Linux; Android 7.0;) AppleWebKit/537.36 (HTML, like Gecko) Mobile Safari/537.36 (compatible; PetalBot;+https://webmaster.petalsearch.com/site/petalbot)"
114.119.156.102 - - [14/Jul/2026:14:17:38 +0000] "GET /index.php/zzztvsa/39aayzpksh_liqzne72382/principal/ELEMENTS/otros/principal/pages/avigilajudicial/pages/pages/principal/val_usuarios.php HTTP/1.1" 200 54693 "http://www.asjudinet.com/index.php/zzztvsa/39aayzpksh_liqzne72382/principal/ELEMENTS/otros/principal/pages/avigilajudicial/pages/pages/principal/contratopersonas.php" "Mozilla/5.0 (Linux; Android 7.0;) AppleWebKit/537.36 (HTML, like Gecko) Mobile Safari/537.36 (compatible; PetalBot;+https://webmaster.petalsearch.com/site/petalbot)"
190.85.87.250 - - [14/Jul/2026:14:17:42 +0000] "GET /afinanciera/cartera_consultar_cargar_deb.php HTTP/1.1" 200 5266 "-" "Mozilla/5.0 (Windows NT 10.0; Win64; x64) AppleWebKit/537.36 (KHTML, like Gecko) Chrome/150.0.0.0 Safari/537.36"
185.104.164.179 - - [14/Jul/2026:14:17:58 +0000] "GET / HTTP/1.1" 200 54693 "-" "Mozilla/5.0 (Windows NT 10.0; Win64; x64) AppleWebKit/537.36 (KHTML, like Gecko) Chrome/150.0.0.0 Safari/537.36"
185.104.164.179 - - [14/Jul/2026:14:18:02 +0000] "GET /val_usuarios.php HTTP/1.1" 200 7808 "http://www.asjudinet.com/" "Mozilla/5.0 (Windows NT 10.0; Win64; x64) AppleWebKit/537.36 (KHTML, like Gecko) Chrome/150.0.0.0 Safari/537.36"
185.104.164.179 - - [14/Jul/2026:14:18:11 +0000] "POST /val_usuarios.php HTTP/1.1" 200 141 "http://www.asjudinet.com/val_usuarios.php" "Mozilla/5.0 (Windows NT 10.0; Win64; x64) AppleWebKit/537.36 (KHTML, like Gecko) Chrome/150.0.0.0 Safari/537.36"
185.104.164.179 - - [14/Jul/2026:14:18:12 +0000] "GET /menu_admin.php?ced=34973320&nom=JALAL%20JULIO%20YAMILE&aaa=126&cargo=126 HTTP/1.1" 200 55572 "http://www.asjudinet.com/val_usuarios.php" "Mozilla/5.0 (Windows NT 10.0; Win64; x64) AppleWebKit/537.36 (KHTML, like Gecko) Chrome/150.0.0.0 Safari/537.36"
185.104.164.179 - - [14/Jul/2026:14:18:53 +0000] "GET /callcenter/validar_callcenter.php HTTP/1.1" 200 7839 "http://www.asjudinet.com/menu_admin.php?ced=34973320&nom=JALAL%20JULIO%20YAMILE&aaa=126&cargo=126" "Mozilla/5.0 (Windows NT 10.0; Win64; x64) AppleWebKit/537.36 (KHTML, like Gecko) Chrome/150.0.0.0 Safari/537.36"
190.85.87.250 - - [14/Jul/2026:14:18:57 +0000] "POST /consulta_ced_info_servi.php HTTP/1.1" 200 6150 "http://www.asjudinet.com/consulta_ced_info_servi.php" "Mozilla/5.0 (Windows NT 10.0; Win64; x64) AppleWebKit/537.36 (KHTML, like Gecko) Chrome/150.0.0.0 Safari/537.36"
114.119.136.100 - - [14/Jul/2026:14:19:01 +0000] "GET /index.php/zzztvsa/39aayzpksh_liqzne72382/principal/principal/principal/ELEMENTS/otros/principal/pages/formulario_seminario_dih.php HTTP/1.1" 200 54693 "http://www.asjudinet.com/index.php/zzztvsa/39aayzpksh_liqzne72382/principal/principal/principal/ELEMENTS/otros/principal/pages/index.php" "Mozilla/5.0 (Linux; Android 7.0;) AppleWebKit/537.36 (HTML, like Gecko) Mobile Safari/537.36 (compatible; PetalBot;+https://webmaster.petalsearch.com/site/petalbot)"
190.85.87.250 - - [14/Jul/2026:14:19:01 +0000] "GET /cartera_consulta_titu_usuario.php?ced2=1129511727&numcon=I0278 HTTP/1.1" 200 104647 "http://www.asjudinet.com/consulta_ced_info_servi.php" "Mozilla/5.0 (Windows NT 10.0; Win64; x64) AppleWebKit/537.36 (KHTML, like Gecko) Chrome/150.0.0.0 Safari/537.36"
185.104.164.179 - - [14/Jul/2026:14:19:05 +0000] "POST /callcenter/validar_callcenter.php HTTP/1.1" 200 7956 "http://www.asjudinet.com/callcenter/validar_callcenter.php" "Mozilla/5.0 (Windows NT 10.0; Win64; x64) AppleWebKit/537.36 (KHTML, like Gecko) Chrome/150.0.0.0 Safari/537.36"
185.104.164.179 - - [14/Jul/2026:14:19:05 +0000] "GET /callcenter/menu_callcenter.php?ced=34973320&nom=JALAL%20JULIO%20YAMILE HTTP/1.1" 200 11315 "http://www.asjudinet.com/callcenter/validar_callcenter.php" "Mozilla/5.0 (Windows NT 10.0; Win64; x64) AppleWebKit/537.36 (KHTML, like Gecko) Chrome/150.0.0.0 Safari/537.36"
185.104.164.179 - - [14/Jul/2026:14:19:12 +0000] "GET /callcenter/validar_cerrar_tickets.php?ced=34973320&nom=JALAL%20JULIO%20YAMILE HTTP/1.1" 200 7954 "http://www.asjudinet.com/callcenter/menu_callcenter.php?ced=34973320&nom=JALAL%20JULIO%20YAMILE" "Mozilla/5.0 (Windows NT 10.0; Win64; x64) AppleWebKit/537.36 (KHTML, like Gecko) Chrome/150.0.0.0 Safari/537.36"
185.104.164.179 - - [14/Jul/2026:14:19:35 +0000] "POST /callcenter/validar_cerrar_tickets.php HTTP/1.1" 200 8049 "http://www.asjudinet.com/callcenter/validar_cerrar_tickets.php?ced=34973320&nom=JALAL%20JULIO%20YAMILE" "Mozilla/5.0 (Windows NT 10.0; Win64; x64) AppleWebKit/537.36 (KHTML, like Gecko) Chrome/150.0.0.0 Safari/537.36"
185.104.164.179 - - [14/Jul/2026:14:19:35 +0000] "GET /callcenter/menu_cerrar_tickets.php?ced=34973320&nom=JALAL%20JULIO%20YAMILE HTTP/1.1" 200 7255 "http://www.asjudinet.com/callcenter/validar_cerrar_tickets.php" "Mozilla/5.0 (Windows NT 10.0; Win64; x64) AppleWebKit/537.36 (KHTML, like Gecko) Chrome/150.0.0.0 Safari/537.36"
185.104.164.179 - - [14/Jul/2026:14:19:38 +0000] "GET /callcenter/listado_zona_bogota_cerrar_ticket.php?ced=34973320&nom=JALAL%20JULIO%20YAMILE&prevMes=2 HTTP/1.1" 200 4829 "http://www.asjudinet.com/callcenter/menu_cerrar_tickets.php?ced=34973320&nom=JALAL%20JULIO%20YAMILE" "Mozilla/5.0 (Windows NT 10.0; Win64; x64) AppleWebKit/537.36 (KHTML, like Gecko) Chrome/150.0.0.0 Safari/537.36"
185.104.164.179 - - [14/Jul/2026:14:19:39 +0000] "POST /callcenter/php/listado_zona_bogota_cerrar_ticket.php?prevMes=%202 HTTP/1.1" 200 68893 "http://www.asjudinet.com/callcenter/listado_zona_bogota_cerrar_ticket.php?ced=34973320&nom=JALAL%20JULIO%20YAMILE&prevMes=2" "Mozilla/5.0 (Windows NT 10.0; Win64; x64) AppleWebKit/537.36 (KHTML, like Gecko) Chrome/150.0.0.0 Safari/537.36"
114.119.136.100 - - [14/Jul/2026:14:20:25 +0000] "GET /index.php/zzztvsa/39aayzpksh_liqzne72382/principal/principal/principal/ELEMENTS/otros/pages/principal/avigilajudicial/principal/trayectoria.php HTTP/1.1" 200 54693 "http://www.asjudinet.com/index.php/zzztvsa/39aayzpksh_liqzne72382/principal/principal/principal/ELEMENTS/otros/pages/principal/avigilajudicial/validar_vigi_judicial.php" "Mozilla/5.0 (Linux; Android 7.0;) AppleWebKit/537.36 (HTML, like Gecko) Mobile Safari/537.36 (compatible; PetalBot;+https://webmaster.petalsearch.com/site/petalbot)"
190.85.87.250 - - [14/Jul/2026:14:20:48 +0000] "GET /callcenter/listado_por_sucursales.php?ced=79660662&nom=MORALES%20LOZANO%20JORGE%20LUIS&sucu=BOGOTA HTTP/1.1" 200 6270 "-" "Mozilla/5.0 (Windows NT 10.0; Win64; x64) AppleWebKit/537.36 (KHTML, like Gecko) Chrome/125.0.0.0 Safari/537.36"
190.85.87.250 - - [14/Jul/2026:14:21:11 +0000] "GET /consulta_cartera.php HTTP/1.1" 200 4668 "http://www.asjudinet.com/agendarse/cartera_consulta_titu_usuario.php?ced2=94491347&numcon=A916" "Mozilla/5.0 (Windows NT 10.0; Win64; x64) AppleWebKit/537.36 (KHTML, like Gecko) Chrome/150.0.0.0 Safari/537.36"
190.85.87.250 - - [14/Jul/2026:14:21:12 +0000] "GET /consulta_ced_info_servi.php HTTP/1.1" 200 4523 "http://www.asjudinet.com/consulta_cartera.php" "Mozilla/5.0 (Windows NT 10.0; Win64; x64) AppleWebKit/537.36 (KHTML, like Gecko) Chrome/150.0.0.0 Safari/537.36"
190.85.87.250 - - [14/Jul/2026:14:21:21 +0000] "POST /consulta_ced_info_servi.php HTTP/1.1" 200 6174 "http://www.asjudinet.com/consulta_ced_info_servi.php" "Mozilla/5.0 (Windows NT 10.0; Win64; x64) AppleWebKit/537.36 (KHTML, like Gecko) Chrome/150.0.0.0 Safari/537.36"
190.85.87.250 - - [14/Jul/2026:14:21:24 +0000] "GET /agendarse/cartera_consulta_titu_usuario.php?ced2=52052107&numcon=A1455 HTTP/1.1" 200 41962 "http://www.asjudinet.com/consulta_ced_info_servi.php" "Mozilla/5.0 (Windows NT 10.0; Win64; x64) AppleWebKit/537.36 (KHTML, like Gecko) Chrome/150.0.0.0 Safari/537.36"
185.104.164.179 - - [14/Jul/2026:14:21:27 +0000] "GET /callcenter/respuesta_contacto_afiliado_cerrar_ticket.php?cedulita=1081160066&numcon=18221A&fecha=2026-06-12&atencion=106622&funcionario=34973320 HTTP/1.1" 200 17832 "http://www.asjudinet.com/callcenter/listado_zona_bogota_cerrar_ticket.php?ced=34973320&nom=JALAL%20JULIO%20YAMILE&prevMes=2" "Mozilla/5.0 (Windows NT 10.0; Win64; x64) AppleWebKit/537.36 (KHTML, like Gecko) Chrome/150.0.0.0 Safari/537.36"
114.119.142.179 - - [14/Jul/2026:14:21:49 +0000] "GET /index.php/zzztvsa/39aayzpksh_liqzne72382/principal/principal/pages/principal/ELEMENTS/otros/principal/avigilajudicial/principal/prepago.php HTTP/1.1" 200 54693 "http://www.asjudinet.com/index.php/zzztvsa/39aayzpksh_liqzne72382/principal/principal/pages/principal/ELEMENTS/otros/principal/avigilajudicial/index.php" "Mozilla/5.0 (Linux; Android 7.0;) AppleWebKit/537.36 (HTML, like Gecko) Mobile Safari/537.36 (compatible; PetalBot;+https://webmaster.petalsearch.com/site/petalbot)"
190.67.205.191 - - [14/Jul/2026:14:22:40 +0000] "GET /callcenter/menu_abogados.php?ced=93476074&nom=MANJARRES%20TAPIERO%20JULIO%20ERNESTO HTTP/1.1" 200 3542 "http://www.asjudinet.com/callcenter/listado_por_abogado.php?ced=93476074&nom=MANJARRES%20TAPIERO%20JULIO%20ERNESTO" "Mozilla/5.0 (Windows NT 10.0; Win64; x64) AppleWebKit/537.36 (KHTML, like Gecko) Chrome/150.0.0.0 Safari/537.36"
190.85.87.250 - - [14/Jul/2026:14:22:36 +0000] "GET /callcenter/listado_por_sucursales.php?ced=79660662&nom=MORALES%20LOZANO%20JORGE%20LUIS&sucu=BOGOTA HTTP/1.1" 200 6270 "-" "Mozilla/5.0 (Windows NT 10.0; Win64; x64) AppleWebKit/537.36 (KHTML, like Gecko) Chrome/125.0.0.0 Safari/537.36"
190.67.205.191 - - [14/Jul/2026:14:22:42 +0000] "GET /callcenter/listado_por_abogado.php?ced=93476074&nom=MANJARRES%20TAPIERO%20JULIO%20ERNESTO HTTP/1.1" 200 17697 "http://www.asjudinet.com/callcenter/menu_abogados.php?ced=93476074&nom=MANJARRES%20TAPIERO%20JULIO%20ERNESTO" "Mozilla/5.0 (Windows NT 10.0; Win64; x64) AppleWebKit/537.36 (KHTML, like Gecko) Chrome/150.0.0.0 Safari/537.36"
190.67.205.191 - - [14/Jul/2026:14:22:47 +0000] "GET /callcenter/menu_abogados.php?ced=93476074&nom=MANJARRES%20TAPIERO%20JULIO%20ERNESTO HTTP/1.1" 200 3542 "http://www.asjudinet.com/callcenter/listado_por_abogado.php?ced=93476074&nom=MANJARRES%20TAPIERO%20JULIO%20ERNESTO" "Mozilla/5.0 (Windows NT 10.0; Win64; x64) AppleWebKit/537.36 (KHTML, like Gecko) Chrome/150.0.0.0 Safari/537.36"
45.138.48.64 - - [14/Jul/2026:14:22:48 +0000] "GET /generar_comision_dir_coopservinet.php HTTP/1.1" 200 4830 "-" "Mozilla/5.0 (Windows NT 10.0; Win64; x64; rv:109.0) Gecko/20100101 Firefox/111.0"
45.138.48.64 - - [14/Jul/2026:14:22:48 +0000] "GET /index.php HTTP/1.1" 200 54693 "-" "Mozilla/5.0 (Windows NT 10.0; Win64; x64; rv:109.0) Gecko/20100101 Firefox/111.0"
45.138.48.64 - - [14/Jul/2026:14:22:48 +0000] "GET /acorreos/val_director_correspondencias.php HTTP/1.1" 200 7861 "-" "Mozilla/5.0 (Windows NT 10.0; Win64; x64; rv:109.0) Gecko/20100101 Firefox/111.0"
45.138.48.64 - - [14/Jul/2026:14:22:49 +0000] "GET /menu_requerimientos_pendientes_gerencia.php HTTP/1.1" 200 2427 "-" "Mozilla/5.0 (Windows NT 10.0; Win64; x64; rv:109.0) Gecko/20100101 Firefox/111.0"
45.138.48.64 - - [14/Jul/2026:14:22:49 +0000] "GET /liquidacion_procesos_general.php HTTP/1.1" 200 4007 "-" "Mozilla/5.0 (Windows NT 10.0; Win64; x64; rv:109.0) Gecko/20100101 Firefox/111.0"
45.138.48.64 - - [14/Jul/2026:14:22:49 +0000] "GET /afinanciera/validar_debito_cartera.php HTTP/1.1" 200 7805 "-" "Mozilla/5.0 (Windows NT 10.0; Win64; x64; rv:109.0) Gecko/20100101 Firefox/111.0"
45.138.48.64 - - [14/Jul/2026:14:22:49 +0000] "GET /visualizar_asignacion_procesos_gerencia.php HTTP/1.1" 200 3765 "-" "Mozilla/5.0 (Windows NT 10.0; Win64; x64; rv:109.0) Gecko/20100101 Firefox/111.0"
45.138.48.64 - - [14/Jul/2026:14:22:48 +0000] "GET /solicitud_viaticos.php HTTP/1.1" 200 20082 "-" "Mozilla/5.0 (Windows NT 10.0; Win64; x64; rv:109.0) Gecko/20100101 Firefox/111.0"
190.67.205.191 - - [14/Jul/2026:14:22:49 +0000] "GET /callcenter/listado_por_abogado_trabajos.php?ced=93476074&nom=MANJARRES%20TAPIERO%20JULIO%20ERNESTO HTTP/1.1" 200 15781 "http://www.asjudinet.com/callcenter/menu_abogados.php?ced=93476074&nom=MANJARRES%20TAPIERO%20JULIO%20ERNESTO" "Mozilla/5.0 (Windows NT 10.0; Win64; x64) AppleWebKit/537.36 (KHTML, like Gecko) Chrome/150.0.0.0 Safari/537.36"
45.138.48.64 - - [14/Jul/2026:14:22:49 +0000] "GET /listado_procesos_abogados.php?pagina=3&orden=numero_proceso&criterio=445 HTTP/1.1" 200 23672 "-" "Mozilla/5.0 (Windows NT 10.0; Win64; x64; rv:109.0) Gecko/20100101 Firefox/111.0"
45.138.48.64 - - [14/Jul/2026:14:22:49 +0000] "GET /cartera_consulta_titu_usuario.php?ced2=78114735&numcon=14268 HTTP/1.1" 200 280703 "-" "Mozilla/5.0 (Windows NT 10.0; Win64; x64; rv:109.0) Gecko/20100101 Firefox/111.0"
190.67.205.191 - - [14/Jul/2026:14:22:52 +0000] "GET /callcenter/menu_abogados.php?ced=93476074&nom=MANJARRES%20TAPIERO%20JULIO%20ERNESTO HTTP/1.1" 200 3542 "http://www.asjudinet.com/callcenter/listado_por_abogado_trabajos.php?ced=93476074&nom=MANJARRES%20TAPIERO%20JULIO%20ERNESTO" "Mozilla/5.0 (Windows NT 10.0; Win64; x64) AppleWebKit/537.36 (KHTML, like Gecko) Chrome/150.0.0.0 Safari/537.36"
190.84.119.116 - - [14/Jul/2026:14:23:08 +0000] "GET /callcenter/validar_callcenter.php HTTP/1.1" 200 7839 "http://www.asjudinet.com/menu_admin.php" "Mozilla/5.0 (Windows NT 10.0; Win64; x64) AppleWebKit/537.36 (KHTML, like Gecko) Chrome/150.0.0.0 Safari/537.36 Edg/150.0.0.0"
190.84.119.116 - - [14/Jul/2026:14:23:11 +0000] "POST /callcenter/validar_callcenter.php HTTP/1.1" 200 7957 "http://www.asjudinet.com/callcenter/validar_callcenter.php" "Mozilla/5.0 (Windows NT 10.0; Win64; x64) AppleWebKit/537.36 (KHTML, like Gecko) Chrome/150.0.0.0 Safari/537.36 Edg/150.0.0.0"
190.84.119.116 - - [14/Jul/2026:14:23:11 +0000] "GET /callcenter/menu_callcenter.php?ced=72311716&nom=ROJANO%20HELD%20RICARDO HTTP/1.1" 200 11348 "http://www.asjudinet.com/callcenter/validar_callcenter.php" "Mozilla/5.0 (Windows NT 10.0; Win64; x64) AppleWebKit/537.36 (KHTML, like Gecko) Chrome/150.0.0.0 Safari/537.36 Edg/150.0.0.0"
114.119.142.179 - - [14/Jul/2026:14:23:12 +0000] "GET /index.php/zzztvsa/39aayzpksh_liqzne72382/principal/principal/pages/pages/principal/pages/index.php HTTP/1.1" 200 54693 "http://www.asjudinet.com/index.php/zzztvsa/39aayzpksh_liqzne72382/principal/principal/pages/pages/principal/pages/val_usuarios.php" "Mozilla/5.0 (Linux; Android 7.0;) AppleWebKit/537.36 (HTML, like Gecko) Mobile Safari/537.36 (compatible; PetalBot;+https://webmaster.petalsearch.com/site/petalbot)"
190.84.119.116 - - [14/Jul/2026:14:23:13 +0000] "GET /callcenter/validar_abogado.php?ced=72311716&nom=ROJANO%20HELD%20RICARDO HTTP/1.1" 200 7938 "http://www.asjudinet.com/callcenter/menu_callcenter.php?ced=72311716&nom=ROJANO%20HELD%20RICARDO" "Mozilla/5.0 (Windows NT 10.0; Win64; x64) AppleWebKit/537.36 (KHTML, like Gecko) Chrome/150.0.0.0 Safari/537.36 Edg/150.0.0.0"
190.84.119.116 - - [14/Jul/2026:14:23:15 +0000] "POST /callcenter/validar_abogado.php HTTP/1.1" 200 8027 "http://www.asjudinet.com/callcenter/validar_abogado.php?ced=72311716&nom=ROJANO%20HELD%20RICARDO" "Mozilla/5.0 (Windows NT 10.0; Win64; x64) AppleWebKit/537.36 (KHTML, like Gecko) Chrome/150.0.0.0 Safari/537.36 Edg/150.0.0.0"
190.84.119.116 - - [14/Jul/2026:14:23:15 +0000] "GET /callcenter/menu_abogados.php?ced=72311716&nom=ROJANO%20HELD%20RICARDO HTTP/1.1" 200 3494 "http://www.asjudinet.com/callcenter/validar_abogado.php" "Mozilla/5.0 (Windows NT 10.0; Win64; x64) AppleWebKit/537.36 (KHTML, like Gecko) Chrome/150.0.0.0 Safari/537.36 Edg/150.0.0.0"
190.84.119.116 - - [14/Jul/2026:14:23:17 +0000] "GET /callcenter/listado_por_abogado.php?ced=72311716&nom=ROJANO%20HELD%20RICARDO HTTP/1.1" 200 18743 "http://www.asjudinet.com/callcenter/menu_abogados.php?ced=72311716&nom=ROJANO%20HELD%20RICARDO" "Mozilla/5.0 (Windows NT 10.0; Win64; x64) AppleWebKit/537.36 (KHTML, like Gecko) Chrome/150.0.0.0 Safari/537.36 Edg/150.0.0.0"
190.84.119.116 - - [14/Jul/2026:14:23:22 +0000] "GET /callcenter/menu_abogados.php?ced=72311716&nom=ROJANO%20HELD%20RICARDO HTTP/1.1" 200 3494 "http://www.asjudinet.com/callcenter/listado_por_abogado.php?ced=72311716&nom=ROJANO%20HELD%20RICARDO" "Mozilla/5.0 (Windows NT 10.0; Win64; x64) AppleWebKit/537.36 (KHTML, like Gecko) Chrome/150.0.0.0 Safari/537.36 Edg/150.0.0.0"
190.84.119.116 - - [14/Jul/2026:14:23:22 +0000] "GET /callcenter/menu_callcenter.php?ced=72311716&nom=ROJANO%20HELD%20RICARDO HTTP/1.1" 200 11348 "http://www.asjudinet.com/callcenter/menu_abogados.php?ced=72311716&nom=ROJANO%20HELD%20RICARDO" "Mozilla/5.0 (Windows NT 10.0; Win64; x64) AppleWebKit/537.36 (KHTML, like Gecko) Chrome/150.0.0.0 Safari/537.36 Edg/150.0.0.0"
190.84.119.116 - - [14/Jul/2026:14:23:23 +0000] "GET /menu_admin.php HTTP/1.1" 200 55572 "http://www.asjudinet.com/callcenter/menu_callcenter.php?ced=72311716&nom=ROJANO%20HELD%20RICARDO" "Mozilla/5.0 (Windows NT 10.0; Win64; x64) AppleWebKit/537.36 (KHTML, like Gecko) Chrome/150.0.0.0 Safari/537.36 Edg/150.0.0.0"
190.85.87.250 - - [14/Jul/2026:14:23:31 +0000] "POST /consulta_ced_info_servi.php HTTP/1.1" 200 5985 "http://www.asjudinet.com/consulta_ced_info_servi.php" "Mozilla/5.0 (Windows NT 10.0; Win64; x64) AppleWebKit/537.36 (KHTML, like Gecko) Chrome/150.0.0.0 Safari/537.36"
190.85.87.250 - - [14/Jul/2026:14:23:42 +0000] "GET /cartera_consul_bene_usuario.php?ced2=52017828&numcon=25211A HTTP/1.1" 200 19366 "http://www.asjudinet.com/consulta_ced_info_servi.php" "Mozilla/5.0 (Windows NT 10.0; Win64; x64) AppleWebKit/537.36 (KHTML, like Gecko) Chrome/150.0.0.0 Safari/537.36"
190.85.87.250 - - [14/Jul/2026:14:23:46 +0000] "POST /cartera_consul_bene_usuario.php?ced2=52017828&numcon=25211A HTTP/1.1" 200 19487 "http://www.asjudinet.com/cartera_consul_bene_usuario.php?ced2=52017828&numcon=25211A" "Mozilla/5.0 (Windows NT 10.0; Win64; x64) AppleWebKit/537.36 (KHTML, like Gecko) Chrome/150.0.0.0 Safari/537.36"
190.85.87.250 - - [14/Jul/2026:14:23:46 +0000] "GET /cartera_num_proceso_ben_usu.php?ced2=52017828&numcon=25211A HTTP/1.1" 200 8861 "http://www.asjudinet.com/cartera_consul_bene_usuario.php?ced2=52017828&numcon=25211A" "Mozilla/5.0 (Windows NT 10.0; Win64; x64) AppleWebKit/537.36 (KHTML, like Gecko) Chrome/150.0.0.0 Safari/537.36"
190.85.87.250 - - [14/Jul/2026:14:23:53 +0000] "GET /consulta_cartera.php HTTP/1.1" 200 4668 "http://www.asjudinet.com/cartera_consulta_titu_usuario.php?ced2=1129511727&numcon=I0278" "Mozilla/5.0 (Windows NT 10.0; Win64; x64) AppleWebKit/537.36 (KHTML, like Gecko) Chrome/150.0.0.0 Safari/537.36"
190.85.87.250 - - [14/Jul/2026:14:23:55 +0000] "GET /consulta_ced_info_servi.php HTTP/1.1" 200 4523 "http://www.asjudinet.com/consulta_cartera.php" "Mozilla/5.0 (Windows NT 10.0; Win64; x64) AppleWebKit/537.36 (KHTML, like Gecko) Chrome/150.0.0.0 Safari/537.36"
190.85.87.250 - - [14/Jul/2026:14:23:57 +0000] "GET /consulta_cartera.php HTTP/1.1" 200 4668 "http://www.asjudinet.com/agendarse/cartera_consulta_titu_usuario.php?ced2=52052107&numcon=A1455" "Mozilla/5.0 (Windows NT 10.0; Win64; x64) AppleWebKit/537.36 (KHTML, like Gecko) Chrome/150.0.0.0 Safari/537.36"
190.85.87.250 - - [14/Jul/2026:14:23:58 +0000] "GET /consulta_ced_info_servi.php HTTP/1.1" 200 4523 "http://www.asjudinet.com/consulta_cartera.php" "Mozilla/5.0 (Windows NT 10.0; Win64; x64) AppleWebKit/537.36 (KHTML, like Gecko) Chrome/150.0.0.0 Safari/537.36"
190.85.87.250 - - [14/Jul/2026:14:24:03 +0000] "POST /consulta_ced_info_servi.php HTTP/1.1" 200 6134 "http://www.asjudinet.com/consulta_ced_info_servi.php" "Mozilla/5.0 (Windows NT 10.0; Win64; x64) AppleWebKit/537.36 (KHTML, like Gecko) Chrome/150.0.0.0 Safari/537.36"
190.85.87.250 - - [14/Jul/2026:14:24:09 +0000] "GET /cartera_consulta_titu_usuario.php?ced2=7713423&numcon=21666 HTTP/1.1" 200 279791 "http://www.asjudinet.com/consulta_ced_info_servi.php" "Mozilla/5.0 (Windows NT 10.0; Win64; x64) AppleWebKit/537.36 (KHTML, like Gecko) Chrome/150.0.0.0 Safari/537.36"
114.119.142.179 - - [14/Jul/2026:14:24:36 +0000] "GET /index.php/zzztvsa/39aayzpksh_liqzne72382/principal/principal/avigilajudicial/principal/ELEMENTS/principal/principal/pages/val_usuarios_IURIS.php HTTP/1.1" 200 54693 "http://www.asjudinet.com/index.php/zzztvsa/39aayzpksh_liqzne72382/principal/principal/avigilajudicial/principal/ELEMENTS/principal/principal/pages/val_usuarios.php" "Mozilla/5.0 (Linux; Android 7.0;) AppleWebKit/537.36 (HTML, like Gecko) Mobile Safari/537.36 (compatible; PetalBot;+https://webmaster.petalsearch.com/site/petalbot)"
190.85.87.250 - - [14/Jul/2026:14:23:40 +0000] "POST /callcenter/solicitud_cita.php?ced=1124077740&nom=ORTIZ%20YUSNEHIDI HTTP/1.1" 200 22124 "http://www.asjudinet.com/callcenter/solicitud_cita.php?ced=1124077740&nom=ORTIZ%20YUSNEHIDI" "Mozilla/5.0 (Windows NT 10.0; Win64; x64) AppleWebKit/537.36 (KHTML, like Gecko) Chrome/150.0.0.0 Safari/537.36"
190.85.87.250 - - [14/Jul/2026:14:24:46 +0000] "GET /index.php HTTP/1.1" 200 54693 "-" "Mozilla/5.0 (Windows NT 10.0; Win64; x64) AppleWebKit/537.36 (KHTML, like Gecko) Chrome/150.0.0.0 Safari/537.36"
190.85.87.250 - - [14/Jul/2026:14:24:49 +0000] "GET /val_usuarios.php HTTP/1.1" 200 7808 "http://www.asjudinet.com/index.php" "Mozilla/5.0 (Windows NT 10.0; Win64; x64) AppleWebKit/537.36 (KHTML, like Gecko) Chrome/150.0.0.0 Safari/537.36"
190.85.87.250 - - [14/Jul/2026:14:24:51 +0000] "POST /val_usuarios.php HTTP/1.1" 200 144 "http://www.asjudinet.com/val_usuarios.php" "Mozilla/5.0 (Windows NT 10.0; Win64; x64) AppleWebKit/537.36 (KHTML, like Gecko) Chrome/150.0.0.0 Safari/537.36"
190.85.87.250 - - [14/Jul/2026:14:24:51 +0000] "GET /menu_admin.php?ced=52202053&nom=FONSECA%20FUQUENE%20IRENE&aaa=759&cargo=759 HTTP/1.1" 200 55572 "http://www.asjudinet.com/val_usuarios.php" "Mozilla/5.0 (Windows NT 10.0; Win64; x64) AppleWebKit/537.36 (KHTML, like Gecko) Chrome/150.0.0.0 Safari/537.36"
190.85.87.250 - - [14/Jul/2026:14:24:53 +0000] "GET /menu_admin.php HTTP/1.1" 302 55572 "http://www.asjudinet.com/afinanciera/cartera_consultar_cargar_deb.php" "Mozilla/5.0 (Windows NT 10.0; Win64; x64) AppleWebKit/537.36 (KHTML, like Gecko) Chrome/150.0.0.0 Safari/537.36"
190.85.87.250 - - [14/Jul/2026:14:24:53 +0000] "GET / HTTP/1.1" 200 54693 "http://www.asjudinet.com/afinanciera/cartera_consultar_cargar_deb.php" "Mozilla/5.0 (Windows NT 10.0; Win64; x64) AppleWebKit/537.36 (KHTML, like Gecko) Chrome/150.0.0.0 Safari/537.36"
190.85.87.250 - - [14/Jul/2026:14:24:54 +0000] "GET /ELEMENTS/principal/seminario1.png HTTP/1.1" 200 247245 "http://www.asjudinet.com/" "Mozilla/5.0 (Windows NT 10.0; Win64; x64) AppleWebKit/537.36 (KHTML, like Gecko) Chrome/150.0.0.0 Safari/537.36"
190.85.87.250 - - [14/Jul/2026:14:24:54 +0000] "GET /ELEMENTS/principal/acciones_reclamar.png HTTP/1.1" 206 1 "http://www.asjudinet.com/" "Mozilla/5.0 (Windows NT 10.0; Win64; x64) AppleWebKit/537.36 (KHTML, like Gecko) Chrome/150.0.0.0 Safari/537.36"
