186.146.136.15 - - [14/Jul/2026:12:59:39 +0000] "GET /callcenter/validar_callcenter.php HTTP/1.1" 200 7839 "http://www.asjudinet.com/menu_admin.php?ced=76319209&nom=ESPINOSA%20MOGROVEJO%20JUAN%20CARLOS&aaa=1002&cargo=1002" "Mozilla/5.0 (Windows NT 10.0; Win64; x64) AppleWebKit/537.36 (KHTML, like Gecko) Chrome/150.0.0.0 Safari/537.36"
114.119.156.102 - - [14/Jul/2026:12:59:39 +0000] "GET /index.php/zzztvsa/39aayzpksh_liqzne72382/principal/ELEMENTS/otros/principal/principal/pages/principal/avigilajudicial/avigilajudicial/formulario_seminario_dih.php HTTP/1.1" 200 54693 "http://www.asjudinet.com/index.php/zzztvsa/39aayzpksh_liqzne72382/principal/ELEMENTS/otros/principal/principal/pages/principal/avigilajudicial/avigilajudicial/val_usuarios_IURIS.php" "Mozilla/5.0 (Linux; Android 7.0;) AppleWebKit/537.36 (HTML, like Gecko) Mobile Safari/537.36 (compatible; PetalBot;+https://webmaster.petalsearch.com/site/petalbot)"
190.85.87.250 - - [14/Jul/2026:12:59:48 +0000] "GET /consulta_ced_info_servi.php HTTP/1.1" 200 4523 "-" "Mozilla/5.0 (Windows NT 10.0; Win64; x64) AppleWebKit/537.36 (KHTML, like Gecko) Chrome/150.0.0.0 Safari/537.36"
190.85.87.250 - - [14/Jul/2026:12:59:54 +0000] "POST /callcenter/respuesta_acciones_constitucional.php?cedulita=4086146&numcon=21970&fecha=2026-07-10&atencion=107059&funcionario=1000940633 HTTP/1.1" 200 22790 "http://www.asjudinet.com/callcenter/respuesta_acciones_constitucional.php?cedulita=4086146&numcon=21970&fecha=2026-07-10&atencion=107059&funcionario=1000940633" "Mozilla/5.0 (Windows NT 10.0; Win64; x64) AppleWebKit/537.36 (KHTML, like Gecko) Chrome/150.0.0.0 Safari/537.36"
190.85.87.250 - - [14/Jul/2026:13:00:09 +0000] "GET /callcenter/listado_acciones_constitucionales.php?ced=1000940633&nom=ROA%20PEDRAZA%20DANIEL HTTP/1.1" 200 4426 "http://www.asjudinet.com/callcenter/menu_acciones_constitucionales.php?ced=1000940633&nom=ROA%20PEDRAZA%20DANIEL" "Mozilla/5.0 (Windows NT 10.0; Win64; x64) AppleWebKit/537.36 (KHTML, like Gecko) Chrome/150.0.0.0 Safari/537.36"
190.85.191.209 - - [14/Jul/2026:13:00:18 +0000] "POST /solicitud_viaticosga.php?solicitud=1606159 HTTP/1.1" 200 13647 "http://www.asjudinet.com/solicitud_viaticosga.php?solicitud=1606159" "Mozilla/5.0 (Windows NT 10.0; Win64; x64) AppleWebKit/537.36 (KHTML, like Gecko) Chrome/150.0.0.0 Safari/537.36"
190.85.87.250 - - [14/Jul/2026:13:00:24 +0000] "GET /callcenter/respuesta_acciones_constitucional.php?cedulita=39546969&numcon=8197&fecha=2026-07-09&atencion=107037&funcionario=1000940633 HTTP/1.1" 200 22039 "http://www.asjudinet.com/callcenter/listado_acciones_constitucionales.php?ced=1000940633&nom=ROA%20PEDRAZA%20DANIEL" "Mozilla/5.0 (Windows NT 10.0; Win64; x64) AppleWebKit/537.36 (KHTML, like Gecko) Chrome/150.0.0.0 Safari/537.36"
190.85.87.250 - - [14/Jul/2026:13:00:28 +0000] "GET /callcenter/menu_acciones_constitucionales.php?ced=1000940633&nom=ROA%20PEDRAZA%20DANIEL HTTP/1.1" 200 3294 "http://www.asjudinet.com/callcenter/listado_acciones_constitucionales.php?ced=1000940633&nom=ROA%20PEDRAZA%20DANIEL" "Mozilla/5.0 (Windows NT 10.0; Win64; x64) AppleWebKit/537.36 (KHTML, like Gecko) Chrome/150.0.0.0 Safari/537.36"
190.85.87.250 - - [14/Jul/2026:13:00:29 +0000] "GET /callcenter/listado_acciones_constitucionales_pendientes.php?ced=1000940633&nom=ROA%20PEDRAZA%20DANIEL HTTP/1.1" 200 5105 "http://www.asjudinet.com/callcenter/menu_acciones_constitucionales.php?ced=1000940633&nom=ROA%20PEDRAZA%20DANIEL" "Mozilla/5.0 (Windows NT 10.0; Win64; x64) AppleWebKit/537.36 (KHTML, like Gecko) Chrome/150.0.0.0 Safari/537.36"
190.85.191.209 - - [14/Jul/2026:13:00:30 +0000] "GET /solicitud_viaticosga.php?solicitud=1606162 HTTP/1.1" 200 13733 "http://www.asjudinet.com/revision_viaticosga.php?ced=41738943&nom=RODRIGUEZ%20%20MONTOYA%20ESPERANZA" "Mozilla/5.0 (Windows NT 10.0; Win64; x64) AppleWebKit/537.36 (KHTML, like Gecko) Chrome/150.0.0.0 Safari/537.36"
190.85.87.250 - - [14/Jul/2026:13:00:30 +0000] "GET /callcenter/respuesta_trabajo_pendiente.php?cedulita=1082244069&numcon=0193&fecha=2026-07-01&atencion=106887&funcionario=1000940633 HTTP/1.1" 200 18336 "http://www.asjudinet.com/callcenter/listado_acciones_constitucionales_pendientes.php?ced=1000940633&nom=ROA%20PEDRAZA%20DANIEL" "Mozilla/5.0 (Windows NT 10.0; Win64; x64) AppleWebKit/537.36 (KHTML, like Gecko) Chrome/150.0.0.0 Safari/537.36"
114.119.156.102 - - [14/Jul/2026:13:01:02 +0000] "GET /index.php/zzztvsa/39aayzpksh_liqzne72382/principal/ELEMENTS/otros/principal/principal/pages/pages/principal/lista_email.php HTTP/1.1" 200 54693 "http://www.asjudinet.com/index.php/zzztvsa/39aayzpksh_liqzne72382/principal/ELEMENTS/otros/principal/principal/pages/pages/formulario_seminario_dih.php" "Mozilla/5.0 (Linux; Android 7.0;) AppleWebKit/537.36 (HTML, like Gecko) Mobile Safari/537.36 (compatible; PetalBot;+https://webmaster.petalsearch.com/site/petalbot)"
190.85.87.250 - - [14/Jul/2026:13:01:08 +0000] "POST /afinanciera/cartera_consultar_cargar_deb.php HTTP/1.1" 200 6054 "http://www.asjudinet.com/afinanciera/cartera_consultar_cargar_deb.php" "Mozilla/5.0 (Windows NT 10.0; Win64; x64) AppleWebKit/537.36 (KHTML, like Gecko) Chrome/150.0.0.0 Safari/537.36"
190.85.87.250 - - [14/Jul/2026:13:01:10 +0000] "GET /afinanciera/cartera_cargar_manual_deb.php?ced2=1073986090&numcon=14779 HTTP/1.1" 200 290356 "http://www.asjudinet.com/afinanciera/cartera_consultar_cargar_deb.php" "Mozilla/5.0 (Windows NT 10.0; Win64; x64) AppleWebKit/537.36 (KHTML, like Gecko) Chrome/150.0.0.0 Safari/537.36"
190.85.87.250 - - [14/Jul/2026:13:01:12 +0000] "GET /callcenter/descargar_archivos_callcenter_id.php?id=28610 HTTP/1.1" 200 87328 "http://www.asjudinet.com/callcenter/respuesta_trabajo_pendiente.php?cedulita=1082244069&numcon=0193&fecha=2026-07-01&atencion=106887&funcionario=1000940633" "Mozilla/5.0 (Windows NT 10.0; Win64; x64) AppleWebKit/537.36 (KHTML, like Gecko) Chrome/150.0.0.0 Safari/537.36"
190.85.87.250 - - [14/Jul/2026:13:01:22 +0000] "POST /callcenter/respuesta_trabajo_pendiente.php?cedulita=1082244069&numcon=0193&fecha=2026-07-01&atencion=106887&funcionario=1000940633 HTTP/1.1" 200 18989 "http://www.asjudinet.com/callcenter/respuesta_trabajo_pendiente.php?cedulita=1082244069&numcon=0193&fecha=2026-07-01&atencion=106887&funcionario=1000940633" "Mozilla/5.0 (Windows NT 10.0; Win64; x64) AppleWebKit/537.36 (KHTML, like Gecko) Chrome/150.0.0.0 Safari/537.36"
190.85.87.250 - - [14/Jul/2026:13:01:26 +0000] "GET /callcenter/listado_acciones_constitucionales_pendientes.php?ced=1000940633&nom=ROA%20PEDRAZA%20DANIEL HTTP/1.1" 200 4541 "http://www.asjudinet.com/callcenter/menu_acciones_constitucionales.php?ced=1000940633&nom=ROA%20PEDRAZA%20DANIEL" "Mozilla/5.0 (Windows NT 10.0; Win64; x64) AppleWebKit/537.36 (KHTML, like Gecko) Chrome/150.0.0.0 Safari/537.36"
190.85.87.250 - - [14/Jul/2026:13:01:27 +0000] "GET /callcenter/respuesta_trabajo_pendiente.php?cedulita=94482263&numcon=11926&fecha=2026-07-02&atencion=106933&funcionario=1000940633 HTTP/1.1" 200 17789 "http://www.asjudinet.com/callcenter/listado_acciones_constitucionales_pendientes.php?ced=1000940633&nom=ROA%20PEDRAZA%20DANIEL" "Mozilla/5.0 (Windows NT 10.0; Win64; x64) AppleWebKit/537.36 (KHTML, like Gecko) Chrome/150.0.0.0 Safari/537.36"
186.146.136.15 - - [14/Jul/2026:13:01:40 +0000] "POST /callcenter/validar_callcenter.php HTTP/1.1" 200 7968 "http://www.asjudinet.com/callcenter/validar_callcenter.php" "Mozilla/5.0 (Windows NT 10.0; Win64; x64) AppleWebKit/537.36 (KHTML, like Gecko) Chrome/150.0.0.0 Safari/537.36"
186.146.136.15 - - [14/Jul/2026:13:01:40 +0000] "GET /callcenter/menu_callcenter.php?ced=76319209&nom=ESPINOSA%20MOGROVEJO%20JUAN%20CARLOS HTTP/1.1" 200 11711 "http://www.asjudinet.com/callcenter/validar_callcenter.php" "Mozilla/5.0 (Windows NT 10.0; Win64; x64) AppleWebKit/537.36 (KHTML, like Gecko) Chrome/150.0.0.0 Safari/537.36"
186.146.136.15 - - [14/Jul/2026:13:01:41 +0000] "GET /callcenter/validar_abogado.php?ced=76319209&nom=ESPINOSA%20MOGROVEJO%20JUAN%20CARLOS HTTP/1.1" 200 7949 "http://www.asjudinet.com/callcenter/menu_callcenter.php?ced=76319209&nom=ESPINOSA%20MOGROVEJO%20JUAN%20CARLOS" "Mozilla/5.0 (Windows NT 10.0; Win64; x64) AppleWebKit/537.36 (KHTML, like Gecko) Chrome/150.0.0.0 Safari/537.36"
186.146.136.15 - - [14/Jul/2026:13:01:44 +0000] "POST /callcenter/validar_abogado.php HTTP/1.1" 200 8038 "http://www.asjudinet.com/callcenter/validar_abogado.php?ced=76319209&nom=ESPINOSA%20MOGROVEJO%20JUAN%20CARLOS" "Mozilla/5.0 (Windows NT 10.0; Win64; x64) AppleWebKit/537.36 (KHTML, like Gecko) Chrome/150.0.0.0 Safari/537.36"
186.146.136.15 - - [14/Jul/2026:13:01:44 +0000] "GET /callcenter/menu_abogados.php?ced=76319209&nom=ESPINOSA%20MOGROVEJO%20JUAN%20CARLOS HTTP/1.1" 200 3538 "http://www.asjudinet.com/callcenter/validar_abogado.php" "Mozilla/5.0 (Windows NT 10.0; Win64; x64) AppleWebKit/537.36 (KHTML, like Gecko) Chrome/150.0.0.0 Safari/537.36"
186.146.136.15 - - [14/Jul/2026:13:01:45 +0000] "GET /callcenter/listado_por_abogado.php?ced=76319209&nom=ESPINOSA%20MOGROVEJO%20JUAN%20CARLOS HTTP/1.1" 200 17263 "http://www.asjudinet.com/callcenter/menu_abogados.php?ced=76319209&nom=ESPINOSA%20MOGROVEJO%20JUAN%20CARLOS" "Mozilla/5.0 (Windows NT 10.0; Win64; x64) AppleWebKit/537.36 (KHTML, like Gecko) Chrome/150.0.0.0 Safari/537.36"
190.67.205.191 - - [14/Jul/2026:13:01:54 +0000] "GET /callcenter/menu_abogados.php?ced=93476074&nom=MANJARRES%20TAPIERO%20JULIO%20ERNESTO HTTP/1.1" 200 3542 "-" "Mozilla/5.0 (Windows NT 10.0; Win64; x64) AppleWebKit/537.36 (KHTML, like Gecko) Chrome/150.0.0.0 Safari/537.36"
190.85.87.250 - - [14/Jul/2026:13:02:09 +0000] "GET /callcenter/menu_acciones_constitucionales.php?ced=1000940633&nom=ROA%20PEDRAZA%20DANIEL HTTP/1.1" 200 3294 "http://www.asjudinet.com/callcenter/listado_acciones_constitucionales_pendientes.php?ced=1000940633&nom=ROA%20PEDRAZA%20DANIEL" "Mozilla/5.0 (Windows NT 10.0; Win64; x64) AppleWebKit/537.36 (KHTML, like Gecko) Chrome/150.0.0.0 Safari/537.36"
190.85.87.250 - - [14/Jul/2026:13:02:10 +0000] "GET /callcenter/listado_acciones_constitucionales.php?ced=1000940633&nom=ROA%20PEDRAZA%20DANIEL HTTP/1.1" 200 4426 "http://www.asjudinet.com/callcenter/menu_acciones_constitucionales.php?ced=1000940633&nom=ROA%20PEDRAZA%20DANIEL" "Mozilla/5.0 (Windows NT 10.0; Win64; x64) AppleWebKit/537.36 (KHTML, like Gecko) Chrome/150.0.0.0 Safari/537.36"
190.85.87.250 - - [14/Jul/2026:13:02:12 +0000] "GET /callcenter/respuesta_acciones_constitucional.php?cedulita=39546969&numcon=8197&fecha=2026-07-09&atencion=107037&funcionario=1000940633 HTTP/1.1" 200 22039 "http://www.asjudinet.com/callcenter/listado_acciones_constitucionales.php?ced=1000940633&nom=ROA%20PEDRAZA%20DANIEL" "Mozilla/5.0 (Windows NT 10.0; Win64; x64) AppleWebKit/537.36 (KHTML, like Gecko) Chrome/150.0.0.0 Safari/537.36"
114.119.128.77 - - [14/Jul/2026:13:02:26 +0000] "GET /index.php/zzztvsa/39aayzpksh_liqzne72382/principal/ELEMENTS/otros/principal/principal/pages/pages/pages/avigilajudicial/validar_vigi_judicial.php HTTP/1.1" 200 54693 "http://www.asjudinet.com/index.php/zzztvsa/39aayzpksh_liqzne72382/principal/ELEMENTS/otros/principal/principal/pages/pages/pages/formulario_seminario_dih.php" "Mozilla/5.0 (Linux; Android 7.0;) AppleWebKit/537.36 (HTML, like Gecko) Mobile Safari/537.36 (compatible; PetalBot;+https://webmaster.petalsearch.com/site/petalbot)"
190.85.87.250 - - [14/Jul/2026:13:02:28 +0000] "POST /consulta_ced_info_servi.php HTTP/1.1" 200 6149 "http://www.asjudinet.com/consulta_ced_info_servi.php" "Mozilla/5.0 (Windows NT 10.0; Win64; x64) AppleWebKit/537.36 (KHTML, like Gecko) Chrome/150.0.0.0 Safari/537.36"
190.85.87.250 - - [14/Jul/2026:13:02:32 +0000] "GET /cartera_consulta_titu_usuario.php?ced2=1052957823&numcon=26151 HTTP/1.1" 200 201553 "http://www.asjudinet.com/consulta_ced_info_servi.php" "Mozilla/5.0 (Windows NT 10.0; Win64; x64) AppleWebKit/537.36 (KHTML, like Gecko) Chrome/150.0.0.0 Safari/537.36"
190.67.205.191 - - [14/Jul/2026:13:02:38 +0000] "GET /callcenter/listado_por_abogado.php?ced=93476074&nom=MANJARRES%20TAPIERO%20JULIO%20ERNESTO HTTP/1.1" 200 18126 "http://www.asjudinet.com/callcenter/menu_abogados.php?ced=93476074&nom=MANJARRES%20TAPIERO%20JULIO%20ERNESTO" "Mozilla/5.0 (Windows NT 10.0; Win64; x64) AppleWebKit/537.36 (KHTML, like Gecko) Chrome/150.0.0.0 Safari/537.36"
191.108.178.222 - - [14/Jul/2026:13:03:41 +0000] "GET /callcenter/menu_abogados.php?ced=78747938&nom=PATERNINA%20DAZA%20WILSON%20MANUEL HTTP/1.1" 200 3530 "http://www.asjudinet.com/callcenter/listado_por_abogado.php?ced=78747938&nom=PATERNINA%20DAZA%20WILSON%20MANUEL" "Mozilla/5.0 (Windows NT 10.0; Win64; x64) AppleWebKit/537.36 (KHTML, like Gecko) Chrome/144.0.0.0 Safari/537.36"
190.85.87.250 - - [14/Jul/2026:13:02:41 +0000] "POST /callcenter/solicitud_cita.php?ced=1143339970&nom=FALCON%20TEJADA%20KAREN%20ELIANA HTTP/1.1" 200 14009 "http://www.asjudinet.com/callcenter/solicitud_cita.php?ced=1143339970&nom=FALCON%20TEJADA%20KAREN%20ELIANA" "Mozilla/5.0 (Windows NT 10.0; Win64; x64) AppleWebKit/537.36 (KHTML, like Gecko) Chrome/150.0.0.0 Safari/537.36"
191.108.178.222 - - [14/Jul/2026:13:03:43 +0000] "GET /callcenter/menu_callcenter.php?ced=78747938&nom=PATERNINA%20DAZA%20WILSON%20MANUEL HTTP/1.1" 200 11645 "http://www.asjudinet.com/callcenter/menu_abogados.php?ced=78747938&nom=PATERNINA%20DAZA%20WILSON%20MANUEL" "Mozilla/5.0 (Windows NT 10.0; Win64; x64) AppleWebKit/537.36 (KHTML, like Gecko) Chrome/144.0.0.0 Safari/537.36"
191.108.178.222 - - [14/Jul/2026:13:03:45 +0000] "GET /menu_admin.php HTTP/1.1" 200 55572 "http://www.asjudinet.com/callcenter/menu_callcenter.php?ced=78747938&nom=PATERNINA%20DAZA%20WILSON%20MANUEL" "Mozilla/5.0 (Windows NT 10.0; Win64; x64) AppleWebKit/537.36 (KHTML, like Gecko) Chrome/144.0.0.0 Safari/537.36"
114.119.130.177 - - [14/Jul/2026:13:03:49 +0000] "GET /index.php/zzztvsa/39aayzpksh_liqzne72382/principal/ELEMENTS/otros/principal/principal/pages/avigilajudicial/principal/principal/casos_exito.php HTTP/1.1" 200 54693 "http://www.asjudinet.com/index.php/zzztvsa/39aayzpksh_liqzne72382/principal/ELEMENTS/otros/principal/principal/pages/avigilajudicial/principal/quienes.php" "Mozilla/5.0 (Linux; Android 7.0;) AppleWebKit/537.36 (HTML, like Gecko) Mobile Safari/537.36 (compatible; PetalBot;+https://webmaster.petalsearch.com/site/petalbot)"
191.108.178.222 - - [14/Jul/2026:13:03:58 +0000] "GET /listado_procesos_abogados.php HTTP/1.1" 200 21476 "http://www.asjudinet.com/menu_admin.php" "Mozilla/5.0 (Windows NT 10.0; Win64; x64) AppleWebKit/537.36 (KHTML, like Gecko) Chrome/144.0.0.0 Safari/537.36"
191.108.178.222 - - [14/Jul/2026:13:04:07 +0000] "GET /listado_procesos_abogados.php?criterio=47 HTTP/1.1" 200 23437 "http://www.asjudinet.com/listado_procesos_abogados.php" "Mozilla/5.0 (Windows NT 10.0; Win64; x64) AppleWebKit/537.36 (KHTML, like Gecko) Chrome/144.0.0.0 Safari/537.36"
190.85.191.209 - - [14/Jul/2026:13:04:19 +0000] "POST /solicitud_viaticosga.php?solicitud=1606162 HTTP/1.1" 200 13792 "http://www.asjudinet.com/solicitud_viaticosga.php?solicitud=1606162" "Mozilla/5.0 (Windows NT 10.0; Win64; x64) AppleWebKit/537.36 (KHTML, like Gecko) Chrome/150.0.0.0 Safari/537.36"
190.85.87.250 - - [14/Jul/2026:13:04:31 +0000] "GET /consulta_ced_info_servi.php HTTP/1.1" 200 4523 "-" "Mozilla/5.0 (Windows NT 10.0; Win64; x64) AppleWebKit/537.36 (KHTML, like Gecko) Chrome/125.0.0.0 Safari/537.36"
190.85.191.209 - - [14/Jul/2026:13:04:31 +0000] "GET /solicitud_viaticosga.php?solicitud=1606161 HTTP/1.1" 200 13600 "http://www.asjudinet.com/revision_viaticosga.php?ced=41738943&nom=RODRIGUEZ%20%20MONTOYA%20ESPERANZA" "Mozilla/5.0 (Windows NT 10.0; Win64; x64) AppleWebKit/537.36 (KHTML, like Gecko) Chrome/150.0.0.0 Safari/537.36"
191.108.178.222 - - [14/Jul/2026:13:04:31 +0000] "GET /listado_procesos_abogados.php?pagina=2&orden=numero_proceso&criterio=47 HTTP/1.1" 200 23680 "http://www.asjudinet.com/listado_procesos_abogados.php?criterio=47" "Mozilla/5.0 (Windows NT 10.0; Win64; x64) AppleWebKit/537.36 (KHTML, like Gecko) Chrome/144.0.0.0 Safari/537.36"
190.67.205.191 - - [14/Jul/2026:13:04:36 +0000] "GET / HTTP/1.1" 200 54693 "-" "Mozilla/5.0 (Windows NT 10.0; Win64; x64) AppleWebKit/537.36 (KHTML, like Gecko) Chrome/150.0.0.0 Safari/537.36"
216.244.66.232 - - [14/Jul/2026:13:04:39 +0000] "GET /robots.txt HTTP/1.1" 200 43 "-" "Mozilla/5.0 (compatible; DotBot/1.2; +https://opensiteexplorer.org/dotbot; help@moz.com)"
191.108.178.222 - - [14/Jul/2026:13:04:39 +0000] "GET /visualizar_actuaciones.php?proceso=102-2024&cedula=1010080536 HTTP/1.1" 200 17811 "http://www.asjudinet.com/listado_procesos_abogados.php?pagina=2&orden=numero_proceso&criterio=47" "Mozilla/5.0 (Windows NT 10.0; Win64; x64) AppleWebKit/537.36 (KHTML, like Gecko) Chrome/144.0.0.0 Safari/537.36"
191.108.178.222 - - [14/Jul/2026:13:04:39 +0000] "GET /fondo_argollado.gif HTTP/1.1" 404 - "http://www.asjudinet.com/visualizar_actuaciones.php?proceso=102-2024&cedula=1010080536" "Mozilla/5.0 (Windows NT 10.0; Win64; x64) AppleWebKit/537.36 (KHTML, like Gecko) Chrome/144.0.0.0 Safari/537.36"
190.85.87.250 - - [14/Jul/2026:13:04:46 +0000] "POST /consulta_ced_info_servi.php HTTP/1.1" 200 7742 "http://www.asjudinet.com/consulta_ced_info_servi.php" "Mozilla/5.0 (Windows NT 10.0; Win64; x64) AppleWebKit/537.36 (KHTML, like Gecko) Chrome/125.0.0.0 Safari/537.36"
190.67.205.191 - - [14/Jul/2026:13:04:56 +0000] "GET /val_usuarios.php HTTP/1.1" 200 7808 "http://www.asjudinet.com/" "Mozilla/5.0 (Windows NT 10.0; Win64; x64) AppleWebKit/537.36 (KHTML, like Gecko) Chrome/150.0.0.0 Safari/537.36"
191.108.178.222 - - [14/Jul/2026:13:05:10 +0000] "GET /menu_admin.php?ced=78747938&nom=PATERNINA%20DAZA%20WILSON%20MANUEL&aaa=47&cargo=47 HTTP/1.1" 200 55572 "-" "Mozilla/5.0 (Windows NT 10.0; Win64; x64) AppleWebKit/537.36 (KHTML, like Gecko) Chrome/144.0.0.0 Safari/537.36"
190.67.205.191 - - [14/Jul/2026:13:05:12 +0000] "POST /val_usuarios.php HTTP/1.1" 200 154 "http://www.asjudinet.com/val_usuarios.php" "Mozilla/5.0 (Windows NT 10.0; Win64; x64) AppleWebKit/537.36 (KHTML, like Gecko) Chrome/150.0.0.0 Safari/537.36"
190.67.205.191 - - [14/Jul/2026:13:05:12 +0000] "GET /menu_admin.php?ced=93476074&nom=MANJARRES%20TAPIERO%20JULIO%20ERNESTO&aaa=488&cargo=488 HTTP/1.1" 200 55572 "http://www.asjudinet.com/val_usuarios.php" "Mozilla/5.0 (Windows NT 10.0; Win64; x64) AppleWebKit/537.36 (KHTML, like Gecko) Chrome/150.0.0.0 Safari/537.36"
114.119.142.179 - - [14/Jul/2026:13:05:13 +0000] "GET /index.php/zzztvsa/39aayzpksh_liqzne72382/principal/ELEMENTS/otros/principal/principal/pages/avigilajudicial/pages/avigilajudicial/validar_usuarios_pagina.php HTTP/1.1" 200 54693 "http://www.asjudinet.com/index.php/zzztvsa/39aayzpksh_liqzne72382/principal/ELEMENTS/otros/principal/principal/pages/avigilajudicial/pages/avigilajudicial/validar_vigi_judicial.php" "Mozilla/5.0 (Linux; Android 7.0;) AppleWebKit/537.36 (HTML, like Gecko) Mobile Safari/537.36 (compatible; PetalBot;+https://webmaster.petalsearch.com/site/petalbot)"
191.108.178.222 - - [14/Jul/2026:13:05:18 +0000] "GET /consulta_cartera.php HTTP/1.1" 200 4668 "http://www.asjudinet.com/menu_admin.php?ced=78747938&nom=PATERNINA%20DAZA%20WILSON%20MANUEL&aaa=47&cargo=47" "Mozilla/5.0 (Windows NT 10.0; Win64; x64) AppleWebKit/537.36 (KHTML, like Gecko) Chrome/144.0.0.0 Safari/537.36"
191.108.178.222 - - [14/Jul/2026:13:05:18 +0000] "GET /ELEMENTOS/fondo_argollado.gif HTTP/1.1" 200 1751 "http://www.asjudinet.com/consulta_cartera.php" "Mozilla/5.0 (Windows NT 10.0; Win64; x64) AppleWebKit/537.36 (KHTML, like Gecko) Chrome/144.0.0.0 Safari/537.36"
191.108.178.222 - - [14/Jul/2026:13:05:20 +0000] "GET /consulta_ced_info_servi.php HTTP/1.1" 200 4523 "http://www.asjudinet.com/consulta_cartera.php" "Mozilla/5.0 (Windows NT 10.0; Win64; x64) AppleWebKit/537.36 (KHTML, like Gecko) Chrome/144.0.0.0 Safari/537.36"
190.85.87.250 - - [14/Jul/2026:13:05:21 +0000] "GET /callcenter/respuesta_acciones_constitucional.php?cedulita=39546969&numcon=8197&fecha=2026-07-09&atencion=107037&funcionario=1000940633 HTTP/1.1" 200 22039 "http://www.asjudinet.com/callcenter/listado_acciones_constitucionales.php?ced=1000940633&nom=ROA%20PEDRAZA%20DANIEL" "Mozilla/5.0 (Windows NT 10.0; Win64; x64) AppleWebKit/537.36 (KHTML, like Gecko) Chrome/150.0.0.0 Safari/537.36"
190.67.205.191 - - [14/Jul/2026:13:05:22 +0000] "GET /listado_procesos_abogados.php HTTP/1.1" 200 21476 "http://www.asjudinet.com/menu_admin.php?ced=93476074&nom=MANJARRES%20TAPIERO%20JULIO%20ERNESTO&aaa=488&cargo=488" "Mozilla/5.0 (Windows NT 10.0; Win64; x64) AppleWebKit/537.36 (KHTML, like Gecko) Chrome/150.0.0.0 Safari/537.36"
191.108.178.222 - - [14/Jul/2026:13:05:23 +0000] "POST /consulta_ced_info_servi.php HTTP/1.1" 200 6150 "http://www.asjudinet.com/consulta_ced_info_servi.php" "Mozilla/5.0 (Windows NT 10.0; Win64; x64) AppleWebKit/537.36 (KHTML, like Gecko) Chrome/144.0.0.0 Safari/537.36"
191.108.178.222 - - [14/Jul/2026:13:05:26 +0000] "GET /cartera_consulta_titu_usuario.php?ced2=1010080536&numcon=31409 HTTP/1.1" 200 184790 "http://www.asjudinet.com/consulta_ced_info_servi.php" "Mozilla/5.0 (Windows NT 10.0; Win64; x64) AppleWebKit/537.36 (KHTML, like Gecko) Chrome/144.0.0.0 Safari/537.36"
190.67.205.191 - - [14/Jul/2026:13:05:31 +0000] "GET /listado_procesos_abogados.php?criterio=488 HTTP/1.1" 200 23439 "http://www.asjudinet.com/listado_procesos_abogados.php" "Mozilla/5.0 (Windows NT 10.0; Win64; x64) AppleWebKit/537.36 (KHTML, like Gecko) Chrome/150.0.0.0 Safari/537.36"
190.67.205.191 - - [14/Jul/2026:13:05:40 +0000] "GET /listado_procesos_abogados.php?pagina=2&orden=numero_proceso&criterio=488 HTTP/1.1" 200 24083 "http://www.asjudinet.com/listado_procesos_abogados.php?criterio=488" "Mozilla/5.0 (Windows NT 10.0; Win64; x64) AppleWebKit/537.36 (KHTML, like Gecko) Chrome/150.0.0.0 Safari/537.36"
190.85.87.250 - - [14/Jul/2026:13:06:11 +0000] "POST /consulta_ced_info_servi.php HTTP/1.1" 200 8565 "http://www.asjudinet.com/consulta_ced_info_servi.php" "Mozilla/5.0 (Windows NT 10.0; Win64; x64) AppleWebKit/537.36 (KHTML, like Gecko) Chrome/150.0.0.0 Safari/537.36"
190.67.205.191 - - [14/Jul/2026:13:06:13 +0000] "GET / HTTP/1.1" 200 54693 "-" "Mozilla/5.0 (Windows NT 10.0; Win64; x64) AppleWebKit/537.36 (KHTML, like Gecko) Chrome/150.0.0.0 Safari/537.36"
190.85.87.250 - - [14/Jul/2026:13:06:14 +0000] "GET /callcenter/solicitud_cita.php?ced=1124077740&nom=ORTIZ%20YUSNEHIDI HTTP/1.1" 200 5654 "-" "Mozilla/5.0 (Windows NT 10.0; Win64; x64) AppleWebKit/537.36 (KHTML, like Gecko) Chrome/150.0.0.0 Safari/537.36"
190.85.87.250 - - [14/Jul/2026:13:06:15 +0000] "POST /afinanciera/cartera_cargar_manual_deb.php?ced2=1073986090&numcon=14779 HTTP/1.1" 200 292106 "http://www.asjudinet.com/afinanciera/cartera_cargar_manual_deb.php?ced2=1073986090&numcon=14779" "Mozilla/5.0 (Windows NT 10.0; Win64; x64) AppleWebKit/537.36 (KHTML, like Gecko) Chrome/150.0.0.0 Safari/537.36"
114.119.136.100 - - [14/Jul/2026:13:06:37 +0000] "GET /index.php/zzztvsa/39aayzpksh_liqzne72382/principal/ELEMENTS/otros/principal/principal/avigilajudicial/principal/avigilajudicial/val_usuarios.php HTTP/1.1" 200 54693 "http://www.asjudinet.com/index.php/zzztvsa/39aayzpksh_liqzne72382/principal/ELEMENTS/otros/principal/principal/avigilajudicial/principal/avigilajudicial/val_usuarios.php" "Mozilla/5.0 (Linux; Android 7.0;) AppleWebKit/537.36 (HTML, like Gecko) Mobile Safari/537.36 (compatible; PetalBot;+https://webmaster.petalsearch.com/site/petalbot)"
190.85.87.250 - - [14/Jul/2026:13:06:58 +0000] "GET /cartera_consulta_titu_usuario.php?ced2=88175147&numcon=I1209 HTTP/1.1" 200 83953 "http://www.asjudinet.com/consulta_ced_info_servi.php" "Mozilla/5.0 (Windows NT 10.0; Win64; x64) AppleWebKit/537.36 (KHTML, like Gecko) Chrome/150.0.0.0 Safari/537.36"
190.85.87.250 - - [14/Jul/2026:13:07:00 +0000] "POST /cartera_consulta_titu_usuario.php?ced2=88175147&numcon=I1209 HTTP/1.1" 200 84193 "http://www.asjudinet.com/cartera_consulta_titu_usuario.php?ced2=88175147&numcon=I1209" "Mozilla/5.0 (Windows NT 10.0; Win64; x64) AppleWebKit/537.36 (KHTML, like Gecko) Chrome/150.0.0.0 Safari/537.36"
190.85.87.250 - - [14/Jul/2026:13:07:01 +0000] "GET /cartera_num_procesos_sus.php?ced2=88175147&numcon=I1209 HTTP/1.1" 200 19757 "http://www.asjudinet.com/cartera_consulta_titu_usuario.php?ced2=88175147&numcon=I1209" "Mozilla/5.0 (Windows NT 10.0; Win64; x64) AppleWebKit/537.36 (KHTML, like Gecko) Chrome/150.0.0.0 Safari/537.36"
190.85.191.209 - - [14/Jul/2026:13:07:03 +0000] "POST /solicitud_viaticosga.php?solicitud=1606161 HTTP/1.1" 200 13659 "http://www.asjudinet.com/solicitud_viaticosga.php?solicitud=1606161" "Mozilla/5.0 (Windows NT 10.0; Win64; x64) AppleWebKit/537.36 (KHTML, like Gecko) Chrome/150.0.0.0 Safari/537.36"
190.85.87.250 - - [14/Jul/2026:13:06:17 +0000] "POST /callcenter/solicitud_cita.php?ced=1124077740&nom=ORTIZ%20YUSNEHIDI HTTP/1.1" 200 39122 "http://www.asjudinet.com/callcenter/solicitud_cita.php?ced=1124077740&nom=ORTIZ%20YUSNEHIDI" "Mozilla/5.0 (Windows NT 10.0; Win64; x64) AppleWebKit/537.36 (KHTML, like Gecko) Chrome/150.0.0.0 Safari/537.36"
190.85.87.250 - - [14/Jul/2026:13:07:22 +0000] "GET /acobranzas/cobranzas_consulta_cartera1.php HTTP/1.1" 200 5045 "-" "Mozilla/5.0 (Windows NT 10.0; Win64; x64) AppleWebKit/537.36 (KHTML, like Gecko) Chrome/150.0.0.0 Safari/537.36"
190.85.191.209 - - [14/Jul/2026:13:07:29 +0000] "GET /revision_viaticosga.php?ced=41738943&nom=RODRIGUEZ%20%20MONTOYA%20ESPERANZA HTTP/1.1" 200 7612 "http://www.asjudinet.com/validar_rev_solga.php" "Mozilla/5.0 (Windows NT 10.0; Win64; x64) AppleWebKit/537.36 (KHTML, like Gecko) Chrome/150.0.0.0 Safari/537.36"
190.85.87.250 - - [14/Jul/2026:13:07:30 +0000] "POST /acobranzas/cobranzas_consulta_cartera1.php HTTP/1.1" 200 5968 "http://www.asjudinet.com/acobranzas/cobranzas_consulta_cartera1.php" "Mozilla/5.0 (Windows NT 10.0; Win64; x64) AppleWebKit/537.36 (KHTML, like Gecko) Chrome/150.0.0.0 Safari/537.36"
190.85.87.250 - - [14/Jul/2026:13:07:32 +0000] "GET /acobranzas/cobranzas_serviasju1.php?ced2=1049412033&numcon=24844 HTTP/1.1" 200 242117 "http://www.asjudinet.com/acobranzas/cobranzas_consulta_cartera1.php" "Mozilla/5.0 (Windows NT 10.0; Win64; x64) AppleWebKit/537.36 (KHTML, like Gecko) Chrome/150.0.0.0 Safari/537.36"
190.85.191.209 - - [14/Jul/2026:13:07:36 +0000] "GET /solicitud_viaticosga.php?solicitud=1606160 HTTP/1.1" 200 13851 "http://www.asjudinet.com/revision_viaticosga.php?ced=41738943&nom=RODRIGUEZ%20%20MONTOYA%20ESPERANZA" "Mozilla/5.0 (Windows NT 10.0; Win64; x64) AppleWebKit/537.36 (KHTML, like Gecko) Chrome/150.0.0.0 Safari/537.36"
114.119.142.135 - - [14/Jul/2026:13:08:03 +0000] "GET /index.php/zzztvsa/39aayzpksh_liqzne72382/principal/ELEMENTS/otros/principal/principal/avigilajudicial/pages/principal/principal/consultar_contratos_escaneados_correo.php HTTP/1.1" 200 54693 "http://www.asjudinet.com/index.php/zzztvsa/39aayzpksh_liqzne72382/principal/ELEMENTS/otros/principal/principal/avigilajudicial/pages/principal/asesoria.php" "Mozilla/5.0 (Linux; Android 7.0;) AppleWebKit/537.36 (HTML, like Gecko) Mobile Safari/537.36 (compatible; PetalBot;+https://webmaster.petalsearch.com/site/petalbot)"
190.85.87.250 - - [14/Jul/2026:13:08:03 +0000] "GET /callcenter/respuesta_tickets.php?cedulita=1052957823&numcon=26151&fecha=2021-08-18&atencion=28422 HTTP/1.1" 200 19312 "http://www.asjudinet.com/callcenter/solicitud_cita.php?ced=1143339970&nom=FALCON%20TEJADA%20KAREN%20ELIANA" "Mozilla/5.0 (Windows NT 10.0; Win64; x64) AppleWebKit/537.36 (KHTML, like Gecko) Chrome/150.0.0.0 Safari/537.36"
190.85.87.250 - - [14/Jul/2026:13:08:05 +0000] "GET /callcenter/respuesta_tickets.php?cedulita=1052957823&numcon=26151&fecha=2025-07-28&atencion=100737 HTTP/1.1" 200 24428 "http://www.asjudinet.com/callcenter/solicitud_cita.php?ced=1143339970&nom=FALCON%20TEJADA%20KAREN%20ELIANA" "Mozilla/5.0 (Windows NT 10.0; Win64; x64) AppleWebKit/537.36 (KHTML, like Gecko) Chrome/150.0.0.0 Safari/537.36"
190.85.87.250 - - [14/Jul/2026:13:08:14 +0000] "GET /callcenter/solicitud_cita_ingreso.php?numcon=26151&cedulita=1052957823&funcionario=1143339970 HTTP/1.1" 200 49095 "http://www.asjudinet.com/callcenter/solicitud_cita.php?ced=1143339970&nom=FALCON%20TEJADA%20KAREN%20ELIANA" "Mozilla/5.0 (Windows NT 10.0; Win64; x64) AppleWebKit/537.36 (KHTML, like Gecko) Chrome/150.0.0.0 Safari/537.36"
190.85.87.250 - - [14/Jul/2026:13:09:10 +0000] "GET /callcenter/listado_acciones_constitucionales.php?ced=1000940633&nom=ROA%20PEDRAZA%20DANIEL HTTP/1.1" 200 4426 "http://www.asjudinet.com/callcenter/menu_acciones_constitucionales.php?ced=1000940633&nom=ROA%20PEDRAZA%20DANIEL" "Mozilla/5.0 (Windows NT 10.0; Win64; x64) AppleWebKit/537.36 (KHTML, like Gecko) Chrome/150.0.0.0 Safari/537.36"
114.119.150.5 - - [14/Jul/2026:13:09:24 +0000] "GET /index.php/zzztvsa/39aayzpksh_liqzne72382/principal/ELEMENTS/otros/principal/principal/avigilajudicial/pages/avigilajudicial/index.php HTTP/1.1" 200 54693 "http://www.asjudinet.com/index.php/zzztvsa/39aayzpksh_liqzne72382/principal/ELEMENTS/otros/principal/principal/avigilajudicial/pages/avigilajudicial/validar_vigi_judicial.php" "Mozilla/5.0 (Linux; Android 7.0;) AppleWebKit/537.36 (HTML, like Gecko) Mobile Safari/537.36 (compatible; PetalBot;+https://webmaster.petalsearch.com/site/petalbot)"
181.79.87.83 - - [14/Jul/2026:13:09:49 +0000] "GET /index.php HTTP/1.1" 200 54693 "-" "Mozilla/5.0 (Windows NT 10.0; Win64; x64) AppleWebKit/537.36 (KHTML, like Gecko) Chrome/150.0.0.0 Safari/537.36"
181.79.87.83 - - [14/Jul/2026:13:09:49 +0000] "GET /css/all.min.css HTTP/1.1" 200 53592 "http://www.asjudinet.com/index.php" "Mozilla/5.0 (Windows NT 10.0; Win64; x64) AppleWebKit/537.36 (KHTML, like Gecko) Chrome/150.0.0.0 Safari/537.36"
181.79.87.83 - - [14/Jul/2026:13:09:49 +0000] "GET /css/bootstrap.min.css HTTP/1.1" 200 140930 "http://www.asjudinet.com/index.php" "Mozilla/5.0 (Windows NT 10.0; Win64; x64) AppleWebKit/537.36 (KHTML, like Gecko) Chrome/150.0.0.0 Safari/537.36"
181.79.87.83 - - [14/Jul/2026:13:09:49 +0000] "GET /css/leaflet.css HTTP/1.1" 200 13471 "http://www.asjudinet.com/index.php" "Mozilla/5.0 (Windows NT 10.0; Win64; x64) AppleWebKit/537.36 (KHTML, like Gecko) Chrome/150.0.0.0 Safari/537.36"
181.79.87.83 - - [14/Jul/2026:13:09:49 +0000] "GET /css/asjudinet.css HTTP/1.1" 200 21269 "http://www.asjudinet.com/index.php" "Mozilla/5.0 (Windows NT 10.0; Win64; x64) AppleWebKit/537.36 (KHTML, like Gecko) Chrome/150.0.0.0 Safari/537.36"
181.79.87.83 - - [14/Jul/2026:13:09:49 +0000] "GET /css/menu_prueba.css HTTP/1.1" 200 7408 "http://www.asjudinet.com/index.php" "Mozilla/5.0 (Windows NT 10.0; Win64; x64) AppleWebKit/537.36 (KHTML, like Gecko) Chrome/150.0.0.0 Safari/537.36"
181.79.87.83 - - [14/Jul/2026:13:09:49 +0000] "GET /js/jquery_3.3.1.js HTTP/1.1" 200 86926 "http://www.asjudinet.com/index.php" "Mozilla/5.0 (Windows NT 10.0; Win64; x64) AppleWebKit/537.36 (KHTML, like Gecko) Chrome/150.0.0.0 Safari/537.36"
181.79.87.83 - - [14/Jul/2026:13:09:50 +0000] "GET /ELEMENTS/otros/sesion.png HTTP/1.1" 200 4344 "http://www.asjudinet.com/index.php" "Mozilla/5.0 (Windows NT 10.0; Win64; x64) AppleWebKit/537.36 (KHTML, like Gecko) Chrome/150.0.0.0 Safari/537.36"
181.79.87.83 - - [14/Jul/2026:13:09:50 +0000] "GET /images/pse-logo.png HTTP/1.1" 200 57808 "http://www.asjudinet.com/index.php" "Mozilla/5.0 (Windows NT 10.0; Win64; x64) AppleWebKit/537.36 (KHTML, like Gecko) Chrome/150.0.0.0 Safari/537.36"
181.79.87.83 - - [14/Jul/2026:13:09:50 +0000] "GET /ELEMENTS/principal/atenea.jpg HTTP/1.1" 200 168483 "http://www.asjudinet.com/index.php" "Mozilla/5.0 (Windows NT 10.0; Win64; x64) AppleWebKit/537.36 (KHTML, like Gecko) Chrome/150.0.0.0 Safari/537.36"
181.79.87.83 - - [14/Jul/2026:13:09:50 +0000] "GET /ELEMENTS/principal/suscri_contrato.jpg HTTP/1.1" 200 61301 "http://www.asjudinet.com/index.php" "Mozilla/5.0 (Windows NT 10.0; Win64; x64) AppleWebKit/537.36 (KHTML, like Gecko) Chrome/150.0.0.0 Safari/537.36"
181.79.87.83 - - [14/Jul/2026:13:09:50 +0000] "GET /ELEMENTS/principal/login.png HTTP/1.1" 200 8013 "http://www.asjudinet.com/index.php" "Mozilla/5.0 (Windows NT 10.0; Win64; x64) AppleWebKit/537.36 (KHTML, like Gecko) Chrome/150.0.0.0 Safari/537.36"
181.79.87.83 - - [14/Jul/2026:13:09:50 +0000] "GET /js/leaflet.js HTTP/1.1" 200 141125 "http://www.asjudinet.com/index.php" "Mozilla/5.0 (Windows NT 10.0; Win64; x64) AppleWebKit/537.36 (KHTML, like Gecko) Chrome/150.0.0.0 Safari/537.36"
181.79.87.83 - - [14/Jul/2026:13:09:50 +0000] "GET /js/bootstrap.min.js HTTP/1.1" 200 50731 "http://www.asjudinet.com/index.php" "Mozilla/5.0 (Windows NT 10.0; Win64; x64) AppleWebKit/537.36 (KHTML, like Gecko) Chrome/150.0.0.0 Safari/537.36"
181.79.87.83 - - [14/Jul/2026:13:09:50 +0000] "GET /js/menu_prueba.js HTTP/1.1" 200 1678 "http://www.asjudinet.com/index.php" "Mozilla/5.0 (Windows NT 10.0; Win64; x64) AppleWebKit/537.36 (KHTML, like Gecko) Chrome/150.0.0.0 Safari/537.36"
181.79.87.83 - - [14/Jul/2026:13:09:51 +0000] "GET /ELEMENTS/principal/dinero1.jpg HTTP/1.1" 200 57035 "http://www.asjudinet.com/index.php" "Mozilla/5.0 (Windows NT 10.0; Win64; x64) AppleWebKit/537.36 (KHTML, like Gecko) Chrome/150.0.0.0 Safari/537.36"
181.79.87.83 - - [14/Jul/2026:13:09:51 +0000] "GET /ELEMENTS/principal/iuris.png HTTP/1.1" 200 165644 "http://www.asjudinet.com/index.php" "Mozilla/5.0 (Windows NT 10.0; Win64; x64) AppleWebKit/537.36 (KHTML, like Gecko) Chrome/150.0.0.0 Safari/537.36"
181.79.87.83 - - [14/Jul/2026:13:09:51 +0000] "GET /ELEMENTS/principal/agendarse.png HTTP/1.1" 200 72950 "http://www.asjudinet.com/index.php" "Mozilla/5.0 (Windows NT 10.0; Win64; x64) AppleWebKit/537.36 (KHTML, like Gecko) Chrome/150.0.0.0 Safari/537.36"
181.79.87.83 - - [14/Jul/2026:13:09:51 +0000] "GET /ELEMENTS/principal/proceso22.jpg HTTP/1.1" 200 53746 "http://www.asjudinet.com/index.php" "Mozilla/5.0 (Windows NT 10.0; Win64; x64) AppleWebKit/537.36 (KHTML, like Gecko) Chrome/150.0.0.0 Safari/537.36"
181.79.87.83 - - [14/Jul/2026:13:09:51 +0000] "GET /ELEMENTS/principal/callcenter1.png HTTP/1.1" 200 127656 "http://www.asjudinet.com/index.php" "Mozilla/5.0 (Windows NT 10.0; Win64; x64) AppleWebKit/537.36 (KHTML, like Gecko) Chrome/150.0.0.0 Safari/537.36"
181.79.87.83 - - [14/Jul/2026:13:09:51 +0000] "GET /webfonts/fa-brands-400.woff2 HTTP/1.1" 200 74288 "http://www.asjudinet.com/css/all.min.css" "Mozilla/5.0 (Windows NT 10.0; Win64; x64) AppleWebKit/537.36 (KHTML, like Gecko) Chrome/150.0.0.0 Safari/537.36"
181.79.87.83 - - [14/Jul/2026:13:09:51 +0000] "GET /ELEMENTS/bannerInterasjudinet.jpg HTTP/1.1" 200 286717 "http://www.asjudinet.com/css/asjudinet.css" "Mozilla/5.0 (Windows NT 10.0; Win64; x64) AppleWebKit/537.36 (KHTML, like Gecko) Chrome/150.0.0.0 Safari/537.36"
181.79.87.83 - - [14/Jul/2026:13:09:52 +0000] "GET /ELEMENTS/fondos/blanco.jpg HTTP/1.1" 200 28580 "http://www.asjudinet.com/css/asjudinet.css" "Mozilla/5.0 (Windows NT 10.0; Win64; x64) AppleWebKit/537.36 (KHTML, like Gecko) Chrome/150.0.0.0 Safari/537.36"
181.79.87.83 - - [14/Jul/2026:13:09:52 +0000] "GET /webfonts/fa-solid-900.woff2 HTTP/1.1" 200 79100 "http://www.asjudinet.com/css/all.min.css" "Mozilla/5.0 (Windows NT 10.0; Win64; x64) AppleWebKit/537.36 (KHTML, like Gecko) Chrome/150.0.0.0 Safari/537.36"
181.79.87.83 - - [14/Jul/2026:13:09:52 +0000] "GET /ELEMENTS/principal/ServicioCliente.jpg HTTP/1.1" 200 29935 "http://www.asjudinet.com/index.php" "Mozilla/5.0 (Windows NT 10.0; Win64; x64) AppleWebKit/537.36 (KHTML, like Gecko) Chrome/150.0.0.0 Safari/537.36"
181.79.87.83 - - [14/Jul/2026:13:09:52 +0000] "GET /ELEMENTS/principal/acciones_reclamar.png HTTP/1.1" 200 208890 "http://www.asjudinet.com/index.php" "Mozilla/5.0 (Windows NT 10.0; Win64; x64) AppleWebKit/537.36 (KHTML, like Gecko) Chrome/150.0.0.0 Safari/537.36"
181.79.87.83 - - [14/Jul/2026:13:09:52 +0000] "GET /ELEMENTS/principal/seminario1.png HTTP/1.1" 200 247245 "http://www.asjudinet.com/index.php" "Mozilla/5.0 (Windows NT 10.0; Win64; x64) AppleWebKit/537.36 (KHTML, like Gecko) Chrome/150.0.0.0 Safari/537.36"
181.79.87.83 - - [14/Jul/2026:13:09:52 +0000] "GET /ELEMENTS/principal/1.png HTTP/1.1" 200 97076 "http://www.asjudinet.com/index.php" "Mozilla/5.0 (Windows NT 10.0; Win64; x64) AppleWebKit/537.36 (KHTML, like Gecko) Chrome/150.0.0.0 Safari/537.36"
181.79.87.83 - - [14/Jul/2026:13:09:52 +0000] "GET /ELEMENTS/principal/2.png HTTP/1.1" 200 92941 "http://www.asjudinet.com/index.php" "Mozilla/5.0 (Windows NT 10.0; Win64; x64) AppleWebKit/537.36 (KHTML, like Gecko) Chrome/150.0.0.0 Safari/537.36"
181.79.87.83 - - [14/Jul/2026:13:09:52 +0000] "GET /ELEMENTS/principal/3.png HTTP/1.1" 200 77498 "http://www.asjudinet.com/index.php" "Mozilla/5.0 (Windows NT 10.0; Win64; x64) AppleWebKit/537.36 (KHTML, like Gecko) Chrome/150.0.0.0 Safari/537.36"
181.79.87.83 - - [14/Jul/2026:13:09:53 +0000] "GET /ELEMENTS/principal/multas1.png HTTP/1.1" 200 39231 "http://www.asjudinet.com/index.php" "Mozilla/5.0 (Windows NT 10.0; Win64; x64) AppleWebKit/537.36 (KHTML, like Gecko) Chrome/150.0.0.0 Safari/537.36"
181.79.87.83 - - [14/Jul/2026:13:09:53 +0000] "GET /ELEMENTS/principal/multas2.png HTTP/1.1" 200 70544 "http://www.asjudinet.com/index.php" "Mozilla/5.0 (Windows NT 10.0; Win64; x64) AppleWebKit/537.36 (KHTML, like Gecko) Chrome/150.0.0.0 Safari/537.36"
181.79.87.83 - - [14/Jul/2026:13:09:53 +0000] "GET /ELEMENTS/principal/LoginIuris.jpg HTTP/1.1" 200 39706 "http://www.asjudinet.com/index.php" "Mozilla/5.0 (Windows NT 10.0; Win64; x64) AppleWebKit/537.36 (KHTML, like Gecko) Chrome/150.0.0.0 Safari/537.36"
181.79.87.83 - - [14/Jul/2026:13:09:53 +0000] "GET /ELEMENTS/blanco.jpg HTTP/1.1" 200 28580 "http://www.asjudinet.com/css/asjudinet.css" "Mozilla/5.0 (Windows NT 10.0; Win64; x64) AppleWebKit/537.36 (KHTML, like Gecko) Chrome/150.0.0.0 Safari/537.36"
181.79.87.83 - - [14/Jul/2026:13:09:52 +0000] "GET /ELEMENTS/principal/icallcenter4.jpg HTTP/1.1" 200 226303 "http://www.asjudinet.com/css/asjudinet.css" "Mozilla/5.0 (Windows NT 10.0; Win64; x64) AppleWebKit/537.36 (KHTML, like Gecko) Chrome/150.0.0.0 Safari/537.36"
181.79.87.83 - - [14/Jul/2026:13:09:53 +0000] "GET /css/images/marker-icon.png HTTP/1.1" 200 1466 "http://www.asjudinet.com/css/leaflet.css" "Mozilla/5.0 (Windows NT 10.0; Win64; x64) AppleWebKit/537.36 (KHTML, like Gecko) Chrome/150.0.0.0 Safari/537.36"
181.79.87.83 - - [14/Jul/2026:13:09:53 +0000] "GET /css/images/marker-shadow.png HTTP/1.1" 200 618 "http://www.asjudinet.com/index.php" "Mozilla/5.0 (Windows NT 10.0; Win64; x64) AppleWebKit/537.36 (KHTML, like Gecko) Chrome/150.0.0.0 Safari/537.36"
181.79.87.83 - - [14/Jul/2026:13:09:51 +0000] "GET /ELEMENTS/principal/proceso3.png HTTP/1.1" 200 437462 "http://www.asjudinet.com/index.php" "Mozilla/5.0 (Windows NT 10.0; Win64; x64) AppleWebKit/537.36 (KHTML, like Gecko) Chrome/150.0.0.0 Safari/537.36"
181.79.87.83 - - [14/Jul/2026:13:09:56 +0000] "GET /val_usuarios.php HTTP/1.1" 200 7808 "http://www.asjudinet.com/index.php" "Mozilla/5.0 (Windows NT 10.0; Win64; x64) AppleWebKit/537.36 (KHTML, like Gecko) Chrome/150.0.0.0 Safari/537.36"
181.79.87.83 - - [14/Jul/2026:13:09:56 +0000] "GET /ELEMENTS/bannerInterasjudinet.png HTTP/1.1" 200 286717 "http://www.asjudinet.com/val_usuarios.php" "Mozilla/5.0 (Windows NT 10.0; Win64; x64) AppleWebKit/537.36 (KHTML, like Gecko) Chrome/150.0.0.0 Safari/537.36"
181.79.87.83 - - [14/Jul/2026:13:10:00 +0000] "POST /val_usuarios.php HTTP/1.1" 200 151 "http://www.asjudinet.com/val_usuarios.php" "Mozilla/5.0 (Windows NT 10.0; Win64; x64) AppleWebKit/537.36 (KHTML, like Gecko) Chrome/150.0.0.0 Safari/537.36"
181.79.87.83 - - [14/Jul/2026:13:10:00 +0000] "GET /menu_admin.php?ced=1005039149&nom=LIZARAZO%20DIEGO%20ALEJANDRO&aaa=2151&cargo=2151 HTTP/1.1" 200 55572 "http://www.asjudinet.com/val_usuarios.php" "Mozilla/5.0 (Windows NT 10.0; Win64; x64) AppleWebKit/537.36 (KHTML, like Gecko) Chrome/150.0.0.0 Safari/537.36"
181.79.87.83 - - [14/Jul/2026:13:10:00 +0000] "GET /css/menu_admin.css HTTP/1.1" 200 2437 "http://www.asjudinet.com/menu_admin.php?ced=1005039149&nom=LIZARAZO%20DIEGO%20ALEJANDRO&aaa=2151&cargo=2151" "Mozilla/5.0 (Windows NT 10.0; Win64; x64) AppleWebKit/537.36 (KHTML, like Gecko) Chrome/150.0.0.0 Safari/537.36"
181.79.87.83 - - [14/Jul/2026:13:10:00 +0000] "GET /ELEMENTS/fondolaw.jpg HTTP/1.1" 200 56543 "http://www.asjudinet.com/css/menu_admin.css" "Mozilla/5.0 (Windows NT 10.0; Win64; x64) AppleWebKit/537.36 (KHTML, like Gecko) Chrome/150.0.0.0 Safari/537.36"
190.85.87.250 - - [14/Jul/2026:13:10:02 +0000] "GET /callcenter/respuesta_acciones_constitucional.php?cedulita=39546969&numcon=8197&fecha=2026-07-09&atencion=107037&funcionario=1000940633 HTTP/1.1" 200 22039 "http://www.asjudinet.com/callcenter/listado_acciones_constitucionales.php?ced=1000940633&nom=ROA%20PEDRAZA%20DANIEL" "Mozilla/5.0 (Windows NT 10.0; Win64; x64) AppleWebKit/537.36 (KHTML, like Gecko) Chrome/150.0.0.0 Safari/537.36"
190.85.87.250 - - [14/Jul/2026:13:10:05 +0000] "GET /callcenter/menu_acciones_constitucionales.php?ced=1000940633&nom=ROA%20PEDRAZA%20DANIEL HTTP/1.1" 200 3294 "http://www.asjudinet.com/callcenter/listado_acciones_constitucionales.php?ced=1000940633&nom=ROA%20PEDRAZA%20DANIEL" "Mozilla/5.0 (Windows NT 10.0; Win64; x64) AppleWebKit/537.36 (KHTML, like Gecko) Chrome/150.0.0.0 Safari/537.36"
190.85.87.250 - - [14/Jul/2026:13:10:06 +0000] "GET /callcenter/listado_acciones_constitucionales_pendientes.php?ced=1000940633&nom=ROA%20PEDRAZA%20DANIEL HTTP/1.1" 200 4541 "http://www.asjudinet.com/callcenter/menu_acciones_constitucionales.php?ced=1000940633&nom=ROA%20PEDRAZA%20DANIEL" "Mozilla/5.0 (Windows NT 10.0; Win64; x64) AppleWebKit/537.36 (KHTML, like Gecko) Chrome/150.0.0.0 Safari/537.36"
190.85.87.250 - - [14/Jul/2026:13:10:08 +0000] "GET /callcenter/respuesta_trabajo_pendiente.php?cedulita=94482263&numcon=11926&fecha=2026-07-02&atencion=106933&funcionario=1000940633 HTTP/1.1" 200 17789 "http://www.asjudinet.com/callcenter/listado_acciones_constitucionales_pendientes.php?ced=1000940633&nom=ROA%20PEDRAZA%20DANIEL" "Mozilla/5.0 (Windows NT 10.0; Win64; x64) AppleWebKit/537.36 (KHTML, like Gecko) Chrome/150.0.0.0 Safari/537.36"
190.85.87.250 - - [14/Jul/2026:13:10:11 +0000] "POST /acobranzas/cobranzas_consulta_cartera1.php HTTP/1.1" 200 5966 "http://www.asjudinet.com/acobranzas/cobranzas_consulta_cartera1.php" "Mozilla/5.0 (Windows NT 10.0; Win64; x64) AppleWebKit/537.36 (KHTML, like Gecko) Chrome/150.0.0.0 Safari/537.36"
190.85.87.250 - - [14/Jul/2026:13:10:15 +0000] "GET /acobranzas/cobranzas_serviasju1.php?ced2=1064979056&numcon=I0800 HTTP/1.1" 200 16901 "http://www.asjudinet.com/acobranzas/cobranzas_consulta_cartera1.php" "Mozilla/5.0 (Windows NT 10.0; Win64; x64) AppleWebKit/537.36 (KHTML, like Gecko) Chrome/150.0.0.0 Safari/537.36"
190.85.87.250 - - [14/Jul/2026:13:10:15 +0000] "GET /acobranzas/cobranzas_serviasju1.php?ced2=1064979056&numcon=I0800 HTTP/1.1" 200 69668 "http://www.asjudinet.com/acobranzas/cobranzas_consulta_cartera1.php" "Mozilla/5.0 (Windows NT 10.0; Win64; x64) AppleWebKit/537.36 (KHTML, like Gecko) Chrome/150.0.0.0 Safari/537.36"
190.85.87.250 - - [14/Jul/2026:13:10:29 +0000] "POST /callcenter/solicitud_cita_ingreso.php?numcon=26151&cedulita=1052957823&funcionario=1143339970 HTTP/1.1" 200 49319 "http://www.asjudinet.com/callcenter/solicitud_cita_ingreso.php?numcon=26151&cedulita=1052957823&funcionario=1143339970" "Mozilla/5.0 (Windows NT 10.0; Win64; x64) AppleWebKit/537.36 (KHTML, like Gecko) Chrome/150.0.0.0 Safari/537.36"
190.85.87.250 - - [14/Jul/2026:13:10:43 +0000] "GET /callcenter/menu_callcenter.php?ced=1143339970&nom=FALCON%20TEJADA%20KAREN%20ELIANA HTTP/1.1" 200 11645 "http://www.asjudinet.com/callcenter/solicitud_cita_ingreso.php?numcon=26151&cedulita=1052957823&funcionario=1143339970" "Mozilla/5.0 (Windows NT 10.0; Win64; x64) AppleWebKit/537.36 (KHTML, like Gecko) Chrome/150.0.0.0 Safari/537.36"
190.85.87.250 - - [14/Jul/2026:13:10:44 +0000] "GET /callcenter/validar_recepcionistas.php?ced=1143339970&nom=FALCON%20TEJADA%20KAREN%20ELIANA HTTP/1.1" 200 7964 "http://www.asjudinet.com/callcenter/menu_callcenter.php?ced=1143339970&nom=FALCON%20TEJADA%20KAREN%20ELIANA" "Mozilla/5.0 (Windows NT 10.0; Win64; x64) AppleWebKit/537.36 (KHTML, like Gecko) Chrome/150.0.0.0 Safari/537.36"
114.119.137.103 - - [14/Jul/2026:13:10:47 +0000] "GET /index.php/zzztvsa/39aayzpksh_liqzne72382/principal/ELEMENTS/otros/principal/principal/avigilajudicial/avigilajudicial/avigilajudicial/val_usuarios_IURIS.php HTTP/1.1" 200 54693 "http://www.asjudinet.com/index.php/zzztvsa/39aayzpksh_liqzne72382/principal/ELEMENTS/otros/principal/principal/avigilajudicial/avigilajudicial/avigilajudicial/val_usuarios_IURIS.php" "Mozilla/5.0 (Linux; Android 7.0;) AppleWebKit/537.36 (HTML, like Gecko) Mobile Safari/537.36 (compatible; PetalBot;+https://webmaster.petalsearch.com/site/petalbot)"
190.85.87.250 - - [14/Jul/2026:13:10:48 +0000] "POST /callcenter/validar_recepcionistas.php HTTP/1.1" 200 8054 "http://www.asjudinet.com/callcenter/validar_recepcionistas.php?ced=1143339970&nom=FALCON%20TEJADA%20KAREN%20ELIANA" "Mozilla/5.0 (Windows NT 10.0; Win64; x64) AppleWebKit/537.36 (KHTML, like Gecko) Chrome/150.0.0.0 Safari/537.36"
190.85.87.250 - - [14/Jul/2026:13:10:48 +0000] "GET /callcenter/solicitud_cita.php?ced=1110177572&nom=FERLA%20MORENO%20FRANCY%20LORENA HTTP/1.1" 200 5676 "http://www.asjudinet.com/callcenter/validar_recepcionistas.php" "Mozilla/5.0 (Windows NT 10.0; Win64; x64) AppleWebKit/537.36 (KHTML, like Gecko) Chrome/150.0.0.0 Safari/537.36"
190.85.87.250 - - [14/Jul/2026:13:10:53 +0000] "GET /callcenter/solicitud_cita.php?ced=1143339970&nom=FALCON%20TEJADA%20KAREN%20ELIANA HTTP/1.1" 200 5676 "-" "Mozilla/5.0 (Windows NT 10.0; Win64; x64) AppleWebKit/537.36 (KHTML, like Gecko) Chrome/150.0.0.0 Safari/537.36"
190.85.87.250 - - [14/Jul/2026:13:10:54 +0000] "GET /index.php HTTP/1.1" 200 54693 "-" "Mozilla/5.0 (Windows NT 10.0; Win64; x64) AppleWebKit/537.36 (KHTML, like Gecko) Chrome/150.0.0.0 Safari/537.36"
181.79.87.83 - - [14/Jul/2026:13:11:00 +0000] "GET /consulta_cartera.php HTTP/1.1" 200 4668 "http://www.asjudinet.com/menu_admin.php?ced=1005039149&nom=LIZARAZO%20DIEGO%20ALEJANDRO&aaa=2151&cargo=2151" "Mozilla/5.0 (Windows NT 10.0; Win64; x64) AppleWebKit/537.36 (KHTML, like Gecko) Chrome/150.0.0.0 Safari/537.36"
181.79.87.83 - - [14/Jul/2026:13:11:00 +0000] "GET /ELEMENTOS/fondo_argollado.gif HTTP/1.1" 200 1751 "http://www.asjudinet.com/consulta_cartera.php" "Mozilla/5.0 (Windows NT 10.0; Win64; x64) AppleWebKit/537.36 (KHTML, like Gecko) Chrome/150.0.0.0 Safari/537.36"
181.79.87.83 - - [14/Jul/2026:13:11:03 +0000] "GET /consulta_ced_info_servi.php HTTP/1.1" 200 4523 "http://www.asjudinet.com/consulta_cartera.php" "Mozilla/5.0 (Windows NT 10.0; Win64; x64) AppleWebKit/537.36 (KHTML, like Gecko) Chrome/150.0.0.0 Safari/537.36"
190.85.87.250 - - [14/Jul/2026:13:11:19 +0000] "GET /acobranzas/menu_cobranzas_jur1.php?ced=53002239&nom=PE%C3%91A%20ORTIZ%20ALBA%20ROCIO HTTP/1.1" 200 16644 "-" "Mozilla/5.0 (Windows NT 10.0; Win64; x64) AppleWebKit/537.36 (KHTML, like Gecko) Chrome/150.0.0.0 Safari/537.36"
190.85.87.250 - - [14/Jul/2026:13:11:20 +0000] "GET /menu_admin.php HTTP/1.1" 302 55572 "http://www.asjudinet.com/acobranzas/menu_cobranzas_jur1.php?ced=53002239&nom=PE%C3%91A%20ORTIZ%20ALBA%20ROCIO" "Mozilla/5.0 (Windows NT 10.0; Win64; x64) AppleWebKit/537.36 (KHTML, like Gecko) Chrome/150.0.0.0 Safari/537.36"
190.85.87.250 - - [14/Jul/2026:13:11:20 +0000] "GET / HTTP/1.1" 200 54693 "http://www.asjudinet.com/acobranzas/menu_cobranzas_jur1.php?ced=53002239&nom=PE%C3%91A%20ORTIZ%20ALBA%20ROCIO" "Mozilla/5.0 (Windows NT 10.0; Win64; x64) AppleWebKit/537.36 (KHTML, like Gecko) Chrome/150.0.0.0 Safari/537.36"
181.79.87.83 - - [14/Jul/2026:13:11:20 +0000] "POST /consulta_ced_info_servi.php HTTP/1.1" 200 8565 "http://www.asjudinet.com/consulta_ced_info_servi.php" "Mozilla/5.0 (Windows NT 10.0; Win64; x64) AppleWebKit/537.36 (KHTML, like Gecko) Chrome/150.0.0.0 Safari/537.36"
190.85.87.250 - - [14/Jul/2026:13:11:29 +0000] "GET /consulta_cartera.php HTTP/1.1" 200 4668 "http://www.asjudinet.com/cartera_consulta_titu_usuario.php?ced2=1052957823&numcon=26151" "Mozilla/5.0 (Windows NT 10.0; Win64; x64) AppleWebKit/537.36 (KHTML, like Gecko) Chrome/150.0.0.0 Safari/537.36"
181.79.87.83 - - [14/Jul/2026:13:11:28 +0000] "GET /cartera_consulta_titu_usuario.php?ced2=88175147&numcon=25399 HTTP/1.1" 200 77670 "http://www.asjudinet.com/consulta_ced_info_servi.php" "Mozilla/5.0 (Windows NT 10.0; Win64; x64) AppleWebKit/537.36 (KHTML, like Gecko) Chrome/150.0.0.0 Safari/537.36"
190.85.87.250 - - [14/Jul/2026:13:11:36 +0000] "GET /consulta_ced_info_servi.php HTTP/1.1" 200 4523 "http://www.asjudinet.com/consulta_cartera.php" "Mozilla/5.0 (Windows NT 10.0; Win64; x64) AppleWebKit/537.36 (KHTML, like Gecko) Chrome/150.0.0.0 Safari/537.36"
181.79.87.83 - - [14/Jul/2026:13:11:39 +0000] "GET /index.php HTTP/1.1" 200 54693 "-" "Mozilla/5.0 (Windows NT 10.0; Win64; x64) AppleWebKit/537.36 (KHTML, like Gecko) Chrome/150.0.0.0 Safari/537.36"
181.79.87.83 - - [14/Jul/2026:13:11:41 +0000] "GET /val_usuarios.php HTTP/1.1" 200 7808 "http://www.asjudinet.com/index.php" "Mozilla/5.0 (Windows NT 10.0; Win64; x64) AppleWebKit/537.36 (KHTML, like Gecko) Chrome/150.0.0.0 Safari/537.36"
181.79.87.83 - - [14/Jul/2026:13:11:45 +0000] "POST /val_usuarios.php HTTP/1.1" 200 151 "http://www.asjudinet.com/val_usuarios.php" "Mozilla/5.0 (Windows NT 10.0; Win64; x64) AppleWebKit/537.36 (KHTML, like Gecko) Chrome/150.0.0.0 Safari/537.36"
181.79.87.83 - - [14/Jul/2026:13:11:45 +0000] "GET /menu_admin.php?ced=1005039149&nom=LIZARAZO%20DIEGO%20ALEJANDRO&aaa=2151&cargo=2151 HTTP/1.1" 200 55572 "http://www.asjudinet.com/val_usuarios.php" "Mozilla/5.0 (Windows NT 10.0; Win64; x64) AppleWebKit/537.36 (KHTML, like Gecko) Chrome/150.0.0.0 Safari/537.36"
181.79.87.83 - - [14/Jul/2026:13:11:48 +0000] "GET /index.php HTTP/1.1" 200 54693 "-" "Mozilla/5.0 (Windows NT 10.0; Win64; x64) AppleWebKit/537.36 (KHTML, like Gecko) Chrome/150.0.0.0 Safari/537.36"
