190.85.87.250 - - [14/Jul/2026:14:24:54 +0000] "GET /ELEMENTS/principal/1.png HTTP/1.1" 200 97076 "http://www.asjudinet.com/" "Mozilla/5.0 (Windows NT 10.0; Win64; x64) AppleWebKit/537.36 (KHTML, like Gecko) Chrome/150.0.0.0 Safari/537.36"
190.85.87.250 - - [14/Jul/2026:14:24:54 +0000] "GET /ELEMENTS/principal/3.png HTTP/1.1" 200 77498 "http://www.asjudinet.com/" "Mozilla/5.0 (Windows NT 10.0; Win64; x64) AppleWebKit/537.36 (KHTML, like Gecko) Chrome/150.0.0.0 Safari/537.36"
190.85.87.250 - - [14/Jul/2026:14:24:54 +0000] "GET /ELEMENTS/principal/2.png HTTP/1.1" 200 92941 "http://www.asjudinet.com/" "Mozilla/5.0 (Windows NT 10.0; Win64; x64) AppleWebKit/537.36 (KHTML, like Gecko) Chrome/150.0.0.0 Safari/537.36"
190.85.87.250 - - [14/Jul/2026:14:24:54 +0000] "GET /ELEMENTS/principal/multas1.png HTTP/1.1" 200 39231 "http://www.asjudinet.com/" "Mozilla/5.0 (Windows NT 10.0; Win64; x64) AppleWebKit/537.36 (KHTML, like Gecko) Chrome/150.0.0.0 Safari/537.36"
190.85.87.250 - - [14/Jul/2026:14:24:54 +0000] "GET /ELEMENTS/principal/multas2.png HTTP/1.1" 200 70544 "http://www.asjudinet.com/" "Mozilla/5.0 (Windows NT 10.0; Win64; x64) AppleWebKit/537.36 (KHTML, like Gecko) Chrome/150.0.0.0 Safari/537.36"
190.85.87.250 - - [14/Jul/2026:14:24:54 +0000] "GET /ELEMENTS/principal/LoginIuris.jpg HTTP/1.1" 200 39706 "http://www.asjudinet.com/" "Mozilla/5.0 (Windows NT 10.0; Win64; x64) AppleWebKit/537.36 (KHTML, like Gecko) Chrome/150.0.0.0 Safari/537.36"
190.85.87.250 - - [14/Jul/2026:14:24:54 +0000] "GET /ELEMENTS/principal/acciones_reclamar.png HTTP/1.1" 206 177542 "http://www.asjudinet.com/" "Mozilla/5.0 (Windows NT 10.0; Win64; x64) AppleWebKit/537.36 (KHTML, like Gecko) Chrome/150.0.0.0 Safari/537.36"
190.85.87.250 - - [14/Jul/2026:14:24:54 +0000] "GET /ELEMENTS/blanco.jpg HTTP/1.1" 200 28580 "http://www.asjudinet.com/css/asjudinet.css" "Mozilla/5.0 (Windows NT 10.0; Win64; x64) AppleWebKit/537.36 (KHTML, like Gecko) Chrome/150.0.0.0 Safari/537.36"
190.85.87.250 - - [14/Jul/2026:14:24:54 +0000] "GET /css/images/marker-icon.png HTTP/1.1" 200 1466 "http://www.asjudinet.com/css/leaflet.css" "Mozilla/5.0 (Windows NT 10.0; Win64; x64) AppleWebKit/537.36 (KHTML, like Gecko) Chrome/150.0.0.0 Safari/537.36"
190.85.87.250 - - [14/Jul/2026:14:24:54 +0000] "GET /css/images/marker-shadow.png HTTP/1.1" 200 618 "http://www.asjudinet.com/" "Mozilla/5.0 (Windows NT 10.0; Win64; x64) AppleWebKit/537.36 (KHTML, like Gecko) Chrome/150.0.0.0 Safari/537.36"
190.85.87.250 - - [14/Jul/2026:14:24:56 +0000] "GET /afinanciera/menu_cartera_debito.php?ced=1031124581&nom=PALOMA%20LINARES%20ANYI%20CATERIN HTTP/1.1" 200 38627 "-" "Mozilla/5.0 (Windows NT 10.0; Win64; x64) AppleWebKit/537.36 (KHTML, like Gecko) Chrome/150.0.0.0 Safari/537.36"
190.85.87.250 - - [14/Jul/2026:14:24:57 +0000] "GET /afinanciera/validar_nomina_cartera.php HTTP/1.1" 200 7804 "http://www.asjudinet.com/menu_admin.php?ced=52202053&nom=FONSECA%20FUQUENE%20IRENE&aaa=759&cargo=759" "Mozilla/5.0 (Windows NT 10.0; Win64; x64) AppleWebKit/537.36 (KHTML, like Gecko) Chrome/150.0.0.0 Safari/537.36"
190.85.87.250 - - [14/Jul/2026:14:24:57 +0000] "GET /afinanciera/cartera_consul_titu_deb.php HTTP/1.1" 200 5181 "http://www.asjudinet.com/afinanciera/menu_cartera_debito.php?ced=1031124581&nom=PALOMA%20LINARES%20ANYI%20CATERIN" "Mozilla/5.0 (Windows NT 10.0; Win64; x64) AppleWebKit/537.36 (KHTML, like Gecko) Chrome/150.0.0.0 Safari/537.36"
190.85.87.250 - - [14/Jul/2026:14:24:59 +0000] "POST /afinanciera/validar_nomina_cartera.php HTTP/1.1" 500 133 "http://www.asjudinet.com/afinanciera/validar_nomina_cartera.php" "Mozilla/5.0 (Windows NT 10.0; Win64; x64) AppleWebKit/537.36 (KHTML, like Gecko) Chrome/150.0.0.0 Safari/537.36"
190.85.87.250 - - [14/Jul/2026:14:24:59 +0000] "GET /afinanciera/menu_cartera_nomina.php?ced=52202053&nom=FONSECA%20FUQUENE%20IRENE HTTP/1.1" 200 23831 "http://www.asjudinet.com/afinanciera/validar_nomina_cartera.php" "Mozilla/5.0 (Windows NT 10.0; Win64; x64) AppleWebKit/537.36 (KHTML, like Gecko) Chrome/150.0.0.0 Safari/537.36"
190.85.87.250 - - [14/Jul/2026:14:25:01 +0000] "GET /afinanciera/cartera_consul_titu_nom.php HTTP/1.1" 200 5244 "http://www.asjudinet.com/afinanciera/menu_cartera_nomina.php?ced=52202053&nom=FONSECA%20FUQUENE%20IRENE" "Mozilla/5.0 (Windows NT 10.0; Win64; x64) AppleWebKit/537.36 (KHTML, like Gecko) Chrome/150.0.0.0 Safari/537.36"
190.85.191.209 - - [14/Jul/2026:14:25:02 +0000] "POST /afinanciera/cartera_consultar_cargar_deb.php HTTP/1.1" 200 6944 "http://www.asjudinet.com/afinanciera/cartera_consultar_cargar_deb.php" "Mozilla/5.0 (Windows NT 10.0; Win64; x64) AppleWebKit/537.36 (KHTML, like Gecko) Chrome/150.0.0.0 Safari/537.36 Edg/150.0.0.0"
190.85.87.250 - - [14/Jul/2026:14:25:02 +0000] "POST /afinanciera/cartera_consul_titu_deb.php HTTP/1.1" 200 6101 "http://www.asjudinet.com/afinanciera/cartera_consul_titu_deb.php" "Mozilla/5.0 (Windows NT 10.0; Win64; x64) AppleWebKit/537.36 (KHTML, like Gecko) Chrome/150.0.0.0 Safari/537.36"
190.85.191.209 - - [14/Jul/2026:14:25:05 +0000] "GET /afinanciera/cartera_cargar_manual_deb.php?ced2=10006856&numcon=9846A HTTP/1.1" 200 68778 "http://www.asjudinet.com/afinanciera/cartera_consultar_cargar_deb.php" "Mozilla/5.0 (Windows NT 10.0; Win64; x64) AppleWebKit/537.36 (KHTML, like Gecko) Chrome/150.0.0.0 Safari/537.36 Edg/150.0.0.0"
190.85.87.250 - - [14/Jul/2026:14:25:13 +0000] "GET /cartera_consul_bene_usuario.php?ced2=52017828&numcon=25211A HTTP/1.1" 200 19366 "http://www.asjudinet.com/consulta_ced_info_servi.php" "Mozilla/5.0 (Windows NT 10.0; Win64; x64) AppleWebKit/537.36 (KHTML, like Gecko) Chrome/150.0.0.0 Safari/537.36"
190.85.87.250 - - [14/Jul/2026:14:25:17 +0000] "POST /afinanciera/cartera_consul_titu_nom.php HTTP/1.1" 200 6118 "http://www.asjudinet.com/afinanciera/cartera_consul_titu_nom.php" "Mozilla/5.0 (Windows NT 10.0; Win64; x64) AppleWebKit/537.36 (KHTML, like Gecko) Chrome/150.0.0.0 Safari/537.36"
190.85.87.250 - - [14/Jul/2026:14:25:19 +0000] "GET /afinanciera/cartera_consulta_titu_usuario.php?ced2=1068659935&numcon=23445 HTTP/1.1" 200 264475 "http://www.asjudinet.com/afinanciera/cartera_consul_titu_deb.php" "Mozilla/5.0 (Windows NT 10.0; Win64; x64) AppleWebKit/537.36 (KHTML, like Gecko) Chrome/150.0.0.0 Safari/537.36"
190.85.87.250 - - [14/Jul/2026:14:25:21 +0000] "GET /afinanciera/cartera_consulta_titular_nom.php?ced2=80134637&numcon=20892&tipo=COA02 HTTP/1.1" 200 56475 "http://www.asjudinet.com/afinanciera/cartera_consul_titu_nom.php" "Mozilla/5.0 (Windows NT 10.0; Win64; x64) AppleWebKit/537.36 (KHTML, like Gecko) Chrome/150.0.0.0 Safari/537.36"
190.85.191.209 - - [14/Jul/2026:14:25:42 +0000] "POST /afinanciera/cartera_cargar_manual_deb.php?ced2=10006856&numcon=9846A HTTP/1.1" 200 70540 "http://www.asjudinet.com/afinanciera/cartera_cargar_manual_deb.php?ced2=10006856&numcon=9846A" "Mozilla/5.0 (Windows NT 10.0; Win64; x64) AppleWebKit/537.36 (KHTML, like Gecko) Chrome/150.0.0.0 Safari/537.36 Edg/150.0.0.0"
190.85.87.250 - - [14/Jul/2026:14:25:52 +0000] "GET /callcenter/solicitud_cita_ingreso.php?numcon=21666&cedulita=7713423&funcionario=1000505297 HTTP/1.1" 200 49091 "http://www.asjudinet.com/callcenter/solicitud_cita.php?ced=1000505297&nom=CORTAZAR%20HERRERA%20SERGIO%20ALEJANDRO" "Mozilla/5.0 (Windows NT 10.0; Win64; x64) AppleWebKit/537.36 (KHTML, like Gecko) Chrome/150.0.0.0 Safari/537.36"
190.85.191.209 - - [14/Jul/2026:14:25:53 +0000] "GET /consulta_cartera.php HTTP/1.1" 200 4668 "http://www.asjudinet.com/cartera_consulta_titu_usuario.php?ced2=70472107&numcon=I0790A" "Mozilla/5.0 (Windows NT 10.0; Win64; x64) AppleWebKit/537.36 (KHTML, like Gecko) Chrome/150.0.0.0 Safari/537.36 Edg/150.0.0.0"
114.119.142.135 - - [14/Jul/2026:14:26:01 +0000] "GET /index.php/zzztvsa/39aayzpksh_liqzne72382/principal/principal/ELEMENTS/otros/principal/principal/pages/avigilajudicial/avigilajudicial/validar_vigi_judicial.php HTTP/1.1" 200 54693 "http://www.asjudinet.com/index.php/zzztvsa/39aayzpksh_liqzne72382/principal/principal/ELEMENTS/otros/principal/principal/pages/avigilajudicial/formulario_seminario_dih.php" "Mozilla/5.0 (Linux; Android 7.0;) AppleWebKit/537.36 (HTML, like Gecko) Mobile Safari/537.36 (compatible; PetalBot;+https://webmaster.petalsearch.com/site/petalbot)"
190.85.191.209 - - [14/Jul/2026:14:26:16 +0000] "POST /afinanciera/cartera_consultar_cargar_deb.php HTTP/1.1" 200 6044 "http://www.asjudinet.com/afinanciera/cartera_consultar_cargar_deb.php" "Mozilla/5.0 (Windows NT 10.0; Win64; x64) AppleWebKit/537.36 (KHTML, like Gecko) Chrome/150.0.0.0 Safari/537.36 Edg/150.0.0.0"
190.85.191.209 - - [14/Jul/2026:14:26:18 +0000] "GET /afinanciera/cartera_cargar_manual_deb.php?ced2=7255146&numcon=2788 HTTP/1.1" 200 484011 "http://www.asjudinet.com/afinanciera/cartera_consultar_cargar_deb.php" "Mozilla/5.0 (Windows NT 10.0; Win64; x64) AppleWebKit/537.36 (KHTML, like Gecko) Chrome/150.0.0.0 Safari/537.36 Edg/150.0.0.0"
190.85.87.250 - - [14/Jul/2026:14:25:24 +0000] "POST /callcenter/solicitud_cita.php?ced=1000505297&nom=CORTAZAR%20HERRERA%20SERGIO%20ALEJANDRO HTTP/1.1" 200 99257 "http://www.asjudinet.com/callcenter/solicitud_cita.php?ced=1000505297&nom=CORTAZAR%20HERRERA%20SERGIO%20ALEJANDRO" "Mozilla/5.0 (Windows NT 10.0; Win64; x64) AppleWebKit/537.36 (KHTML, like Gecko) Chrome/150.0.0.0 Safari/537.36"
66.249.77.199 - - [14/Jul/2026:14:26:27 +0000] "GET /robots.txt HTTP/1.1" 200 43 "-" "Mozilla/5.0 (compatible; Googlebot/2.1; +http://www.google.com/bot.html)"
190.85.87.250 - - [14/Jul/2026:14:27:06 +0000] "GET /callcenter/solicitud_cita_ingreso.php?numcon=&cedulita=52017828&funcionario=1124077740 HTTP/1.1" 200 49139 "http://www.asjudinet.com/callcenter/solicitud_cita.php?ced=1124077740&nom=ORTIZ%20YUSNEHIDI" "Mozilla/5.0 (Windows NT 10.0; Win64; x64) AppleWebKit/537.36 (KHTML, like Gecko) Chrome/150.0.0.0 Safari/537.36"
190.85.87.250 - - [14/Jul/2026:14:27:15 +0000] "GET /callcenter/listado_por_sucursales.php?ced=79660662&nom=MORALES%20LOZANO%20JORGE%20LUIS&sucu=BOGOTA HTTP/1.1" 200 6270 "-" "Mozilla/5.0 (Windows NT 10.0; Win64; x64) AppleWebKit/537.36 (KHTML, like Gecko) Chrome/125.0.0.0 Safari/537.36"
190.85.87.250 - - [14/Jul/2026:14:27:21 +0000] "POST /callcenter/solicitud_cita_ingreso.php?numcon=21666&cedulita=7713423&funcionario=1000505297 HTTP/1.1" 200 49321 "http://www.asjudinet.com/callcenter/solicitud_cita_ingreso.php?numcon=21666&cedulita=7713423&funcionario=1000505297" "Mozilla/5.0 (Windows NT 10.0; Win64; x64) AppleWebKit/537.36 (KHTML, like Gecko) Chrome/150.0.0.0 Safari/537.36"
190.85.87.250 - - [14/Jul/2026:14:27:23 +0000] "GET /callcenter/menu_callcenter.php?ced=1000505297&nom=CORTAZAR%20HERRERA%20SERGIO%20ALEJANDRO HTTP/1.1" 200 11876 "http://www.asjudinet.com/callcenter/solicitud_cita_ingreso.php?numcon=21666&cedulita=7713423&funcionario=1000505297" "Mozilla/5.0 (Windows NT 10.0; Win64; x64) AppleWebKit/537.36 (KHTML, like Gecko) Chrome/150.0.0.0 Safari/537.36"
190.85.87.250 - - [14/Jul/2026:14:27:23 +0000] "GET /ELEMENTS/fondo.jpg HTTP/1.1" 200 498245 "http://www.asjudinet.com/callcenter/menu_callcenter.php?ced=1000505297&nom=CORTAZAR%20HERRERA%20SERGIO%20ALEJANDRO" "Mozilla/5.0 (Windows NT 10.0; Win64; x64) AppleWebKit/537.36 (KHTML, like Gecko) Chrome/150.0.0.0 Safari/537.36"
114.119.137.103 - - [14/Jul/2026:14:27:27 +0000] "GET /index.php/zzztvsa/39aayzpksh_liqzne72382/principal/principal/Assets/principal/pages/principal/principal/val_usuarios_IURIS.php HTTP/1.1" 200 54693 "http://www.asjudinet.com/index.php/zzztvsa/39aayzpksh_liqzne72382/principal/principal/Assets/principal/pages/principal/principal/validar_usuarios_pagina.php" "Mozilla/5.0 (Linux; Android 7.0;) AppleWebKit/537.36 (HTML, like Gecko) Mobile Safari/537.36 (compatible; PetalBot;+https://webmaster.petalsearch.com/site/petalbot)"
190.85.191.209 - - [14/Jul/2026:14:27:32 +0000] "POST /afinanciera/cartera_cargar_manual_deb.php?ced2=7255146&numcon=2788 HTTP/1.1" 200 485775 "http://www.asjudinet.com/afinanciera/cartera_cargar_manual_deb.php?ced2=7255146&numcon=2788" "Mozilla/5.0 (Windows NT 10.0; Win64; x64) AppleWebKit/537.36 (KHTML, like Gecko) Chrome/150.0.0.0 Safari/537.36 Edg/150.0.0.0"
190.85.87.250 - - [14/Jul/2026:14:27:35 +0000] "GET /callcenter/respuesta_acciones_constitucional.php?cedulita=39546969&numcon=8197&fecha=2026-07-09&atencion=107037&funcionario=1000940633 HTTP/1.1" 200 22039 "http://www.asjudinet.com/callcenter/listado_acciones_constitucionales.php?ced=1000940633&nom=ROA%20PEDRAZA%20DANIEL" "Mozilla/5.0 (Windows NT 10.0; Win64; x64) AppleWebKit/537.36 (KHTML, like Gecko) Chrome/150.0.0.0 Safari/537.36"
190.85.191.209 - - [14/Jul/2026:14:27:53 +0000] "POST /afinanciera/cartera_cargar_manual_deb.php?ced2=7255146&numcon=2788 HTTP/1.1" 200 487485 "http://www.asjudinet.com/afinanciera/cartera_cargar_manual_deb.php?ced2=7255146&numcon=2788" "Mozilla/5.0 (Windows NT 10.0; Win64; x64) AppleWebKit/537.36 (KHTML, like Gecko) Chrome/150.0.0.0 Safari/537.36 Edg/150.0.0.0"
190.85.191.209 - - [14/Jul/2026:14:28:06 +0000] "POST /afinanciera/cartera_consultar_cargar_deb.php HTTP/1.1" 200 6057 "http://www.asjudinet.com/afinanciera/cartera_consultar_cargar_deb.php" "Mozilla/5.0 (Windows NT 10.0; Win64; x64) AppleWebKit/537.36 (KHTML, like Gecko) Chrome/150.0.0.0 Safari/537.36 Edg/150.0.0.0"
190.85.191.209 - - [14/Jul/2026:14:28:07 +0000] "GET /afinanciera/cartera_cargar_manual_deb.php?ced2=70663748&numcon=25030 HTTP/1.1" 200 238764 "http://www.asjudinet.com/afinanciera/cartera_consultar_cargar_deb.php" "Mozilla/5.0 (Windows NT 10.0; Win64; x64) AppleWebKit/537.36 (KHTML, like Gecko) Chrome/150.0.0.0 Safari/537.36 Edg/150.0.0.0"
190.84.119.116 - - [14/Jul/2026:14:28:21 +0000] "GET /callcenter/validar_callcenter.php HTTP/1.1" 200 7839 "http://www.asjudinet.com/menu_admin.php" "Mozilla/5.0 (Windows NT 10.0; Win64; x64) AppleWebKit/537.36 (KHTML, like Gecko) Chrome/150.0.0.0 Safari/537.36 Edg/150.0.0.0"
190.84.119.116 - - [14/Jul/2026:14:28:23 +0000] "POST /callcenter/validar_callcenter.php HTTP/1.1" 200 7957 "http://www.asjudinet.com/callcenter/validar_callcenter.php" "Mozilla/5.0 (Windows NT 10.0; Win64; x64) AppleWebKit/537.36 (KHTML, like Gecko) Chrome/150.0.0.0 Safari/537.36 Edg/150.0.0.0"
190.84.119.116 - - [14/Jul/2026:14:28:23 +0000] "GET /callcenter/menu_callcenter.php?ced=72311716&nom=ROJANO%20HELD%20RICARDO HTTP/1.1" 200 11348 "http://www.asjudinet.com/callcenter/validar_callcenter.php" "Mozilla/5.0 (Windows NT 10.0; Win64; x64) AppleWebKit/537.36 (KHTML, like Gecko) Chrome/150.0.0.0 Safari/537.36 Edg/150.0.0.0"
190.84.119.116 - - [14/Jul/2026:14:28:24 +0000] "GET /callcenter/validar_abogado.php?ced=72311716&nom=ROJANO%20HELD%20RICARDO HTTP/1.1" 200 7938 "http://www.asjudinet.com/callcenter/menu_callcenter.php?ced=72311716&nom=ROJANO%20HELD%20RICARDO" "Mozilla/5.0 (Windows NT 10.0; Win64; x64) AppleWebKit/537.36 (KHTML, like Gecko) Chrome/150.0.0.0 Safari/537.36 Edg/150.0.0.0"
190.84.119.116 - - [14/Jul/2026:14:28:26 +0000] "POST /callcenter/validar_abogado.php HTTP/1.1" 200 8027 "http://www.asjudinet.com/callcenter/validar_abogado.php?ced=72311716&nom=ROJANO%20HELD%20RICARDO" "Mozilla/5.0 (Windows NT 10.0; Win64; x64) AppleWebKit/537.36 (KHTML, like Gecko) Chrome/150.0.0.0 Safari/537.36 Edg/150.0.0.0"
190.84.119.116 - - [14/Jul/2026:14:28:26 +0000] "GET /callcenter/menu_abogados.php?ced=72311716&nom=ROJANO%20HELD%20RICARDO HTTP/1.1" 200 3494 "http://www.asjudinet.com/callcenter/validar_abogado.php" "Mozilla/5.0 (Windows NT 10.0; Win64; x64) AppleWebKit/537.36 (KHTML, like Gecko) Chrome/150.0.0.0 Safari/537.36 Edg/150.0.0.0"
190.85.87.250 - - [14/Jul/2026:14:28:27 +0000] "GET /consulta_cartera.php HTTP/1.1" 200 4668 "http://www.asjudinet.com/cartera_consulta_titu_usuario.php?ced2=7713423&numcon=21666" "Mozilla/5.0 (Windows NT 10.0; Win64; x64) AppleWebKit/537.36 (KHTML, like Gecko) Chrome/150.0.0.0 Safari/537.36"
190.84.119.116 - - [14/Jul/2026:14:28:28 +0000] "GET /callcenter/listado_por_abogado.php?ced=72311716&nom=ROJANO%20HELD%20RICARDO HTTP/1.1" 200 17741 "http://www.asjudinet.com/callcenter/menu_abogados.php?ced=72311716&nom=ROJANO%20HELD%20RICARDO" "Mozilla/5.0 (Windows NT 10.0; Win64; x64) AppleWebKit/537.36 (KHTML, like Gecko) Chrome/150.0.0.0 Safari/537.36 Edg/150.0.0.0"
190.85.87.250 - - [14/Jul/2026:14:28:29 +0000] "GET /consulta_ced_info_servi.php HTTP/1.1" 200 4523 "http://www.asjudinet.com/consulta_cartera.php" "Mozilla/5.0 (Windows NT 10.0; Win64; x64) AppleWebKit/537.36 (KHTML, like Gecko) Chrome/150.0.0.0 Safari/537.36"
190.84.119.116 - - [14/Jul/2026:14:28:30 +0000] "GET /callcenter/menu_abogados.php?ced=72311716&nom=ROJANO%20HELD%20RICARDO HTTP/1.1" 200 3494 "http://www.asjudinet.com/callcenter/listado_por_abogado.php?ced=72311716&nom=ROJANO%20HELD%20RICARDO" "Mozilla/5.0 (Windows NT 10.0; Win64; x64) AppleWebKit/537.36 (KHTML, like Gecko) Chrome/150.0.0.0 Safari/537.36 Edg/150.0.0.0"
190.84.119.116 - - [14/Jul/2026:14:28:31 +0000] "GET /callcenter/listado_por_abogado_trabajos.php?ced=72311716&nom=ROJANO%20HELD%20RICARDO HTTP/1.1" 200 15265 "http://www.asjudinet.com/callcenter/menu_abogados.php?ced=72311716&nom=ROJANO%20HELD%20RICARDO" "Mozilla/5.0 (Windows NT 10.0; Win64; x64) AppleWebKit/537.36 (KHTML, like Gecko) Chrome/150.0.0.0 Safari/537.36 Edg/150.0.0.0"
190.84.119.116 - - [14/Jul/2026:14:28:33 +0000] "GET /callcenter/menu_abogados.php?ced=72311716&nom=ROJANO%20HELD%20RICARDO HTTP/1.1" 200 3494 "http://www.asjudinet.com/callcenter/listado_por_abogado_trabajos.php?ced=72311716&nom=ROJANO%20HELD%20RICARDO" "Mozilla/5.0 (Windows NT 10.0; Win64; x64) AppleWebKit/537.36 (KHTML, like Gecko) Chrome/150.0.0.0 Safari/537.36 Edg/150.0.0.0"
190.84.119.116 - - [14/Jul/2026:14:28:33 +0000] "GET /callcenter/menu_callcenter.php?ced=72311716&nom=ROJANO%20HELD%20RICARDO HTTP/1.1" 200 11348 "http://www.asjudinet.com/callcenter/menu_abogados.php?ced=72311716&nom=ROJANO%20HELD%20RICARDO" "Mozilla/5.0 (Windows NT 10.0; Win64; x64) AppleWebKit/537.36 (KHTML, like Gecko) Chrome/150.0.0.0 Safari/537.36 Edg/150.0.0.0"
190.84.119.116 - - [14/Jul/2026:14:28:36 +0000] "GET /menu_admin.php HTTP/1.1" 200 55572 "http://www.asjudinet.com/callcenter/menu_callcenter.php?ced=72311716&nom=ROJANO%20HELD%20RICARDO" "Mozilla/5.0 (Windows NT 10.0; Win64; x64) AppleWebKit/537.36 (KHTML, like Gecko) Chrome/150.0.0.0 Safari/537.36 Edg/150.0.0.0"
190.85.87.250 - - [14/Jul/2026:14:28:44 +0000] "POST /consulta_ced_info_servi.php HTTP/1.1" 200 5997 "http://www.asjudinet.com/consulta_ced_info_servi.php" "Mozilla/5.0 (Windows NT 10.0; Win64; x64) AppleWebKit/537.36 (KHTML, like Gecko) Chrome/150.0.0.0 Safari/537.36"
190.85.87.250 - - [14/Jul/2026:14:28:49 +0000] "GET /cartera_consul_bene_usuario.php?ced2=63558248&numcon=020 HTTP/1.1" 200 19341 "http://www.asjudinet.com/consulta_ced_info_servi.php" "Mozilla/5.0 (Windows NT 10.0; Win64; x64) AppleWebKit/537.36 (KHTML, like Gecko) Chrome/150.0.0.0 Safari/537.36"
114.119.150.5 - - [14/Jul/2026:14:28:50 +0000] "GET /index.php/zzztvsa/39aayzpksh_liqzne72382/principal/pages/avigilajudicial/pages/ELEMENTS/principal/principal/contactenos.php HTTP/1.1" 200 54693 "http://www.asjudinet.com/index.php/zzztvsa/39aayzpksh_liqzne72382/principal/pages/avigilajudicial/pages/ELEMENTS/principal/principal/contactenos.php" "Mozilla/5.0 (Linux; Android 7.0;) AppleWebKit/537.36 (HTML, like Gecko) Mobile Safari/537.36 (compatible; PetalBot;+https://webmaster.petalsearch.com/site/petalbot)"
190.85.87.250 - - [14/Jul/2026:14:28:47 +0000] "GET /callcenter/listado_por_sucursales.php?ced=79660662&nom=MORALES%20LOZANO%20JORGE%20LUIS&sucu=BOGOTA HTTP/1.1" 200 6270 "-" "Mozilla/5.0 (Windows NT 10.0; Win64; x64) AppleWebKit/537.36 (KHTML, like Gecko) Chrome/125.0.0.0 Safari/537.36"
190.85.87.250 - - [14/Jul/2026:14:28:51 +0000] "POST /callcenter/solicitud_cita_ingreso.php?numcon=&cedulita=52017828&funcionario=1124077740 HTTP/1.1" 200 49358 "http://www.asjudinet.com/callcenter/solicitud_cita_ingreso.php?numcon=&cedulita=52017828&funcionario=1124077740" "Mozilla/5.0 (Windows NT 10.0; Win64; x64) AppleWebKit/537.36 (KHTML, like Gecko) Chrome/150.0.0.0 Safari/537.36"
190.85.191.209 - - [14/Jul/2026:14:28:52 +0000] "POST /afinanciera/cartera_cargar_manual_deb.php?ced2=70663748&numcon=25030 HTTP/1.1" 200 240525 "http://www.asjudinet.com/afinanciera/cartera_cargar_manual_deb.php?ced2=70663748&numcon=25030" "Mozilla/5.0 (Windows NT 10.0; Win64; x64) AppleWebKit/537.36 (KHTML, like Gecko) Chrome/150.0.0.0 Safari/537.36 Edg/150.0.0.0"
190.85.87.250 - - [14/Jul/2026:14:28:54 +0000] "GET /callcenter/menu_callcenter.php?ced=1124077740&nom=ORTIZ%20SUAREZ%20YUSNEHIDI HTTP/1.1" 200 11513 "http://www.asjudinet.com/callcenter/solicitud_cita_ingreso.php?numcon=&cedulita=52017828&funcionario=1124077740" "Mozilla/5.0 (Windows NT 10.0; Win64; x64) AppleWebKit/537.36 (KHTML, like Gecko) Chrome/150.0.0.0 Safari/537.36"
190.85.87.250 - - [14/Jul/2026:14:28:57 +0000] "GET /callcenter/solicitud_cita.php?ced=1124077740&nom=ORTIZ%20YUSNEHIDI HTTP/1.1" 200 5654 "-" "Mozilla/5.0 (Windows NT 10.0; Win64; x64) AppleWebKit/537.36 (KHTML, like Gecko) Chrome/150.0.0.0 Safari/537.36"
190.85.87.250 - - [14/Jul/2026:14:28:57 +0000] "GET /callcenter/validar_recepcionistas.php?ced=1000505297&nom=CORTAZAR%20HERRERA%20SERGIO%20ALEJANDRO HTTP/1.1" 200 7971 "http://www.asjudinet.com/callcenter/menu_callcenter.php?ced=1000505297&nom=CORTAZAR%20HERRERA%20SERGIO%20ALEJANDRO" "Mozilla/5.0 (Windows NT 10.0; Win64; x64) AppleWebKit/537.36 (KHTML, like Gecko) Chrome/150.0.0.0 Safari/537.36"
190.85.87.250 - - [14/Jul/2026:14:28:59 +0000] "POST /callcenter/validar_recepcionistas.php HTTP/1.1" 200 8061 "http://www.asjudinet.com/callcenter/validar_recepcionistas.php?ced=1000505297&nom=CORTAZAR%20HERRERA%20SERGIO%20ALEJANDRO" "Mozilla/5.0 (Windows NT 10.0; Win64; x64) AppleWebKit/537.36 (KHTML, like Gecko) Chrome/150.0.0.0 Safari/537.36"
190.85.87.250 - - [14/Jul/2026:14:28:59 +0000] "GET /callcenter/solicitud_cita.php?ced=1000505297&nom=CORTAZAR%20HERRERA%20SERGIO%20ALEJANDRO HTTP/1.1" 200 5690 "http://www.asjudinet.com/callcenter/validar_recepcionistas.php" "Mozilla/5.0 (Windows NT 10.0; Win64; x64) AppleWebKit/537.36 (KHTML, like Gecko) Chrome/150.0.0.0 Safari/537.36"
190.85.191.209 - - [14/Jul/2026:14:29:11 +0000] "POST /afinanciera/cartera_cargar_manual_deb.php?ced2=70663748&numcon=25030 HTTP/1.1" 200 242228 "http://www.asjudinet.com/afinanciera/cartera_cargar_manual_deb.php?ced2=70663748&numcon=25030" "Mozilla/5.0 (Windows NT 10.0; Win64; x64) AppleWebKit/537.36 (KHTML, like Gecko) Chrome/150.0.0.0 Safari/537.36 Edg/150.0.0.0"
190.85.87.250 - - [14/Jul/2026:14:29:11 +0000] "GET /callcenter/respuesta_tickets.php?cedulita=63558248&numcon=020&fecha=2026-06-05&atencion=106555 HTTP/1.1" 200 17835 "http://www.asjudinet.com/callcenter/solicitud_cita.php?ced=1000505297&nom=CORTAZAR%20HERRERA%20SERGIO%20ALEJANDRO" "Mozilla/5.0 (Windows NT 10.0; Win64; x64) AppleWebKit/537.36 (KHTML, like Gecko) Chrome/150.0.0.0 Safari/537.36"
190.85.191.209 - - [14/Jul/2026:14:29:31 +0000] "POST /afinanciera/cartera_cargar_manual_deb.php?ced2=70663748&numcon=25030 HTTP/1.1" 200 243930 "http://www.asjudinet.com/afinanciera/cartera_cargar_manual_deb.php?ced2=70663748&numcon=25030" "Mozilla/5.0 (Windows NT 10.0; Win64; x64) AppleWebKit/537.36 (KHTML, like Gecko) Chrome/150.0.0.0 Safari/537.36 Edg/150.0.0.0"
190.85.87.250 - - [14/Jul/2026:14:29:38 +0000] "GET /callcenter/respuesta_tickets.php?cedulita=63558248&numcon=020&fecha=2026-06-05&atencion=106554 HTTP/1.1" 200 17688 "http://www.asjudinet.com/callcenter/solicitud_cita.php?ced=1000505297&nom=CORTAZAR%20HERRERA%20SERGIO%20ALEJANDRO" "Mozilla/5.0 (Windows NT 10.0; Win64; x64) AppleWebKit/537.36 (KHTML, like Gecko) Chrome/150.0.0.0 Safari/537.36"
190.85.87.250 - - [14/Jul/2026:14:29:45 +0000] "GET /callcenter/solicitud_cita_ingreso.php?numcon=020&cedulita=63558248&funcionario=1000505297 HTTP/1.1" 200 49164 "http://www.asjudinet.com/callcenter/solicitud_cita.php?ced=1000505297&nom=CORTAZAR%20HERRERA%20SERGIO%20ALEJANDRO" "Mozilla/5.0 (Windows NT 10.0; Win64; x64) AppleWebKit/537.36 (KHTML, like Gecko) Chrome/150.0.0.0 Safari/537.36"
190.85.87.250 - - [14/Jul/2026:14:29:46 +0000] "GET /acobranzas/cobranzas_serviasju1.php?ced2=1049412033&numcon=24844 HTTP/1.1" 200 242117 "http://www.asjudinet.com/acobranzas/cobranzas_consulta_cartera1.php" "Mozilla/5.0 (Windows NT 10.0; Win64; x64) AppleWebKit/537.36 (KHTML, like Gecko) Chrome/150.0.0.0 Safari/537.36"
190.85.191.209 - - [14/Jul/2026:14:29:49 +0000] "POST /afinanciera/cartera_cargar_manual_deb.php?ced2=70663748&numcon=25030 HTTP/1.1" 200 245633 "http://www.asjudinet.com/afinanciera/cartera_cargar_manual_deb.php?ced2=70663748&numcon=25030" "Mozilla/5.0 (Windows NT 10.0; Win64; x64) AppleWebKit/537.36 (KHTML, like Gecko) Chrome/150.0.0.0 Safari/537.36 Edg/150.0.0.0"
190.85.87.250 - - [14/Jul/2026:14:29:06 +0000] "POST /callcenter/solicitud_cita.php?ced=1000505297&nom=CORTAZAR%20HERRERA%20SERGIO%20ALEJANDRO HTTP/1.1" 200 18193 "http://www.asjudinet.com/callcenter/solicitud_cita.php?ced=1000505297&nom=CORTAZAR%20HERRERA%20SERGIO%20ALEJANDRO" "Mozilla/5.0 (Windows NT 10.0; Win64; x64) AppleWebKit/537.36 (KHTML, like Gecko) Chrome/150.0.0.0 Safari/537.36"
114.119.142.179 - - [14/Jul/2026:14:30:12 +0000] "GET /index.php/zzztvsa/39aayzpksh_liqzne72382/principal/pages/ELEMENTS/otros/pages/pages/pages/principal/lista_email.php HTTP/1.1" 200 54693 "http://www.asjudinet.com/index.php/zzztvsa/39aayzpksh_liqzne72382/principal/pages/ELEMENTS/otros/pages/pages/pages/principal/lista_email.php" "Mozilla/5.0 (Linux; Android 7.0;) AppleWebKit/537.36 (HTML, like Gecko) Mobile Safari/537.36 (compatible; PetalBot;+https://webmaster.petalsearch.com/site/petalbot)"
190.85.191.209 - - [14/Jul/2026:14:30:23 +0000] "POST /afinanciera/cartera_cargar_manual_deb.php?ced2=70663748&numcon=25030 HTTP/1.1" 200 247337 "http://www.asjudinet.com/afinanciera/cartera_cargar_manual_deb.php?ced2=70663748&numcon=25030" "Mozilla/5.0 (Windows NT 10.0; Win64; x64) AppleWebKit/537.36 (KHTML, like Gecko) Chrome/150.0.0.0 Safari/537.36 Edg/150.0.0.0"
190.85.87.250 - - [14/Jul/2026:14:30:42 +0000] "POST /callcenter/solicitud_cita_ingreso.php?numcon=020&cedulita=63558248&funcionario=1000505297 HTTP/1.1" 200 49394 "http://www.asjudinet.com/callcenter/solicitud_cita_ingreso.php?numcon=020&cedulita=63558248&funcionario=1000505297" "Mozilla/5.0 (Windows NT 10.0; Win64; x64) AppleWebKit/537.36 (KHTML, like Gecko) Chrome/150.0.0.0 Safari/537.36"
190.85.87.250 - - [14/Jul/2026:14:30:44 +0000] "GET /callcenter/menu_callcenter.php?ced=1000505297&nom=CORTAZAR%20HERRERA%20SERGIO%20ALEJANDRO HTTP/1.1" 200 11876 "http://www.asjudinet.com/callcenter/solicitud_cita_ingreso.php?numcon=020&cedulita=63558248&funcionario=1000505297" "Mozilla/5.0 (Windows NT 10.0; Win64; x64) AppleWebKit/537.36 (KHTML, like Gecko) Chrome/150.0.0.0 Safari/537.36"
190.85.191.209 - - [14/Jul/2026:14:30:44 +0000] "POST /afinanciera/cartera_cargar_manual_deb.php?ced2=70663748&numcon=25030 HTTP/1.1" 200 249040 "http://www.asjudinet.com/afinanciera/cartera_cargar_manual_deb.php?ced2=70663748&numcon=25030" "Mozilla/5.0 (Windows NT 10.0; Win64; x64) AppleWebKit/537.36 (KHTML, like Gecko) Chrome/150.0.0.0 Safari/537.36 Edg/150.0.0.0"
185.104.164.179 - - [14/Jul/2026:14:31:06 +0000] "POST /callcenter/respuesta_contacto_afiliado_cerrar_ticket.php?cedulita=1081160066&numcon=18221A&fecha=2026-06-12&atencion=106622&funcionario=34973320 HTTP/1.1" 200 18247 "http://www.asjudinet.com/callcenter/respuesta_contacto_afiliado_cerrar_ticket.php?cedulita=1081160066&numcon=18221A&fecha=2026-06-12&atencion=106622&funcionario=34973320" "Mozilla/5.0 (Windows NT 10.0; Win64; x64) AppleWebKit/537.36 (KHTML, like Gecko) Chrome/150.0.0.0 Safari/537.36"
190.85.191.209 - - [14/Jul/2026:14:31:09 +0000] "POST /afinanciera/cartera_consultar_cargar_deb.php HTTP/1.1" 200 6502 "http://www.asjudinet.com/afinanciera/cartera_consultar_cargar_deb.php" "Mozilla/5.0 (Windows NT 10.0; Win64; x64) AppleWebKit/537.36 (KHTML, like Gecko) Chrome/150.0.0.0 Safari/537.36 Edg/150.0.0.0"
190.85.191.209 - - [14/Jul/2026:14:31:11 +0000] "GET /afinanciera/cartera_cargar_manual_deb.php?ced2=11205051&numcon=I1332 HTTP/1.1" 200 72197 "http://www.asjudinet.com/afinanciera/cartera_consultar_cargar_deb.php" "Mozilla/5.0 (Windows NT 10.0; Win64; x64) AppleWebKit/537.36 (KHTML, like Gecko) Chrome/150.0.0.0 Safari/537.36 Edg/150.0.0.0"
185.104.164.179 - - [14/Jul/2026:14:31:16 +0000] "GET /callcenter/listado_zona_bogota_cerrar_ticket.php?ced=34973320&nom=JALAL%20JULIO%20YAMILE&prevMes=2 HTTP/1.1" 200 4829 "http://www.asjudinet.com/callcenter/menu_cerrar_tickets.php?ced=34973320&nom=JALAL%20JULIO%20YAMILE" "Mozilla/5.0 (Windows NT 10.0; Win64; x64) AppleWebKit/537.36 (KHTML, like Gecko) Chrome/150.0.0.0 Safari/537.36"
185.104.164.179 - - [14/Jul/2026:14:31:17 +0000] "POST /callcenter/php/listado_zona_bogota_cerrar_ticket.php?prevMes=%202 HTTP/1.1" 200 68154 "http://www.asjudinet.com/callcenter/listado_zona_bogota_cerrar_ticket.php?ced=34973320&nom=JALAL%20JULIO%20YAMILE&prevMes=2" "Mozilla/5.0 (Windows NT 10.0; Win64; x64) AppleWebKit/537.36 (KHTML, like Gecko) Chrome/150.0.0.0 Safari/537.36"
190.85.191.209 - - [14/Jul/2026:14:31:28 +0000] "POST /afinanciera/cartera_consultar_cargar_deb.php HTTP/1.1" 200 6050 "http://www.asjudinet.com/afinanciera/cartera_consultar_cargar_deb.php" "Mozilla/5.0 (Windows NT 10.0; Win64; x64) AppleWebKit/537.36 (KHTML, like Gecko) Chrome/150.0.0.0 Safari/537.36 Edg/150.0.0.0"
190.85.191.209 - - [14/Jul/2026:14:31:30 +0000] "GET /afinanciera/cartera_cargar_manual_deb.php?ced2=52095653&numcon=7588 HTTP/1.1" 200 170720 "http://www.asjudinet.com/afinanciera/cartera_consultar_cargar_deb.php" "Mozilla/5.0 (Windows NT 10.0; Win64; x64) AppleWebKit/537.36 (KHTML, like Gecko) Chrome/150.0.0.0 Safari/537.36 Edg/150.0.0.0"
114.119.150.5 - - [14/Jul/2026:14:31:35 +0000] "GET /index.php/zzztvsa/39aayzpksh_liqzne72382/principal/avigilajudicial/pages/principal/principal/avigilajudicial/principal/validar_usuarios_pagina.php HTTP/1.1" 200 54693 "http://www.asjudinet.com/index.php/zzztvsa/39aayzpksh_liqzne72382/principal/avigilajudicial/pages/principal/principal/avigilajudicial/principal/misionvision.php" "Mozilla/5.0 (Linux; Android 7.0;) AppleWebKit/537.36 (HTML, like Gecko) Mobile Safari/537.36 (compatible; PetalBot;+https://webmaster.petalsearch.com/site/petalbot)"
185.104.164.179 - - [14/Jul/2026:14:31:45 +0000] "GET /callcenter/respuesta_contacto_afiliado_cerrar_ticket.php?cedulita=1075217042&numcon=24115&fecha=2026-05-26&atencion=106396&funcionario=34973320 HTTP/1.1" 200 18070 "http://www.asjudinet.com/callcenter/listado_zona_bogota_cerrar_ticket.php?ced=34973320&nom=JALAL%20JULIO%20YAMILE&prevMes=2" "Mozilla/5.0 (Windows NT 10.0; Win64; x64) AppleWebKit/537.36 (KHTML, like Gecko) Chrome/150.0.0.0 Safari/537.36"
190.85.191.209 - - [14/Jul/2026:14:32:02 +0000] "POST /afinanciera/cartera_cargar_manual_deb.php?ced2=52095653&numcon=7588 HTTP/1.1" 200 172481 "http://www.asjudinet.com/afinanciera/cartera_cargar_manual_deb.php?ced2=52095653&numcon=7588" "Mozilla/5.0 (Windows NT 10.0; Win64; x64) AppleWebKit/537.36 (KHTML, like Gecko) Chrome/150.0.0.0 Safari/537.36 Edg/150.0.0.0"
190.85.191.209 - - [14/Jul/2026:14:32:26 +0000] "POST /afinanciera/cartera_cargar_manual_deb.php?ced2=52095653&numcon=7588 HTTP/1.1" 200 174184 "http://www.asjudinet.com/afinanciera/cartera_cargar_manual_deb.php?ced2=52095653&numcon=7588" "Mozilla/5.0 (Windows NT 10.0; Win64; x64) AppleWebKit/537.36 (KHTML, like Gecko) Chrome/150.0.0.0 Safari/537.36 Edg/150.0.0.0"
190.85.191.209 - - [14/Jul/2026:14:32:43 +0000] "POST /afinanciera/cartera_consultar_cargar_deb.php HTTP/1.1" 200 6509 "http://www.asjudinet.com/afinanciera/cartera_consultar_cargar_deb.php" "Mozilla/5.0 (Windows NT 10.0; Win64; x64) AppleWebKit/537.36 (KHTML, like Gecko) Chrome/150.0.0.0 Safari/537.36 Edg/150.0.0.0"
190.85.191.209 - - [14/Jul/2026:14:32:46 +0000] "GET /afinanciera/cartera_cargar_manual_deb.php?ced2=72274833&numcon=29069A HTTP/1.1" 200 123391 "http://www.asjudinet.com/afinanciera/cartera_consultar_cargar_deb.php" "Mozilla/5.0 (Windows NT 10.0; Win64; x64) AppleWebKit/537.36 (KHTML, like Gecko) Chrome/150.0.0.0 Safari/537.36 Edg/150.0.0.0"
185.104.164.179 - - [14/Jul/2026:14:32:53 +0000] "GET /callcenter/listado_zona_bogota_cerrar_ticket.php?ced=34973320&nom=JALAL%20JULIO%20YAMILE&prevMes=2 HTTP/1.1" 200 4829 "http://www.asjudinet.com/callcenter/menu_cerrar_tickets.php?ced=34973320&nom=JALAL%20JULIO%20YAMILE" "Mozilla/5.0 (Windows NT 10.0; Win64; x64) AppleWebKit/537.36 (KHTML, like Gecko) Chrome/150.0.0.0 Safari/537.36"
185.104.164.179 - - [14/Jul/2026:14:32:53 +0000] "POST /callcenter/php/listado_zona_bogota_cerrar_ticket.php?prevMes=%202 HTTP/1.1" 200 68154 "http://www.asjudinet.com/callcenter/listado_zona_bogota_cerrar_ticket.php?ced=34973320&nom=JALAL%20JULIO%20YAMILE&prevMes=2" "Mozilla/5.0 (Windows NT 10.0; Win64; x64) AppleWebKit/537.36 (KHTML, like Gecko) Chrome/150.0.0.0 Safari/537.36"
114.119.142.179 - - [14/Jul/2026:14:32:59 +0000] "GET /index.php/zzztvsa/39aayzpksh_liqzne72382/principal/avigilajudicial/pages/principal/pages/avigilajudicial/pages/val_usuarios.php HTTP/1.1" 200 54693 "http://www.asjudinet.com/index.php/zzztvsa/39aayzpksh_liqzne72382/principal/avigilajudicial/pages/principal/pages/avigilajudicial/pages/formulario_seminario_dih.php" "Mozilla/5.0 (Linux; Android 7.0;) AppleWebKit/537.36 (HTML, like Gecko) Mobile Safari/537.36 (compatible; PetalBot;+https://webmaster.petalsearch.com/site/petalbot)"
185.104.164.179 - - [14/Jul/2026:14:32:59 +0000] "GET /callcenter/respuesta_contacto_afiliado_cerrar_ticket.php?cedulita=1075217042&numcon=24115&fecha=2026-05-26&atencion=106396&funcionario=34973320 HTTP/1.1" 200 18070 "http://www.asjudinet.com/callcenter/listado_zona_bogota_cerrar_ticket.php?ced=34973320&nom=JALAL%20JULIO%20YAMILE&prevMes=2" "Mozilla/5.0 (Windows NT 10.0; Win64; x64) AppleWebKit/537.36 (KHTML, like Gecko) Chrome/150.0.0.0 Safari/537.36"
190.85.191.209 - - [14/Jul/2026:14:33:06 +0000] "POST /afinanciera/cartera_cargar_manual_deb.php?ced2=72274833&numcon=29069A HTTP/1.1" 200 125152 "http://www.asjudinet.com/afinanciera/cartera_cargar_manual_deb.php?ced2=72274833&numcon=29069A" "Mozilla/5.0 (Windows NT 10.0; Win64; x64) AppleWebKit/537.36 (KHTML, like Gecko) Chrome/150.0.0.0 Safari/537.36 Edg/150.0.0.0"
190.85.87.250 - - [14/Jul/2026:14:33:16 +0000] "GET /val_usuarios.php HTTP/1.1" 200 7808 "-" "Mozilla/5.0 (Windows NT 10.0; Win64; x64) AppleWebKit/537.36 (KHTML, like Gecko) Chrome/150.0.0.0 Safari/537.36"
190.85.191.209 - - [14/Jul/2026:14:33:18 +0000] "POST /afinanciera/cartera_consultar_cargar_deb.php HTTP/1.1" 200 6495 "http://www.asjudinet.com/afinanciera/cartera_consultar_cargar_deb.php" "Mozilla/5.0 (Windows NT 10.0; Win64; x64) AppleWebKit/537.36 (KHTML, like Gecko) Chrome/150.0.0.0 Safari/537.36 Edg/150.0.0.0"
190.85.191.209 - - [14/Jul/2026:14:33:20 +0000] "GET /afinanciera/cartera_cargar_manual_deb.php?ced2=13460262&numcon=5829 HTTP/1.1" 200 178585 "http://www.asjudinet.com/afinanciera/cartera_consultar_cargar_deb.php" "Mozilla/5.0 (Windows NT 10.0; Win64; x64) AppleWebKit/537.36 (KHTML, like Gecko) Chrome/150.0.0.0 Safari/537.36 Edg/150.0.0.0"
185.104.164.179 - - [14/Jul/2026:14:33:30 +0000] "POST /callcenter/respuesta_contacto_afiliado_cerrar_ticket.php?cedulita=1075217042&numcon=24115&fecha=2026-05-26&atencion=106396&funcionario=34973320 HTTP/1.1" 200 18485 "http://www.asjudinet.com/callcenter/respuesta_contacto_afiliado_cerrar_ticket.php?cedulita=1075217042&numcon=24115&fecha=2026-05-26&atencion=106396&funcionario=34973320" "Mozilla/5.0 (Windows NT 10.0; Win64; x64) AppleWebKit/537.36 (KHTML, like Gecko) Chrome/150.0.0.0 Safari/537.36"
185.104.164.179 - - [14/Jul/2026:14:33:38 +0000] "GET /callcenter/listado_zona_bogota_cerrar_ticket.php?ced=34973320&nom=JALAL%20JULIO%20YAMILE&prevMes=2 HTTP/1.1" 200 4829 "http://www.asjudinet.com/callcenter/menu_cerrar_tickets.php?ced=34973320&nom=JALAL%20JULIO%20YAMILE" "Mozilla/5.0 (Windows NT 10.0; Win64; x64) AppleWebKit/537.36 (KHTML, like Gecko) Chrome/150.0.0.0 Safari/537.36"
185.104.164.179 - - [14/Jul/2026:14:33:38 +0000] "POST /callcenter/php/listado_zona_bogota_cerrar_ticket.php?prevMes=%202 HTTP/1.1" 200 67406 "http://www.asjudinet.com/callcenter/listado_zona_bogota_cerrar_ticket.php?ced=34973320&nom=JALAL%20JULIO%20YAMILE&prevMes=2" "Mozilla/5.0 (Windows NT 10.0; Win64; x64) AppleWebKit/537.36 (KHTML, like Gecko) Chrome/150.0.0.0 Safari/537.36"
185.104.164.179 - - [14/Jul/2026:14:33:48 +0000] "GET /callcenter/respuesta_contacto_afiliado_cerrar_ticket.php?cedulita=1065578528&numcon=23959&fecha=2026-06-01&atencion=106479&funcionario=34973320 HTTP/1.1" 200 18508 "http://www.asjudinet.com/callcenter/listado_zona_bogota_cerrar_ticket.php?ced=34973320&nom=JALAL%20JULIO%20YAMILE&prevMes=2" "Mozilla/5.0 (Windows NT 10.0; Win64; x64) AppleWebKit/537.36 (KHTML, like Gecko) Chrome/150.0.0.0 Safari/537.36"
190.85.191.209 - - [14/Jul/2026:14:34:09 +0000] "POST /afinanciera/cartera_cargar_manual_deb.php?ced2=13460262&numcon=5829 HTTP/1.1" 200 180351 "http://www.asjudinet.com/afinanciera/cartera_cargar_manual_deb.php?ced2=13460262&numcon=5829" "Mozilla/5.0 (Windows NT 10.0; Win64; x64) AppleWebKit/537.36 (KHTML, like Gecko) Chrome/150.0.0.0 Safari/537.36 Edg/150.0.0.0"
114.119.128.77 - - [14/Jul/2026:14:34:23 +0000] "GET /index.php/zzztvsa/39aayzpksh_liqzne72382/principal/avigilajudicial/pages/principal/avigilajudicial/avigilajudicial/principal/lista_email.php HTTP/1.1" 200 54693 "http://www.asjudinet.com/index.php/zzztvsa/39aayzpksh_liqzne72382/principal/avigilajudicial/pages/principal/avigilajudicial/avigilajudicial/principal/lista_email.php" "Mozilla/5.0 (Linux; Android 7.0;) AppleWebKit/537.36 (HTML, like Gecko) Mobile Safari/537.36 (compatible; PetalBot;+https://webmaster.petalsearch.com/site/petalbot)"
190.85.87.250 - - [14/Jul/2026:14:34:27 +0000] "POST /consulta_ced_info_servi.php HTTP/1.1" 200 7769 "http://www.asjudinet.com/consulta_ced_info_servi.php" "Mozilla/5.0 (Windows NT 10.0; Win64; x64) AppleWebKit/537.36 (KHTML, like Gecko) Chrome/150.0.0.0 Safari/537.36"
190.85.191.209 - - [14/Jul/2026:14:34:29 +0000] "POST /afinanciera/cartera_cargar_manual_deb.php?ced2=13460262&numcon=5829 HTTP/1.1" 200 182054 "http://www.asjudinet.com/afinanciera/cartera_cargar_manual_deb.php?ced2=13460262&numcon=5829" "Mozilla/5.0 (Windows NT 10.0; Win64; x64) AppleWebKit/537.36 (KHTML, like Gecko) Chrome/150.0.0.0 Safari/537.36 Edg/150.0.0.0"
190.85.87.250 - - [14/Jul/2026:14:34:30 +0000] "GET /agendarse/cartera_consulta_titu_usuario.php?ced2=1052312405&numcon=A1047 HTTP/1.1" 200 49346 "http://www.asjudinet.com/consulta_ced_info_servi.php" "Mozilla/5.0 (Windows NT 10.0; Win64; x64) AppleWebKit/537.36 (KHTML, like Gecko) Chrome/150.0.0.0 Safari/537.36"
190.85.191.209 - - [14/Jul/2026:14:34:42 +0000] "POST /afinanciera/cartera_consultar_cargar_deb.php HTTP/1.1" 200 6046 "http://www.asjudinet.com/afinanciera/cartera_consultar_cargar_deb.php" "Mozilla/5.0 (Windows NT 10.0; Win64; x64) AppleWebKit/537.36 (KHTML, like Gecko) Chrome/150.0.0.0 Safari/537.36 Edg/150.0.0.0"
190.85.191.209 - - [14/Jul/2026:14:34:44 +0000] "GET /afinanciera/cartera_cargar_manual_deb.php?ced2=7317476&numcon=6521 HTTP/1.1" 200 359393 "http://www.asjudinet.com/afinanciera/cartera_consultar_cargar_deb.php" "Mozilla/5.0 (Windows NT 10.0; Win64; x64) AppleWebKit/537.36 (KHTML, like Gecko) Chrome/150.0.0.0 Safari/537.36 Edg/150.0.0.0"
190.85.87.250 - - [14/Jul/2026:14:35:05 +0000] "GET /consulta_ced_info_servi.php HTTP/1.1" 200 4523 "-" "Mozilla/5.0 (Windows NT 10.0; Win64; x64) AppleWebKit/537.36 (KHTML, like Gecko) Chrome/150.0.0.0 Safari/537.36"
190.85.191.209 - - [14/Jul/2026:14:35:05 +0000] "POST /afinanciera/cartera_cargar_manual_deb.php?ced2=7317476&numcon=6521 HTTP/1.1" 200 361154 "http://www.asjudinet.com/afinanciera/cartera_cargar_manual_deb.php?ced2=7317476&numcon=6521" "Mozilla/5.0 (Windows NT 10.0; Win64; x64) AppleWebKit/537.36 (KHTML, like Gecko) Chrome/150.0.0.0 Safari/537.36 Edg/150.0.0.0"
190.85.191.209 - - [14/Jul/2026:14:35:19 +0000] "POST /afinanciera/cartera_consultar_cargar_deb.php HTTP/1.1" 200 6057 "http://www.asjudinet.com/afinanciera/cartera_consultar_cargar_deb.php" "Mozilla/5.0 (Windows NT 10.0; Win64; x64) AppleWebKit/537.36 (KHTML, like Gecko) Chrome/150.0.0.0 Safari/537.36 Edg/150.0.0.0"
190.85.87.250 - - [14/Jul/2026:14:35:18 +0000] "POST /consulta_ced_info_servi.php HTTP/1.1" 200 7742 "http://www.asjudinet.com/consulta_ced_info_servi.php" "Mozilla/5.0 (Windows NT 10.0; Win64; x64) AppleWebKit/537.36 (KHTML, like Gecko) Chrome/150.0.0.0 Safari/537.36"
190.85.191.209 - - [14/Jul/2026:14:35:21 +0000] "GET /afinanciera/cartera_cargar_manual_deb.php?ced2=19277108&numcon=1206 HTTP/1.1" 200 143368 "http://www.asjudinet.com/afinanciera/cartera_consultar_cargar_deb.php" "Mozilla/5.0 (Windows NT 10.0; Win64; x64) AppleWebKit/537.36 (KHTML, like Gecko) Chrome/150.0.0.0 Safari/537.36 Edg/150.0.0.0"
114.119.150.5 - - [14/Jul/2026:14:35:46 +0000] "GET /index.php/zzztvsa/39aayzpksh_liqzne72382/principal/avigilajudicial/pages/pages/principal/avigilajudicial/principal/prepago.php HTTP/1.1" 200 54693 "http://www.asjudinet.com/index.php/zzztvsa/39aayzpksh_liqzne72382/principal/avigilajudicial/pages/pages/principal/avigilajudicial/val_usuarios_IURIS.php" "Mozilla/5.0 (Linux; Android 7.0;) AppleWebKit/537.36 (HTML, like Gecko) Mobile Safari/537.36 (compatible; PetalBot;+https://webmaster.petalsearch.com/site/petalbot)"
190.85.191.209 - - [14/Jul/2026:14:35:47 +0000] "POST /afinanciera/cartera_cargar_manual_deb.php?ced2=19277108&numcon=1206 HTTP/1.1" 200 145128 "http://www.asjudinet.com/afinanciera/cartera_cargar_manual_deb.php?ced2=19277108&numcon=1206" "Mozilla/5.0 (Windows NT 10.0; Win64; x64) AppleWebKit/537.36 (KHTML, like Gecko) Chrome/150.0.0.0 Safari/537.36 Edg/150.0.0.0"
190.85.191.209 - - [14/Jul/2026:14:36:07 +0000] "POST /afinanciera/cartera_cargar_manual_deb.php?ced2=19277108&numcon=1206 HTTP/1.1" 200 146829 "http://www.asjudinet.com/afinanciera/cartera_cargar_manual_deb.php?ced2=19277108&numcon=1206" "Mozilla/5.0 (Windows NT 10.0; Win64; x64) AppleWebKit/537.36 (KHTML, like Gecko) Chrome/150.0.0.0 Safari/537.36 Edg/150.0.0.0"
190.85.191.209 - - [14/Jul/2026:14:36:29 +0000] "POST /afinanciera/cartera_cargar_manual_deb.php?ced2=19277108&numcon=1206 HTTP/1.1" 200 148531 "http://www.asjudinet.com/afinanciera/cartera_cargar_manual_deb.php?ced2=19277108&numcon=1206" "Mozilla/5.0 (Windows NT 10.0; Win64; x64) AppleWebKit/537.36 (KHTML, like Gecko) Chrome/150.0.0.0 Safari/537.36 Edg/150.0.0.0"
190.85.191.209 - - [14/Jul/2026:14:36:50 +0000] "POST /afinanciera/cartera_consultar_cargar_deb.php HTTP/1.1" 200 6049 "http://www.asjudinet.com/afinanciera/cartera_consultar_cargar_deb.php" "Mozilla/5.0 (Windows NT 10.0; Win64; x64) AppleWebKit/537.36 (KHTML, like Gecko) Chrome/150.0.0.0 Safari/537.36 Edg/150.0.0.0"
190.85.191.209 - - [14/Jul/2026:14:36:52 +0000] "GET /afinanciera/cartera_cargar_manual_deb.php?ced2=80765580&numcon=43880 HTTP/1.1" 200 124940 "http://www.asjudinet.com/afinanciera/cartera_consultar_cargar_deb.php" "Mozilla/5.0 (Windows NT 10.0; Win64; x64) AppleWebKit/537.36 (KHTML, like Gecko) Chrome/150.0.0.0 Safari/537.36 Edg/150.0.0.0"
190.85.87.250 - - [14/Jul/2026:14:37:09 +0000] "GET /consulta_cartera.php HTTP/1.1" 200 4668 "http://www.asjudinet.com/agendarse/cartera_consulta_titu_usuario.php?ced2=1052312405&numcon=A1047" "Mozilla/5.0 (Windows NT 10.0; Win64; x64) AppleWebKit/537.36 (KHTML, like Gecko) Chrome/150.0.0.0 Safari/537.36"
114.119.142.179 - - [14/Jul/2026:14:37:09 +0000] "GET /index.php/zzztvsa/39aayzpksh_liqzne72382/principal/ELEMENTS/principal/principal/pages/pages/avigilajudicial/avigilajudicial/formulario_seminario_dih.php HTTP/1.1" 200 54693 "http://www.asjudinet.com/index.php/zzztvsa/39aayzpksh_liqzne72382/principal/ELEMENTS/principal/principal/pages/pages/avigilajudicial/avigilajudicial/val_usuarios.php" "Mozilla/5.0 (Linux; Android 7.0;) AppleWebKit/537.36 (HTML, like Gecko) Mobile Safari/537.36 (compatible; PetalBot;+https://webmaster.petalsearch.com/site/petalbot)"
190.85.87.250 - - [14/Jul/2026:14:37:11 +0000] "GET /consulta_ced_info_servi.php HTTP/1.1" 200 4523 "http://www.asjudinet.com/consulta_cartera.php" "Mozilla/5.0 (Windows NT 10.0; Win64; x64) AppleWebKit/537.36 (KHTML, like Gecko) Chrome/150.0.0.0 Safari/537.36"
190.85.191.209 - - [14/Jul/2026:14:37:17 +0000] "POST /afinanciera/cartera_cargar_manual_deb.php?ced2=80765580&numcon=43880 HTTP/1.1" 200 126701 "http://www.asjudinet.com/afinanciera/cartera_cargar_manual_deb.php?ced2=80765580&numcon=43880" "Mozilla/5.0 (Windows NT 10.0; Win64; x64) AppleWebKit/537.36 (KHTML, like Gecko) Chrome/150.0.0.0 Safari/537.36 Edg/150.0.0.0"
190.85.191.209 - - [14/Jul/2026:14:37:29 +0000] "POST /afinanciera/cartera_consultar_cargar_deb.php HTTP/1.1" 200 6052 "http://www.asjudinet.com/afinanciera/cartera_consultar_cargar_deb.php" "Mozilla/5.0 (Windows NT 10.0; Win64; x64) AppleWebKit/537.36 (KHTML, like Gecko) Chrome/150.0.0.0 Safari/537.36 Edg/150.0.0.0"
190.85.191.209 - - [14/Jul/2026:14:37:30 +0000] "GET /afinanciera/cartera_cargar_manual_deb.php?ced2=9146525&numcon=23625 HTTP/1.1" 200 256199 "http://www.asjudinet.com/afinanciera/cartera_consultar_cargar_deb.php" "Mozilla/5.0 (Windows NT 10.0; Win64; x64) AppleWebKit/537.36 (KHTML, like Gecko) Chrome/150.0.0.0 Safari/537.36 Edg/150.0.0.0"
114.119.130.177 - - [14/Jul/2026:14:38:33 +0000] "GET /index.php/zzztvsa/39aayzpksh_liqzne72382/principal/ELEMENTS/otros/principal/principal/pages/principal/principal/consultar_contratos_escaneados_correo.php HTTP/1.1" 200 54693 "http://www.asjudinet.com/index.php/zzztvsa/39aayzpksh_liqzne72382/principal/ELEMENTS/otros/principal/principal/pages/principal/index.php" "Mozilla/5.0 (Linux; Android 7.0;) AppleWebKit/537.36 (HTML, like Gecko) Mobile Safari/537.36 (compatible; PetalBot;+https://webmaster.petalsearch.com/site/petalbot)"
190.85.87.250 - - [14/Jul/2026:14:39:06 +0000] "POST /consulta_ced_info_servi.php HTTP/1.1" 200 7584 "http://www.asjudinet.com/consulta_ced_info_servi.php" "Mozilla/5.0 (Windows NT 10.0; Win64; x64) AppleWebKit/537.36 (KHTML, like Gecko) Chrome/150.0.0.0 Safari/537.36"
190.85.191.209 - - [14/Jul/2026:14:39:29 +0000] "POST /afinanciera/cartera_cargar_manual_deb.php?ced2=9146525&numcon=23625 HTTP/1.1" 200 257959 "http://www.asjudinet.com/afinanciera/cartera_cargar_manual_deb.php?ced2=9146525&numcon=23625" "Mozilla/5.0 (Windows NT 10.0; Win64; x64) AppleWebKit/537.36 (KHTML, like Gecko) Chrome/150.0.0.0 Safari/537.36 Edg/150.0.0.0"
114.119.156.102 - - [14/Jul/2026:14:39:56 +0000] "GET /index.php/zzztvsa/39aayzpksh_liqzne72382/principal/ELEMENTS/otros/principal/principal/pages/principal/principal/avigilajudicial/validar_vigi_judicial.php HTTP/1.1" 200 54693 "http://www.asjudinet.com/index.php/zzztvsa/39aayzpksh_liqzne72382/principal/ELEMENTS/otros/principal/principal/pages/principal/principal/validar_usuarios_pagina.php" "Mozilla/5.0 (Linux; Android 7.0;) AppleWebKit/537.36 (HTML, like Gecko) Mobile Safari/537.36 (compatible; PetalBot;+https://webmaster.petalsearch.com/site/petalbot)"
190.85.191.209 - - [14/Jul/2026:14:39:56 +0000] "POST /afinanciera/cartera_cargar_manual_deb.php?ced2=9146525&numcon=23625 HTTP/1.1" 200 259660 "http://www.asjudinet.com/afinanciera/cartera_cargar_manual_deb.php?ced2=9146525&numcon=23625" "Mozilla/5.0 (Windows NT 10.0; Win64; x64) AppleWebKit/537.36 (KHTML, like Gecko) Chrome/150.0.0.0 Safari/537.36 Edg/150.0.0.0"
190.85.191.209 - - [14/Jul/2026:14:40:17 +0000] "POST /afinanciera/cartera_cargar_manual_deb.php?ced2=9146525&numcon=23625 HTTP/1.1" 200 261365 "http://www.asjudinet.com/afinanciera/cartera_cargar_manual_deb.php?ced2=9146525&numcon=23625" "Mozilla/5.0 (Windows NT 10.0; Win64; x64) AppleWebKit/537.36 (KHTML, like Gecko) Chrome/150.0.0.0 Safari/537.36 Edg/150.0.0.0"
190.85.87.250 - - [14/Jul/2026:14:40:40 +0000] "GET /consulta_cartera.php HTTP/1.1" 200 4668 "http://www.asjudinet.com/cartera_consul_bene_usuario.php?ced2=63558248&numcon=020" "Mozilla/5.0 (Windows NT 10.0; Win64; x64) AppleWebKit/537.36 (KHTML, like Gecko) Chrome/150.0.0.0 Safari/537.36"
190.85.87.250 - - [14/Jul/2026:14:40:41 +0000] "GET /consulta_ced_info_servi.php HTTP/1.1" 200 4523 "http://www.asjudinet.com/consulta_cartera.php" "Mozilla/5.0 (Windows NT 10.0; Win64; x64) AppleWebKit/537.36 (KHTML, like Gecko) Chrome/150.0.0.0 Safari/537.36"
190.85.191.209 - - [14/Jul/2026:14:40:40 +0000] "POST /afinanciera/cartera_cargar_manual_deb.php?ced2=9146525&numcon=23625 HTTP/1.1" 200 263071 "http://www.asjudinet.com/afinanciera/cartera_cargar_manual_deb.php?ced2=9146525&numcon=23625" "Mozilla/5.0 (Windows NT 10.0; Win64; x64) AppleWebKit/537.36 (KHTML, like Gecko) Chrome/150.0.0.0 Safari/537.36 Edg/150.0.0.0"
190.85.87.250 - - [14/Jul/2026:14:41:02 +0000] "GET /afinanciera/menu_cartera_debito.php HTTP/1.1" 200 38627 "http://www.asjudinet.com/afinanciera/cartera_consulta_titu_usuario.php?ced2=1068659935&numcon=23445" "Mozilla/5.0 (Windows NT 10.0; Win64; x64) AppleWebKit/537.36 (KHTML, like Gecko) Chrome/150.0.0.0 Safari/537.36"
190.85.87.250 - - [14/Jul/2026:14:41:01 +0000] "POST /consulta_ced_info_servi.php HTTP/1.1" 200 4564 "http://www.asjudinet.com/consulta_ced_info_servi.php" "Mozilla/5.0 (Windows NT 10.0; Win64; x64) AppleWebKit/537.36 (KHTML, like Gecko) Chrome/150.0.0.0 Safari/537.36"
190.85.87.250 - - [14/Jul/2026:14:41:03 +0000] "GET /afinanciera/cartera_consul_titu_deb.php HTTP/1.1" 200 5181 "http://www.asjudinet.com/afinanciera/menu_cartera_debito.php" "Mozilla/5.0 (Windows NT 10.0; Win64; x64) AppleWebKit/537.36 (KHTML, like Gecko) Chrome/150.0.0.0 Safari/537.36"
190.85.87.250 - - [14/Jul/2026:14:41:05 +0000] "GET /afinanciera/menu_cartera_debito.php HTTP/1.1" 200 38627 "http://www.asjudinet.com/afinanciera/cartera_consul_titu_deb.php" "Mozilla/5.0 (Windows NT 10.0; Win64; x64) AppleWebKit/537.36 (KHTML, like Gecko) Chrome/150.0.0.0 Safari/537.36"
