190.85.87.250 - - [14/Jul/2026:19:19:50 +0000] "POST /afinanciera/cartera_consultar_cargar_deb.php HTTP/1.1" 200 6056 "http://www.asjudinet.com/afinanciera/cartera_consultar_cargar_deb.php" "Mozilla/5.0 (Windows NT 10.0; Win64; x64) AppleWebKit/537.36 (KHTML, like Gecko) Chrome/150.0.0.0 Safari/537.36"
190.85.87.250 - - [14/Jul/2026:19:19:51 +0000] "GET /solicitud_citas_previa_info.php?ced=&nom=&sucu=BOGOTA HTTP/1.1" 200 4303 "http://www.asjudinet.com/menu_central_citas.php?ced=&nom=&sucu=BOGOTA" "Mozilla/5.0 (Windows NT 10.0; Win64; x64) AppleWebKit/537.36 (KHTML, like Gecko) Chrome/125.0.0.0 Safari/537.36"
114.119.142.179 - - [14/Jul/2026:19:19:54 +0000] "GET /index.php/zzztvsa/39aayzpksh_liqzne72382/principal/Assets/principal/pages/pages/avigilajudicial/pages/principal/val_usuarios.php HTTP/1.1" 200 54693 "http://www.asjudinet.com/index.php/zzztvsa/39aayzpksh_liqzne72382/principal/Assets/principal/pages/pages/avigilajudicial/pages/principal/menu_comunicados.php" "Mozilla/5.0 (Linux; Android 7.0;) AppleWebKit/537.36 (HTML, like Gecko) Mobile Safari/537.36 (compatible; PetalBot;+https://webmaster.petalsearch.com/site/petalbot)"
190.85.87.250 - - [14/Jul/2026:19:19:57 +0000] "GET /consulta_ced_ingreso_histoser_2.php HTTP/1.1" 200 4460 "-" "Mozilla/5.0 (Windows NT 10.0; Win64; x64) AppleWebKit/537.36 (KHTML, like Gecko) Chrome/125.0.0.0 Safari/537.36"
190.85.87.250 - - [14/Jul/2026:19:19:55 +0000] "GET /afinanciera/cartera_cargar_manual_deb.php?ced2=80664347&numcon=2717 HTTP/1.1" 200 334576 "http://www.asjudinet.com/afinanciera/cartera_consultar_cargar_deb.php" "Mozilla/5.0 (Windows NT 10.0; Win64; x64) AppleWebKit/537.36 (KHTML, like Gecko) Chrome/150.0.0.0 Safari/537.36"
190.85.87.250 - - [14/Jul/2026:19:20:18 +0000] "POST /consulta_ced_ingreso_histoser_2.php HTTP/1.1" 200 6538 "http://www.asjudinet.com/consulta_ced_ingreso_histoser_2.php" "Mozilla/5.0 (Windows NT 10.0; Win64; x64) AppleWebKit/537.36 (KHTML, like Gecko) Chrome/125.0.0.0 Safari/537.36"
190.85.87.250 - - [14/Jul/2026:19:20:20 +0000] "GET /ingresar_atencion_histoser_func.php?atencion=138636&id=79253848&cedf=1013657865 HTTP/1.1" 200 18723 "http://www.asjudinet.com/consulta_ced_ingreso_histoser_2.php" "Mozilla/5.0 (Windows NT 10.0; Win64; x64) AppleWebKit/537.36 (KHTML, like Gecko) Chrome/125.0.0.0 Safari/537.36"
190.85.87.250 - - [14/Jul/2026:19:20:49 +0000] "POST /afinanciera/cartera_cargar_manual_deb.php?ced2=80664347&numcon=2717 HTTP/1.1" 200 336329 "http://www.asjudinet.com/afinanciera/cartera_cargar_manual_deb.php?ced2=80664347&numcon=2717" "Mozilla/5.0 (Windows NT 10.0; Win64; x64) AppleWebKit/537.36 (KHTML, like Gecko) Chrome/150.0.0.0 Safari/537.36"
114.119.142.135 - - [14/Jul/2026:19:21:17 +0000] "GET /index.php/zzztvsa/39aayzpksh_liqzne72382/principal/Assets/principal/pages/pages/avigilajudicial/pages/principal/trayectoria.php HTTP/1.1" 200 54693 "http://www.asjudinet.com/index.php/zzztvsa/39aayzpksh_liqzne72382/principal/Assets/principal/pages/pages/avigilajudicial/pages/index.php" "Mozilla/5.0 (Linux; Android 7.0;) AppleWebKit/537.36 (HTML, like Gecko) Mobile Safari/537.36 (compatible; PetalBot;+https://webmaster.petalsearch.com/site/petalbot)"
190.85.87.250 - - [14/Jul/2026:19:21:19 +0000] "POST /afinanciera/cartera_consultar_cargar_deb.php HTTP/1.1" 200 6054 "http://www.asjudinet.com/afinanciera/cartera_consultar_cargar_deb.php" "Mozilla/5.0 (Windows NT 10.0; Win64; x64) AppleWebKit/537.36 (KHTML, like Gecko) Chrome/150.0.0.0 Safari/537.36"
190.85.87.250 - - [14/Jul/2026:19:21:23 +0000] "GET /afinanciera/cartera_cargar_manual_deb.php?ced2=1059449186&numcon=27171 HTTP/1.1" 200 166186 "http://www.asjudinet.com/afinanciera/cartera_consultar_cargar_deb.php" "Mozilla/5.0 (Windows NT 10.0; Win64; x64) AppleWebKit/537.36 (KHTML, like Gecko) Chrome/150.0.0.0 Safari/537.36"
190.85.87.250 - - [14/Jul/2026:19:21:44 +0000] "POST /afinanciera/cartera_cargar_manual_deb.php?ced2=1059449186&numcon=27171 HTTP/1.1" 200 167938 "http://www.asjudinet.com/afinanciera/cartera_cargar_manual_deb.php?ced2=1059449186&numcon=27171" "Mozilla/5.0 (Windows NT 10.0; Win64; x64) AppleWebKit/537.36 (KHTML, like Gecko) Chrome/150.0.0.0 Safari/537.36"
190.85.87.250 - - [14/Jul/2026:19:21:56 +0000] "POST /afinanciera/cartera_consultar_cargar_deb.php HTTP/1.1" 200 6492 "http://www.asjudinet.com/afinanciera/cartera_consultar_cargar_deb.php" "Mozilla/5.0 (Windows NT 10.0; Win64; x64) AppleWebKit/537.36 (KHTML, like Gecko) Chrome/150.0.0.0 Safari/537.36"
190.85.87.250 - - [14/Jul/2026:19:21:59 +0000] "GET /afinanciera/cartera_cargar_manual_deb.php?ced2=16483994&numcon=5778 HTTP/1.1" 200 166765 "http://www.asjudinet.com/afinanciera/cartera_consultar_cargar_deb.php" "Mozilla/5.0 (Windows NT 10.0; Win64; x64) AppleWebKit/537.36 (KHTML, like Gecko) Chrome/150.0.0.0 Safari/537.36"
190.85.87.250 - - [14/Jul/2026:19:22:19 +0000] "POST /afinanciera/cartera_cargar_manual_deb.php?ced2=16483994&numcon=5778 HTTP/1.1" 200 168519 "http://www.asjudinet.com/afinanciera/cartera_cargar_manual_deb.php?ced2=16483994&numcon=5778" "Mozilla/5.0 (Windows NT 10.0; Win64; x64) AppleWebKit/537.36 (KHTML, like Gecko) Chrome/150.0.0.0 Safari/537.36"
190.85.87.250 - - [14/Jul/2026:19:22:32 +0000] "POST /afinanciera/cartera_consultar_cargar_deb.php HTTP/1.1" 200 6053 "http://www.asjudinet.com/afinanciera/cartera_consultar_cargar_deb.php" "Mozilla/5.0 (Windows NT 10.0; Win64; x64) AppleWebKit/537.36 (KHTML, like Gecko) Chrome/150.0.0.0 Safari/537.36"
190.85.87.250 - - [14/Jul/2026:19:22:33 +0000] "GET /afinanciera/cartera_cargar_manual_deb.php?ced2=93401590&numcon=2274 HTTP/1.1" 200 395583 "http://www.asjudinet.com/afinanciera/cartera_consultar_cargar_deb.php" "Mozilla/5.0 (Windows NT 10.0; Win64; x64) AppleWebKit/537.36 (KHTML, like Gecko) Chrome/150.0.0.0 Safari/537.36"
114.119.136.100 - - [14/Jul/2026:19:22:41 +0000] "GET /index.php/zzztvsa/39aayzpksh_liqzne72382/principal/Assets/principal/pages/pages/avigilajudicial/pages/principal/formulario_seminario_dih.php HTTP/1.1" 200 54693 "http://www.asjudinet.com/index.php/zzztvsa/39aayzpksh_liqzne72382/principal/Assets/principal/pages/pages/avigilajudicial/pages/principal/menu_comunicados.php" "Mozilla/5.0 (Linux; Android 7.0;) AppleWebKit/537.36 (HTML, like Gecko) Mobile Safari/537.36 (compatible; PetalBot;+https://webmaster.petalsearch.com/site/petalbot)"
190.85.87.250 - - [14/Jul/2026:19:23:10 +0000] "GET /consulta_titu_benefi_sus.php?ced2=10161534&cedb=1032376634&numcon=1643 HTTP/1.1" 200 6160 "http://www.asjudinet.com/cartera_consulta_titu_usuario.php?ced2=10161534&numcon=1643" "Mozilla/5.0 (Windows NT 10.0; Win64; x64) AppleWebKit/537.36 (KHTML, like Gecko) Chrome/150.0.0.0 Safari/537.36"
190.85.87.250 - - [14/Jul/2026:19:23:09 +0000] "POST /cartera_consulta_titu_usuario.php?ced2=10161534&numcon=1643 HTTP/1.1" 200 394677 "http://www.asjudinet.com/cartera_consulta_titu_usuario.php?ced2=10161534&numcon=1643" "Mozilla/5.0 (Windows NT 10.0; Win64; x64) AppleWebKit/537.36 (KHTML, like Gecko) Chrome/150.0.0.0 Safari/537.36"
190.85.87.250 - - [14/Jul/2026:19:23:29 +0000] "POST /afinanciera/cartera_cargar_manual_deb.php?ced2=93401590&numcon=2274 HTTP/1.1" 200 397339 "http://www.asjudinet.com/afinanciera/cartera_cargar_manual_deb.php?ced2=93401590&numcon=2274" "Mozilla/5.0 (Windows NT 10.0; Win64; x64) AppleWebKit/537.36 (KHTML, like Gecko) Chrome/150.0.0.0 Safari/537.36"
190.85.87.250 - - [14/Jul/2026:19:23:35 +0000] "POST /consulta_titu_benefi_sus.php?ced2=10161534&cedb=1032376634&numcon=1643 HTTP/1.1" 200 6281 "http://www.asjudinet.com/consulta_titu_benefi_sus.php?ced2=10161534&cedb=1032376634&numcon=1643" "Mozilla/5.0 (Windows NT 10.0; Win64; x64) AppleWebKit/537.36 (KHTML, like Gecko) Chrome/150.0.0.0 Safari/537.36"
190.85.87.250 - - [14/Jul/2026:19:23:36 +0000] "GET /cartera_consulta_titu_usuario.php?ced2=10161534&numcon=1643 HTTP/1.1" 200 394545 "http://www.asjudinet.com/consulta_titu_benefi_sus.php?ced2=10161534&cedb=1032376634&numcon=1643" "Mozilla/5.0 (Windows NT 10.0; Win64; x64) AppleWebKit/537.36 (KHTML, like Gecko) Chrome/150.0.0.0 Safari/537.36"
190.85.87.250 - - [14/Jul/2026:19:23:39 +0000] "POST /afinanciera/cartera_consultar_cargar_deb.php HTTP/1.1" 200 6059 "http://www.asjudinet.com/afinanciera/cartera_consultar_cargar_deb.php" "Mozilla/5.0 (Windows NT 10.0; Win64; x64) AppleWebKit/537.36 (KHTML, like Gecko) Chrome/150.0.0.0 Safari/537.36"
190.85.87.250 - - [14/Jul/2026:19:23:45 +0000] "GET /consulta_cartera.php HTTP/1.1" 200 4668 "http://www.asjudinet.com/cartera_consulta_titu_usuario.php?ced2=10161534&numcon=1643" "Mozilla/5.0 (Windows NT 10.0; Win64; x64) AppleWebKit/537.36 (KHTML, like Gecko) Chrome/150.0.0.0 Safari/537.36"
190.85.87.250 - - [14/Jul/2026:19:23:43 +0000] "GET /afinanciera/cartera_cargar_manual_deb.php?ced2=10930745&numcon=25499 HTTP/1.1" 200 130017 "http://www.asjudinet.com/afinanciera/cartera_consultar_cargar_deb.php" "Mozilla/5.0 (Windows NT 10.0; Win64; x64) AppleWebKit/537.36 (KHTML, like Gecko) Chrome/150.0.0.0 Safari/537.36"
190.85.87.250 - - [14/Jul/2026:19:23:47 +0000] "GET /consulta_ced_info_servi.php HTTP/1.1" 200 4523 "http://www.asjudinet.com/consulta_cartera.php" "Mozilla/5.0 (Windows NT 10.0; Win64; x64) AppleWebKit/537.36 (KHTML, like Gecko) Chrome/150.0.0.0 Safari/537.36"
190.85.87.250 - - [14/Jul/2026:19:23:55 +0000] "POST /consulta_ced_info_servi.php HTTP/1.1" 200 6140 "http://www.asjudinet.com/consulta_ced_info_servi.php" "Mozilla/5.0 (Windows NT 10.0; Win64; x64) AppleWebKit/537.36 (KHTML, like Gecko) Chrome/150.0.0.0 Safari/537.36"
114.119.137.103 - - [14/Jul/2026:19:24:04 +0000] "GET /index.php/zzztvsa/39aayzpksh_liqzne72382/principal/Assets/principal/pages/pages/avigilajudicial/pages/principal/enlaces.php HTTP/1.1" 200 54693 "http://www.asjudinet.com/index.php/zzztvsa/39aayzpksh_liqzne72382/principal/Assets/principal/pages/pages/avigilajudicial/pages/index.php" "Mozilla/5.0 (Linux; Android 7.0;) AppleWebKit/537.36 (HTML, like Gecko) Mobile Safari/537.36 (compatible; PetalBot;+https://webmaster.petalsearch.com/site/petalbot)"
190.85.87.250 - - [14/Jul/2026:19:24:04 +0000] "GET /cartera_consulta_titu_usuario.php?ced2=80134637&numcon=20892 HTTP/1.1" 200 268116 "http://www.asjudinet.com/consulta_ced_info_servi.php" "Mozilla/5.0 (Windows NT 10.0; Win64; x64) AppleWebKit/537.36 (KHTML, like Gecko) Chrome/150.0.0.0 Safari/537.36"
190.85.87.250 - - [14/Jul/2026:19:24:06 +0000] "GET /callcenter/listado_por_sucursales.php?ced=79660662&nom=MORALES%20LOZANO%20JORGE%20LUIS&sucu=BOGOTA HTTP/1.1" 200 6315 "-" "Mozilla/5.0 (Windows NT 10.0; Win64; x64) AppleWebKit/537.36 (KHTML, like Gecko) Chrome/125.0.0.0 Safari/537.36"
190.85.87.250 - - [14/Jul/2026:19:24:10 +0000] "POST /cartera_consulta_titu_usuario.php?ced2=80134637&numcon=20892 HTTP/1.1" 200 268247 "http://www.asjudinet.com/cartera_consulta_titu_usuario.php?ced2=80134637&numcon=20892" "Mozilla/5.0 (Windows NT 10.0; Win64; x64) AppleWebKit/537.36 (KHTML, like Gecko) Chrome/150.0.0.0 Safari/537.36"
190.85.87.250 - - [14/Jul/2026:19:24:11 +0000] "GET /consulta_titu_benefi_sus.php?ced2=80134637&cedb=79690372&numcon=20892 HTTP/1.1" 200 6180 "http://www.asjudinet.com/cartera_consulta_titu_usuario.php?ced2=80134637&numcon=20892" "Mozilla/5.0 (Windows NT 10.0; Win64; x64) AppleWebKit/537.36 (KHTML, like Gecko) Chrome/150.0.0.0 Safari/537.36"
190.85.87.250 - - [14/Jul/2026:19:24:26 +0000] "POST /consulta_titu_benefi_sus.php?ced2=80134637&cedb=79690372&numcon=20892 HTTP/1.1" 200 6302 "http://www.asjudinet.com/consulta_titu_benefi_sus.php?ced2=80134637&cedb=79690372&numcon=20892" "Mozilla/5.0 (Windows NT 10.0; Win64; x64) AppleWebKit/537.36 (KHTML, like Gecko) Chrome/150.0.0.0 Safari/537.36"
190.85.87.250 - - [14/Jul/2026:19:24:26 +0000] "GET /cartera_consulta_titu_usuario.php?ced2=80134637&numcon=20892 HTTP/1.1" 200 268116 "http://www.asjudinet.com/consulta_titu_benefi_sus.php?ced2=80134637&cedb=79690372&numcon=20892" "Mozilla/5.0 (Windows NT 10.0; Win64; x64) AppleWebKit/537.36 (KHTML, like Gecko) Chrome/150.0.0.0 Safari/537.36"
190.85.87.250 - - [14/Jul/2026:19:24:35 +0000] "POST /afinanciera/cartera_cargar_manual_deb.php?ced2=10930745&numcon=25499 HTTP/1.1" 200 131770 "http://www.asjudinet.com/afinanciera/cartera_cargar_manual_deb.php?ced2=10930745&numcon=25499" "Mozilla/5.0 (Windows NT 10.0; Win64; x64) AppleWebKit/537.36 (KHTML, like Gecko) Chrome/150.0.0.0 Safari/537.36"
190.85.87.250 - - [14/Jul/2026:19:25:06 +0000] "POST /acobranzas/cobranzas_consulta_cartera1.php HTTP/1.1" 200 5964 "http://www.asjudinet.com/acobranzas/cobranzas_consulta_cartera1.php" "Mozilla/5.0 (Windows NT 10.0; Win64; x64) AppleWebKit/537.36 (KHTML, like Gecko) Chrome/150.0.0.0 Safari/537.36"
190.85.87.250 - - [14/Jul/2026:19:25:07 +0000] "GET /acobranzas/cobranzas_serviasju1.php?ced2=84105031&numcon=5346 HTTP/1.1" 200 16879 "http://www.asjudinet.com/acobranzas/cobranzas_consulta_cartera1.php" "Mozilla/5.0 (Windows NT 10.0; Win64; x64) AppleWebKit/537.36 (KHTML, like Gecko) Chrome/150.0.0.0 Safari/537.36"
190.85.87.250 - - [14/Jul/2026:19:25:07 +0000] "GET /acobranzas/cobranzas_serviasju1.php?ced2=84105031&numcon=5346 HTTP/1.1" 200 369641 "http://www.asjudinet.com/acobranzas/cobranzas_consulta_cartera1.php" "Mozilla/5.0 (Windows NT 10.0; Win64; x64) AppleWebKit/537.36 (KHTML, like Gecko) Chrome/150.0.0.0 Safari/537.36"
190.85.87.250 - - [14/Jul/2026:19:25:13 +0000] "POST /afinanciera/cartera_consultar_cargar_deb.php HTTP/1.1" 200 6488 "http://www.asjudinet.com/afinanciera/cartera_consultar_cargar_deb.php" "Mozilla/5.0 (Windows NT 10.0; Win64; x64) AppleWebKit/537.36 (KHTML, like Gecko) Chrome/150.0.0.0 Safari/537.36"
190.85.87.250 - - [14/Jul/2026:19:25:15 +0000] "GET /afinanciera/cartera_cargar_manual_deb.php?ced2=80429219&numcon=15709A HTTP/1.1" 200 93898 "http://www.asjudinet.com/afinanciera/cartera_consultar_cargar_deb.php" "Mozilla/5.0 (Windows NT 10.0; Win64; x64) AppleWebKit/537.36 (KHTML, like Gecko) Chrome/150.0.0.0 Safari/537.36"
190.85.191.209 - - [14/Jul/2026:19:25:21 +0000] "GET /index.php HTTP/1.1" 200 54693 "-" "Mozilla/5.0 (Windows NT 10.0; Win64; x64) AppleWebKit/537.36 (KHTML, like Gecko) Chrome/150.0.0.0 Safari/537.36"
190.85.191.209 - - [14/Jul/2026:19:25:23 +0000] "GET /validar_usuarios_pagina.php HTTP/1.1" 200 3665 "http://www.asjudinet.com/index.php" "Mozilla/5.0 (Windows NT 10.0; Win64; x64) AppleWebKit/537.36 (KHTML, like Gecko) Chrome/150.0.0.0 Safari/537.36"
114.119.142.135 - - [14/Jul/2026:19:25:28 +0000] "GET /index.php/zzztvsa/39aayzpksh_liqzne72382/principal/Assets/principal/pages/pages/avigilajudicial/pages/principal/contactenos.php HTTP/1.1" 200 54693 "http://www.asjudinet.com/index.php/zzztvsa/39aayzpksh_liqzne72382/principal/Assets/principal/pages/pages/avigilajudicial/pages/index.php" "Mozilla/5.0 (Linux; Android 7.0;) AppleWebKit/537.36 (HTML, like Gecko) Mobile Safari/537.36 (compatible; PetalBot;+https://webmaster.petalsearch.com/site/petalbot)"
216.73.216.141 - - [14/Jul/2026:19:25:34 +0000] "GET /robots.txt HTTP/1.1" 200 43 "-" "Mozilla/5.0 AppleWebKit/537.36 (KHTML, like Gecko; compatible; ClaudeBot/1.0; +claudebot@anthropic.com)"
190.85.191.209 - - [14/Jul/2026:19:25:42 +0000] "POST /validar_usuarios_pagina.php? HTTP/1.1" 200 149 "http://www.asjudinet.com/validar_usuarios_pagina.php" "Mozilla/5.0 (Windows NT 10.0; Win64; x64) AppleWebKit/537.36 (KHTML, like Gecko) Chrome/150.0.0.0 Safari/537.36"
190.85.191.209 - - [14/Jul/2026:19:25:42 +0000] "GET /servicio_cliente.php?cedula=79760970&nom=%20MONTES%20GAMBA%20JULIO%20GERARADO&estado=EN%20CARTERA HTTP/1.1" 200 29248 "http://www.asjudinet.com/validar_usuarios_pagina.php?" "Mozilla/5.0 (Windows NT 10.0; Win64; x64) AppleWebKit/537.36 (KHTML, like Gecko) Chrome/150.0.0.0 Safari/537.36"
190.85.191.209 - - [14/Jul/2026:19:25:42 +0000] "GET /themes//style/style.css HTTP/1.1" 404 - "http://www.asjudinet.com/servicio_cliente.php?cedula=79760970&nom=%20MONTES%20GAMBA%20JULIO%20GERARADO&estado=EN%20CARTERA" "Mozilla/5.0 (Windows NT 10.0; Win64; x64) AppleWebKit/537.36 (KHTML, like Gecko) Chrome/150.0.0.0 Safari/537.36"
190.85.191.209 - - [14/Jul/2026:19:25:46 +0000] "GET /Consultar_Respuestas_afiliados.php HTTP/1.1" 200 4374 "http://www.asjudinet.com/servicio_cliente.php?cedula=79760970&nom=%20MONTES%20GAMBA%20JULIO%20GERARADO&estado=EN%20CARTERA" "Mozilla/5.0 (Windows NT 10.0; Win64; x64) AppleWebKit/537.36 (KHTML, like Gecko) Chrome/150.0.0.0 Safari/537.36"
190.85.191.209 - - [14/Jul/2026:19:25:53 +0000] "GET /Consultar_Respuestas_afiliados.php?Identificacion=79760970&submit=CONSULTAR HTTP/1.1" 200 6218 "http://www.asjudinet.com/Consultar_Respuestas_afiliados.php" "Mozilla/5.0 (Windows NT 10.0; Win64; x64) AppleWebKit/537.36 (KHTML, like Gecko) Chrome/150.0.0.0 Safari/537.36"
190.85.87.250 - - [14/Jul/2026:19:25:55 +0000] "POST /afinanciera/cartera_cargar_manual_deb.php?ced2=80429219&numcon=15709A HTTP/1.1" 200 95650 "http://www.asjudinet.com/afinanciera/cartera_cargar_manual_deb.php?ced2=80429219&numcon=15709A" "Mozilla/5.0 (Windows NT 10.0; Win64; x64) AppleWebKit/537.36 (KHTML, like Gecko) Chrome/150.0.0.0 Safari/537.36"
190.85.191.209 - - [14/Jul/2026:19:26:02 +0000] "GET /Visualizar_Mensajes.php?numra=999&Id=128681&Identificacion=79760970 HTTP/1.1" 200 7245 "http://www.asjudinet.com/Consultar_Respuestas_afiliados.php?Identificacion=79760970&submit=CONSULTAR" "Mozilla/5.0 (Windows NT 10.0; Win64; x64) AppleWebKit/537.36 (KHTML, like Gecko) Chrome/150.0.0.0 Safari/537.36"
190.85.87.250 - - [14/Jul/2026:19:26:10 +0000] "POST /acobranzas/cobranzas_consulta_cartera1.php HTTP/1.1" 200 5094 "http://www.asjudinet.com/acobranzas/cobranzas_consulta_cartera1.php" "Mozilla/5.0 (Windows NT 10.0; Win64; x64) AppleWebKit/537.36 (KHTML, like Gecko) Chrome/150.0.0.0 Safari/537.36"
190.85.87.250 - - [14/Jul/2026:19:26:13 +0000] "POST /acobranzas/cobranzas_consulta_cartera1.php HTTP/1.1" 200 5955 "http://www.asjudinet.com/acobranzas/cobranzas_consulta_cartera1.php" "Mozilla/5.0 (Windows NT 10.0; Win64; x64) AppleWebKit/537.36 (KHTML, like Gecko) Chrome/150.0.0.0 Safari/537.36"
190.85.191.209 - - [14/Jul/2026:19:26:15 +0000] "GET /descargar_archivos.php?Id=65564 HTTP/1.1" 200 17360 "http://www.asjudinet.com/Visualizar_Mensajes.php?numra=999&Id=128681&Identificacion=79760970" "Mozilla/5.0 (Windows NT 10.0; Win64; x64) AppleWebKit/537.36 (KHTML, like Gecko) Chrome/150.0.0.0 Safari/537.36"
190.85.87.250 - - [14/Jul/2026:19:26:15 +0000] "GET /acobranzas/cobranzas_serviasju1.php?ced2=15027401&numcon=3496 HTTP/1.1" 200 16790 "http://www.asjudinet.com/acobranzas/cobranzas_consulta_cartera1.php" "Mozilla/5.0 (Windows NT 10.0; Win64; x64) AppleWebKit/537.36 (KHTML, like Gecko) Chrome/150.0.0.0 Safari/537.36"
190.85.87.250 - - [14/Jul/2026:19:26:15 +0000] "GET /acobranzas/cobranzas_serviasju1.php?ced2=15027401&numcon=3496 HTTP/1.1" 200 481535 "http://www.asjudinet.com/acobranzas/cobranzas_consulta_cartera1.php" "Mozilla/5.0 (Windows NT 10.0; Win64; x64) AppleWebKit/537.36 (KHTML, like Gecko) Chrome/150.0.0.0 Safari/537.36"
190.85.87.250 - - [14/Jul/2026:19:26:25 +0000] "POST /afinanciera/cartera_consultar_cargar_deb.php HTTP/1.1" 200 6052 "http://www.asjudinet.com/afinanciera/cartera_consultar_cargar_deb.php" "Mozilla/5.0 (Windows NT 10.0; Win64; x64) AppleWebKit/537.36 (KHTML, like Gecko) Chrome/150.0.0.0 Safari/537.36"
190.85.87.250 - - [14/Jul/2026:19:26:26 +0000] "GET /afinanciera/cartera_cargar_manual_deb.php?ced2=79807865&numcon=9271 HTTP/1.1" 200 302035 "http://www.asjudinet.com/afinanciera/cartera_consultar_cargar_deb.php" "Mozilla/5.0 (Windows NT 10.0; Win64; x64) AppleWebKit/537.36 (KHTML, like Gecko) Chrome/150.0.0.0 Safari/537.36"
190.85.87.250 - - [14/Jul/2026:19:26:32 +0000] "GET /consulta_titu_benefi_sus.php?ced2=80134637&cedb=79690372&numcon=20892 HTTP/1.1" 200 6180 "http://www.asjudinet.com/cartera_consulta_titu_usuario.php?ced2=80134637&numcon=20892" "Mozilla/5.0 (Windows NT 10.0; Win64; x64) AppleWebKit/537.36 (KHTML, like Gecko) Chrome/150.0.0.0 Safari/537.36"
190.85.87.250 - - [14/Jul/2026:19:26:31 +0000] "POST /cartera_consulta_titu_usuario.php?ced2=80134637&numcon=20892 HTTP/1.1" 200 164362 "http://www.asjudinet.com/cartera_consulta_titu_usuario.php?ced2=80134637&numcon=20892" "Mozilla/5.0 (Windows NT 10.0; Win64; x64) AppleWebKit/537.36 (KHTML, like Gecko) Chrome/150.0.0.0 Safari/537.36"
190.85.87.250 - - [14/Jul/2026:19:26:39 +0000] "GET /consulta_ced_info_servi.php HTTP/1.1" 200 4523 "-" "Mozilla/5.0 (Windows NT 10.0; Win64; x64) AppleWebKit/537.36 (KHTML, like Gecko) Chrome/150.0.0.0 Safari/537.36"
190.85.191.209 - - [14/Jul/2026:19:26:42 +0000] "GET /descargar_archivos.php?Id=65563 HTTP/1.1" 200 17360 "http://www.asjudinet.com/Visualizar_Mensajes.php?numra=999&Id=128681&Identificacion=79760970" "Mozilla/5.0 (Windows NT 10.0; Win64; x64) AppleWebKit/537.36 (KHTML, like Gecko) Chrome/150.0.0.0 Safari/537.36"
114.119.142.135 - - [14/Jul/2026:19:26:51 +0000] "GET /index.php/zzztvsa/39aayzpksh_liqzne72382/principal/Assets/principal/pages/pages/avigilajudicial/pages/pages/validar_usuarios_pagina.php HTTP/1.1" 200 54693 "http://www.asjudinet.com/index.php/zzztvsa/39aayzpksh_liqzne72382/principal/Assets/principal/pages/pages/avigilajudicial/pages/pages/menu_creditos_rotativos.php" "Mozilla/5.0 (Linux; Android 7.0;) AppleWebKit/537.36 (HTML, like Gecko) Mobile Safari/537.36 (compatible; PetalBot;+https://webmaster.petalsearch.com/site/petalbot)"
190.85.87.250 - - [14/Jul/2026:19:26:52 +0000] "POST /afinanciera/cartera_cargar_manual_deb.php?ced2=79807865&numcon=9271 HTTP/1.1" 200 303788 "http://www.asjudinet.com/afinanciera/cartera_cargar_manual_deb.php?ced2=79807865&numcon=9271" "Mozilla/5.0 (Windows NT 10.0; Win64; x64) AppleWebKit/537.36 (KHTML, like Gecko) Chrome/150.0.0.0 Safari/537.36"
190.85.87.250 - - [14/Jul/2026:19:26:57 +0000] "GET /consulta_cartera.php HTTP/1.1" 200 4668 "http://www.asjudinet.com/agendarse/cartera_consulta_titu_usuario.php?ced2=1072674083&numcon=012" "Mozilla/5.0 (Windows NT 10.0; Win64; x64) AppleWebKit/537.36 (KHTML, like Gecko) Chrome/150.0.0.0 Safari/537.36"
190.85.87.250 - - [14/Jul/2026:19:26:58 +0000] "GET /consulta_ced_info_servi.php HTTP/1.1" 200 4523 "http://www.asjudinet.com/consulta_cartera.php" "Mozilla/5.0 (Windows NT 10.0; Win64; x64) AppleWebKit/537.36 (KHTML, like Gecko) Chrome/150.0.0.0 Safari/537.36"
190.85.87.250 - - [14/Jul/2026:19:27:04 +0000] "POST /afinanciera/cartera_consultar_cargar_deb.php HTTP/1.1" 200 6481 "http://www.asjudinet.com/afinanciera/cartera_consultar_cargar_deb.php" "Mozilla/5.0 (Windows NT 10.0; Win64; x64) AppleWebKit/537.36 (KHTML, like Gecko) Chrome/150.0.0.0 Safari/537.36"
190.85.87.250 - - [14/Jul/2026:19:27:06 +0000] "GET /afinanciera/cartera_cargar_manual_deb.php?ced2=17644256&numcon=14149A HTTP/1.1" 200 295962 "http://www.asjudinet.com/afinanciera/cartera_consultar_cargar_deb.php" "Mozilla/5.0 (Windows NT 10.0; Win64; x64) AppleWebKit/537.36 (KHTML, like Gecko) Chrome/150.0.0.0 Safari/537.36"
190.85.87.250 - - [14/Jul/2026:19:27:12 +0000] "POST /consulta_ced_info_servi.php HTTP/1.1" 200 7582 "http://www.asjudinet.com/consulta_ced_info_servi.php" "Mozilla/5.0 (Windows NT 10.0; Win64; x64) AppleWebKit/537.36 (KHTML, like Gecko) Chrome/150.0.0.0 Safari/537.36"
186.154.33.68 - - [14/Jul/2026:19:27:25 +0000] "GET / HTTP/1.1" 200 54693 "-" "Mozilla/5.0 (Windows NT 10.0; Win64; x64) AppleWebKit/537.36 (KHTML, like Gecko) Chrome/109.0.0.0 Safari/537.36"
190.85.191.209 - - [14/Jul/2026:19:27:41 +0000] "GET /consulta_cartera.php HTTP/1.1" 200 4668 "http://www.asjudinet.com/cartera_consulta_titu_usuario.php?ced2=13539670&numcon=28616" "Mozilla/5.0 (Windows NT 10.0; Win64; x64) AppleWebKit/537.36 (KHTML, like Gecko) Chrome/150.0.0.0 Safari/537.36"
190.85.87.250 - - [14/Jul/2026:19:27:40 +0000] "POST /afinanciera/cartera_cargar_manual_deb.php?ced2=17644256&numcon=14149A HTTP/1.1" 200 297714 "http://www.asjudinet.com/afinanciera/cartera_cargar_manual_deb.php?ced2=17644256&numcon=14149A" "Mozilla/5.0 (Windows NT 10.0; Win64; x64) AppleWebKit/537.36 (KHTML, like Gecko) Chrome/150.0.0.0 Safari/537.36"
190.85.191.209 - - [14/Jul/2026:19:27:42 +0000] "GET /consulta_ced_info_servi.php HTTP/1.1" 200 4523 "http://www.asjudinet.com/consulta_cartera.php" "Mozilla/5.0 (Windows NT 10.0; Win64; x64) AppleWebKit/537.36 (KHTML, like Gecko) Chrome/150.0.0.0 Safari/537.36"
190.85.87.250 - - [14/Jul/2026:19:27:55 +0000] "POST /afinanciera/cartera_consultar_cargar_deb.php HTTP/1.1" 200 6055 "http://www.asjudinet.com/afinanciera/cartera_consultar_cargar_deb.php" "Mozilla/5.0 (Windows NT 10.0; Win64; x64) AppleWebKit/537.36 (KHTML, like Gecko) Chrome/150.0.0.0 Safari/537.36"
186.154.33.68 - - [14/Jul/2026:19:27:57 +0000] "GET /index.php HTTP/1.1" 200 54693 "-" "Mozilla/5.0 (Windows NT 10.0; Win64; x64) AppleWebKit/537.36 (KHTML, like Gecko) Chrome/109.0.0.0 Safari/537.36"
190.85.87.250 - - [14/Jul/2026:19:27:58 +0000] "GET /afinanciera/cartera_cargar_manual_deb.php?ced2=11813425&numcon=28338 HTTP/1.1" 200 168429 "http://www.asjudinet.com/afinanciera/cartera_consultar_cargar_deb.php" "Mozilla/5.0 (Windows NT 10.0; Win64; x64) AppleWebKit/537.36 (KHTML, like Gecko) Chrome/150.0.0.0 Safari/537.36"
190.85.191.209 - - [14/Jul/2026:19:28:00 +0000] "POST /consulta_ced_info_servi.php HTTP/1.1" 200 4572 "http://www.asjudinet.com/consulta_ced_info_servi.php" "Mozilla/5.0 (Windows NT 10.0; Win64; x64) AppleWebKit/537.36 (KHTML, like Gecko) Chrome/150.0.0.0 Safari/537.36"
186.154.33.68 - - [14/Jul/2026:19:28:04 +0000] "GET /val_usuarios.php HTTP/1.1" 200 7808 "http://www.asjudinet.com/index.php" "Mozilla/5.0 (Windows NT 10.0; Win64; x64) AppleWebKit/537.36 (KHTML, like Gecko) Chrome/109.0.0.0 Safari/537.36"
186.154.33.68 - - [14/Jul/2026:19:28:05 +0000] "GET /favicon.ico HTTP/1.1" 200 9036 "http://www.asjudinet.com/val_usuarios.php" "Mozilla/5.0 (Windows NT 10.0; Win64; x64) AppleWebKit/537.36 (KHTML, like Gecko) Chrome/109.0.0.0 Safari/537.36"
190.85.191.209 - - [14/Jul/2026:19:28:05 +0000] "POST /consulta_ced_info_servi.php HTTP/1.1" 200 60154 "http://www.asjudinet.com/consulta_ced_info_servi.php" "Mozilla/5.0 (Windows NT 10.0; Win64; x64) AppleWebKit/537.36 (KHTML, like Gecko) Chrome/150.0.0.0 Safari/537.36"
186.154.33.68 - - [14/Jul/2026:19:28:08 +0000] "POST /val_usuarios.php HTTP/1.1" 200 147 "http://www.asjudinet.com/val_usuarios.php" "Mozilla/5.0 (Windows NT 10.0; Win64; x64) AppleWebKit/537.36 (KHTML, like Gecko) Chrome/109.0.0.0 Safari/537.36"
186.154.33.68 - - [14/Jul/2026:19:28:08 +0000] "GET /menu_admin.php?ced=1031183811&nom=SISTEMAS%20JULIO%20GERARDO&aaa=980&cargo=980 HTTP/1.1" 200 55572 "http://www.asjudinet.com/val_usuarios.php" "Mozilla/5.0 (Windows NT 10.0; Win64; x64) AppleWebKit/537.36 (KHTML, like Gecko) Chrome/109.0.0.0 Safari/537.36"
190.85.87.250 - - [14/Jul/2026:19:28:12 +0000] "POST /acobranzas/cobranzas_consulta_cartera1.php HTTP/1.1" 200 5981 "http://www.asjudinet.com/acobranzas/cobranzas_consulta_cartera1.php" "Mozilla/5.0 (Windows NT 10.0; Win64; x64) AppleWebKit/537.36 (KHTML, like Gecko) Chrome/150.0.0.0 Safari/537.36"
114.119.130.177 - - [14/Jul/2026:19:28:15 +0000] "GET /index.php/zzztvsa/39aayzpksh_liqzne72382/principal/Assets/principal/pages/pages/avigilajudicial/pages/avigilajudicial/val_usuarios_IURIS.php HTTP/1.1" 200 54693 "http://www.asjudinet.com/index.php/zzztvsa/39aayzpksh_liqzne72382/principal/Assets/principal/pages/pages/avigilajudicial/pages/avigilajudicial/validar_vigi_judicial.php" "Mozilla/5.0 (Linux; Android 7.0;) AppleWebKit/537.36 (HTML, like Gecko) Mobile Safari/537.36 (compatible; PetalBot;+https://webmaster.petalsearch.com/site/petalbot)"
186.154.33.68 - - [14/Jul/2026:19:28:15 +0000] "GET /acorreos/consulta_enviar_comunica.php HTTP/1.1" 200 3117 "http://www.asjudinet.com/menu_admin.php?ced=1031183811&nom=SISTEMAS%20JULIO%20GERARDO&aaa=980&cargo=980" "Mozilla/5.0 (Windows NT 10.0; Win64; x64) AppleWebKit/537.36 (KHTML, like Gecko) Chrome/109.0.0.0 Safari/537.36"
190.85.87.250 - - [14/Jul/2026:19:28:17 +0000] "GET /acobranzas/cobranzas_serviasju1.php?ced2=1117505860&numcon=I1038 HTTP/1.1" 200 16897 "http://www.asjudinet.com/acobranzas/cobranzas_consulta_cartera1.php" "Mozilla/5.0 (Windows NT 10.0; Win64; x64) AppleWebKit/537.36 (KHTML, like Gecko) Chrome/150.0.0.0 Safari/537.36"
190.85.87.250 - - [14/Jul/2026:19:28:17 +0000] "GET /acobranzas/cobranzas_serviasju1.php?ced2=1117505860&numcon=I1038 HTTP/1.1" 200 91797 "http://www.asjudinet.com/acobranzas/cobranzas_consulta_cartera1.php" "Mozilla/5.0 (Windows NT 10.0; Win64; x64) AppleWebKit/537.36 (KHTML, like Gecko) Chrome/150.0.0.0 Safari/537.36"
200.118.18.12 - - [14/Jul/2026:19:28:23 +0000] "GET / HTTP/1.1" 200 54693 "-" "Mozilla/5.0 (Windows NT 10.0; Win64; x64) AppleWebKit/537.36 (KHTML, like Gecko) Chrome/150.0.0.0 Safari/537.36 Edg/150.0.0.0"
190.85.191.209 - - [14/Jul/2026:19:28:22 +0000] "POST /consulta_ced_info_servi.php HTTP/1.1" 200 6134 "http://www.asjudinet.com/consulta_ced_info_servi.php" "Mozilla/5.0 (Windows NT 10.0; Win64; x64) AppleWebKit/537.36 (KHTML, like Gecko) Chrome/150.0.0.0 Safari/537.36"
200.118.18.12 - - [14/Jul/2026:19:28:25 +0000] "GET /css/bootstrap.min.css HTTP/1.1" 200 140930 "http://www.asjudinet.com/" "Mozilla/5.0 (Windows NT 10.0; Win64; x64) AppleWebKit/537.36 (KHTML, like Gecko) Chrome/150.0.0.0 Safari/537.36 Edg/150.0.0.0"
200.118.18.12 - - [14/Jul/2026:19:28:25 +0000] "GET /js/jquery_3.3.1.js HTTP/1.1" 200 86926 "http://www.asjudinet.com/" "Mozilla/5.0 (Windows NT 10.0; Win64; x64) AppleWebKit/537.36 (KHTML, like Gecko) Chrome/150.0.0.0 Safari/537.36 Edg/150.0.0.0"
200.118.18.12 - - [14/Jul/2026:19:28:25 +0000] "GET /images/pse-logo.png HTTP/1.1" 200 57808 "http://www.asjudinet.com/" "Mozilla/5.0 (Windows NT 10.0; Win64; x64) AppleWebKit/537.36 (KHTML, like Gecko) Chrome/150.0.0.0 Safari/537.36 Edg/150.0.0.0"
200.118.18.12 - - [14/Jul/2026:19:28:27 +0000] "GET /ELEMENTS/principal/callcenter1.png HTTP/1.1" 200 127656 "http://www.asjudinet.com/" "Mozilla/5.0 (Windows NT 10.0; Win64; x64) AppleWebKit/537.36 (KHTML, like Gecko) Chrome/150.0.0.0 Safari/537.36 Edg/150.0.0.0"
200.118.18.12 - - [14/Jul/2026:19:28:28 +0000] "GET /ELEMENTS/fondos/blanco.jpg HTTP/1.1" 200 28580 "http://www.asjudinet.com/css/asjudinet.css" "Mozilla/5.0 (Windows NT 10.0; Win64; x64) AppleWebKit/537.36 (KHTML, like Gecko) Chrome/150.0.0.0 Safari/537.36 Edg/150.0.0.0"
200.118.18.12 - - [14/Jul/2026:19:28:28 +0000] "GET /ELEMENTS/principal/icallcenter4.jpg HTTP/1.1" 200 226303 "http://www.asjudinet.com/css/asjudinet.css" "Mozilla/5.0 (Windows NT 10.0; Win64; x64) AppleWebKit/537.36 (KHTML, like Gecko) Chrome/150.0.0.0 Safari/537.36 Edg/150.0.0.0"
186.154.33.68 - - [14/Jul/2026:19:28:30 +0000] "GET /consulta_ced_info_servi.php HTTP/1.1" 200 4523 "-" "Mozilla/5.0 (Windows NT 10.0; Win64; x64) AppleWebKit/537.36 (KHTML, like Gecko) Chrome/109.0.0.0 Safari/537.36"
186.154.33.68 - - [14/Jul/2026:19:28:31 +0000] "GET /consulta_ced_info_servi.php HTTP/1.1" 200 4523 "http://www.asjudinet.com/consulta_ced_info_servi.php" "Mozilla/5.0 (Windows NT 10.0; Win64; x64) AppleWebKit/537.36 (KHTML, like Gecko) Chrome/109.0.0.0 Safari/537.36"
190.85.191.209 - - [14/Jul/2026:19:28:25 +0000] "GET /cartera_consulta_titu_usuario.php?ced2=71385546&numcon=4285 HTTP/1.1" 200 364080 "http://www.asjudinet.com/consulta_ced_info_servi.php" "Mozilla/5.0 (Windows NT 10.0; Win64; x64) AppleWebKit/537.36 (KHTML, like Gecko) Chrome/150.0.0.0 Safari/537.36"
185.104.164.179 - - [14/Jul/2026:19:28:30 +0000] "GET /callcenter/respuesta_contacto_afiliado_cerrar_ticket.php?cedulita=1007400513&numcon=49332&fecha=2026-06-03&atencion=106506&funcionario=34973320 HTTP/1.1" 200 18039 "http://www.asjudinet.com/callcenter/listado_zona_bogota_cerrar_ticket.php?ced=34973320&nom=JALAL%20JULIO%20YAMILE&prevMes=2" "Mozilla/5.0 (Windows NT 10.0; Win64; x64) AppleWebKit/537.36 (KHTML, like Gecko) Chrome/150.0.0.0 Safari/537.36"
200.118.18.12 - - [14/Jul/2026:19:28:38 +0000] "GET /val_usuarios.php HTTP/1.1" 200 7808 "http://www.asjudinet.com/" "Mozilla/5.0 (Windows NT 10.0; Win64; x64) AppleWebKit/537.36 (KHTML, like Gecko) Chrome/150.0.0.0 Safari/537.36 Edg/150.0.0.0"
186.154.33.68 - - [14/Jul/2026:19:28:40 +0000] "GET /consulta_ced_info_servi.php HTTP/1.1" 200 4523 "http://www.asjudinet.com/consulta_ced_info_servi.php" "Mozilla/5.0 (Windows NT 10.0; Win64; x64) AppleWebKit/537.36 (KHTML, like Gecko) Chrome/109.0.0.0 Safari/537.36"
186.154.33.68 - - [14/Jul/2026:19:28:40 +0000] "POST /consulta_ced_info_servi.php HTTP/1.1" 200 6783 "http://www.asjudinet.com/consulta_ced_info_servi.php" "Mozilla/5.0 (Windows NT 10.0; Win64; x64) AppleWebKit/537.36 (KHTML, like Gecko) Chrome/109.0.0.0 Safari/537.36"
190.84.119.116 - - [14/Jul/2026:19:28:43 +0000] "GET /index.php HTTP/1.1" 200 54693 "https://www.google.com/" "Mozilla/5.0 (Windows NT 10.0; Win64; x64) AppleWebKit/537.36 (KHTML, like Gecko) Chrome/150.0.0.0 Safari/537.36"
190.85.87.250 - - [14/Jul/2026:19:28:42 +0000] "POST /afinanciera/cartera_cargar_manual_deb.php?ced2=11813425&numcon=28338 HTTP/1.1" 200 170180 "http://www.asjudinet.com/afinanciera/cartera_cargar_manual_deb.php?ced2=11813425&numcon=28338" "Mozilla/5.0 (Windows NT 10.0; Win64; x64) AppleWebKit/537.36 (KHTML, like Gecko) Chrome/150.0.0.0 Safari/537.36"
190.25.99.119 - - [14/Jul/2026:19:28:45 +0000] "GET / HTTP/1.1" 200 54693 "-" "Mozilla/5.0 (Windows NT 10.0; Win64; x64) AppleWebKit/537.36 (KHTML, like Gecko) Chrome/150.0.0.0 Safari/537.36"
186.154.33.68 - - [14/Jul/2026:19:28:43 +0000] "GET /cartera_consulta_titu_usuario.php?ced2=1056412328&numcon=I1185 HTTP/1.1" 200 91129 "http://www.asjudinet.com/consulta_ced_info_servi.php" "Mozilla/5.0 (Windows NT 10.0; Win64; x64) AppleWebKit/537.36 (KHTML, like Gecko) Chrome/109.0.0.0 Safari/537.36"
190.85.191.209 - - [14/Jul/2026:19:28:46 +0000] "GET /servicio_cliente.php HTTP/1.1" 200 29176 "http://www.asjudinet.com/Consultar_Respuestas_afiliados.php?Identificacion=13539670&submit=CONSULTAR" "Mozilla/5.0 (Windows NT 10.0; Win64; x64) AppleWebKit/537.36 (KHTML, like Gecko) Chrome/150.0.0.0 Safari/537.36"
190.85.191.209 - - [14/Jul/2026:19:28:46 +0000] "GET /themes//style/style.css HTTP/1.1" 404 - "http://www.asjudinet.com/servicio_cliente.php" "Mozilla/5.0 (Windows NT 10.0; Win64; x64) AppleWebKit/537.36 (KHTML, like Gecko) Chrome/150.0.0.0 Safari/537.36"
190.84.119.116 - - [14/Jul/2026:19:28:47 +0000] "GET /val_usuarios.php HTTP/1.1" 200 7808 "http://www.asjudinet.com/index.php" "Mozilla/5.0 (Windows NT 10.0; Win64; x64) AppleWebKit/537.36 (KHTML, like Gecko) Chrome/150.0.0.0 Safari/537.36"
190.84.119.116 - - [14/Jul/2026:19:28:51 +0000] "POST /val_usuarios.php HTTP/1.1" 200 148 "http://www.asjudinet.com/val_usuarios.php" "Mozilla/5.0 (Windows NT 10.0; Win64; x64) AppleWebKit/537.36 (KHTML, like Gecko) Chrome/150.0.0.0 Safari/537.36"
190.84.119.116 - - [14/Jul/2026:19:28:51 +0000] "GET /menu_admin.php?ced=11788134&nom=MENGUAL%20RODRIGUEZ%20EDGARDO&aaa=645&cargo=645 HTTP/1.1" 200 55572 "http://www.asjudinet.com/val_usuarios.php" "Mozilla/5.0 (Windows NT 10.0; Win64; x64) AppleWebKit/537.36 (KHTML, like Gecko) Chrome/150.0.0.0 Safari/537.36"
190.85.87.250 - - [14/Jul/2026:19:28:57 +0000] "POST /afinanciera/cartera_consultar_cargar_deb.php HTTP/1.1" 200 6058 "http://www.asjudinet.com/afinanciera/cartera_consultar_cargar_deb.php" "Mozilla/5.0 (Windows NT 10.0; Win64; x64) AppleWebKit/537.36 (KHTML, like Gecko) Chrome/150.0.0.0 Safari/537.36"
190.84.119.116 - - [14/Jul/2026:19:28:59 +0000] "GET /callcenter/validar_callcenter.php HTTP/1.1" 200 7839 "http://www.asjudinet.com/menu_admin.php?ced=11788134&nom=MENGUAL%20RODRIGUEZ%20EDGARDO&aaa=645&cargo=645" "Mozilla/5.0 (Windows NT 10.0; Win64; x64) AppleWebKit/537.36 (KHTML, like Gecko) Chrome/150.0.0.0 Safari/537.36"
190.85.87.250 - - [14/Jul/2026:19:28:59 +0000] "GET /afinanciera/cartera_cargar_manual_deb.php?ced2=13747534&numcon=17859 HTTP/1.1" 200 250994 "http://www.asjudinet.com/afinanciera/cartera_consultar_cargar_deb.php" "Mozilla/5.0 (Windows NT 10.0; Win64; x64) AppleWebKit/537.36 (KHTML, like Gecko) Chrome/150.0.0.0 Safari/537.36"
190.85.191.209 - - [14/Jul/2026:19:29:00 +0000] "POST /validar_usuarios_pagina.php? HTTP/1.1" 200 144 "http://www.asjudinet.com/validar_usuarios_pagina.php" "Mozilla/5.0 (Windows NT 10.0; Win64; x64) AppleWebKit/537.36 (KHTML, like Gecko) Chrome/150.0.0.0 Safari/537.36"
190.85.191.209 - - [14/Jul/2026:19:29:00 +0000] "GET /servicio_cliente.php?cedula=71385546&nom=%20CALLE%20BETANCOUR%20JHOVAN&estado=EN%20CARTERA HTTP/1.1" 200 29238 "http://www.asjudinet.com/validar_usuarios_pagina.php?" "Mozilla/5.0 (Windows NT 10.0; Win64; x64) AppleWebKit/537.36 (KHTML, like Gecko) Chrome/150.0.0.0 Safari/537.36"
190.85.191.209 - - [14/Jul/2026:19:29:01 +0000] "GET /themes//style/style.css HTTP/1.1" 404 - "http://www.asjudinet.com/servicio_cliente.php?cedula=71385546&nom=%20CALLE%20BETANCOUR%20JHOVAN&estado=EN%20CARTERA" "Mozilla/5.0 (Windows NT 10.0; Win64; x64) AppleWebKit/537.36 (KHTML, like Gecko) Chrome/150.0.0.0 Safari/537.36"
190.85.191.209 - - [14/Jul/2026:19:29:03 +0000] "GET /Consultar_Respuestas_afiliados.php HTTP/1.1" 200 4374 "http://www.asjudinet.com/servicio_cliente.php?cedula=71385546&nom=%20CALLE%20BETANCOUR%20JHOVAN&estado=EN%20CARTERA" "Mozilla/5.0 (Windows NT 10.0; Win64; x64) AppleWebKit/537.36 (KHTML, like Gecko) Chrome/150.0.0.0 Safari/537.36"
190.84.119.116 - - [14/Jul/2026:19:29:03 +0000] "POST /callcenter/validar_callcenter.php HTTP/1.1" 200 7963 "http://www.asjudinet.com/callcenter/validar_callcenter.php" "Mozilla/5.0 (Windows NT 10.0; Win64; x64) AppleWebKit/537.36 (KHTML, like Gecko) Chrome/150.0.0.0 Safari/537.36"
190.84.119.116 - - [14/Jul/2026:19:29:03 +0000] "GET /callcenter/menu_callcenter.php?ced=11788134&nom=MENGUAL%20RODRIGUEZ%20EDGARDO HTTP/1.1" 200 11546 "http://www.asjudinet.com/callcenter/validar_callcenter.php" "Mozilla/5.0 (Windows NT 10.0; Win64; x64) AppleWebKit/537.36 (KHTML, like Gecko) Chrome/150.0.0.0 Safari/537.36"
190.84.119.116 - - [14/Jul/2026:19:29:06 +0000] "GET /callcenter/validar_abogado.php?ced=11788134&nom=MENGUAL%20RODRIGUEZ%20EDGARDO HTTP/1.1" 200 7944 "http://www.asjudinet.com/callcenter/menu_callcenter.php?ced=11788134&nom=MENGUAL%20RODRIGUEZ%20EDGARDO" "Mozilla/5.0 (Windows NT 10.0; Win64; x64) AppleWebKit/537.36 (KHTML, like Gecko) Chrome/150.0.0.0 Safari/537.36"
190.85.87.250 - - [14/Jul/2026:19:29:08 +0000] "POST /consulta_titu_benefi_sus.php?ced2=80134637&cedb=79690372&numcon=20892 HTTP/1.1" 200 6302 "http://www.asjudinet.com/consulta_titu_benefi_sus.php?ced2=80134637&cedb=79690372&numcon=20892" "Mozilla/5.0 (Windows NT 10.0; Win64; x64) AppleWebKit/537.36 (KHTML, like Gecko) Chrome/150.0.0.0 Safari/537.36"
190.84.119.116 - - [14/Jul/2026:19:29:09 +0000] "POST /callcenter/validar_abogado.php HTTP/1.1" 200 8033 "http://www.asjudinet.com/callcenter/validar_abogado.php?ced=11788134&nom=MENGUAL%20RODRIGUEZ%20EDGARDO" "Mozilla/5.0 (Windows NT 10.0; Win64; x64) AppleWebKit/537.36 (KHTML, like Gecko) Chrome/150.0.0.0 Safari/537.36"
190.84.119.116 - - [14/Jul/2026:19:29:09 +0000] "GET /callcenter/menu_abogados.php?ced=11788134&nom=MENGUAL%20RODRIGUEZ%20EDGARDO HTTP/1.1" 200 3518 "http://www.asjudinet.com/callcenter/validar_abogado.php" "Mozilla/5.0 (Windows NT 10.0; Win64; x64) AppleWebKit/537.36 (KHTML, like Gecko) Chrome/150.0.0.0 Safari/537.36"
190.85.87.250 - - [14/Jul/2026:19:29:08 +0000] "GET /cartera_consulta_titu_usuario.php?ced2=80134637&numcon=20892 HTTP/1.1" 200 268116 "http://www.asjudinet.com/consulta_titu_benefi_sus.php?ced2=80134637&cedb=79690372&numcon=20892" "Mozilla/5.0 (Windows NT 10.0; Win64; x64) AppleWebKit/537.36 (KHTML, like Gecko) Chrome/150.0.0.0 Safari/537.36"
190.85.191.209 - - [14/Jul/2026:19:29:10 +0000] "GET /Consultar_Respuestas_afiliados.php?Identificacion=71385546&submit=CONSULTAR HTTP/1.1" 200 7184 "http://www.asjudinet.com/Consultar_Respuestas_afiliados.php" "Mozilla/5.0 (Windows NT 10.0; Win64; x64) AppleWebKit/537.36 (KHTML, like Gecko) Chrome/150.0.0.0 Safari/537.36"
190.85.87.250 - - [14/Jul/2026:19:29:11 +0000] "POST /acobranzas/cobranzas_consulta_cartera1.php HTTP/1.1" 200 5968 "http://www.asjudinet.com/acobranzas/cobranzas_consulta_cartera1.php" "Mozilla/5.0 (Windows NT 10.0; Win64; x64) AppleWebKit/537.36 (KHTML, like Gecko) Chrome/150.0.0.0 Safari/537.36"
190.84.119.116 - - [14/Jul/2026:19:29:11 +0000] "GET /callcenter/listado_por_abogado.php?ced=11788134&nom=MENGUAL%20RODRIGUEZ%20EDGARDO HTTP/1.1" 200 56752 "http://www.asjudinet.com/callcenter/menu_abogados.php?ced=11788134&nom=MENGUAL%20RODRIGUEZ%20EDGARDO" "Mozilla/5.0 (Windows NT 10.0; Win64; x64) AppleWebKit/537.36 (KHTML, like Gecko) Chrome/150.0.0.0 Safari/537.36"
190.85.87.250 - - [14/Jul/2026:19:29:13 +0000] "GET /consulta_cartera.php HTTP/1.1" 200 4668 "http://www.asjudinet.com/cartera_consulta_titu_usuario.php?ced2=80134637&numcon=20892" "Mozilla/5.0 (Windows NT 10.0; Win64; x64) AppleWebKit/537.36 (KHTML, like Gecko) Chrome/150.0.0.0 Safari/537.36"
190.85.87.250 - - [14/Jul/2026:19:29:12 +0000] "GET /acobranzas/cobranzas_serviasju1.php?ced2=74170405&numcon=23253 HTTP/1.1" 200 16854 "http://www.asjudinet.com/acobranzas/cobranzas_consulta_cartera1.php" "Mozilla/5.0 (Windows NT 10.0; Win64; x64) AppleWebKit/537.36 (KHTML, like Gecko) Chrome/150.0.0.0 Safari/537.36"
190.85.87.250 - - [14/Jul/2026:19:29:12 +0000] "GET /acobranzas/cobranzas_serviasju1.php?ced2=74170405&numcon=23253 HTTP/1.1" 200 262558 "http://www.asjudinet.com/acobranzas/cobranzas_consulta_cartera1.php" "Mozilla/5.0 (Windows NT 10.0; Win64; x64) AppleWebKit/537.36 (KHTML, like Gecko) Chrome/150.0.0.0 Safari/537.36"
190.85.87.250 - - [14/Jul/2026:19:29:15 +0000] "GET /afinanciera/menu_datos_cartera_servi.php?ced=1031183811&nom=SISTEMAS%20JULIO%20GERARDO HTTP/1.1" 200 5230 "-" "Mozilla/5.0 (Windows NT 10.0; Win64; x64) AppleWebKit/537.36 (KHTML, like Gecko) Chrome/150.0.0.0 Safari/537.36"
190.85.87.250 - - [14/Jul/2026:19:29:17 +0000] "GET /afinanciera/cartera_bene_cons_ingre.php HTTP/1.1" 200 5178 "http://www.asjudinet.com/afinanciera/menu_datos_cartera_servi.php?ced=1031183811&nom=SISTEMAS%20JULIO%20GERARDO" "Mozilla/5.0 (Windows NT 10.0; Win64; x64) AppleWebKit/537.36 (KHTML, like Gecko) Chrome/150.0.0.0 Safari/537.36"
190.85.191.209 - - [14/Jul/2026:19:29:18 +0000] "GET /Visualizar_Mensajes.php?numra=378&Id=128264&Identificacion=71385546 HTTP/1.1" 200 6698 "http://www.asjudinet.com/Consultar_Respuestas_afiliados.php?Identificacion=71385546&submit=CONSULTAR" "Mozilla/5.0 (Windows NT 10.0; Win64; x64) AppleWebKit/537.36 (KHTML, like Gecko) Chrome/150.0.0.0 Safari/537.36"
190.85.87.250 - - [14/Jul/2026:19:29:25 +0000] "POST /afinanciera/cartera_bene_cons_ingre.php HTTP/1.1" 200 6022 "http://www.asjudinet.com/afinanciera/cartera_bene_cons_ingre.php" "Mozilla/5.0 (Windows NT 10.0; Win64; x64) AppleWebKit/537.36 (KHTML, like Gecko) Chrome/150.0.0.0 Safari/537.36"
190.85.87.250 - - [14/Jul/2026:19:29:24 +0000] "POST /afinanciera/cartera_cargar_manual_deb.php?ced2=13747534&numcon=17859 HTTP/1.1" 200 252747 "http://www.asjudinet.com/afinanciera/cartera_cargar_manual_deb.php?ced2=13747534&numcon=17859" "Mozilla/5.0 (Windows NT 10.0; Win64; x64) AppleWebKit/537.36 (KHTML, like Gecko) Chrome/150.0.0.0 Safari/537.36"
190.85.87.250 - - [14/Jul/2026:19:29:27 +0000] "GET /afinanciera/cartera_bene_ingresar.php?ced2=80134637&numcon=20892 HTTP/1.1" 200 10312 "http://www.asjudinet.com/afinanciera/cartera_bene_cons_ingre.php" "Mozilla/5.0 (Windows NT 10.0; Win64; x64) AppleWebKit/537.36 (KHTML, like Gecko) Chrome/150.0.0.0 Safari/537.36"
190.85.191.209 - - [14/Jul/2026:19:29:36 +0000] "GET /descargar_archivos.php?Id=65115 HTTP/1.1" 200 188091 "http://www.asjudinet.com/Visualizar_Mensajes.php?numra=378&Id=128264&Identificacion=71385546" "Mozilla/5.0 (Windows NT 10.0; Win64; x64) AppleWebKit/537.36 (KHTML, like Gecko) Chrome/150.0.0.0 Safari/537.36"
190.85.191.209 - - [14/Jul/2026:19:29:36 +0000] "GET /descargar_archivos.php?Id=65115 HTTP/1.1" 200 188091 "http://www.asjudinet.com/Visualizar_Mensajes.php?numra=378&Id=128264&Identificacion=71385546" "Mozilla/5.0 (Windows NT 10.0; Win64; x64) AppleWebKit/537.36 (KHTML, like Gecko) Chrome/150.0.0.0 Safari/537.36"
190.85.87.250 - - [14/Jul/2026:19:29:37 +0000] "POST /afinanciera/cartera_consultar_cargar_deb.php HTTP/1.1" 200 6054 "http://www.asjudinet.com/afinanciera/cartera_consultar_cargar_deb.php" "Mozilla/5.0 (Windows NT 10.0; Win64; x64) AppleWebKit/537.36 (KHTML, like Gecko) Chrome/150.0.0.0 Safari/537.36"
114.119.142.135 - - [14/Jul/2026:19:29:38 +0000] "GET /index.php/zzztvsa/39aayzpksh_liqzne72382/principal/Assets/principal/pages/pages/avigilajudicial/pages/avigilajudicial/val_usuarios.php HTTP/1.1" 200 54693 "http://www.asjudinet.com/index.php/zzztvsa/39aayzpksh_liqzne72382/principal/Assets/principal/pages/pages/avigilajudicial/pages/avigilajudicial/validar_vigi_judicial.php" "Mozilla/5.0 (Linux; Android 7.0;) AppleWebKit/537.36 (HTML, like Gecko) Mobile Safari/537.36 (compatible; PetalBot;+https://webmaster.petalsearch.com/site/petalbot)"
190.85.87.250 - - [14/Jul/2026:19:29:39 +0000] "GET /afinanciera/cartera_cargar_manual_deb.php?ced2=79981160&numcon=29444 HTTP/1.1" 200 188929 "http://www.asjudinet.com/afinanciera/cartera_consultar_cargar_deb.php" "Mozilla/5.0 (Windows NT 10.0; Win64; x64) AppleWebKit/537.36 (KHTML, like Gecko) Chrome/150.0.0.0 Safari/537.36"
185.104.164.179 - - [14/Jul/2026:19:29:41 +0000] "POST /callcenter/respuesta_contacto_afiliado_cerrar_ticket.php?cedulita=1007400513&numcon=49332&fecha=2026-06-03&atencion=106506&funcionario=34973320 HTTP/1.1" 200 18508 "http://www.asjudinet.com/callcenter/respuesta_contacto_afiliado_cerrar_ticket.php?cedulita=1007400513&numcon=49332&fecha=2026-06-03&atencion=106506&funcionario=34973320" "Mozilla/5.0 (Windows NT 10.0; Win64; x64) AppleWebKit/537.36 (KHTML, like Gecko) Chrome/150.0.0.0 Safari/537.36"
190.85.191.209 - - [14/Jul/2026:19:29:45 +0000] "GET /descargar_archivos.php?Id=65115 HTTP/1.1" 200 188091 "http://www.asjudinet.com/Visualizar_Mensajes.php?numra=378&Id=128264&Identificacion=71385546" "Mozilla/5.0 (Windows NT 10.0; Win64; x64) AppleWebKit/537.36 (KHTML, like Gecko) Chrome/150.0.0.0 Safari/537.36"
190.85.191.209 - - [14/Jul/2026:19:29:48 +0000] "GET /descargar_archivos.php?Id=65115 HTTP/1.1" 200 188091 "http://www.asjudinet.com/Visualizar_Mensajes.php?numra=378&Id=128264&Identificacion=71385546" "Mozilla/5.0 (Windows NT 10.0; Win64; x64) AppleWebKit/537.36 (KHTML, like Gecko) Chrome/150.0.0.0 Safari/537.36"
185.104.164.179 - - [14/Jul/2026:19:30:06 +0000] "POST /callcenter/php/modificar_ticket.php HTTP/1.1" 200 1 "http://www.asjudinet.com/callcenter/modificar_ticket_duplicado.php?ced=34973320&nom=JALAL%20JULIO%20YAMILE" "Mozilla/5.0 (Windows NT 10.0; Win64; x64) AppleWebKit/537.36 (KHTML, like Gecko) Chrome/150.0.0.0 Safari/537.36"
190.85.87.250 - - [14/Jul/2026:19:30:08 +0000] "POST /afinanciera/cartera_cargar_manual_deb.php?ced2=79981160&numcon=29444 HTTP/1.1" 200 190681 "http://www.asjudinet.com/afinanciera/cartera_cargar_manual_deb.php?ced2=79981160&numcon=29444" "Mozilla/5.0 (Windows NT 10.0; Win64; x64) AppleWebKit/537.36 (KHTML, like Gecko) Chrome/150.0.0.0 Safari/537.36"
185.104.164.179 - - [14/Jul/2026:19:30:16 +0000] "GET /callcenter/listado_zona_bogota_cerrar_ticket.php?ced=34973320&nom=JALAL%20JULIO%20YAMILE&prevMes=2 HTTP/1.1" 200 4829 "http://www.asjudinet.com/callcenter/menu_cerrar_tickets.php?ced=34973320&nom=JALAL%20JULIO%20YAMILE" "Mozilla/5.0 (Windows NT 10.0; Win64; x64) AppleWebKit/537.36 (KHTML, like Gecko) Chrome/150.0.0.0 Safari/537.36"
185.104.164.179 - - [14/Jul/2026:19:30:16 +0000] "POST /callcenter/php/listado_zona_bogota_cerrar_ticket.php?prevMes=%202 HTTP/1.1" 200 67426 "http://www.asjudinet.com/callcenter/listado_zona_bogota_cerrar_ticket.php?ced=34973320&nom=JALAL%20JULIO%20YAMILE&prevMes=2" "Mozilla/5.0 (Windows NT 10.0; Win64; x64) AppleWebKit/537.36 (KHTML, like Gecko) Chrome/150.0.0.0 Safari/537.36"
185.104.164.179 - - [14/Jul/2026:19:30:35 +0000] "GET /callcenter/respuesta_contacto_afiliado_cerrar_ticket.php?cedulita=15077556&numcon=7307&fecha=2026-06-18&atencion=106702&funcionario=34973320 HTTP/1.1" 200 18488 "http://www.asjudinet.com/callcenter/listado_zona_bogota_cerrar_ticket.php?ced=34973320&nom=JALAL%20JULIO%20YAMILE&prevMes=2" "Mozilla/5.0 (Windows NT 10.0; Win64; x64) AppleWebKit/537.36 (KHTML, like Gecko) Chrome/150.0.0.0 Safari/537.36"
216.244.66.232 - - [14/Jul/2026:19:30:49 +0000] "GET /robots.txt HTTP/1.1" 200 43 "-" "Mozilla/5.0 (compatible; DotBot/1.2; +https://opensiteexplorer.org/dotbot; help@moz.com)"
190.85.87.250 - - [14/Jul/2026:19:31:00 +0000] "POST /afinanciera/cartera_consultar_cargar_deb.php HTTP/1.1" 200 6046 "http://www.asjudinet.com/afinanciera/cartera_consultar_cargar_deb.php" "Mozilla/5.0 (Windows NT 10.0; Win64; x64) AppleWebKit/537.36 (KHTML, like Gecko) Chrome/150.0.0.0 Safari/537.36"
114.119.130.177 - - [14/Jul/2026:19:31:02 +0000] "GET /index.php/zzztvsa/39aayzpksh_liqzne72382/principal/Assets/principal/pages/pages/avigilajudicial/pages/avigilajudicial/formulario_seminario_dih.php HTTP/1.1" 200 54693 "http://www.asjudinet.com/index.php/zzztvsa/39aayzpksh_liqzne72382/principal/Assets/principal/pages/pages/avigilajudicial/pages/avigilajudicial/validar_vigi_judicial.php" "Mozilla/5.0 (Linux; Android 7.0;) AppleWebKit/537.36 (HTML, like Gecko) Mobile Safari/537.36 (compatible; PetalBot;+https://webmaster.petalsearch.com/site/petalbot)"
190.85.87.250 - - [14/Jul/2026:19:31:02 +0000] "GET /afinanciera/cartera_cargar_manual_deb.php?ced2=96193086&numcon=8211 HTTP/1.1" 200 328424 "http://www.asjudinet.com/afinanciera/cartera_consultar_cargar_deb.php" "Mozilla/5.0 (Windows NT 10.0; Win64; x64) AppleWebKit/537.36 (KHTML, like Gecko) Chrome/150.0.0.0 Safari/537.36"
