190.85.87.250 - - [14/Jul/2026:20:52:59 +0000] "POST /callcenter/solicitud_cita_ingreso.php?numcon=1519&cedulita=63302681&funcionario=1000505297 HTTP/1.1" 200 49330 "http://www.asjudinet.com/callcenter/solicitud_cita_ingreso.php?numcon=1519&cedulita=63302681&funcionario=1000505297" "Mozilla/5.0 (Windows NT 10.0; Win64; x64) AppleWebKit/537.36 (KHTML, like Gecko) Chrome/150.0.0.0 Safari/537.36"
190.85.87.250 - - [14/Jul/2026:20:53:00 +0000] "GET /afinanciera/menu_cartera_nomina.php HTTP/1.1" 200 23831 "http://www.asjudinet.com/afinanciera/cartera_consulta_titular_nom.php?ced2=7255146&numcon=2788&tipo=PIP" "Mozilla/5.0 (Windows NT 10.0; Win64; x64) AppleWebKit/537.36 (KHTML, like Gecko) Chrome/150.0.0.0 Safari/537.36"
190.85.87.250 - - [14/Jul/2026:20:53:01 +0000] "GET /callcenter/menu_callcenter.php?ced=1000505297&nom=CORTAZAR%20HERRERA%20SERGIO%20ALEJANDRO HTTP/1.1" 200 11876 "http://www.asjudinet.com/callcenter/solicitud_cita_ingreso.php?numcon=1519&cedulita=63302681&funcionario=1000505297" "Mozilla/5.0 (Windows NT 10.0; Win64; x64) AppleWebKit/537.36 (KHTML, like Gecko) Chrome/150.0.0.0 Safari/537.36"
190.85.87.250 - - [14/Jul/2026:20:53:02 +0000] "GET /callcenter/validar_recepcionistas.php?ced=1000505297&nom=CORTAZAR%20HERRERA%20SERGIO%20ALEJANDRO HTTP/1.1" 200 7971 "http://www.asjudinet.com/callcenter/menu_callcenter.php?ced=1000505297&nom=CORTAZAR%20HERRERA%20SERGIO%20ALEJANDRO" "Mozilla/5.0 (Windows NT 10.0; Win64; x64) AppleWebKit/537.36 (KHTML, like Gecko) Chrome/150.0.0.0 Safari/537.36"
190.85.87.250 - - [14/Jul/2026:20:53:03 +0000] "GET /css/bootstrap.min.css HTTP/1.1" 200 140930 "http://www.asjudinet.com/callcenter/validar_recepcionistas.php?ced=1000505297&nom=CORTAZAR%20HERRERA%20SERGIO%20ALEJANDRO" "Mozilla/5.0 (Windows NT 10.0; Win64; x64) AppleWebKit/537.36 (KHTML, like Gecko) Chrome/150.0.0.0 Safari/537.36"
190.85.87.250 - - [14/Jul/2026:20:53:04 +0000] "POST /callcenter/validar_recepcionistas.php HTTP/1.1" 200 8061 "http://www.asjudinet.com/callcenter/validar_recepcionistas.php?ced=1000505297&nom=CORTAZAR%20HERRERA%20SERGIO%20ALEJANDRO" "Mozilla/5.0 (Windows NT 10.0; Win64; x64) AppleWebKit/537.36 (KHTML, like Gecko) Chrome/150.0.0.0 Safari/537.36"
190.85.87.250 - - [14/Jul/2026:20:53:05 +0000] "GET /callcenter/solicitud_cita.php?ced=1000505297&nom=CORTAZAR%20HERRERA%20SERGIO%20ALEJANDRO HTTP/1.1" 200 5690 "http://www.asjudinet.com/callcenter/validar_recepcionistas.php" "Mozilla/5.0 (Windows NT 10.0; Win64; x64) AppleWebKit/537.36 (KHTML, like Gecko) Chrome/150.0.0.0 Safari/537.36"
190.85.87.250 - - [14/Jul/2026:20:53:07 +0000] "GET /consulta_cartera.php HTTP/1.1" 200 4668 "http://www.asjudinet.com/cartera_consulta_titu_usuario.php?ced2=63302681&numcon=1519" "Mozilla/5.0 (Windows NT 10.0; Win64; x64) AppleWebKit/537.36 (KHTML, like Gecko) Chrome/150.0.0.0 Safari/537.36"
190.85.87.250 - - [14/Jul/2026:20:53:08 +0000] "GET /consulta_ced_info_servi.php HTTP/1.1" 200 4523 "http://www.asjudinet.com/consulta_cartera.php" "Mozilla/5.0 (Windows NT 10.0; Win64; x64) AppleWebKit/537.36 (KHTML, like Gecko) Chrome/150.0.0.0 Safari/537.36"
114.119.142.179 - - [14/Jul/2026:20:53:09 +0000] "GET /index.php/zzztvsa/39aayzpksh_liqzne72382/pages/principal/pages/principal/ELEMENTS/principal/principal/soporteacademico.php HTTP/1.1" 200 54693 "http://www.asjudinet.com/index.php/zzztvsa/39aayzpksh_liqzne72382/pages/principal/pages/principal/ELEMENTS/principal/principal/soporteacademico.php" "Mozilla/5.0 (Linux; Android 7.0;) AppleWebKit/537.36 (HTML, like Gecko) Mobile Safari/537.36 (compatible; PetalBot;+https://webmaster.petalsearch.com/site/petalbot)"
190.85.191.209 - - [14/Jul/2026:20:53:08 +0000] "POST /afinanciera/cartera_cargar_manual_deb.php?ced2=1049412033&numcon=24844 HTTP/1.1" 200 244673 "http://www.asjudinet.com/afinanciera/cartera_cargar_manual_deb.php?ced2=1049412033&numcon=24844" "Mozilla/5.0 (Windows NT 10.0; Win64; x64) AppleWebKit/537.36 (KHTML, like Gecko) Chrome/150.0.0.0 Safari/537.36"
190.85.87.250 - - [14/Jul/2026:20:53:16 +0000] "GET /afinanciera/renovaciones_por_cedula.php HTTP/1.1" 200 5290 "http://www.asjudinet.com/afinanciera/menu_cartera_nomina.php" "Mozilla/5.0 (Windows NT 10.0; Win64; x64) AppleWebKit/537.36 (KHTML, like Gecko) Chrome/150.0.0.0 Safari/537.36"
190.85.87.250 - - [14/Jul/2026:20:53:21 +0000] "GET /menu_admin.php HTTP/1.1" 200 55572 "http://www.asjudinet.com/afinanciera/renovaciones_por_cedula.php" "Mozilla/5.0 (Windows NT 10.0; Win64; x64) AppleWebKit/537.36 (KHTML, like Gecko) Chrome/150.0.0.0 Safari/537.36"
190.85.191.209 - - [14/Jul/2026:20:53:31 +0000] "POST /afinanciera/cartera_cargar_manual_deb.php?ced2=1049412033&numcon=24844 HTTP/1.1" 200 246362 "http://www.asjudinet.com/afinanciera/cartera_cargar_manual_deb.php?ced2=1049412033&numcon=24844" "Mozilla/5.0 (Windows NT 10.0; Win64; x64) AppleWebKit/537.36 (KHTML, like Gecko) Chrome/150.0.0.0 Safari/537.36"
190.85.87.250 - - [14/Jul/2026:20:53:50 +0000] "GET /acobranzas/cobranzas_serviasju1.php?ced2=1049412033&numcon=24844 HTTP/1.1" 200 247198 "http://www.asjudinet.com/acobranzas/cobranzas_consulta_cartera1.php" "Mozilla/5.0 (Windows NT 10.0; Win64; x64) AppleWebKit/537.36 (KHTML, like Gecko) Chrome/150.0.0.0 Safari/537.36"
190.85.191.209 - - [14/Jul/2026:20:53:51 +0000] "POST /afinanciera/cartera_cargar_manual_deb.php?ced2=1049412033&numcon=24844 HTTP/1.1" 200 248051 "http://www.asjudinet.com/afinanciera/cartera_cargar_manual_deb.php?ced2=1049412033&numcon=24844" "Mozilla/5.0 (Windows NT 10.0; Win64; x64) AppleWebKit/537.36 (KHTML, like Gecko) Chrome/150.0.0.0 Safari/537.36"
190.85.87.250 - - [14/Jul/2026:20:54:10 +0000] "POST /afinanciera/cartera_consultar_cargar_deb.php HTTP/1.1" 200 6049 "http://www.asjudinet.com/afinanciera/cartera_consultar_cargar_deb.php" "Mozilla/5.0 (Windows NT 10.0; Win64; x64) AppleWebKit/537.36 (KHTML, like Gecko) Chrome/150.0.0.0 Safari/537.36"
190.85.87.250 - - [14/Jul/2026:20:54:11 +0000] "GET /afinanciera/cartera_cargar_manual_deb.php?ced2=94509689&numcon=25213 HTTP/1.1" 200 235405 "http://www.asjudinet.com/afinanciera/cartera_consultar_cargar_deb.php" "Mozilla/5.0 (Windows NT 10.0; Win64; x64) AppleWebKit/537.36 (KHTML, like Gecko) Chrome/150.0.0.0 Safari/537.36"
190.85.87.250 - - [14/Jul/2026:20:54:28 +0000] "GET /afinanciera/validar_nomina_cartera.php HTTP/1.1" 200 7804 "http://www.asjudinet.com/menu_admin.php" "Mozilla/5.0 (Windows NT 10.0; Win64; x64) AppleWebKit/537.36 (KHTML, like Gecko) Chrome/150.0.0.0 Safari/537.36"
190.85.87.250 - - [14/Jul/2026:20:54:31 +0000] "POST /afinanciera/validar_nomina_cartera.php HTTP/1.1" 500 133 "http://www.asjudinet.com/afinanciera/validar_nomina_cartera.php" "Mozilla/5.0 (Windows NT 10.0; Win64; x64) AppleWebKit/537.36 (KHTML, like Gecko) Chrome/150.0.0.0 Safari/537.36"
190.85.87.250 - - [14/Jul/2026:20:54:31 +0000] "GET /afinanciera/menu_cartera_nomina.php?ced=52202053&nom=FONSECA%20FUQUENE%20IRENE HTTP/1.1" 200 23831 "http://www.asjudinet.com/afinanciera/validar_nomina_cartera.php" "Mozilla/5.0 (Windows NT 10.0; Win64; x64) AppleWebKit/537.36 (KHTML, like Gecko) Chrome/150.0.0.0 Safari/537.36"
114.119.137.103 - - [14/Jul/2026:20:54:34 +0000] "GET /index.php/zzztvsa/39aayzpksh_liqzne72382/pages/principal/pages/pages/pages/principal/contactenos.php HTTP/1.1" 200 54693 "http://www.asjudinet.com/index.php/zzztvsa/39aayzpksh_liqzne72382/pages/principal/pages/pages/pages/principal/contactenos.php" "Mozilla/5.0 (Linux; Android 7.0;) AppleWebKit/537.36 (HTML, like Gecko) Mobile Safari/537.36 (compatible; PetalBot;+https://webmaster.petalsearch.com/site/petalbot)"
190.85.87.250 - - [14/Jul/2026:20:54:35 +0000] "GET /afinanciera/renovaciones_por_cedula.php HTTP/1.1" 200 5290 "http://www.asjudinet.com/afinanciera/menu_cartera_nomina.php?ced=52202053&nom=FONSECA%20FUQUENE%20IRENE" "Mozilla/5.0 (Windows NT 10.0; Win64; x64) AppleWebKit/537.36 (KHTML, like Gecko) Chrome/150.0.0.0 Safari/537.36"
190.85.87.250 - - [14/Jul/2026:20:54:35 +0000] "GET /acobranzas/cobranzas_serviasju1.php?ced2=1049412033&numcon=24844 HTTP/1.1" 200 248887 "http://www.asjudinet.com/acobranzas/cobranzas_consulta_cartera1.php" "Mozilla/5.0 (Windows NT 10.0; Win64; x64) AppleWebKit/537.36 (KHTML, like Gecko) Chrome/150.0.0.0 Safari/537.36"
190.85.87.250 - - [14/Jul/2026:20:54:54 +0000] "POST /afinanciera/cartera_cargar_manual_deb.php?ced2=94509689&numcon=25213 HTTP/1.1" 200 237159 "http://www.asjudinet.com/afinanciera/cartera_cargar_manual_deb.php?ced2=94509689&numcon=25213" "Mozilla/5.0 (Windows NT 10.0; Win64; x64) AppleWebKit/537.36 (KHTML, like Gecko) Chrome/150.0.0.0 Safari/537.36"
190.85.87.250 - - [14/Jul/2026:20:55:22 +0000] "POST /afinanciera/renovaciones_por_cedula.php HTTP/1.1" 200 6652 "http://www.asjudinet.com/afinanciera/renovaciones_por_cedula.php" "Mozilla/5.0 (Windows NT 10.0; Win64; x64) AppleWebKit/537.36 (KHTML, like Gecko) Chrome/150.0.0.0 Safari/537.36"
190.85.87.250 - - [14/Jul/2026:20:55:25 +0000] "GET /afinanciera/menu_cartera_debito.php?ced=1031124581&nom=PALOMA%20LINARES%20ANYI%20CATERIN HTTP/1.1" 200 38627 "-" "Mozilla/5.0 (Windows NT 10.0; Win64; x64) AppleWebKit/537.36 (KHTML, like Gecko) Chrome/150.0.0.0 Safari/537.36"
190.85.87.250 - - [14/Jul/2026:20:55:24 +0000] "GET /afinanciera/cartera_aplicar_renovacion.php?ced2=7255146&numcon=2788 HTTP/1.1" 200 484957 "http://www.asjudinet.com/afinanciera/renovaciones_por_cedula.php" "Mozilla/5.0 (Windows NT 10.0; Win64; x64) AppleWebKit/537.36 (KHTML, like Gecko) Chrome/150.0.0.0 Safari/537.36"
114.119.142.179 - - [14/Jul/2026:20:55:57 +0000] "GET /index.php/zzztvsa/39aayzpksh_liqzne72382/pages/principal/pages/pages/pages/pages/validar_usuarios_pagina.php HTTP/1.1" 200 54693 "http://www.asjudinet.com/index.php/zzztvsa/39aayzpksh_liqzne72382/pages/principal/pages/pages/pages/pages/menu_creditos_rotativos.php" "Mozilla/5.0 (Linux; Android 7.0;) AppleWebKit/537.36 (HTML, like Gecko) Mobile Safari/537.36 (compatible; PetalBot;+https://webmaster.petalsearch.com/site/petalbot)"
190.85.87.250 - - [14/Jul/2026:20:56:01 +0000] "GET /acobranzas/cobranzas_serviasju1.php?ced2=1049412033&numcon=24844 HTTP/1.1" 200 248887 "http://www.asjudinet.com/acobranzas/cobranzas_consulta_cartera1.php" "Mozilla/5.0 (Windows NT 10.0; Win64; x64) AppleWebKit/537.36 (KHTML, like Gecko) Chrome/150.0.0.0 Safari/537.36"
190.85.87.250 - - [14/Jul/2026:20:56:28 +0000] "GET /acobranzas/cobranzas_serviasju1.php?ced2=1049412033&numcon=24844 HTTP/1.1" 200 248887 "http://www.asjudinet.com/acobranzas/cobranzas_consulta_cartera1.php" "Mozilla/5.0 (Windows NT 10.0; Win64; x64) AppleWebKit/537.36 (KHTML, like Gecko) Chrome/150.0.0.0 Safari/537.36"
190.27.153.102 - - [14/Jul/2026:20:56:46 +0000] "GET /consulta_ced_info_servi.php HTTP/1.1" 200 4523 "http://www.asjudinet.com/consulta_cartera.php" "Mozilla/5.0 (Macintosh; Intel Mac OS X 10_15_7) AppleWebKit/537.36 (KHTML, like Gecko) Chrome/149.0.0.0 Safari/537.36"
190.85.87.250 - - [14/Jul/2026:20:56:47 +0000] "GET /callcenter/respuesta_sucursal.php?cedulita=79253848&numcon=7539&fecha=2026-07-14&atencion=107100&funcionario=79660662 HTTP/1.1" 200 15494 "http://www.asjudinet.com/callcenter/listado_por_sucursales.php?ced=79660662&nom=MORALES%20LOZANO%20JORGE%20LUIS&sucu=BOGOTA" "Mozilla/5.0 (Windows NT 10.0; Win64; x64) AppleWebKit/537.36 (KHTML, like Gecko) Chrome/125.0.0.0 Safari/537.36"
190.27.153.102 - - [14/Jul/2026:20:56:47 +0000] "GET /consulta_ced_info_servi.php HTTP/1.1" 200 4523 "http://www.asjudinet.com/consulta_cartera.php" "Mozilla/5.0 (Macintosh; Intel Mac OS X 10_15_7) AppleWebKit/537.36 (KHTML, like Gecko) Chrome/149.0.0.0 Safari/537.36"
190.85.87.250 - - [14/Jul/2026:20:56:49 +0000] "GET /menu_admin.php HTTP/1.1" 200 55572 "http://www.asjudinet.com/afinanciera/renovaciones_por_cedula.php" "Mozilla/5.0 (Windows NT 10.0; Win64; x64) AppleWebKit/537.36 (KHTML, like Gecko) Chrome/150.0.0.0 Safari/537.36"
190.27.153.102 - - [14/Jul/2026:20:56:51 +0000] "POST /consulta_ced_info_servi.php HTTP/1.1" 200 7782 "http://www.asjudinet.com/consulta_ced_info_servi.php" "Mozilla/5.0 (Macintosh; Intel Mac OS X 10_15_7) AppleWebKit/537.36 (KHTML, like Gecko) Chrome/149.0.0.0 Safari/537.36"
190.85.87.250 - - [14/Jul/2026:20:56:53 +0000] "GET /afinanciera/validar_menu_gerencia.php HTTP/1.1" 200 7828 "http://www.asjudinet.com/menu_admin.php" "Mozilla/5.0 (Windows NT 10.0; Win64; x64) AppleWebKit/537.36 (KHTML, like Gecko) Chrome/150.0.0.0 Safari/537.36"
190.85.87.250 - - [14/Jul/2026:20:56:56 +0000] "POST /afinanciera/validar_menu_gerencia.php HTTP/1.1" 200 7993 "http://www.asjudinet.com/afinanciera/validar_menu_gerencia.php" "Mozilla/5.0 (Windows NT 10.0; Win64; x64) AppleWebKit/537.36 (KHTML, like Gecko) Chrome/150.0.0.0 Safari/537.36"
190.85.191.209 - - [14/Jul/2026:20:56:54 +0000] "POST /afinanciera/cartera_cargar_manual_deb.php?ced2=1049412033&numcon=24844 HTTP/1.1" 200 249740 "http://www.asjudinet.com/afinanciera/cartera_cargar_manual_deb.php?ced2=1049412033&numcon=24844" "Mozilla/5.0 (Windows NT 10.0; Win64; x64) AppleWebKit/537.36 (KHTML, like Gecko) Chrome/150.0.0.0 Safari/537.36"
190.27.153.102 - - [14/Jul/2026:20:56:57 +0000] "GET /agendarse/cartera_consulta_titu_usuario.php?ced2=1095795848&numcon=A1108 HTTP/1.1" 200 34635 "http://www.asjudinet.com/consulta_ced_info_servi.php" "Mozilla/5.0 (Macintosh; Intel Mac OS X 10_15_7) AppleWebKit/537.36 (KHTML, like Gecko) Chrome/149.0.0.0 Safari/537.36"
190.85.87.250 - - [14/Jul/2026:20:56:59 +0000] "GET /afinanciera/validar_menu_gerencia.php HTTP/1.1" 200 7828 "http://www.asjudinet.com/afinanciera/validar_menu_gerencia.php" "Mozilla/5.0 (Windows NT 10.0; Win64; x64) AppleWebKit/537.36 (KHTML, like Gecko) Chrome/150.0.0.0 Safari/537.36"
190.85.87.250 - - [14/Jul/2026:20:57:02 +0000] "GET /menu_admin.php HTTP/1.1" 200 55572 "http://www.asjudinet.com/afinanciera/validar_menu_gerencia.php" "Mozilla/5.0 (Windows NT 10.0; Win64; x64) AppleWebKit/537.36 (KHTML, like Gecko) Chrome/150.0.0.0 Safari/537.36"
190.85.87.250 - - [14/Jul/2026:20:57:05 +0000] "GET /afinanciera/validar_nomina_cartera.php HTTP/1.1" 200 7804 "http://www.asjudinet.com/menu_admin.php" "Mozilla/5.0 (Windows NT 10.0; Win64; x64) AppleWebKit/537.36 (KHTML, like Gecko) Chrome/150.0.0.0 Safari/537.36"
190.85.87.250 - - [14/Jul/2026:20:57:07 +0000] "POST /afinanciera/validar_nomina_cartera.php HTTP/1.1" 500 133 "http://www.asjudinet.com/afinanciera/validar_nomina_cartera.php" "Mozilla/5.0 (Windows NT 10.0; Win64; x64) AppleWebKit/537.36 (KHTML, like Gecko) Chrome/150.0.0.0 Safari/537.36"
190.85.87.250 - - [14/Jul/2026:20:57:08 +0000] "GET /afinanciera/menu_cartera_nomina.php?ced=52202053&nom=FONSECA%20FUQUENE%20IRENE HTTP/1.1" 200 23831 "http://www.asjudinet.com/afinanciera/validar_nomina_cartera.php" "Mozilla/5.0 (Windows NT 10.0; Win64; x64) AppleWebKit/537.36 (KHTML, like Gecko) Chrome/150.0.0.0 Safari/537.36"
190.85.87.250 - - [14/Jul/2026:20:57:09 +0000] "GET /afinanciera/cartera_consul_titu_nom.php HTTP/1.1" 200 5244 "http://www.asjudinet.com/afinanciera/menu_cartera_nomina.php?ced=52202053&nom=FONSECA%20FUQUENE%20IRENE" "Mozilla/5.0 (Windows NT 10.0; Win64; x64) AppleWebKit/537.36 (KHTML, like Gecko) Chrome/150.0.0.0 Safari/537.36"
190.85.87.250 - - [14/Jul/2026:20:57:15 +0000] "GET /acobranzas/cobranzas_serviasju1.php?ced2=1049412033&numcon=24844 HTTP/1.1" 200 250576 "http://www.asjudinet.com/acobranzas/cobranzas_consulta_cartera1.php" "Mozilla/5.0 (Windows NT 10.0; Win64; x64) AppleWebKit/537.36 (KHTML, like Gecko) Chrome/150.0.0.0 Safari/537.36"
114.119.137.103 - - [14/Jul/2026:20:57:20 +0000] "GET /index.php/zzztvsa/39aayzpksh_liqzne72382/pages/principal/pages/pages/pages/avigilajudicial/val_usuarios.php HTTP/1.1" 200 54693 "http://www.asjudinet.com/index.php/zzztvsa/39aayzpksh_liqzne72382/pages/principal/pages/pages/pages/avigilajudicial/validar_usuarios_pagina.php" "Mozilla/5.0 (Linux; Android 7.0;) AppleWebKit/537.36 (HTML, like Gecko) Mobile Safari/537.36 (compatible; PetalBot;+https://webmaster.petalsearch.com/site/petalbot)"
190.85.87.250 - - [14/Jul/2026:20:57:23 +0000] "GET /afinanciera/cartera_consultar_cargar_deb.php HTTP/1.1" 200 5266 "http://www.asjudinet.com/afinanciera/menu_cartera_debito.php?ced=1031124581&nom=PALOMA%20LINARES%20ANYI%20CATERIN" "Mozilla/5.0 (Windows NT 10.0; Win64; x64) AppleWebKit/537.36 (KHTML, like Gecko) Chrome/150.0.0.0 Safari/537.36"
190.85.87.250 - - [14/Jul/2026:20:57:22 +0000] "POST /callcenter/respuesta_sucursal.php?cedulita=79253848&numcon=7539&fecha=2026-07-14&atencion=107100&funcionario=79660662 HTTP/1.1" 200 15965 "http://www.asjudinet.com/callcenter/respuesta_sucursal.php?cedulita=79253848&numcon=7539&fecha=2026-07-14&atencion=107100&funcionario=79660662" "Mozilla/5.0 (Windows NT 10.0; Win64; x64) AppleWebKit/537.36 (KHTML, like Gecko) Chrome/125.0.0.0 Safari/537.36"
190.85.87.250 - - [14/Jul/2026:20:57:25 +0000] "POST /afinanciera/cartera_consultar_cargar_deb.php HTTP/1.1" 200 6052 "http://www.asjudinet.com/afinanciera/cartera_consultar_cargar_deb.php" "Mozilla/5.0 (Windows NT 10.0; Win64; x64) AppleWebKit/537.36 (KHTML, like Gecko) Chrome/150.0.0.0 Safari/537.36"
190.85.87.250 - - [14/Jul/2026:20:57:27 +0000] "GET /afinanciera/cartera_cargar_manual_deb.php?ced2=14010721&numcon=35583 HTTP/1.1" 200 156323 "http://www.asjudinet.com/afinanciera/cartera_consultar_cargar_deb.php" "Mozilla/5.0 (Windows NT 10.0; Win64; x64) AppleWebKit/537.36 (KHTML, like Gecko) Chrome/150.0.0.0 Safari/537.36"
190.85.87.250 - - [14/Jul/2026:20:57:28 +0000] "POST /afinanciera/cartera_consul_titu_nom.php HTTP/1.1" 200 6106 "http://www.asjudinet.com/afinanciera/cartera_consul_titu_nom.php" "Mozilla/5.0 (Windows NT 10.0; Win64; x64) AppleWebKit/537.36 (KHTML, like Gecko) Chrome/150.0.0.0 Safari/537.36"
190.85.87.250 - - [14/Jul/2026:20:57:33 +0000] "GET /afinanciera/cartera_consulta_titular_nom.php?ced2=7255146&numcon=2788&tipo=PIP HTTP/1.1" 200 95493 "http://www.asjudinet.com/afinanciera/cartera_consul_titu_nom.php" "Mozilla/5.0 (Windows NT 10.0; Win64; x64) AppleWebKit/537.36 (KHTML, like Gecko) Chrome/150.0.0.0 Safari/537.36"
190.85.191.209 - - [14/Jul/2026:20:57:33 +0000] "POST /afinanciera/cartera_cargar_manual_deb.php?ced2=1049412033&numcon=24844 HTTP/1.1" 200 251429 "http://www.asjudinet.com/afinanciera/cartera_cargar_manual_deb.php?ced2=1049412033&numcon=24844" "Mozilla/5.0 (Windows NT 10.0; Win64; x64) AppleWebKit/537.36 (KHTML, like Gecko) Chrome/150.0.0.0 Safari/537.36"
190.85.87.250 - - [14/Jul/2026:20:57:44 +0000] "GET /acobranzas/cobranzas_serviasju1.php?ced2=1049412033&numcon=24844 HTTP/1.1" 200 252265 "http://www.asjudinet.com/acobranzas/cobranzas_consulta_cartera1.php" "Mozilla/5.0 (Windows NT 10.0; Win64; x64) AppleWebKit/537.36 (KHTML, like Gecko) Chrome/150.0.0.0 Safari/537.36"
190.85.87.250 - - [14/Jul/2026:20:58:11 +0000] "GET /afinanciera/menu_cartera_nomina.php HTTP/1.1" 200 23831 "http://www.asjudinet.com/afinanciera/cartera_consulta_titular_nom.php?ced2=7255146&numcon=2788&tipo=PIP" "Mozilla/5.0 (Windows NT 10.0; Win64; x64) AppleWebKit/537.36 (KHTML, like Gecko) Chrome/150.0.0.0 Safari/537.36"
190.85.87.250 - - [14/Jul/2026:20:58:09 +0000] "POST /afinanciera/cartera_cargar_manual_deb.php?ced2=14010721&numcon=35583 HTTP/1.1" 200 158076 "http://www.asjudinet.com/afinanciera/cartera_cargar_manual_deb.php?ced2=14010721&numcon=35583" "Mozilla/5.0 (Windows NT 10.0; Win64; x64) AppleWebKit/537.36 (KHTML, like Gecko) Chrome/150.0.0.0 Safari/537.36"
190.85.87.250 - - [14/Jul/2026:20:58:13 +0000] "GET /afinanciera/renovaciones_por_cedula.php HTTP/1.1" 200 5290 "http://www.asjudinet.com/afinanciera/menu_cartera_nomina.php" "Mozilla/5.0 (Windows NT 10.0; Win64; x64) AppleWebKit/537.36 (KHTML, like Gecko) Chrome/150.0.0.0 Safari/537.36"
190.85.87.250 - - [14/Jul/2026:20:58:18 +0000] "GET /menu_admin.php HTTP/1.1" 200 55572 "http://www.asjudinet.com/afinanciera/renovaciones_por_cedula.php" "Mozilla/5.0 (Windows NT 10.0; Win64; x64) AppleWebKit/537.36 (KHTML, like Gecko) Chrome/150.0.0.0 Safari/537.36"
190.85.87.250 - - [14/Jul/2026:20:58:18 +0000] "POST /afinanciera/cartera_consultar_cargar_deb.php HTTP/1.1" 200 6060 "http://www.asjudinet.com/afinanciera/cartera_consultar_cargar_deb.php" "Mozilla/5.0 (Windows NT 10.0; Win64; x64) AppleWebKit/537.36 (KHTML, like Gecko) Chrome/150.0.0.0 Safari/537.36"
190.85.87.250 - - [14/Jul/2026:20:58:22 +0000] "GET /afinanciera/validar_nomina_cartera.php HTTP/1.1" 200 7804 "http://www.asjudinet.com/menu_admin.php" "Mozilla/5.0 (Windows NT 10.0; Win64; x64) AppleWebKit/537.36 (KHTML, like Gecko) Chrome/150.0.0.0 Safari/537.36"
190.85.87.250 - - [14/Jul/2026:20:58:21 +0000] "GET /afinanciera/cartera_cargar_manual_deb.php?ced2=1014258883&numcon=4337 HTTP/1.1" 200 176605 "http://www.asjudinet.com/afinanciera/cartera_consultar_cargar_deb.php" "Mozilla/5.0 (Windows NT 10.0; Win64; x64) AppleWebKit/537.36 (KHTML, like Gecko) Chrome/150.0.0.0 Safari/537.36"
190.85.87.250 - - [14/Jul/2026:20:58:25 +0000] "POST /afinanciera/validar_nomina_cartera.php HTTP/1.1" 500 133 "http://www.asjudinet.com/afinanciera/validar_nomina_cartera.php" "Mozilla/5.0 (Windows NT 10.0; Win64; x64) AppleWebKit/537.36 (KHTML, like Gecko) Chrome/150.0.0.0 Safari/537.36"
190.85.87.250 - - [14/Jul/2026:20:58:25 +0000] "GET /afinanciera/menu_cartera_nomina.php?ced=52202053&nom=FONSECA%20FUQUENE%20IRENE HTTP/1.1" 200 23831 "http://www.asjudinet.com/afinanciera/validar_nomina_cartera.php" "Mozilla/5.0 (Windows NT 10.0; Win64; x64) AppleWebKit/537.36 (KHTML, like Gecko) Chrome/150.0.0.0 Safari/537.36"
190.85.87.250 - - [14/Jul/2026:20:58:27 +0000] "GET /afinanciera/renovaciones_por_cedula.php HTTP/1.1" 200 5290 "http://www.asjudinet.com/afinanciera/menu_cartera_nomina.php?ced=52202053&nom=FONSECA%20FUQUENE%20IRENE" "Mozilla/5.0 (Windows NT 10.0; Win64; x64) AppleWebKit/537.36 (KHTML, like Gecko) Chrome/150.0.0.0 Safari/537.36"
190.85.87.250 - - [14/Jul/2026:20:58:32 +0000] "POST /afinanciera/renovaciones_por_cedula.php HTTP/1.1" 200 6652 "http://www.asjudinet.com/afinanciera/renovaciones_por_cedula.php" "Mozilla/5.0 (Windows NT 10.0; Win64; x64) AppleWebKit/537.36 (KHTML, like Gecko) Chrome/150.0.0.0 Safari/537.36"
190.85.87.250 - - [14/Jul/2026:20:58:34 +0000] "GET /afinanciera/cartera_aplicar_renovacion.php?ced2=7255146&numcon=2788 HTTP/1.1" 200 484957 "http://www.asjudinet.com/afinanciera/renovaciones_por_cedula.php" "Mozilla/5.0 (Windows NT 10.0; Win64; x64) AppleWebKit/537.36 (KHTML, like Gecko) Chrome/150.0.0.0 Safari/537.36"
190.85.87.250 - - [14/Jul/2026:20:58:30 +0000] "GET /callcenter/listado_por_sucursales.php?ced=79660662&nom=MORALES%20LOZANO%20JORGE%20LUIS&sucu=BOGOTA HTTP/1.1" 200 8088 "-" "Mozilla/5.0 (Windows NT 10.0; Win64; x64) AppleWebKit/537.36 (KHTML, like Gecko) Chrome/125.0.0.0 Safari/537.36"
190.85.87.250 - - [14/Jul/2026:20:58:40 +0000] "POST /afinanciera/cartera_cargar_manual_deb.php?ced2=1014258883&numcon=4337 HTTP/1.1" 200 178357 "http://www.asjudinet.com/afinanciera/cartera_cargar_manual_deb.php?ced2=1014258883&numcon=4337" "Mozilla/5.0 (Windows NT 10.0; Win64; x64) AppleWebKit/537.36 (KHTML, like Gecko) Chrome/150.0.0.0 Safari/537.36"
114.119.128.77 - - [14/Jul/2026:20:58:44 +0000] "GET /index.php/zzztvsa/39aayzpksh_liqzne72382/pages/principal/pages/pages/avigilajudicial/pages/principal/val_usuarios.php HTTP/1.1" 200 54693 "http://www.asjudinet.com/index.php/zzztvsa/39aayzpksh_liqzne72382/pages/principal/pages/pages/avigilajudicial/pages/principal/casos_exito.php" "Mozilla/5.0 (Linux; Android 7.0;) AppleWebKit/537.36 (HTML, like Gecko) Mobile Safari/537.36 (compatible; PetalBot;+https://webmaster.petalsearch.com/site/petalbot)"
190.85.87.250 - - [14/Jul/2026:20:58:46 +0000] "GET /menu_admin.php HTTP/1.1" 302 55572 "http://www.asjudinet.com/afinanciera/cartera_cargar_manual_deb.php?ced2=1014258883&numcon=4337" "Mozilla/5.0 (Windows NT 10.0; Win64; x64) AppleWebKit/537.36 (KHTML, like Gecko) Chrome/150.0.0.0 Safari/537.36"
190.85.87.250 - - [14/Jul/2026:20:58:46 +0000] "GET / HTTP/1.1" 200 54693 "http://www.asjudinet.com/afinanciera/cartera_cargar_manual_deb.php?ced2=1014258883&numcon=4337" "Mozilla/5.0 (Windows NT 10.0; Win64; x64) AppleWebKit/537.36 (KHTML, like Gecko) Chrome/150.0.0.0 Safari/537.36"
190.85.87.250 - - [14/Jul/2026:20:58:51 +0000] "GET /callcenter/respuesta_sucursal.php?cedulita=79427010&numcon=9789&fecha=2026-07-14&atencion=107101&funcionario=79660662 HTTP/1.1" 200 15575 "http://www.asjudinet.com/callcenter/listado_por_sucursales.php?ced=79660662&nom=MORALES%20LOZANO%20JORGE%20LUIS&sucu=BOGOTA" "Mozilla/5.0 (Windows NT 10.0; Win64; x64) AppleWebKit/537.36 (KHTML, like Gecko) Chrome/125.0.0.0 Safari/537.36"
190.85.87.250 - - [14/Jul/2026:20:58:52 +0000] "POST /afinanciera/cartera_consultar_cargar_deb.php HTTP/1.1" 200 6940 "http://www.asjudinet.com/afinanciera/cartera_consultar_cargar_deb.php" "Mozilla/5.0 (Windows NT 10.0; Win64; x64) AppleWebKit/537.36 (KHTML, like Gecko) Chrome/150.0.0.0 Safari/537.36"
190.85.87.250 - - [14/Jul/2026:20:58:55 +0000] "GET /callcenter/respuesta_sucursal.php?cedulita=63302681&numcon=1519&fecha=2026-07-14&atencion=107102&funcionario=79660662 HTTP/1.1" 200 15666 "http://www.asjudinet.com/callcenter/listado_por_sucursales.php?ced=79660662&nom=MORALES%20LOZANO%20JORGE%20LUIS&sucu=BOGOTA" "Mozilla/5.0 (Windows NT 10.0; Win64; x64) AppleWebKit/537.36 (KHTML, like Gecko) Chrome/125.0.0.0 Safari/537.36"
190.85.87.250 - - [14/Jul/2026:20:58:55 +0000] "GET /afinanciera/cartera_cargar_manual_deb.php?ced2=98645402&numcon=471A HTTP/1.1" 200 13062 "http://www.asjudinet.com/afinanciera/cartera_consultar_cargar_deb.php" "Mozilla/5.0 (Windows NT 10.0; Win64; x64) AppleWebKit/537.36 (KHTML, like Gecko) Chrome/150.0.0.0 Safari/537.36"
190.85.87.250 - - [14/Jul/2026:20:58:58 +0000] "GET /afinanciera/cartera_cargar_manual_deb.php?ced2=98645402&numcon=100019 HTTP/1.1" 200 142875 "http://www.asjudinet.com/afinanciera/cartera_consultar_cargar_deb.php" "Mozilla/5.0 (Windows NT 10.0; Win64; x64) AppleWebKit/537.36 (KHTML, like Gecko) Chrome/150.0.0.0 Safari/537.36"
190.85.87.250 - - [14/Jul/2026:20:59:21 +0000] "POST /consulta_ced_info_servi.php HTTP/1.1" 200 6181 "http://www.asjudinet.com/consulta_ced_info_servi.php" "Mozilla/5.0 (Windows NT 10.0; Win64; x64) AppleWebKit/537.36 (KHTML, like Gecko) Chrome/150.0.0.0 Safari/537.36"
190.85.87.250 - - [14/Jul/2026:20:59:21 +0000] "POST /afinanciera/cartera_aplicar_renovacion.php?ced2=7255146&numcon=2788 HTTP/1.1" 200 485033 "http://www.asjudinet.com/afinanciera/cartera_aplicar_renovacion.php?ced2=7255146&numcon=2788" "Mozilla/5.0 (Windows NT 10.0; Win64; x64) AppleWebKit/537.36 (KHTML, like Gecko) Chrome/150.0.0.0 Safari/537.36"
190.85.87.250 - - [14/Jul/2026:20:59:27 +0000] "GET /agendarse/cartera_consulta_titu_usuario.php?ced2=94062374&numcon=A974 HTTP/1.1" 200 56672 "http://www.asjudinet.com/consulta_ced_info_servi.php" "Mozilla/5.0 (Windows NT 10.0; Win64; x64) AppleWebKit/537.36 (KHTML, like Gecko) Chrome/150.0.0.0 Safari/537.36"
190.85.87.250 - - [14/Jul/2026:20:59:33 +0000] "GET /menu_admin.php HTTP/1.1" 200 55572 "http://www.asjudinet.com/afinanciera/renovaciones_por_cedula.php" "Mozilla/5.0 (Windows NT 10.0; Win64; x64) AppleWebKit/537.36 (KHTML, like Gecko) Chrome/150.0.0.0 Safari/537.36"
190.85.87.250 - - [14/Jul/2026:20:59:37 +0000] "GET /afinanciera/validar_nomina_cartera.php HTTP/1.1" 200 7804 "http://www.asjudinet.com/menu_admin.php" "Mozilla/5.0 (Windows NT 10.0; Win64; x64) AppleWebKit/537.36 (KHTML, like Gecko) Chrome/150.0.0.0 Safari/537.36"
190.85.87.250 - - [14/Jul/2026:20:59:53 +0000] "POST /afinanciera/cartera_cargar_manual_deb.php?ced2=98645402&numcon=100019 HTTP/1.1" 200 144628 "http://www.asjudinet.com/afinanciera/cartera_cargar_manual_deb.php?ced2=98645402&numcon=100019" "Mozilla/5.0 (Windows NT 10.0; Win64; x64) AppleWebKit/537.36 (KHTML, like Gecko) Chrome/150.0.0.0 Safari/537.36"
114.119.136.100 - - [14/Jul/2026:21:00:07 +0000] "GET /index.php/zzztvsa/39aayzpksh_liqzne72382/pages/principal/pages/pages/avigilajudicial/pages/principal/index.php HTTP/1.1" 200 54693 "http://www.asjudinet.com/index.php/zzztvsa/39aayzpksh_liqzne72382/pages/principal/pages/pages/avigilajudicial/pages/principal/casos_exito.php" "Mozilla/5.0 (Linux; Android 7.0;) AppleWebKit/537.36 (HTML, like Gecko) Mobile Safari/537.36 (compatible; PetalBot;+https://webmaster.petalsearch.com/site/petalbot)"
190.85.87.250 - - [14/Jul/2026:21:00:12 +0000] "POST /afinanciera/cartera_consultar_cargar_deb.php HTTP/1.1" 200 6930 "http://www.asjudinet.com/afinanciera/cartera_consultar_cargar_deb.php" "Mozilla/5.0 (Windows NT 10.0; Win64; x64) AppleWebKit/537.36 (KHTML, like Gecko) Chrome/150.0.0.0 Safari/537.36"
190.85.87.250 - - [14/Jul/2026:21:00:13 +0000] "POST /afinanciera/validar_nomina_cartera.php HTTP/1.1" 500 175 "http://www.asjudinet.com/afinanciera/validar_nomina_cartera.php" "Mozilla/5.0 (Windows NT 10.0; Win64; x64) AppleWebKit/537.36 (KHTML, like Gecko) Chrome/150.0.0.0 Safari/537.36"
190.85.87.250 - - [14/Jul/2026:21:00:15 +0000] "GET /afinanciera/validar_nomina_cartera.php HTTP/1.1" 200 7804 "http://www.asjudinet.com/afinanciera/validar_nomina_cartera.php" "Mozilla/5.0 (Windows NT 10.0; Win64; x64) AppleWebKit/537.36 (KHTML, like Gecko) Chrome/150.0.0.0 Safari/537.36"
190.85.87.250 - - [14/Jul/2026:21:00:17 +0000] "GET /menu_admin.php HTTP/1.1" 200 55572 "http://www.asjudinet.com/afinanciera/validar_nomina_cartera.php" "Mozilla/5.0 (Windows NT 10.0; Win64; x64) AppleWebKit/537.36 (KHTML, like Gecko) Chrome/150.0.0.0 Safari/537.36"
190.85.87.250 - - [14/Jul/2026:21:00:17 +0000] "GET /afinanciera/cartera_cargar_manual_deb.php?ced2=7062347&numcon=2090 HTTP/1.1" 200 149552 "http://www.asjudinet.com/afinanciera/cartera_consultar_cargar_deb.php" "Mozilla/5.0 (Windows NT 10.0; Win64; x64) AppleWebKit/537.36 (KHTML, like Gecko) Chrome/150.0.0.0 Safari/537.36"
190.85.87.250 - - [14/Jul/2026:21:00:21 +0000] "GET /afinanciera/validar_nomina_cartera.php HTTP/1.1" 200 7804 "http://www.asjudinet.com/menu_admin.php" "Mozilla/5.0 (Windows NT 10.0; Win64; x64) AppleWebKit/537.36 (KHTML, like Gecko) Chrome/150.0.0.0 Safari/537.36"
190.85.87.250 - - [14/Jul/2026:21:00:23 +0000] "POST /afinanciera/validar_nomina_cartera.php HTTP/1.1" 500 133 "http://www.asjudinet.com/afinanciera/validar_nomina_cartera.php" "Mozilla/5.0 (Windows NT 10.0; Win64; x64) AppleWebKit/537.36 (KHTML, like Gecko) Chrome/150.0.0.0 Safari/537.36"
190.85.87.250 - - [14/Jul/2026:21:00:23 +0000] "GET /afinanciera/menu_cartera_nomina.php?ced=52202053&nom=FONSECA%20FUQUENE%20IRENE HTTP/1.1" 200 23831 "http://www.asjudinet.com/afinanciera/validar_nomina_cartera.php" "Mozilla/5.0 (Windows NT 10.0; Win64; x64) AppleWebKit/537.36 (KHTML, like Gecko) Chrome/150.0.0.0 Safari/537.36"
190.85.87.250 - - [14/Jul/2026:21:00:55 +0000] "POST /afinanciera/cartera_cargar_manual_deb.php?ced2=7062347&numcon=2090 HTTP/1.1" 200 151300 "http://www.asjudinet.com/afinanciera/cartera_cargar_manual_deb.php?ced2=7062347&numcon=2090" "Mozilla/5.0 (Windows NT 10.0; Win64; x64) AppleWebKit/537.36 (KHTML, like Gecko) Chrome/150.0.0.0 Safari/537.36"
190.85.87.250 - - [14/Jul/2026:21:01:08 +0000] "POST /afinanciera/cartera_consultar_cargar_deb.php HTTP/1.1" 200 6499 "http://www.asjudinet.com/afinanciera/cartera_consultar_cargar_deb.php" "Mozilla/5.0 (Windows NT 10.0; Win64; x64) AppleWebKit/537.36 (KHTML, like Gecko) Chrome/150.0.0.0 Safari/537.36"
190.85.87.250 - - [14/Jul/2026:21:01:11 +0000] "GET /afinanciera/cartera_cargar_manual_deb.php?ced2=73165025&numcon=4410A HTTP/1.1" 200 166485 "http://www.asjudinet.com/afinanciera/cartera_consultar_cargar_deb.php" "Mozilla/5.0 (Windows NT 10.0; Win64; x64) AppleWebKit/537.36 (KHTML, like Gecko) Chrome/150.0.0.0 Safari/537.36"
114.119.136.100 - - [14/Jul/2026:21:01:30 +0000] "GET /index.php/zzztvsa/39aayzpksh_liqzne72382/pages/principal/pages/pages/avigilajudicial/avigilajudicial/avigilajudicial/formulario_seminario_dih.php HTTP/1.1" 200 54693 "http://www.asjudinet.com/index.php/zzztvsa/39aayzpksh_liqzne72382/pages/principal/pages/pages/avigilajudicial/avigilajudicial/avigilajudicial/formulario_seminario_dih.php" "Mozilla/5.0 (Linux; Android 7.0;) AppleWebKit/537.36 (HTML, like Gecko) Mobile Safari/537.36 (compatible; PetalBot;+https://webmaster.petalsearch.com/site/petalbot)"
190.85.87.250 - - [14/Jul/2026:21:01:28 +0000] "GET /callcenter/listado_por_sucursales.php?ced=79660662&nom=MORALES%20LOZANO%20JORGE%20LUIS&sucu=BOGOTA HTTP/1.1" 200 7515 "-" "Mozilla/5.0 (Windows NT 10.0; Win64; x64) AppleWebKit/537.36 (KHTML, like Gecko) Chrome/125.0.0.0 Safari/537.36"
190.85.87.250 - - [14/Jul/2026:21:01:36 +0000] "POST /afinanciera/cartera_cargar_manual_deb.php?ced2=73165025&numcon=4410A HTTP/1.1" 200 168234 "http://www.asjudinet.com/afinanciera/cartera_cargar_manual_deb.php?ced2=73165025&numcon=4410A" "Mozilla/5.0 (Windows NT 10.0; Win64; x64) AppleWebKit/537.36 (KHTML, like Gecko) Chrome/150.0.0.0 Safari/537.36"
190.85.87.250 - - [14/Jul/2026:21:01:50 +0000] "POST /afinanciera/cartera_consultar_cargar_deb.php HTTP/1.1" 200 6058 "http://www.asjudinet.com/afinanciera/cartera_consultar_cargar_deb.php" "Mozilla/5.0 (Windows NT 10.0; Win64; x64) AppleWebKit/537.36 (KHTML, like Gecko) Chrome/150.0.0.0 Safari/537.36"
190.85.87.250 - - [14/Jul/2026:21:01:52 +0000] "GET /afinanciera/cartera_cargar_manual_deb.php?ced2=1060648486&numcon=I0527 HTTP/1.1" 200 105580 "http://www.asjudinet.com/afinanciera/cartera_consultar_cargar_deb.php" "Mozilla/5.0 (Windows NT 10.0; Win64; x64) AppleWebKit/537.36 (KHTML, like Gecko) Chrome/150.0.0.0 Safari/537.36"
190.85.87.250 - - [14/Jul/2026:21:02:06 +0000] "GET /callcenter/listado_acciones_constitucionales.php?ced=1000940633&nom=ROA%20PEDRAZA%20DANIEL HTTP/1.1" 200 4441 "http://www.asjudinet.com/callcenter/menu_acciones_constitucionales.php?ced=1000940633&nom=ROA%20PEDRAZA%20DANIEL" "Mozilla/5.0 (Windows NT 10.0; Win64; x64) AppleWebKit/537.36 (KHTML, like Gecko) Chrome/150.0.0.0 Safari/537.36"
190.85.87.250 - - [14/Jul/2026:21:02:06 +0000] "GET /favicon.ico HTTP/1.1" 200 9036 "http://www.asjudinet.com/callcenter/listado_acciones_constitucionales.php?ced=1000940633&nom=ROA%20PEDRAZA%20DANIEL" "Mozilla/5.0 (Windows NT 10.0; Win64; x64) AppleWebKit/537.36 (KHTML, like Gecko) Chrome/150.0.0.0 Safari/537.36"
190.85.87.250 - - [14/Jul/2026:21:02:17 +0000] "POST /afinanciera/cartera_cargar_manual_deb.php?ced2=1060648486&numcon=I0527 HTTP/1.1" 200 107329 "http://www.asjudinet.com/afinanciera/cartera_cargar_manual_deb.php?ced2=1060648486&numcon=I0527" "Mozilla/5.0 (Windows NT 10.0; Win64; x64) AppleWebKit/537.36 (KHTML, like Gecko) Chrome/150.0.0.0 Safari/537.36"
190.85.87.250 - - [14/Jul/2026:21:02:29 +0000] "POST /afinanciera/cartera_consultar_cargar_deb.php HTTP/1.1" 200 6056 "http://www.asjudinet.com/afinanciera/cartera_consultar_cargar_deb.php" "Mozilla/5.0 (Windows NT 10.0; Win64; x64) AppleWebKit/537.36 (KHTML, like Gecko) Chrome/150.0.0.0 Safari/537.36"
190.85.87.250 - - [14/Jul/2026:21:02:32 +0000] "GET /afinanciera/cartera_cargar_manual_deb.php?ced2=73097027&numcon=29112 HTTP/1.1" 200 100534 "http://www.asjudinet.com/afinanciera/cartera_consultar_cargar_deb.php" "Mozilla/5.0 (Windows NT 10.0; Win64; x64) AppleWebKit/537.36 (KHTML, like Gecko) Chrome/150.0.0.0 Safari/537.36"
114.119.136.100 - - [14/Jul/2026:21:02:54 +0000] "GET /index.php/zzztvsa/39aayzpksh_liqzne72382/pages/principal/pages/pages/ELEMENTS/principal/principal/testimonios.php HTTP/1.1" 200 54693 "http://www.asjudinet.com/index.php/zzztvsa/39aayzpksh_liqzne72382/pages/principal/pages/pages/ELEMENTS/principal/index.php" "Mozilla/5.0 (Linux; Android 7.0;) AppleWebKit/537.36 (HTML, like Gecko) Mobile Safari/537.36 (compatible; PetalBot;+https://webmaster.petalsearch.com/site/petalbot)"
190.85.87.250 - - [14/Jul/2026:21:02:57 +0000] "POST /afinanciera/cartera_cargar_manual_deb.php?ced2=73097027&numcon=29112 HTTP/1.1" 200 102283 "http://www.asjudinet.com/afinanciera/cartera_cargar_manual_deb.php?ced2=73097027&numcon=29112" "Mozilla/5.0 (Windows NT 10.0; Win64; x64) AppleWebKit/537.36 (KHTML, like Gecko) Chrome/150.0.0.0 Safari/537.36"
190.85.87.250 - - [14/Jul/2026:21:03:06 +0000] "POST /afinanciera/cartera_consultar_cargar_deb.php HTTP/1.1" 200 6063 "http://www.asjudinet.com/afinanciera/cartera_consultar_cargar_deb.php" "Mozilla/5.0 (Windows NT 10.0; Win64; x64) AppleWebKit/537.36 (KHTML, like Gecko) Chrome/150.0.0.0 Safari/537.36"
190.85.87.250 - - [14/Jul/2026:21:03:09 +0000] "GET /afinanciera/cartera_cargar_manual_deb.php?ced2=94496248&numcon=36152 HTTP/1.1" 200 103894 "http://www.asjudinet.com/afinanciera/cartera_consultar_cargar_deb.php" "Mozilla/5.0 (Windows NT 10.0; Win64; x64) AppleWebKit/537.36 (KHTML, like Gecko) Chrome/150.0.0.0 Safari/537.36"
190.85.87.250 - - [14/Jul/2026:21:03:30 +0000] "POST /afinanciera/cartera_cargar_manual_deb.php?ced2=94496248&numcon=36152 HTTP/1.1" 200 105643 "http://www.asjudinet.com/afinanciera/cartera_cargar_manual_deb.php?ced2=94496248&numcon=36152" "Mozilla/5.0 (Windows NT 10.0; Win64; x64) AppleWebKit/537.36 (KHTML, like Gecko) Chrome/150.0.0.0 Safari/537.36"
190.85.87.250 - - [14/Jul/2026:21:03:40 +0000] "POST /afinanciera/cartera_consultar_cargar_deb.php HTTP/1.1" 200 6058 "http://www.asjudinet.com/afinanciera/cartera_consultar_cargar_deb.php" "Mozilla/5.0 (Windows NT 10.0; Win64; x64) AppleWebKit/537.36 (KHTML, like Gecko) Chrome/150.0.0.0 Safari/537.36"
190.85.87.250 - - [14/Jul/2026:21:03:41 +0000] "GET /afinanciera/cartera_cargar_manual_deb.php?ced2=5292286&numcon=100004 HTTP/1.1" 200 158015 "http://www.asjudinet.com/afinanciera/cartera_consultar_cargar_deb.php" "Mozilla/5.0 (Windows NT 10.0; Win64; x64) AppleWebKit/537.36 (KHTML, like Gecko) Chrome/150.0.0.0 Safari/537.36"
190.85.87.250 - - [14/Jul/2026:21:04:10 +0000] "POST /afinanciera/cartera_cargar_manual_deb.php?ced2=5292286&numcon=100004 HTTP/1.1" 200 159764 "http://www.asjudinet.com/afinanciera/cartera_cargar_manual_deb.php?ced2=5292286&numcon=100004" "Mozilla/5.0 (Windows NT 10.0; Win64; x64) AppleWebKit/537.36 (KHTML, like Gecko) Chrome/150.0.0.0 Safari/537.36"
114.119.128.77 - - [14/Jul/2026:21:04:17 +0000] "GET /index.php/zzztvsa/39aayzpksh_liqzne72382/pages/principal/pages/avigilajudicial/principal/val_usuarios.php HTTP/1.1" 200 54693 "http://www.asjudinet.com/index.php/zzztvsa/39aayzpksh_liqzne72382/pages/principal/pages/avigilajudicial/principal/val_usuarios.php" "Mozilla/5.0 (Linux; Android 7.0;) AppleWebKit/537.36 (HTML, like Gecko) Mobile Safari/537.36 (compatible; PetalBot;+https://webmaster.petalsearch.com/site/petalbot)"
190.85.87.250 - - [14/Jul/2026:21:04:29 +0000] "POST /afinanciera/cartera_consultar_cargar_deb.php HTTP/1.1" 200 6058 "http://www.asjudinet.com/afinanciera/cartera_consultar_cargar_deb.php" "Mozilla/5.0 (Windows NT 10.0; Win64; x64) AppleWebKit/537.36 (KHTML, like Gecko) Chrome/150.0.0.0 Safari/537.36"
190.85.87.250 - - [14/Jul/2026:21:04:31 +0000] "GET /afinanciera/cartera_cargar_manual_deb.php?ced2=1122139656&numcon=4346 HTTP/1.1" 200 174922 "http://www.asjudinet.com/afinanciera/cartera_consultar_cargar_deb.php" "Mozilla/5.0 (Windows NT 10.0; Win64; x64) AppleWebKit/537.36 (KHTML, like Gecko) Chrome/150.0.0.0 Safari/537.36"
190.85.87.250 - - [14/Jul/2026:21:05:16 +0000] "POST /afinanciera/cartera_cargar_manual_deb.php?ced2=1122139656&numcon=4346 HTTP/1.1" 200 176671 "http://www.asjudinet.com/afinanciera/cartera_cargar_manual_deb.php?ced2=1122139656&numcon=4346" "Mozilla/5.0 (Windows NT 10.0; Win64; x64) AppleWebKit/537.36 (KHTML, like Gecko) Chrome/150.0.0.0 Safari/537.36"
114.119.137.103 - - [14/Jul/2026:21:05:40 +0000] "GET /index.php/zzztvsa/39aayzpksh_liqzne72382/pages/principal/pages/ELEMENTS/principal/principal/lista_email.php HTTP/1.1" 200 54693 "http://www.asjudinet.com/index.php/zzztvsa/39aayzpksh_liqzne72382/pages/principal/pages/ELEMENTS/principal/validar_usuarios_pagina.php" "Mozilla/5.0 (Linux; Android 7.0;) AppleWebKit/537.36 (HTML, like Gecko) Mobile Safari/537.36 (compatible; PetalBot;+https://webmaster.petalsearch.com/site/petalbot)"
190.85.87.250 - - [14/Jul/2026:21:05:41 +0000] "GET /menu_admin.php HTTP/1.1" 302 55572 "http://www.asjudinet.com/afinanciera/cartera_consultar_cargar_deb.php" "Mozilla/5.0 (Windows NT 10.0; Win64; x64) AppleWebKit/537.36 (KHTML, like Gecko) Chrome/150.0.0.0 Safari/537.36"
190.85.87.250 - - [14/Jul/2026:21:05:41 +0000] "GET / HTTP/1.1" 200 54693 "http://www.asjudinet.com/afinanciera/cartera_consultar_cargar_deb.php" "Mozilla/5.0 (Windows NT 10.0; Win64; x64) AppleWebKit/537.36 (KHTML, like Gecko) Chrome/150.0.0.0 Safari/537.36"
190.85.87.250 - - [14/Jul/2026:21:05:44 +0000] "GET /ELEMENTS/principal/i1.jpg HTTP/1.1" 200 60192 "http://www.asjudinet.com/css/asjudinet.css" "Mozilla/5.0 (Windows NT 10.0; Win64; x64) AppleWebKit/537.36 (KHTML, like Gecko) Chrome/150.0.0.0 Safari/537.36"
190.85.87.250 - - [14/Jul/2026:21:05:48 +0000] "GET /ELEMENTS/principal/i4.jpg HTTP/1.1" 200 42781 "http://www.asjudinet.com/css/asjudinet.css" "Mozilla/5.0 (Windows NT 10.0; Win64; x64) AppleWebKit/537.36 (KHTML, like Gecko) Chrome/150.0.0.0 Safari/537.36"
190.85.87.250 - - [14/Jul/2026:21:05:50 +0000] "GET /ELEMENTS/principal/i2.jpg HTTP/1.1" 200 44952 "http://www.asjudinet.com/css/asjudinet.css" "Mozilla/5.0 (Windows NT 10.0; Win64; x64) AppleWebKit/537.36 (KHTML, like Gecko) Chrome/150.0.0.0 Safari/537.36"
216.244.66.232 - - [14/Jul/2026:21:05:55 +0000] "GET /robots.txt HTTP/1.1" 200 43 "-" "Mozilla/5.0 (compatible; DotBot/1.2; +https://opensiteexplorer.org/dotbot; help@moz.com)"
190.85.87.250 - - [14/Jul/2026:21:06:02 +0000] "GET /afinanciera/cartera_consul_titu_nom.php HTTP/1.1" 200 5244 "http://www.asjudinet.com/afinanciera/menu_cartera_nomina.php?ced=52202053&nom=FONSECA%20FUQUENE%20IRENE" "Mozilla/5.0 (Windows NT 10.0; Win64; x64) AppleWebKit/537.36 (KHTML, like Gecko) Chrome/150.0.0.0 Safari/537.36"
190.85.87.250 - - [14/Jul/2026:21:06:05 +0000] "POST /afinanciera/cartera_consul_titu_nom.php HTTP/1.1" 200 6119 "http://www.asjudinet.com/afinanciera/cartera_consul_titu_nom.php" "Mozilla/5.0 (Windows NT 10.0; Win64; x64) AppleWebKit/537.36 (KHTML, like Gecko) Chrome/150.0.0.0 Safari/537.36"
190.85.87.250 - - [14/Jul/2026:21:06:10 +0000] "GET /afinanciera/cartera_consulta_titular_nom.php?ced2=9146525&numcon=23625&tipo=COA01 HTTP/1.1" 200 57579 "http://www.asjudinet.com/afinanciera/cartera_consul_titu_nom.php" "Mozilla/5.0 (Windows NT 10.0; Win64; x64) AppleWebKit/537.36 (KHTML, like Gecko) Chrome/150.0.0.0 Safari/537.36"
190.85.87.250 - - [14/Jul/2026:21:06:38 +0000] "POST /consulta_ced_info_servi.php HTTP/1.1" 200 6141 "http://www.asjudinet.com/consulta_ced_info_servi.php" "Mozilla/5.0 (Windows NT 10.0; Win64; x64) AppleWebKit/537.36 (KHTML, like Gecko) Chrome/150.0.0.0 Safari/537.36"
190.85.87.250 - - [14/Jul/2026:21:07:00 +0000] "GET /afinanciera/menu_cartera_debito.php?ced=1031124581&nom=PALOMA%20LINARES%20ANYI%20CATERIN HTTP/1.1" 200 38627 "-" "Mozilla/5.0 (Windows NT 10.0; Win64; x64) AppleWebKit/537.36 (KHTML, like Gecko) Chrome/150.0.0.0 Safari/537.36"
190.85.87.250 - - [14/Jul/2026:21:07:02 +0000] "GET /afinanciera/cartera_consulta_conv_cobranzas.php HTTP/1.1" 200 3953 "http://www.asjudinet.com/afinanciera/menu_cartera_debito.php?ced=1031124581&nom=PALOMA%20LINARES%20ANYI%20CATERIN" "Mozilla/5.0 (Windows NT 10.0; Win64; x64) AppleWebKit/537.36 (KHTML, like Gecko) Chrome/150.0.0.0 Safari/537.36"
114.119.142.179 - - [14/Jul/2026:21:07:04 +0000] "GET /index.php/zzztvsa/39aayzpksh_liqzne72382/pages/principal/pages/ELEMENTS/principal/pages/avigilajudicial/pages/validar_usuarios_pagina.php HTTP/1.1" 200 54693 "http://www.asjudinet.com/index.php/zzztvsa/39aayzpksh_liqzne72382/pages/principal/pages/ELEMENTS/principal/pages/avigilajudicial/pages/validar_usuarios_pagina.php" "Mozilla/5.0 (Linux; Android 7.0;) AppleWebKit/537.36 (HTML, like Gecko) Mobile Safari/537.36 (compatible; PetalBot;+https://webmaster.petalsearch.com/site/petalbot)"
190.85.87.250 - - [14/Jul/2026:21:07:04 +0000] "GET /afinanciera/menu_cartera_debito.php HTTP/1.1" 200 38627 "http://www.asjudinet.com/afinanciera/cartera_consulta_conv_cobranzas.php" "Mozilla/5.0 (Windows NT 10.0; Win64; x64) AppleWebKit/537.36 (KHTML, like Gecko) Chrome/150.0.0.0 Safari/537.36"
190.85.87.250 - - [14/Jul/2026:21:07:05 +0000] "GET /afinanciera/cartera_consul_titu_deb.php HTTP/1.1" 200 5181 "http://www.asjudinet.com/afinanciera/menu_cartera_debito.php" "Mozilla/5.0 (Windows NT 10.0; Win64; x64) AppleWebKit/537.36 (KHTML, like Gecko) Chrome/150.0.0.0 Safari/537.36"
190.85.87.250 - - [14/Jul/2026:21:07:07 +0000] "POST /afinanciera/cartera_consul_titu_deb.php HTTP/1.1" 200 6043 "http://www.asjudinet.com/afinanciera/cartera_consul_titu_deb.php" "Mozilla/5.0 (Windows NT 10.0; Win64; x64) AppleWebKit/537.36 (KHTML, like Gecko) Chrome/150.0.0.0 Safari/537.36"
190.85.87.250 - - [14/Jul/2026:21:07:11 +0000] "GET /afinanciera/cartera_consulta_titu_usuario.php?ced2=88226970&numcon=2115 HTTP/1.1" 200 459232 "http://www.asjudinet.com/afinanciera/cartera_consul_titu_deb.php" "Mozilla/5.0 (Windows NT 10.0; Win64; x64) AppleWebKit/537.36 (KHTML, like Gecko) Chrome/150.0.0.0 Safari/537.36"
190.85.87.250 - - [14/Jul/2026:21:07:34 +0000] "GET /afinanciera/menu_cartera_nomina.php HTTP/1.1" 200 23831 "http://www.asjudinet.com/afinanciera/cartera_consulta_titular_nom.php?ced2=9146525&numcon=23625&tipo=COA01" "Mozilla/5.0 (Windows NT 10.0; Win64; x64) AppleWebKit/537.36 (KHTML, like Gecko) Chrome/150.0.0.0 Safari/537.36"
190.85.87.250 - - [14/Jul/2026:21:07:33 +0000] "POST /afinanciera/cartera_consul_titu_deb.php HTTP/1.1" 200 6060 "http://www.asjudinet.com/afinanciera/cartera_consul_titu_deb.php" "Mozilla/5.0 (Windows NT 10.0; Win64; x64) AppleWebKit/537.36 (KHTML, like Gecko) Chrome/150.0.0.0 Safari/537.36"
190.85.87.250 - - [14/Jul/2026:21:07:38 +0000] "GET /afinanciera/cartera_consulta_vige_deb.php HTTP/1.1" 200 5457 "http://www.asjudinet.com/afinanciera/menu_cartera_nomina.php" "Mozilla/5.0 (Windows NT 10.0; Win64; x64) AppleWebKit/537.36 (KHTML, like Gecko) Chrome/150.0.0.0 Safari/537.36"
190.85.87.250 - - [14/Jul/2026:21:07:36 +0000] "GET /afinanciera/cartera_consulta_titu_usuario.php?ced2=1052401897&numcon=1537 HTTP/1.1" 200 232228 "http://www.asjudinet.com/afinanciera/cartera_consul_titu_deb.php" "Mozilla/5.0 (Windows NT 10.0; Win64; x64) AppleWebKit/537.36 (KHTML, like Gecko) Chrome/150.0.0.0 Safari/537.36"
190.85.87.250 - - [14/Jul/2026:21:07:42 +0000] "GET /menu_admin.php HTTP/1.1" 200 55572 "http://www.asjudinet.com/afinanciera/cartera_consulta_vige_deb.php" "Mozilla/5.0 (Windows NT 10.0; Win64; x64) AppleWebKit/537.36 (KHTML, like Gecko) Chrome/150.0.0.0 Safari/537.36"
190.85.87.250 - - [14/Jul/2026:21:07:46 +0000] "GET /afinanciera/validar_nomina_cartera.php HTTP/1.1" 200 7804 "http://www.asjudinet.com/menu_admin.php" "Mozilla/5.0 (Windows NT 10.0; Win64; x64) AppleWebKit/537.36 (KHTML, like Gecko) Chrome/150.0.0.0 Safari/537.36"
190.85.87.250 - - [14/Jul/2026:21:07:48 +0000] "POST /afinanciera/validar_nomina_cartera.php HTTP/1.1" 500 133 "http://www.asjudinet.com/afinanciera/validar_nomina_cartera.php" "Mozilla/5.0 (Windows NT 10.0; Win64; x64) AppleWebKit/537.36 (KHTML, like Gecko) Chrome/150.0.0.0 Safari/537.36"
190.85.87.250 - - [14/Jul/2026:21:07:48 +0000] "GET /afinanciera/menu_cartera_nomina.php?ced=52202053&nom=FONSECA%20FUQUENE%20IRENE HTTP/1.1" 200 23831 "http://www.asjudinet.com/afinanciera/validar_nomina_cartera.php" "Mozilla/5.0 (Windows NT 10.0; Win64; x64) AppleWebKit/537.36 (KHTML, like Gecko) Chrome/150.0.0.0 Safari/537.36"
190.85.87.250 - - [14/Jul/2026:21:07:48 +0000] "GET /consulta_cartera.php HTTP/1.1" 200 4668 "http://www.asjudinet.com/agendarse/cartera_consulta_titu_usuario.php?ced2=94062374&numcon=A974" "Mozilla/5.0 (Windows NT 10.0; Win64; x64) AppleWebKit/537.36 (KHTML, like Gecko) Chrome/150.0.0.0 Safari/537.36"
190.85.87.250 - - [14/Jul/2026:21:07:49 +0000] "GET /consulta_ced_info_servi.php HTTP/1.1" 200 4523 "http://www.asjudinet.com/consulta_cartera.php" "Mozilla/5.0 (Windows NT 10.0; Win64; x64) AppleWebKit/537.36 (KHTML, like Gecko) Chrome/150.0.0.0 Safari/537.36"
190.85.87.250 - - [14/Jul/2026:21:07:50 +0000] "GET /afinanciera/renovaciones_por_cedula.php HTTP/1.1" 200 5290 "http://www.asjudinet.com/afinanciera/menu_cartera_nomina.php?ced=52202053&nom=FONSECA%20FUQUENE%20IRENE" "Mozilla/5.0 (Windows NT 10.0; Win64; x64) AppleWebKit/537.36 (KHTML, like Gecko) Chrome/150.0.0.0 Safari/537.36"
190.85.87.250 - - [14/Jul/2026:21:07:54 +0000] "POST /afinanciera/renovaciones_por_cedula.php HTTP/1.1" 200 6664 "http://www.asjudinet.com/afinanciera/renovaciones_por_cedula.php" "Mozilla/5.0 (Windows NT 10.0; Win64; x64) AppleWebKit/537.36 (KHTML, like Gecko) Chrome/150.0.0.0 Safari/537.36"
190.85.87.250 - - [14/Jul/2026:21:07:57 +0000] "GET /afinanciera/cartera_aplicar_renovacion.php?ced2=9146525&numcon=23625 HTTP/1.1" 200 263991 "http://www.asjudinet.com/afinanciera/renovaciones_por_cedula.php" "Mozilla/5.0 (Windows NT 10.0; Win64; x64) AppleWebKit/537.36 (KHTML, like Gecko) Chrome/150.0.0.0 Safari/537.36"
190.85.87.250 - - [14/Jul/2026:21:07:02 +0000] "POST /callcenter/solicitud_cita.php?ced=1124077740&nom=ORTIZ%20YUSNEHIDI HTTP/1.1" 200 13265 "http://www.asjudinet.com/callcenter/solicitud_cita.php?ced=1124077740&nom=ORTIZ%20YUSNEHIDI" "Mozilla/5.0 (Windows NT 10.0; Win64; x64) AppleWebKit/537.36 (KHTML, like Gecko) Chrome/150.0.0.0 Safari/537.36"
190.85.87.250 - - [14/Jul/2026:21:08:21 +0000] "POST /consulta_ced_info_servi.php HTTP/1.1" 200 4564 "http://www.asjudinet.com/consulta_ced_info_servi.php" "Mozilla/5.0 (Windows NT 10.0; Win64; x64) AppleWebKit/537.36 (KHTML, like Gecko) Chrome/150.0.0.0 Safari/537.36"
