190.85.87.250 - - [14/Jul/2026:19:31:10 +0000] "POST /afinanciera/cartera_bene_ingresar.php?ced2=80134637&numcon=20892 HTTP/1.1" 200 10391 "http://www.asjudinet.com/afinanciera/cartera_bene_ingresar.php?ced2=80134637&numcon=20892" "Mozilla/5.0 (Windows NT 10.0; Win64; x64) AppleWebKit/537.36 (KHTML, like Gecko) Chrome/150.0.0.0 Safari/537.36"
190.85.87.250 - - [14/Jul/2026:19:31:22 +0000] "GET /afinanciera/cartera_bene_ingresar.php?ced2=80134637&numcon=20892 HTTP/1.1" 200 10312 "http://www.asjudinet.com/afinanciera/cartera_bene_cons_ingre.php" "Mozilla/5.0 (Windows NT 10.0; Win64; x64) AppleWebKit/537.36 (KHTML, like Gecko) Chrome/150.0.0.0 Safari/537.36"
190.85.87.250 - - [14/Jul/2026:19:31:33 +0000] "POST /afinanciera/cartera_cargar_manual_deb.php?ced2=96193086&numcon=8211 HTTP/1.1" 200 330176 "http://www.asjudinet.com/afinanciera/cartera_cargar_manual_deb.php?ced2=96193086&numcon=8211" "Mozilla/5.0 (Windows NT 10.0; Win64; x64) AppleWebKit/537.36 (KHTML, like Gecko) Chrome/150.0.0.0 Safari/537.36"
200.118.18.12 - - [14/Jul/2026:19:31:44 +0000] "POST /val_usuarios.php HTTP/1.1" 200 152 "http://www.asjudinet.com/val_usuarios.php" "Mozilla/5.0 (Windows NT 10.0; Win64; x64) AppleWebKit/537.36 (KHTML, like Gecko) Chrome/150.0.0.0 Safari/537.36 Edg/150.0.0.0"
200.118.18.12 - - [14/Jul/2026:19:31:44 +0000] "GET /menu_admin.php?ced=1022351117&nom=RODRIGUEZ%20GUIO%20LEIDY%20JOHANA&aaa=474&cargo=474 HTTP/1.1" 200 55572 "http://www.asjudinet.com/val_usuarios.php" "Mozilla/5.0 (Windows NT 10.0; Win64; x64) AppleWebKit/537.36 (KHTML, like Gecko) Chrome/150.0.0.0 Safari/537.36 Edg/150.0.0.0"
190.85.87.250 - - [14/Jul/2026:19:31:44 +0000] "GET /afinanciera/menu_datos_cartera_servi.php HTTP/1.1" 200 5230 "http://www.asjudinet.com/afinanciera/cartera_bene_cons_ingre.php" "Mozilla/5.0 (Windows NT 10.0; Win64; x64) AppleWebKit/537.36 (KHTML, like Gecko) Chrome/150.0.0.0 Safari/537.36"
190.85.87.250 - - [14/Jul/2026:19:31:46 +0000] "GET /menu_admin.php HTTP/1.1" 200 55572 "http://www.asjudinet.com/afinanciera/menu_datos_cartera_servi.php" "Mozilla/5.0 (Windows NT 10.0; Win64; x64) AppleWebKit/537.36 (KHTML, like Gecko) Chrome/150.0.0.0 Safari/537.36"
200.118.18.12 - - [14/Jul/2026:19:31:46 +0000] "GET /css/menu_admin.css HTTP/1.1" 200 2437 "http://www.asjudinet.com/menu_admin.php?ced=1022351117&nom=RODRIGUEZ%20GUIO%20LEIDY%20JOHANA&aaa=474&cargo=474" "Mozilla/5.0 (Windows NT 10.0; Win64; x64) AppleWebKit/537.36 (KHTML, like Gecko) Chrome/150.0.0.0 Safari/537.36 Edg/150.0.0.0"
200.118.18.12 - - [14/Jul/2026:19:31:46 +0000] "GET /ELEMENTS/fondolaw.jpg HTTP/1.1" 200 56543 "http://www.asjudinet.com/css/menu_admin.css" "Mozilla/5.0 (Windows NT 10.0; Win64; x64) AppleWebKit/537.36 (KHTML, like Gecko) Chrome/150.0.0.0 Safari/537.36 Edg/150.0.0.0"
190.85.87.250 - - [14/Jul/2026:19:31:50 +0000] "GET /consulta_cartera.php HTTP/1.1" 200 4668 "http://www.asjudinet.com/menu_admin.php" "Mozilla/5.0 (Windows NT 10.0; Win64; x64) AppleWebKit/537.36 (KHTML, like Gecko) Chrome/150.0.0.0 Safari/537.36"
190.85.87.250 - - [14/Jul/2026:19:31:51 +0000] "GET /consulta_ced_info_servi.php HTTP/1.1" 200 4523 "http://www.asjudinet.com/consulta_cartera.php" "Mozilla/5.0 (Windows NT 10.0; Win64; x64) AppleWebKit/537.36 (KHTML, like Gecko) Chrome/150.0.0.0 Safari/537.36"
190.85.87.250 - - [14/Jul/2026:19:31:50 +0000] "POST /afinanciera/cartera_consultar_cargar_deb.php HTTP/1.1" 200 6065 "http://www.asjudinet.com/afinanciera/cartera_consultar_cargar_deb.php" "Mozilla/5.0 (Windows NT 10.0; Win64; x64) AppleWebKit/537.36 (KHTML, like Gecko) Chrome/150.0.0.0 Safari/537.36"
190.85.87.250 - - [14/Jul/2026:19:31:52 +0000] "GET /afinanciera/cartera_cargar_manual_deb.php?ced2=94417966&numcon=6449 HTTP/1.1" 200 325311 "http://www.asjudinet.com/afinanciera/cartera_consultar_cargar_deb.php" "Mozilla/5.0 (Windows NT 10.0; Win64; x64) AppleWebKit/537.36 (KHTML, like Gecko) Chrome/150.0.0.0 Safari/537.36"
190.85.87.250 - - [14/Jul/2026:19:32:00 +0000] "POST /consulta_ced_info_servi.php HTTP/1.1" 200 4564 "http://www.asjudinet.com/consulta_ced_info_servi.php" "Mozilla/5.0 (Windows NT 10.0; Win64; x64) AppleWebKit/537.36 (KHTML, like Gecko) Chrome/150.0.0.0 Safari/537.36"
190.85.87.250 - - [14/Jul/2026:19:32:03 +0000] "POST /consulta_ced_info_servi.php HTTP/1.1" 200 6103 "http://www.asjudinet.com/consulta_ced_info_servi.php" "Mozilla/5.0 (Windows NT 10.0; Win64; x64) AppleWebKit/537.36 (KHTML, like Gecko) Chrome/150.0.0.0 Safari/537.36"
186.154.33.68 - - [14/Jul/2026:19:32:10 +0000] "POST /acorreos/consulta_enviar_comunica.php HTTP/1.1" 200 4112 "http://www.asjudinet.com/acorreos/consulta_enviar_comunica.php" "Mozilla/5.0 (Windows NT 10.0; Win64; x64) AppleWebKit/537.36 (KHTML, like Gecko) Chrome/109.0.0.0 Safari/537.36"
186.154.33.68 - - [14/Jul/2026:19:32:12 +0000] "GET /acorreos/enviar_comunicacion.php?cedula=1056412328 HTTP/1.1" 200 16641 "http://www.asjudinet.com/acorreos/consulta_enviar_comunica.php" "Mozilla/5.0 (Windows NT 10.0; Win64; x64) AppleWebKit/537.36 (KHTML, like Gecko) Chrome/109.0.0.0 Safari/537.36"
190.85.87.250 - - [14/Jul/2026:19:32:15 +0000] "POST /afinanciera/cartera_cargar_manual_deb.php?ced2=94417966&numcon=6449 HTTP/1.1" 200 327065 "http://www.asjudinet.com/afinanciera/cartera_cargar_manual_deb.php?ced2=94417966&numcon=6449" "Mozilla/5.0 (Windows NT 10.0; Win64; x64) AppleWebKit/537.36 (KHTML, like Gecko) Chrome/150.0.0.0 Safari/537.36"
200.118.18.12 - - [14/Jul/2026:19:32:23 +0000] "GET /consulta_cartera.php HTTP/1.1" 200 4668 "http://www.asjudinet.com/menu_admin.php?ced=1022351117&nom=RODRIGUEZ%20GUIO%20LEIDY%20JOHANA&aaa=474&cargo=474" "Mozilla/5.0 (Windows NT 10.0; Win64; x64) AppleWebKit/537.36 (KHTML, like Gecko) Chrome/150.0.0.0 Safari/537.36 Edg/150.0.0.0"
190.85.87.250 - - [14/Jul/2026:19:32:24 +0000] "POST /afinanciera/cartera_consultar_cargar_deb.php HTTP/1.1" 200 6047 "http://www.asjudinet.com/afinanciera/cartera_consultar_cargar_deb.php" "Mozilla/5.0 (Windows NT 10.0; Win64; x64) AppleWebKit/537.36 (KHTML, like Gecko) Chrome/150.0.0.0 Safari/537.36"
114.119.142.135 - - [14/Jul/2026:19:32:25 +0000] "GET /index.php/zzztvsa/39aayzpksh_liqzne72382/principal/Assets/principal/pages/pages/avigilajudicial/avigilajudicial/validar_vigi_judicial.php HTTP/1.1" 200 54693 "http://www.asjudinet.com/index.php/zzztvsa/39aayzpksh_liqzne72382/principal/Assets/principal/pages/pages/avigilajudicial/val_usuarios.php" "Mozilla/5.0 (Linux; Android 7.0;) AppleWebKit/537.36 (HTML, like Gecko) Mobile Safari/537.36 (compatible; PetalBot;+https://webmaster.petalsearch.com/site/petalbot)"
200.118.18.12 - - [14/Jul/2026:19:32:26 +0000] "GET /ELEMENTOS/fondo_argollado.gif HTTP/1.1" 200 1751 "http://www.asjudinet.com/consulta_cartera.php" "Mozilla/5.0 (Windows NT 10.0; Win64; x64) AppleWebKit/537.36 (KHTML, like Gecko) Chrome/150.0.0.0 Safari/537.36 Edg/150.0.0.0"
200.118.18.12 - - [14/Jul/2026:19:32:27 +0000] "GET /consulta_ced_info_servi.php HTTP/1.1" 200 4523 "http://www.asjudinet.com/consulta_cartera.php" "Mozilla/5.0 (Windows NT 10.0; Win64; x64) AppleWebKit/537.36 (KHTML, like Gecko) Chrome/150.0.0.0 Safari/537.36 Edg/150.0.0.0"
190.85.87.250 - - [14/Jul/2026:19:32:26 +0000] "GET /afinanciera/cartera_cargar_manual_deb.php?ced2=11812203&numcon=32114 HTTP/1.1" 200 119687 "http://www.asjudinet.com/afinanciera/cartera_consultar_cargar_deb.php" "Mozilla/5.0 (Windows NT 10.0; Win64; x64) AppleWebKit/537.36 (KHTML, like Gecko) Chrome/150.0.0.0 Safari/537.36"
185.104.164.179 - - [14/Jul/2026:19:32:32 +0000] "POST /callcenter/respuesta_contacto_afiliado_cerrar_ticket.php?cedulita=15077556&numcon=7307&fecha=2026-06-18&atencion=106702&funcionario=34973320 HTTP/1.1" 200 18958 "http://www.asjudinet.com/callcenter/respuesta_contacto_afiliado_cerrar_ticket.php?cedulita=15077556&numcon=7307&fecha=2026-06-18&atencion=106702&funcionario=34973320" "Mozilla/5.0 (Windows NT 10.0; Win64; x64) AppleWebKit/537.36 (KHTML, like Gecko) Chrome/150.0.0.0 Safari/537.36"
200.118.18.12 - - [14/Jul/2026:19:32:39 +0000] "POST /consulta_ced_info_servi.php HTTP/1.1" 200 7576 "http://www.asjudinet.com/consulta_ced_info_servi.php" "Mozilla/5.0 (Windows NT 10.0; Win64; x64) AppleWebKit/537.36 (KHTML, like Gecko) Chrome/150.0.0.0 Safari/537.36 Edg/150.0.0.0"
190.85.87.250 - - [14/Jul/2026:19:32:40 +0000] "POST /afinanciera/cartera_cargar_manual_deb.php?ced2=11812203&numcon=32114 HTTP/1.1" 200 121438 "http://www.asjudinet.com/afinanciera/cartera_cargar_manual_deb.php?ced2=11812203&numcon=32114" "Mozilla/5.0 (Windows NT 10.0; Win64; x64) AppleWebKit/537.36 (KHTML, like Gecko) Chrome/150.0.0.0 Safari/537.36"
190.85.87.250 - - [14/Jul/2026:19:32:46 +0000] "POST /acobranzas/cobranzas_consulta_cartera1.php HTTP/1.1" 200 5951 "http://www.asjudinet.com/acobranzas/cobranzas_consulta_cartera1.php" "Mozilla/5.0 (Windows NT 10.0; Win64; x64) AppleWebKit/537.36 (KHTML, like Gecko) Chrome/150.0.0.0 Safari/537.36"
185.104.164.179 - - [14/Jul/2026:19:32:47 +0000] "POST /callcenter/php/modificar_ticket.php HTTP/1.1" 200 1 "http://www.asjudinet.com/callcenter/modificar_ticket_duplicado.php?ced=34973320&nom=JALAL%20JULIO%20YAMILE" "Mozilla/5.0 (Windows NT 10.0; Win64; x64) AppleWebKit/537.36 (KHTML, like Gecko) Chrome/150.0.0.0 Safari/537.36"
190.85.87.250 - - [14/Jul/2026:19:32:47 +0000] "GET /acobranzas/cobranzas_serviasju1.php?ced2=1049412033&numcon=24844 HTTP/1.1" 200 16847 "http://www.asjudinet.com/acobranzas/cobranzas_consulta_cartera1.php" "Mozilla/5.0 (Windows NT 10.0; Win64; x64) AppleWebKit/537.36 (KHTML, like Gecko) Chrome/150.0.0.0 Safari/537.36"
190.85.87.250 - - [14/Jul/2026:19:32:47 +0000] "GET /acobranzas/cobranzas_serviasju1.php?ced2=1049412033&numcon=24844 HTTP/1.1" 200 242117 "http://www.asjudinet.com/acobranzas/cobranzas_consulta_cartera1.php" "Mozilla/5.0 (Windows NT 10.0; Win64; x64) AppleWebKit/537.36 (KHTML, like Gecko) Chrome/150.0.0.0 Safari/537.36"
186.154.33.68 - - [14/Jul/2026:19:32:47 +0000] "POST /acorreos/guardar_comunica.php HTTP/1.1" 200 2301 "http://www.asjudinet.com/acorreos/enviar_comunicacion.php?cedula=1056412328" "Mozilla/5.0 (Windows NT 10.0; Win64; x64) AppleWebKit/537.36 (KHTML, like Gecko) Chrome/109.0.0.0 Safari/537.36"
185.104.164.179 - - [14/Jul/2026:19:32:55 +0000] "GET /callcenter/listado_zona_bogota_cerrar_ticket.php?ced=34973320&nom=JALAL%20JULIO%20YAMILE&prevMes=2 HTTP/1.1" 200 4829 "http://www.asjudinet.com/callcenter/menu_cerrar_tickets.php?ced=34973320&nom=JALAL%20JULIO%20YAMILE" "Mozilla/5.0 (Windows NT 10.0; Win64; x64) AppleWebKit/537.36 (KHTML, like Gecko) Chrome/150.0.0.0 Safari/537.36"
185.104.164.179 - - [14/Jul/2026:19:32:55 +0000] "POST /callcenter/php/listado_zona_bogota_cerrar_ticket.php?prevMes=%202 HTTP/1.1" 200 66680 "http://www.asjudinet.com/callcenter/listado_zona_bogota_cerrar_ticket.php?ced=34973320&nom=JALAL%20JULIO%20YAMILE&prevMes=2" "Mozilla/5.0 (Windows NT 10.0; Win64; x64) AppleWebKit/537.36 (KHTML, like Gecko) Chrome/150.0.0.0 Safari/537.36"
186.154.33.68 - - [14/Jul/2026:19:32:58 +0000] "POST /acorreos/insert_comunica.php HTTP/1.1" 200 148 "http://www.asjudinet.com/acorreos/enviar_comunicacion.php?cedula=1056412328" "Mozilla/5.0 (Windows NT 10.0; Win64; x64) AppleWebKit/537.36 (KHTML, like Gecko) Chrome/109.0.0.0 Safari/537.36"
186.154.33.68 - - [14/Jul/2026:19:33:00 +0000] "GET /acorreos/menu_admin.php HTTP/1.1" 302 248 "http://www.asjudinet.com/acorreos/insert_comunica.php" "Mozilla/5.0 (Windows NT 10.0; Win64; x64) AppleWebKit/537.36 (KHTML, like Gecko) Chrome/109.0.0.0 Safari/537.36"
186.154.33.68 - - [14/Jul/2026:19:33:01 +0000] "GET / HTTP/1.1" 200 54693 "http://www.asjudinet.com/acorreos/insert_comunica.php" "Mozilla/5.0 (Windows NT 10.0; Win64; x64) AppleWebKit/537.36 (KHTML, like Gecko) Chrome/109.0.0.0 Safari/537.36"
186.154.33.68 - - [14/Jul/2026:19:33:02 +0000] "GET /ELEMENTS/principal/2.png HTTP/1.1" 200 92941 "http://www.asjudinet.com/" "Mozilla/5.0 (Windows NT 10.0; Win64; x64) AppleWebKit/537.36 (KHTML, like Gecko) Chrome/109.0.0.0 Safari/537.36"
185.104.164.179 - - [14/Jul/2026:19:33:01 +0000] "GET /callcenter/respuesta_contacto_afiliado_cerrar_ticket.php?cedulita=7713423&numcon=21666&fecha=2026-06-22&atencion=106743&funcionario=34973320 HTTP/1.1" 200 18190 "http://www.asjudinet.com/callcenter/listado_zona_bogota_cerrar_ticket.php?ced=34973320&nom=JALAL%20JULIO%20YAMILE&prevMes=2" "Mozilla/5.0 (Windows NT 10.0; Win64; x64) AppleWebKit/537.36 (KHTML, like Gecko) Chrome/150.0.0.0 Safari/537.36"
190.85.87.250 - - [14/Jul/2026:19:33:07 +0000] "POST /afinanciera/cartera_consultar_cargar_deb.php HTTP/1.1" 200 6051 "http://www.asjudinet.com/afinanciera/cartera_consultar_cargar_deb.php" "Mozilla/5.0 (Windows NT 10.0; Win64; x64) AppleWebKit/537.36 (KHTML, like Gecko) Chrome/150.0.0.0 Safari/537.36"
190.85.87.250 - - [14/Jul/2026:19:33:08 +0000] "GET /afinanciera/cartera_cargar_manual_deb.php?ced2=1082860493&numcon=3635 HTTP/1.1" 200 314808 "http://www.asjudinet.com/afinanciera/cartera_consultar_cargar_deb.php" "Mozilla/5.0 (Windows NT 10.0; Win64; x64) AppleWebKit/537.36 (KHTML, like Gecko) Chrome/150.0.0.0 Safari/537.36"
186.154.33.68 - - [14/Jul/2026:19:33:24 +0000] "GET /consulta_cartera.php HTTP/1.1" 200 4668 "http://www.asjudinet.com/cartera_consulta_titu_usuario.php?ced2=1056412328&numcon=I1185" "Mozilla/5.0 (Windows NT 10.0; Win64; x64) AppleWebKit/537.36 (KHTML, like Gecko) Chrome/109.0.0.0 Safari/537.36"
186.154.33.68 - - [14/Jul/2026:19:33:26 +0000] "GET /consulta_ced_info_servi.php HTTP/1.1" 200 4523 "http://www.asjudinet.com/consulta_cartera.php" "Mozilla/5.0 (Windows NT 10.0; Win64; x64) AppleWebKit/537.36 (KHTML, like Gecko) Chrome/109.0.0.0 Safari/537.36"
186.154.33.68 - - [14/Jul/2026:19:33:27 +0000] "GET /consulta_ced_info_servi.php HTTP/1.1" 200 4523 "http://www.asjudinet.com/consulta_ced_info_servi.php" "Mozilla/5.0 (Windows NT 10.0; Win64; x64) AppleWebKit/537.36 (KHTML, like Gecko) Chrome/109.0.0.0 Safari/537.36"
186.154.33.68 - - [14/Jul/2026:19:33:36 +0000] "GET /consulta_ced_info_servi.php HTTP/1.1" 200 4523 "http://www.asjudinet.com/consulta_ced_info_servi.php" "Mozilla/5.0 (Windows NT 10.0; Win64; x64) AppleWebKit/537.36 (KHTML, like Gecko) Chrome/109.0.0.0 Safari/537.36"
186.154.33.68 - - [14/Jul/2026:19:33:36 +0000] "POST /consulta_ced_info_servi.php HTTP/1.1" 200 6778 "http://www.asjudinet.com/consulta_ced_info_servi.php" "Mozilla/5.0 (Windows NT 10.0; Win64; x64) AppleWebKit/537.36 (KHTML, like Gecko) Chrome/109.0.0.0 Safari/537.36"
186.154.33.68 - - [14/Jul/2026:19:33:39 +0000] "GET /cartera_consulta_titu_usuario.php?ced2=1063560144&numcon=32720A HTTP/1.1" 200 145718 "http://www.asjudinet.com/consulta_ced_info_servi.php" "Mozilla/5.0 (Windows NT 10.0; Win64; x64) AppleWebKit/537.36 (KHTML, like Gecko) Chrome/109.0.0.0 Safari/537.36"
200.118.18.12 - - [14/Jul/2026:19:33:41 +0000] "GET / HTTP/1.1" 200 54693 "-" "Mozilla/5.0 (Windows NT 10.0; Win64; x64) AppleWebKit/537.36 (KHTML, like Gecko) Chrome/150.0.0.0 Safari/537.36 Edg/150.0.0.0"
114.119.130.177 - - [14/Jul/2026:19:33:49 +0000] "GET /index.php/zzztvsa/39aayzpksh_liqzne72382/principal/Assets/principal/pages/pages/avigilajudicial/avigilajudicial/principal/val_usuarios_IURIS.php HTTP/1.1" 200 54693 "http://www.asjudinet.com/index.php/zzztvsa/39aayzpksh_liqzne72382/principal/Assets/principal/pages/pages/avigilajudicial/avigilajudicial/principal/val_usuarios.php" "Mozilla/5.0 (Linux; Android 7.0;) AppleWebKit/537.36 (HTML, like Gecko) Mobile Safari/537.36 (compatible; PetalBot;+https://webmaster.petalsearch.com/site/petalbot)"
200.118.18.12 - - [14/Jul/2026:19:33:50 +0000] "GET /val_usuarios.php HTTP/1.1" 200 7808 "http://www.asjudinet.com/" "Mozilla/5.0 (Windows NT 10.0; Win64; x64) AppleWebKit/537.36 (KHTML, like Gecko) Chrome/150.0.0.0 Safari/537.36 Edg/150.0.0.0"
190.85.87.250 - - [14/Jul/2026:19:33:52 +0000] "POST /afinanciera/cartera_consultar_cargar_deb.php HTTP/1.1" 200 6051 "http://www.asjudinet.com/afinanciera/cartera_consultar_cargar_deb.php" "Mozilla/5.0 (Windows NT 10.0; Win64; x64) AppleWebKit/537.36 (KHTML, like Gecko) Chrome/150.0.0.0 Safari/537.36"
190.85.87.250 - - [14/Jul/2026:19:33:55 +0000] "GET /consulta_ced_info_servi.php HTTP/1.1" 200 4523 "-" "Mozilla/5.0 (Windows NT 10.0; Win64; x64) AppleWebKit/537.36 (KHTML, like Gecko) Chrome/125.0.0.0 Safari/537.36"
190.85.87.250 - - [14/Jul/2026:19:33:54 +0000] "GET /afinanciera/cartera_cargar_manual_deb.php?ced2=1082860493&numcon=3635 HTTP/1.1" 200 314808 "http://www.asjudinet.com/afinanciera/cartera_consultar_cargar_deb.php" "Mozilla/5.0 (Windows NT 10.0; Win64; x64) AppleWebKit/537.36 (KHTML, like Gecko) Chrome/150.0.0.0 Safari/537.36"
200.118.18.12 - - [14/Jul/2026:19:33:58 +0000] "POST /val_usuarios.php HTTP/1.1" 200 152 "http://www.asjudinet.com/val_usuarios.php" "Mozilla/5.0 (Windows NT 10.0; Win64; x64) AppleWebKit/537.36 (KHTML, like Gecko) Chrome/150.0.0.0 Safari/537.36 Edg/150.0.0.0"
200.118.18.12 - - [14/Jul/2026:19:33:58 +0000] "GET /menu_admin.php?ced=1022351117&nom=RODRIGUEZ%20GUIO%20LEIDY%20JOHANA&aaa=474&cargo=474 HTTP/1.1" 200 55572 "http://www.asjudinet.com/val_usuarios.php" "Mozilla/5.0 (Windows NT 10.0; Win64; x64) AppleWebKit/537.36 (KHTML, like Gecko) Chrome/150.0.0.0 Safari/537.36 Edg/150.0.0.0"
200.118.18.12 - - [14/Jul/2026:19:34:01 +0000] "GET /val_usuarios.php HTTP/1.1" 200 7808 "http://www.asjudinet.com/" "Mozilla/5.0 (Windows NT 10.0; Win64; x64) AppleWebKit/537.36 (KHTML, like Gecko) Chrome/150.0.0.0 Safari/537.36 Edg/150.0.0.0"
185.104.164.179 - - [14/Jul/2026:19:34:05 +0000] "POST /callcenter/respuesta_contacto_afiliado_cerrar_ticket.php?cedulita=7713423&numcon=21666&fecha=2026-06-22&atencion=106743&funcionario=34973320 HTTP/1.1" 200 18659 "http://www.asjudinet.com/callcenter/respuesta_contacto_afiliado_cerrar_ticket.php?cedulita=7713423&numcon=21666&fecha=2026-06-22&atencion=106743&funcionario=34973320" "Mozilla/5.0 (Windows NT 10.0; Win64; x64) AppleWebKit/537.36 (KHTML, like Gecko) Chrome/150.0.0.0 Safari/537.36"
200.118.18.12 - - [14/Jul/2026:19:34:19 +0000] "GET /index.php HTTP/1.1" 200 54693 "http://www.asjudinet.com/val_usuarios.php" "Mozilla/5.0 (Windows NT 10.0; Win64; x64) AppleWebKit/537.36 (KHTML, like Gecko) Chrome/150.0.0.0 Safari/537.36 Edg/150.0.0.0"
190.85.87.250 - - [14/Jul/2026:19:34:17 +0000] "POST /consulta_ced_info_servi.php HTTP/1.1" 200 6147 "http://www.asjudinet.com/consulta_ced_info_servi.php" "Mozilla/5.0 (Windows NT 10.0; Win64; x64) AppleWebKit/537.36 (KHTML, like Gecko) Chrome/125.0.0.0 Safari/537.36"
185.104.164.179 - - [14/Jul/2026:19:34:19 +0000] "POST /callcenter/php/modificar_ticket.php HTTP/1.1" 200 1 "http://www.asjudinet.com/callcenter/modificar_ticket_duplicado.php?ced=34973320&nom=JALAL%20JULIO%20YAMILE" "Mozilla/5.0 (Windows NT 10.0; Win64; x64) AppleWebKit/537.36 (KHTML, like Gecko) Chrome/150.0.0.0 Safari/537.36"
190.85.87.250 - - [14/Jul/2026:19:34:21 +0000] "GET /cartera_consulta_titu_usuario.php?ced2=1090476896&numcon=31582 HTTP/1.1" 200 160825 "http://www.asjudinet.com/consulta_ced_info_servi.php" "Mozilla/5.0 (Windows NT 10.0; Win64; x64) AppleWebKit/537.36 (KHTML, like Gecko) Chrome/125.0.0.0 Safari/537.36"
190.85.87.250 - - [14/Jul/2026:19:34:22 +0000] "POST /afinanciera/cartera_cargar_manual_deb.php?ced2=1082860493&numcon=3635 HTTP/1.1" 200 316561 "http://www.asjudinet.com/afinanciera/cartera_cargar_manual_deb.php?ced2=1082860493&numcon=3635" "Mozilla/5.0 (Windows NT 10.0; Win64; x64) AppleWebKit/537.36 (KHTML, like Gecko) Chrome/150.0.0.0 Safari/537.36"
185.104.164.179 - - [14/Jul/2026:19:34:29 +0000] "GET /callcenter/listado_zona_bogota_cerrar_ticket.php?ced=34973320&nom=JALAL%20JULIO%20YAMILE&prevMes=2 HTTP/1.1" 200 4829 "http://www.asjudinet.com/callcenter/menu_cerrar_tickets.php?ced=34973320&nom=JALAL%20JULIO%20YAMILE" "Mozilla/5.0 (Windows NT 10.0; Win64; x64) AppleWebKit/537.36 (KHTML, like Gecko) Chrome/150.0.0.0 Safari/537.36"
185.104.164.179 - - [14/Jul/2026:19:34:29 +0000] "POST /callcenter/php/listado_zona_bogota_cerrar_ticket.php?prevMes=%202 HTTP/1.1" 200 65949 "http://www.asjudinet.com/callcenter/listado_zona_bogota_cerrar_ticket.php?ced=34973320&nom=JALAL%20JULIO%20YAMILE&prevMes=2" "Mozilla/5.0 (Windows NT 10.0; Win64; x64) AppleWebKit/537.36 (KHTML, like Gecko) Chrome/150.0.0.0 Safari/537.36"
190.85.87.250 - - [14/Jul/2026:19:34:37 +0000] "GET /callcenter_consulta_tickets.php?ced=1090476896 HTTP/1.1" 200 1530 "http://www.asjudinet.com/cartera_consulta_titu_usuario.php?ced2=1090476896&numcon=31582" "Mozilla/5.0 (Windows NT 10.0; Win64; x64) AppleWebKit/537.36 (KHTML, like Gecko) Chrome/125.0.0.0 Safari/537.36"
185.104.164.179 - - [14/Jul/2026:19:34:36 +0000] "GET /callcenter/respuesta_contacto_afiliado_cerrar_ticket.php?cedulita=45546942&numcon=20962&fecha=2026-06-23&atencion=106784&funcionario=34973320 HTTP/1.1" 200 18312 "http://www.asjudinet.com/callcenter/listado_zona_bogota_cerrar_ticket.php?ced=34973320&nom=JALAL%20JULIO%20YAMILE&prevMes=2" "Mozilla/5.0 (Windows NT 10.0; Win64; x64) AppleWebKit/537.36 (KHTML, like Gecko) Chrome/150.0.0.0 Safari/537.36"
190.85.87.250 - - [14/Jul/2026:19:34:39 +0000] "POST /afinanciera/cartera_consultar_cargar_deb.php HTTP/1.1" 200 6504 "http://www.asjudinet.com/afinanciera/cartera_consultar_cargar_deb.php" "Mozilla/5.0 (Windows NT 10.0; Win64; x64) AppleWebKit/537.36 (KHTML, like Gecko) Chrome/150.0.0.0 Safari/537.36"
190.85.87.250 - - [14/Jul/2026:19:34:43 +0000] "GET /afinanciera/cartera_cargar_manual_deb.php?ced2=5603337&numcon=11243A HTTP/1.1" 200 144712 "http://www.asjudinet.com/afinanciera/cartera_consultar_cargar_deb.php" "Mozilla/5.0 (Windows NT 10.0; Win64; x64) AppleWebKit/537.36 (KHTML, like Gecko) Chrome/150.0.0.0 Safari/537.36"
190.85.87.250 - - [14/Jul/2026:19:34:42 +0000] "GET /callcenter/respuesta_tickets.php?cedulita=1090476896&numcon=31582&fecha=2026-01-28&atencion=104452&funcionario= HTTP/1.1" 200 22242 "http://www.asjudinet.com/callcenter_consulta_tickets.php?ced=1090476896" "Mozilla/5.0 (Windows NT 10.0; Win64; x64) AppleWebKit/537.36 (KHTML, like Gecko) Chrome/125.0.0.0 Safari/537.36"
186.154.33.68 - - [14/Jul/2026:19:34:47 +0000] "GET /consulta_ced_info_servi.php HTTP/1.1" 200 4523 "-" "Mozilla/5.0 (Windows NT 10.0; Win64; x64) AppleWebKit/537.36 (KHTML, like Gecko) Chrome/109.0.0.0 Safari/537.36"
186.154.33.68 - - [14/Jul/2026:19:34:50 +0000] "GET /consulta_ced_info_servi.php HTTP/1.1" 200 4523 "-" "Mozilla/5.0 (Windows NT 10.0; Win64; x64) AppleWebKit/537.36 (KHTML, like Gecko) Chrome/109.0.0.0 Safari/537.36"
186.154.33.68 - - [14/Jul/2026:19:34:53 +0000] "GET /consulta_ced_info_servi.php HTTP/1.1" 200 4523 "http://www.asjudinet.com/consulta_ced_info_servi.php" "Mozilla/5.0 (Windows NT 10.0; Win64; x64) AppleWebKit/537.36 (KHTML, like Gecko) Chrome/109.0.0.0 Safari/537.36"
186.154.33.68 - - [14/Jul/2026:19:35:01 +0000] "GET /consulta_ced_info_servi.php HTTP/1.1" 200 4523 "http://www.asjudinet.com/consulta_ced_info_servi.php" "Mozilla/5.0 (Windows NT 10.0; Win64; x64) AppleWebKit/537.36 (KHTML, like Gecko) Chrome/109.0.0.0 Safari/537.36"
186.154.33.68 - - [14/Jul/2026:19:35:01 +0000] "POST /consulta_ced_info_servi.php HTTP/1.1" 200 4572 "http://www.asjudinet.com/consulta_ced_info_servi.php" "Mozilla/5.0 (Windows NT 10.0; Win64; x64) AppleWebKit/537.36 (KHTML, like Gecko) Chrome/109.0.0.0 Safari/537.36"
190.85.87.250 - - [14/Jul/2026:19:35:06 +0000] "POST /afinanciera/cartera_cargar_manual_deb.php?ced2=5603337&numcon=11243A HTTP/1.1" 200 146464 "http://www.asjudinet.com/afinanciera/cartera_cargar_manual_deb.php?ced2=5603337&numcon=11243A" "Mozilla/5.0 (Windows NT 10.0; Win64; x64) AppleWebKit/537.36 (KHTML, like Gecko) Chrome/150.0.0.0 Safari/537.36"
186.154.33.68 - - [14/Jul/2026:19:35:08 +0000] "GET /consulta_ced_info_servi.php HTTP/1.1" 200 4523 "http://www.asjudinet.com/consulta_ced_info_servi.php" "Mozilla/5.0 (Windows NT 10.0; Win64; x64) AppleWebKit/537.36 (KHTML, like Gecko) Chrome/109.0.0.0 Safari/537.36"
186.154.33.68 - - [14/Jul/2026:19:35:08 +0000] "POST /consulta_ced_info_servi.php HTTP/1.1" 200 6778 "http://www.asjudinet.com/consulta_ced_info_servi.php" "Mozilla/5.0 (Windows NT 10.0; Win64; x64) AppleWebKit/537.36 (KHTML, like Gecko) Chrome/109.0.0.0 Safari/537.36"
114.119.142.179 - - [14/Jul/2026:19:35:12 +0000] "GET /index.php/zzztvsa/39aayzpksh_liqzne72382/principal/Assets/principal/pages/pages/avigilajudicial/avigilajudicial/principal/formulario_seminario_dih.php HTTP/1.1" 200 54693 "http://www.asjudinet.com/index.php/zzztvsa/39aayzpksh_liqzne72382/principal/Assets/principal/pages/pages/avigilajudicial/avigilajudicial/principal/val_usuarios.php" "Mozilla/5.0 (Linux; Android 7.0;) AppleWebKit/537.36 (HTML, like Gecko) Mobile Safari/537.36 (compatible; PetalBot;+https://webmaster.petalsearch.com/site/petalbot)"
190.85.87.250 - - [14/Jul/2026:19:35:19 +0000] "POST /afinanciera/cartera_consultar_cargar_deb.php HTTP/1.1" 200 6497 "http://www.asjudinet.com/afinanciera/cartera_consultar_cargar_deb.php" "Mozilla/5.0 (Windows NT 10.0; Win64; x64) AppleWebKit/537.36 (KHTML, like Gecko) Chrome/150.0.0.0 Safari/537.36"
190.85.87.250 - - [14/Jul/2026:19:35:21 +0000] "GET /afinanciera/cartera_cargar_manual_deb.php?ced2=4223582&numcon=23516 HTTP/1.1" 200 231721 "http://www.asjudinet.com/afinanciera/cartera_consultar_cargar_deb.php" "Mozilla/5.0 (Windows NT 10.0; Win64; x64) AppleWebKit/537.36 (KHTML, like Gecko) Chrome/150.0.0.0 Safari/537.36"
190.85.87.250 - - [14/Jul/2026:19:35:40 +0000] "POST /afinanciera/cartera_cargar_manual_deb.php?ced2=4223582&numcon=23516 HTTP/1.1" 200 233473 "http://www.asjudinet.com/afinanciera/cartera_cargar_manual_deb.php?ced2=4223582&numcon=23516" "Mozilla/5.0 (Windows NT 10.0; Win64; x64) AppleWebKit/537.36 (KHTML, like Gecko) Chrome/150.0.0.0 Safari/537.36"
190.85.87.250 - - [14/Jul/2026:19:35:45 +0000] "GET /callcenter/descargar_archivos_callcenter_id.php?id=28053 HTTP/1.1" 200 118697 "http://www.asjudinet.com/callcenter/respuesta_tickets.php?cedulita=1090476896&numcon=31582&fecha=2026-01-28&atencion=104452&funcionario=" "Mozilla/5.0 (Windows NT 10.0; Win64; x64) AppleWebKit/537.36 (KHTML, like Gecko) Chrome/125.0.0.0 Safari/537.36"
185.104.164.179 - - [14/Jul/2026:19:35:47 +0000] "POST /callcenter/respuesta_contacto_afiliado_cerrar_ticket.php?cedulita=45546942&numcon=20962&fecha=2026-06-23&atencion=106784&funcionario=34973320 HTTP/1.1" 200 18781 "http://www.asjudinet.com/callcenter/respuesta_contacto_afiliado_cerrar_ticket.php?cedulita=45546942&numcon=20962&fecha=2026-06-23&atencion=106784&funcionario=34973320" "Mozilla/5.0 (Windows NT 10.0; Win64; x64) AppleWebKit/537.36 (KHTML, like Gecko) Chrome/150.0.0.0 Safari/537.36"
190.85.87.250 - - [14/Jul/2026:19:35:55 +0000] "POST /consulta_ced_info_servi.php HTTP/1.1" 200 4564 "http://www.asjudinet.com/consulta_ced_info_servi.php" "Mozilla/5.0 (Windows NT 10.0; Win64; x64) AppleWebKit/537.36 (KHTML, like Gecko) Chrome/150.0.0.0 Safari/537.36"
185.104.164.179 - - [14/Jul/2026:19:35:57 +0000] "POST /callcenter/php/modificar_ticket.php HTTP/1.1" 200 1 "http://www.asjudinet.com/callcenter/modificar_ticket_duplicado.php?ced=34973320&nom=JALAL%20JULIO%20YAMILE" "Mozilla/5.0 (Windows NT 10.0; Win64; x64) AppleWebKit/537.36 (KHTML, like Gecko) Chrome/150.0.0.0 Safari/537.36"
185.104.164.179 - - [14/Jul/2026:19:36:07 +0000] "GET /callcenter/listado_zona_bogota_cerrar_ticket.php?ced=34973320&nom=JALAL%20JULIO%20YAMILE&prevMes=2 HTTP/1.1" 200 4829 "http://www.asjudinet.com/callcenter/menu_cerrar_tickets.php?ced=34973320&nom=JALAL%20JULIO%20YAMILE" "Mozilla/5.0 (Windows NT 10.0; Win64; x64) AppleWebKit/537.36 (KHTML, like Gecko) Chrome/150.0.0.0 Safari/537.36"
190.85.87.250 - - [14/Jul/2026:19:36:07 +0000] "POST /afinanciera/cartera_consultar_cargar_deb.php HTTP/1.1" 200 6923 "http://www.asjudinet.com/afinanciera/cartera_consultar_cargar_deb.php" "Mozilla/5.0 (Windows NT 10.0; Win64; x64) AppleWebKit/537.36 (KHTML, like Gecko) Chrome/150.0.0.0 Safari/537.36"
190.85.87.250 - - [14/Jul/2026:19:36:06 +0000] "POST /consulta_ced_info_servi.php HTTP/1.1" 200 4564 "http://www.asjudinet.com/consulta_ced_info_servi.php" "Mozilla/5.0 (Windows NT 10.0; Win64; x64) AppleWebKit/537.36 (KHTML, like Gecko) Chrome/150.0.0.0 Safari/537.36"
185.104.164.179 - - [14/Jul/2026:19:36:07 +0000] "POST /callcenter/php/listado_zona_bogota_cerrar_ticket.php?prevMes=%202 HTTP/1.1" 200 65199 "http://www.asjudinet.com/callcenter/listado_zona_bogota_cerrar_ticket.php?ced=34973320&nom=JALAL%20JULIO%20YAMILE&prevMes=2" "Mozilla/5.0 (Windows NT 10.0; Win64; x64) AppleWebKit/537.36 (KHTML, like Gecko) Chrome/150.0.0.0 Safari/537.36"
190.85.87.250 - - [14/Jul/2026:19:36:12 +0000] "GET /consulta_cartera.php HTTP/1.1" 200 4668 "http://www.asjudinet.com/consulta_ced_info_servi.php" "Mozilla/5.0 (Windows NT 10.0; Win64; x64) AppleWebKit/537.36 (KHTML, like Gecko) Chrome/150.0.0.0 Safari/537.36"
190.85.87.250 - - [14/Jul/2026:19:36:12 +0000] "GET /afinanciera/cartera_cargar_manual_deb.php?ced2=10697350&numcon=821 HTTP/1.1" 200 13066 "http://www.asjudinet.com/afinanciera/cartera_consultar_cargar_deb.php" "Mozilla/5.0 (Windows NT 10.0; Win64; x64) AppleWebKit/537.36 (KHTML, like Gecko) Chrome/150.0.0.0 Safari/537.36"
185.104.164.179 - - [14/Jul/2026:19:36:13 +0000] "GET /callcenter/respuesta_contacto_afiliado_cerrar_ticket.php?cedulita=1003812628&numcon=48826&fecha=2026-06-25&atencion=106826&funcionario=34973320 HTTP/1.1" 200 17933 "http://www.asjudinet.com/callcenter/listado_zona_bogota_cerrar_ticket.php?ced=34973320&nom=JALAL%20JULIO%20YAMILE&prevMes=2" "Mozilla/5.0 (Windows NT 10.0; Win64; x64) AppleWebKit/537.36 (KHTML, like Gecko) Chrome/150.0.0.0 Safari/537.36"
190.85.87.250 - - [14/Jul/2026:19:36:18 +0000] "GET /afinanciera/cartera_cargar_manual_deb.php?ced2=10697350&numcon=11232A HTTP/1.1" 200 233813 "http://www.asjudinet.com/afinanciera/cartera_consultar_cargar_deb.php" "Mozilla/5.0 (Windows NT 10.0; Win64; x64) AppleWebKit/537.36 (KHTML, like Gecko) Chrome/150.0.0.0 Safari/537.36"
217.182.195.181 - - [14/Jul/2026:19:36:21 +0000] "GET /robots.txt HTTP/1.1" 200 43 "-" "Mozilla/5.0 (compatible; MJ12bot/v1.4.8; http://mj12bot.com/)"
217.182.195.181 - - [14/Jul/2026:19:36:22 +0000] "GET /index.php/20/8op9a7i2/925048/avigilajudicial/avigilajudicial/avigilajudicial/avigilajudicial/avigilajudicial/avigilajudicial/avigilajudicial/avigilajudicial/avigilajudicial/avigilajudicial/avigilajudicial/avigilajudicial/avigilajudicial/avigilajudicial/avigilajudicial/avigilajudicial/avigilajudicial/principal/avigilajudicial/avigilajudicial/avigilajudicial/avigilajudicial/avigilajudicial/pages/avigilajudicial/avigilajudicial/pages/pages/pages/pages/pages/principal/testimonios.php HTTP/1.1" 200 54693 "-" "Mozilla/5.0 (compatible; MJ12bot/v1.4.8; http://mj12bot.com/)"
217.182.195.181 - - [14/Jul/2026:19:36:24 +0000] "GET /index.php/20/8op9a7i2/925048/avigilajudicial/avigilajudicial/avigilajudicial/avigilajudicial/avigilajudicial/avigilajudicial/avigilajudicial/avigilajudicial/avigilajudicial/avigilajudicial/avigilajudicial/avigilajudicial/avigilajudicial/avigilajudicial/avigilajudicial/avigilajudicial/avigilajudicial/principal/avigilajudicial/avigilajudicial/principal/avigilajudicial/avigilajudicial/principal/pages/principal/principal/avigilajudicial/principal/principal/pages/principal/asesoria.php HTTP/1.1" 200 54693 "-" "Mozilla/5.0 (compatible; MJ12bot/v1.4.8; http://mj12bot.com/)"
186.154.33.68 - - [14/Jul/2026:19:36:24 +0000] "GET /cartera_consulta_titu_usuario.php?ced2=1063560144&numcon=32720A HTTP/1.1" 200 145718 "http://www.asjudinet.com/consulta_ced_info_servi.php" "Mozilla/5.0 (Windows NT 10.0; Win64; x64) AppleWebKit/537.36 (KHTML, like Gecko) Chrome/109.0.0.0 Safari/537.36"
217.182.195.181 - - [14/Jul/2026:19:36:26 +0000] "GET /index.php/20/8op9a7i2/925048/avigilajudicial/avigilajudicial/avigilajudicial/avigilajudicial/avigilajudicial/avigilajudicial/avigilajudicial/avigilajudicial/avigilajudicial/avigilajudicial/avigilajudicial/avigilajudicial/avigilajudicial/avigilajudicial/avigilajudicial/avigilajudicial/avigilajudicial/principal/avigilajudicial/avigilajudicial/principal/avigilajudicial/pages/pages/principal/principal/pages/pages/avigilajudicial/principal/principal/principal/NoticiasImportantes.php HTTP/1.1" 200 54693 "-" "Mozilla/5.0 (compatible; MJ12bot/v1.4.8; http://mj12bot.com/)"
217.182.195.181 - - [14/Jul/2026:19:36:28 +0000] "GET /index.php/20/8op9a7i2/925048/avigilajudicial/avigilajudicial/avigilajudicial/avigilajudicial/avigilajudicial/avigilajudicial/avigilajudicial/avigilajudicial/avigilajudicial/avigilajudicial/avigilajudicial/avigilajudicial/avigilajudicial/avigilajudicial/avigilajudicial/avigilajudicial/avigilajudicial/principal/avigilajudicial/avigilajudicial/principal/avigilajudicial/pages/pages/principal/principal/pages/pages/avigilajudicial/principal/principal/principal/casos_exito.php HTTP/1.1" 200 54693 "-" "Mozilla/5.0 (compatible; MJ12bot/v1.4.8; http://mj12bot.com/)"
217.182.195.181 - - [14/Jul/2026:19:36:30 +0000] "GET /index.php/20/8op9a7i2/925048/avigilajudicial/avigilajudicial/avigilajudicial/avigilajudicial/avigilajudicial/avigilajudicial/avigilajudicial/avigilajudicial/avigilajudicial/avigilajudicial/avigilajudicial/avigilajudicial/avigilajudicial/avigilajudicial/avigilajudicial/avigilajudicial/avigilajudicial/principal/avigilajudicial/avigilajudicial/principal/avigilajudicial/pages/pages/principal/principal/pages/pages/avigilajudicial/principal/principal/principal/enlaces.php HTTP/1.1" 200 54693 "-" "Mozilla/5.0 (compatible; MJ12bot/v1.4.8; http://mj12bot.com/)"
217.182.195.181 - - [14/Jul/2026:19:36:32 +0000] "GET /index.php/20/8op9a7i2/925048/avigilajudicial/avigilajudicial/avigilajudicial/avigilajudicial/avigilajudicial/avigilajudicial/avigilajudicial/avigilajudicial/avigilajudicial/avigilajudicial/avigilajudicial/avigilajudicial/avigilajudicial/avigilajudicial/avigilajudicial/avigilajudicial/avigilajudicial/principal/avigilajudicial/avigilajudicial/principal/avigilajudicial/pages/pages/principal/principal/pages/pages/avigilajudicial/principal/principal/principal/lista_email.php HTTP/1.1" 200 54693 "-" "Mozilla/5.0 (compatible; MJ12bot/v1.4.8; http://mj12bot.com/)"
217.182.195.181 - - [14/Jul/2026:19:36:34 +0000] "GET /index.php/20/8op9a7i2/925048/avigilajudicial/avigilajudicial/avigilajudicial/avigilajudicial/avigilajudicial/avigilajudicial/avigilajudicial/avigilajudicial/avigilajudicial/avigilajudicial/avigilajudicial/avigilajudicial/avigilajudicial/avigilajudicial/avigilajudicial/avigilajudicial/avigilajudicial/principal/avigilajudicial/avigilajudicial/principal/avigilajudicial/pages/pages/principal/principal/pages/pages/avigilajudicial/principal/principal/principal/menu_comunicados.php HTTP/1.1" 200 54693 "-" "Mozilla/5.0 (compatible; MJ12bot/v1.4.8; http://mj12bot.com/)"
217.182.195.181 - - [14/Jul/2026:19:36:35 +0000] "GET /index.php/20/8op9a7i2/925048/avigilajudicial/avigilajudicial/avigilajudicial/avigilajudicial/avigilajudicial/avigilajudicial/avigilajudicial/avigilajudicial/avigilajudicial/avigilajudicial/avigilajudicial/avigilajudicial/avigilajudicial/avigilajudicial/avigilajudicial/avigilajudicial/avigilajudicial/principal/avigilajudicial/avigilajudicial/principal/avigilajudicial/pages/pages/principal/principal/pages/pages/avigilajudicial/principal/principal/principal/misionvision.php HTTP/1.1" 200 54693 "-" "Mozilla/5.0 (compatible; MJ12bot/v1.4.8; http://mj12bot.com/)"
114.119.156.102 - - [14/Jul/2026:19:36:36 +0000] "GET /index.php/zzztvsa/39aayzpksh_liqzne72382/principal/Assets/principal/pages/pages/avigilajudicial/avigilajudicial/principal/enlaces.php HTTP/1.1" 200 54693 "http://www.asjudinet.com/index.php/zzztvsa/39aayzpksh_liqzne72382/principal/Assets/principal/pages/pages/avigilajudicial/avigilajudicial/index.php" "Mozilla/5.0 (Linux; Android 7.0;) AppleWebKit/537.36 (HTML, like Gecko) Mobile Safari/537.36 (compatible; PetalBot;+https://webmaster.petalsearch.com/site/petalbot)"
217.182.195.181 - - [14/Jul/2026:19:36:37 +0000] "GET /index.php/20/8op9a7i2/925048/avigilajudicial/avigilajudicial/avigilajudicial/avigilajudicial/avigilajudicial/avigilajudicial/avigilajudicial/avigilajudicial/avigilajudicial/avigilajudicial/avigilajudicial/avigilajudicial/avigilajudicial/avigilajudicial/avigilajudicial/avigilajudicial/avigilajudicial/principal/avigilajudicial/avigilajudicial/principal/avigilajudicial/pages/pages/principal/principal/pages/pages/avigilajudicial/principal/principal/principal/prepago.php HTTP/1.1" 200 54693 "-" "Mozilla/5.0 (compatible; MJ12bot/v1.4.8; http://mj12bot.com/)"
217.182.195.181 - - [14/Jul/2026:19:36:39 +0000] "GET /index.php/20/8op9a7i2/925048/avigilajudicial/avigilajudicial/avigilajudicial/avigilajudicial/avigilajudicial/avigilajudicial/avigilajudicial/avigilajudicial/avigilajudicial/avigilajudicial/avigilajudicial/avigilajudicial/avigilajudicial/avigilajudicial/avigilajudicial/avigilajudicial/avigilajudicial/principal/avigilajudicial/avigilajudicial/principal/avigilajudicial/pages/pages/principal/principal/pages/pages/avigilajudicial/principal/principal/principal/quienes.php HTTP/1.1" 200 54693 "-" "Mozilla/5.0 (compatible; MJ12bot/v1.4.8; http://mj12bot.com/)"
217.182.195.181 - - [14/Jul/2026:19:36:41 +0000] "GET /index.php/20/8op9a7i2/925048/avigilajudicial/avigilajudicial/avigilajudicial/avigilajudicial/avigilajudicial/avigilajudicial/avigilajudicial/avigilajudicial/avigilajudicial/avigilajudicial/avigilajudicial/avigilajudicial/avigilajudicial/avigilajudicial/avigilajudicial/avigilajudicial/avigilajudicial/principal/avigilajudicial/avigilajudicial/principal/avigilajudicial/pages/pages/principal/principal/pages/pages/avigilajudicial/principal/principal/principal/soporteacademico.php HTTP/1.1" 200 54693 "-" "Mozilla/5.0 (compatible; MJ12bot/v1.4.8; http://mj12bot.com/)"
217.182.195.181 - - [14/Jul/2026:19:36:43 +0000] "GET /index.php/20/8op9a7i2/925048/avigilajudicial/avigilajudicial/avigilajudicial/avigilajudicial/avigilajudicial/avigilajudicial/avigilajudicial/avigilajudicial/avigilajudicial/avigilajudicial/avigilajudicial/avigilajudicial/avigilajudicial/avigilajudicial/avigilajudicial/avigilajudicial/avigilajudicial/principal/avigilajudicial/avigilajudicial/principal/avigilajudicial/pages/pages/principal/principal/pages/pages/avigilajudicial/principal/principal/principal/sucursales.php HTTP/1.1" 200 54693 "-" "Mozilla/5.0 (compatible; MJ12bot/v1.4.8; http://mj12bot.com/)"
185.104.164.179 - - [14/Jul/2026:19:36:42 +0000] "POST /callcenter/respuesta_contacto_afiliado_cerrar_ticket.php?cedulita=1003812628&numcon=48826&fecha=2026-06-25&atencion=106826&funcionario=34973320 HTTP/1.1" 200 18345 "http://www.asjudinet.com/callcenter/respuesta_contacto_afiliado_cerrar_ticket.php?cedulita=1003812628&numcon=48826&fecha=2026-06-25&atencion=106826&funcionario=34973320" "Mozilla/5.0 (Windows NT 10.0; Win64; x64) AppleWebKit/537.36 (KHTML, like Gecko) Chrome/150.0.0.0 Safari/537.36"
217.182.195.181 - - [14/Jul/2026:19:36:45 +0000] "GET /index.php/20/8op9a7i2/925048/avigilajudicial/avigilajudicial/avigilajudicial/avigilajudicial/avigilajudicial/avigilajudicial/avigilajudicial/avigilajudicial/avigilajudicial/avigilajudicial/avigilajudicial/avigilajudicial/avigilajudicial/avigilajudicial/avigilajudicial/avigilajudicial/avigilajudicial/principal/avigilajudicial/avigilajudicial/principal/avigilajudicial/pages/pages/principal/principal/pages/pages/avigilajudicial/principal/principal/principal/sucursales_satelites.php HTTP/1.1" 200 54693 "-" "Mozilla/5.0 (compatible; MJ12bot/v1.4.8; http://mj12bot.com/)"
217.182.195.181 - - [14/Jul/2026:19:36:46 +0000] "GET /index.php/20/8op9a7i2/925048/avigilajudicial/avigilajudicial/avigilajudicial/avigilajudicial/avigilajudicial/avigilajudicial/avigilajudicial/avigilajudicial/avigilajudicial/avigilajudicial/avigilajudicial/avigilajudicial/avigilajudicial/avigilajudicial/avigilajudicial/avigilajudicial/avigilajudicial/principal/avigilajudicial/avigilajudicial/principal/avigilajudicial/pages/pages/principal/principal/pages/pages/avigilajudicial/principal/principal/principal/testimonios.php HTTP/1.1" 200 54693 "-" "Mozilla/5.0 (compatible; MJ12bot/v1.4.8; http://mj12bot.com/)"
185.104.164.179 - - [14/Jul/2026:19:36:47 +0000] "GET /callcenter/listado_zona_bogota_cerrar_ticket.php?ced=34973320&nom=JALAL%20JULIO%20YAMILE&prevMes=2 HTTP/1.1" 200 4829 "http://www.asjudinet.com/callcenter/menu_cerrar_tickets.php?ced=34973320&nom=JALAL%20JULIO%20YAMILE" "Mozilla/5.0 (Windows NT 10.0; Win64; x64) AppleWebKit/537.36 (KHTML, like Gecko) Chrome/150.0.0.0 Safari/537.36"
217.182.195.181 - - [14/Jul/2026:19:36:48 +0000] "GET /index.php/20/8op9a7i2/925048/avigilajudicial/avigilajudicial/avigilajudicial/avigilajudicial/avigilajudicial/avigilajudicial/avigilajudicial/avigilajudicial/avigilajudicial/avigilajudicial/avigilajudicial/avigilajudicial/avigilajudicial/avigilajudicial/avigilajudicial/avigilajudicial/avigilajudicial/principal/avigilajudicial/avigilajudicial/principal/avigilajudicial/pages/pages/principal/principal/pages/pages/avigilajudicial/principal/principal/principal/trayectoria.php HTTP/1.1" 200 54693 "-" "Mozilla/5.0 (compatible; MJ12bot/v1.4.8; http://mj12bot.com/)"
185.104.164.179 - - [14/Jul/2026:19:36:47 +0000] "POST /callcenter/php/listado_zona_bogota_cerrar_ticket.php?prevMes=%202 HTTP/1.1" 200 64453 "http://www.asjudinet.com/callcenter/listado_zona_bogota_cerrar_ticket.php?ced=34973320&nom=JALAL%20JULIO%20YAMILE&prevMes=2" "Mozilla/5.0 (Windows NT 10.0; Win64; x64) AppleWebKit/537.36 (KHTML, like Gecko) Chrome/150.0.0.0 Safari/537.36"
217.182.195.181 - - [14/Jul/2026:19:36:50 +0000] "GET /index.php/20/8op9a7i2/925048/avigilajudicial/avigilajudicial/avigilajudicial/avigilajudicial/avigilajudicial/avigilajudicial/avigilajudicial/avigilajudicial/avigilajudicial/avigilajudicial/avigilajudicial/avigilajudicial/avigilajudicial/avigilajudicial/avigilajudicial/avigilajudicial/avigilajudicial/principal/avigilajudicial/avigilajudicial/principal/avigilajudicial/pages/pages/principal/principal/pages/pages/avigilajudicial/principal/principal/principal/ventajas.php HTTP/1.1" 200 54693 "-" "Mozilla/5.0 (compatible; MJ12bot/v1.4.8; http://mj12bot.com/)"
217.182.195.181 - - [14/Jul/2026:19:36:52 +0000] "GET /index.php/20/8op9a7i2/925048/avigilajudicial/avigilajudicial/avigilajudicial/avigilajudicial/avigilajudicial/avigilajudicial/avigilajudicial/avigilajudicial/avigilajudicial/avigilajudicial/avigilajudicial/avigilajudicial/avigilajudicial/avigilajudicial/avigilajudicial/avigilajudicial/avigilajudicial/principal/avigilajudicial/avigilajudicial/principal/avigilajudicial/pages/pages/principal/principal/pages/pages/avigilajudicial/principal/principal/principal/video_empresa.php HTTP/1.1" 200 54693 "-" "Mozilla/5.0 (compatible; MJ12bot/v1.4.8; http://mj12bot.com/)"
217.182.195.181 - - [14/Jul/2026:19:36:54 +0000] "GET /index.php/20/8op9a7i2/925048/avigilajudicial/avigilajudicial/avigilajudicial/avigilajudicial/avigilajudicial/avigilajudicial/avigilajudicial/avigilajudicial/avigilajudicial/avigilajudicial/avigilajudicial/avigilajudicial/avigilajudicial/avigilajudicial/avigilajudicial/avigilajudicial/avigilajudicial/principal/avigilajudicial/avigilajudicial/principal/avigilajudicial/pages/pages/principal/principal/pages/pages/avigilajudicial/principal/principal/val_usuarios.php HTTP/1.1" 200 54693 "-" "Mozilla/5.0 (compatible; MJ12bot/v1.4.8; http://mj12bot.com/)"
185.104.164.179 - - [14/Jul/2026:19:36:53 +0000] "GET /callcenter/respuesta_contacto_afiliado_cerrar_ticket.php?cedulita=42113871&numcon=7269&fecha=2026-06-26&atencion=106829&funcionario=34973320 HTTP/1.1" 200 19494 "http://www.asjudinet.com/callcenter/listado_zona_bogota_cerrar_ticket.php?ced=34973320&nom=JALAL%20JULIO%20YAMILE&prevMes=2" "Mozilla/5.0 (Windows NT 10.0; Win64; x64) AppleWebKit/537.36 (KHTML, like Gecko) Chrome/150.0.0.0 Safari/537.36"
217.182.195.181 - - [14/Jul/2026:19:36:56 +0000] "GET /index.php/20/8op9a7i2/925048/avigilajudicial/avigilajudicial/avigilajudicial/avigilajudicial/avigilajudicial/avigilajudicial/avigilajudicial/avigilajudicial/avigilajudicial/avigilajudicial/avigilajudicial/avigilajudicial/avigilajudicial/avigilajudicial/avigilajudicial/avigilajudicial/avigilajudicial/principal/avigilajudicial/avigilajudicial/principal/avigilajudicial/pages/pages/principal/principal/pages/pages/avigilajudicial/principal/principal/val_usuarios_IURIS.php HTTP/1.1" 200 54693 "-" "Mozilla/5.0 (compatible; MJ12bot/v1.4.8; http://mj12bot.com/)"
217.182.195.181 - - [14/Jul/2026:19:36:57 +0000] "GET /index.php/20/8op9a7i2/925048/avigilajudicial/avigilajudicial/avigilajudicial/avigilajudicial/avigilajudicial/avigilajudicial/avigilajudicial/avigilajudicial/avigilajudicial/avigilajudicial/avigilajudicial/avigilajudicial/avigilajudicial/avigilajudicial/avigilajudicial/avigilajudicial/avigilajudicial/principal/avigilajudicial/avigilajudicial/principal/avigilajudicial/pages/pages/principal/principal/pages/pages/avigilajudicial/principal/principal/validar_usuarios_pagina.php HTTP/1.1" 200 54693 "-" "Mozilla/5.0 (compatible; MJ12bot/v1.4.8; http://mj12bot.com/)"
217.182.195.181 - - [14/Jul/2026:19:36:59 +0000] "GET /index.php/20/8op9a7i2/925048/avigilajudicial/avigilajudicial/avigilajudicial/avigilajudicial/avigilajudicial/avigilajudicial/avigilajudicial/avigilajudicial/avigilajudicial/avigilajudicial/avigilajudicial/avigilajudicial/avigilajudicial/avigilajudicial/avigilajudicial/avigilajudicial/avigilajudicial/principal/avigilajudicial/avigilajudicial/principal/avigilajudicial/pages/pages/principal/principal/pages/pages/pages/avigilajudicial/avigilajudicial/formulario_seminario_dih.php HTTP/1.1" 200 54693 "-" "Mozilla/5.0 (compatible; MJ12bot/v1.4.8; http://mj12bot.com/)"
217.182.195.181 - - [14/Jul/2026:19:37:01 +0000] "GET /index.php/20/8op9a7i2/925048/avigilajudicial/avigilajudicial/avigilajudicial/avigilajudicial/avigilajudicial/avigilajudicial/avigilajudicial/avigilajudicial/avigilajudicial/avigilajudicial/avigilajudicial/avigilajudicial/avigilajudicial/avigilajudicial/avigilajudicial/avigilajudicial/avigilajudicial/principal/avigilajudicial/avigilajudicial/principal/avigilajudicial/pages/pages/principal/principal/pages/pages/pages/avigilajudicial/avigilajudicial/index.php HTTP/1.1" 200 54693 "-" "Mozilla/5.0 (compatible; MJ12bot/v1.4.8; http://mj12bot.com/)"
217.182.195.181 - - [14/Jul/2026:19:37:03 +0000] "GET /index.php/20/8op9a7i2/925048/avigilajudicial/avigilajudicial/avigilajudicial/avigilajudicial/avigilajudicial/avigilajudicial/avigilajudicial/avigilajudicial/avigilajudicial/avigilajudicial/avigilajudicial/avigilajudicial/avigilajudicial/avigilajudicial/avigilajudicial/avigilajudicial/avigilajudicial/principal/avigilajudicial/avigilajudicial/principal/avigilajudicial/pages/pages/principal/principal/pages/pages/pages/avigilajudicial/avigilajudicial/pages/menu_procesos_todos.php HTTP/1.1" 200 54693 "-" "Mozilla/5.0 (compatible; MJ12bot/v1.4.8; http://mj12bot.com/)"
217.182.195.181 - - [14/Jul/2026:19:37:05 +0000] "GET /index.php/20/8op9a7i2/925048/avigilajudicial/avigilajudicial/avigilajudicial/avigilajudicial/avigilajudicial/avigilajudicial/avigilajudicial/avigilajudicial/avigilajudicial/avigilajudicial/avigilajudicial/avigilajudicial/avigilajudicial/avigilajudicial/avigilajudicial/avigilajudicial/avigilajudicial/principal/avigilajudicial/avigilajudicial/principal/avigilajudicial/pages/pages/principal/principal/pages/pages/pages/avigilajudicial/avigilajudicial/principal/NoticiasImportantes.php HTTP/1.1" 200 54693 "-" "Mozilla/5.0 (compatible; MJ12bot/v1.4.8; http://mj12bot.com/)"
217.182.195.181 - - [14/Jul/2026:19:37:07 +0000] "GET /index.php/20/8op9a7i2/925048/avigilajudicial/avigilajudicial/avigilajudicial/avigilajudicial/avigilajudicial/avigilajudicial/avigilajudicial/avigilajudicial/avigilajudicial/avigilajudicial/avigilajudicial/avigilajudicial/avigilajudicial/avigilajudicial/avigilajudicial/avigilajudicial/avigilajudicial/principal/avigilajudicial/avigilajudicial/principal/avigilajudicial/pages/pages/principal/principal/pages/pages/pages/avigilajudicial/avigilajudicial/principal/asesoria.php HTTP/1.1" 200 54693 "-" "Mozilla/5.0 (compatible; MJ12bot/v1.4.8; http://mj12bot.com/)"
217.182.195.181 - - [14/Jul/2026:19:37:08 +0000] "GET /index.php/20/8op9a7i2/925048/avigilajudicial/avigilajudicial/avigilajudicial/avigilajudicial/avigilajudicial/avigilajudicial/avigilajudicial/avigilajudicial/avigilajudicial/avigilajudicial/avigilajudicial/avigilajudicial/avigilajudicial/avigilajudicial/avigilajudicial/avigilajudicial/avigilajudicial/principal/avigilajudicial/avigilajudicial/principal/avigilajudicial/pages/pages/principal/principal/pages/pages/pages/avigilajudicial/avigilajudicial/principal/casos_exito.php HTTP/1.1" 200 54693 "-" "Mozilla/5.0 (compatible; MJ12bot/v1.4.8; http://mj12bot.com/)"
217.182.195.181 - - [14/Jul/2026:19:37:10 +0000] "GET /index.php/20/8op9a7i2/925048/avigilajudicial/avigilajudicial/avigilajudicial/avigilajudicial/avigilajudicial/avigilajudicial/avigilajudicial/avigilajudicial/avigilajudicial/avigilajudicial/avigilajudicial/avigilajudicial/avigilajudicial/avigilajudicial/avigilajudicial/avigilajudicial/avigilajudicial/principal/avigilajudicial/avigilajudicial/principal/avigilajudicial/pages/pages/principal/principal/pages/pages/pages/avigilajudicial/avigilajudicial/principal/contactenos.php HTTP/1.1" 200 54693 "-" "Mozilla/5.0 (compatible; MJ12bot/v1.4.8; http://mj12bot.com/)"
217.182.195.181 - - [14/Jul/2026:19:37:12 +0000] "GET /index.php/20/8op9a7i2/925048/avigilajudicial/avigilajudicial/avigilajudicial/avigilajudicial/avigilajudicial/avigilajudicial/avigilajudicial/avigilajudicial/avigilajudicial/avigilajudicial/avigilajudicial/avigilajudicial/avigilajudicial/avigilajudicial/avigilajudicial/avigilajudicial/avigilajudicial/principal/avigilajudicial/avigilajudicial/principal/avigilajudicial/pages/pages/principal/principal/pages/pages/pages/avigilajudicial/avigilajudicial/principal/contratopersonas.php HTTP/1.1" 200 54693 "-" "Mozilla/5.0 (compatible; MJ12bot/v1.4.8; http://mj12bot.com/)"
