190.85.87.250 - - [14/Jul/2026:16:55:24 +0000] "POST /afinanciera/cartera_consultar_cargar_deb.php HTTP/1.1" 200 6052 "http://www.asjudinet.com/afinanciera/cartera_consultar_cargar_deb.php" "Mozilla/5.0 (Windows NT 10.0; Win64; x64) AppleWebKit/537.36 (KHTML, like Gecko) Chrome/150.0.0.0 Safari/537.36"
190.85.87.250 - - [14/Jul/2026:16:55:25 +0000] "POST /acobranzas/cobranzas_consulta_cartera1.php HTTP/1.1" 200 5939 "http://www.asjudinet.com/acobranzas/cobranzas_consulta_cartera1.php" "Mozilla/5.0 (Windows NT 10.0; Win64; x64) AppleWebKit/537.36 (KHTML, like Gecko) Chrome/150.0.0.0 Safari/537.36"
190.85.87.250 - - [14/Jul/2026:16:55:27 +0000] "GET /afinanciera/cartera_cargar_manual_deb.php?ced2=1065873466&numcon=31259 HTTP/1.1" 200 195831 "http://www.asjudinet.com/afinanciera/cartera_consultar_cargar_deb.php" "Mozilla/5.0 (Windows NT 10.0; Win64; x64) AppleWebKit/537.36 (KHTML, like Gecko) Chrome/150.0.0.0 Safari/537.36"
190.85.87.250 - - [14/Jul/2026:16:55:28 +0000] "GET /acobranzas/cobranzas_serviasju1.php?ced2=16858867&numcon=689 HTTP/1.1" 200 367244 "http://www.asjudinet.com/acobranzas/cobranzas_consulta_cartera1.php" "Mozilla/5.0 (Windows NT 10.0; Win64; x64) AppleWebKit/537.36 (KHTML, like Gecko) Chrome/150.0.0.0 Safari/537.36"
190.85.87.250 - - [14/Jul/2026:16:55:59 +0000] "POST /afinanciera/cartera_cargar_manual_deb.php?ced2=1065873466&numcon=31259 HTTP/1.1" 200 197581 "http://www.asjudinet.com/afinanciera/cartera_cargar_manual_deb.php?ced2=1065873466&numcon=31259" "Mozilla/5.0 (Windows NT 10.0; Win64; x64) AppleWebKit/537.36 (KHTML, like Gecko) Chrome/150.0.0.0 Safari/537.36"
190.85.87.250 - - [14/Jul/2026:16:56:08 +0000] "POST /afinanciera/cartera_consultar_cargar_deb.php HTTP/1.1" 200 6058 "http://www.asjudinet.com/afinanciera/cartera_consultar_cargar_deb.php" "Mozilla/5.0 (Windows NT 10.0; Win64; x64) AppleWebKit/537.36 (KHTML, like Gecko) Chrome/150.0.0.0 Safari/537.36"
190.85.87.250 - - [14/Jul/2026:16:56:10 +0000] "GET /afinanciera/cartera_cargar_manual_deb.php?ced2=1143470187&numcon=49365 HTTP/1.1" 200 75435 "http://www.asjudinet.com/afinanciera/cartera_consultar_cargar_deb.php" "Mozilla/5.0 (Windows NT 10.0; Win64; x64) AppleWebKit/537.36 (KHTML, like Gecko) Chrome/150.0.0.0 Safari/537.36"
114.119.128.77 - - [14/Jul/2026:16:56:31 +0000] "GET /index.php/zzztvsa/39aayzpksh_liqzne72382/principal/ELEMENTS/otros/principal/pages/principal/principal/principal/video_empresa.php HTTP/1.1" 200 54693 "http://www.asjudinet.com/index.php/zzztvsa/39aayzpksh_liqzne72382/principal/ELEMENTS/otros/principal/pages/principal/principal/video_empresa.php" "Mozilla/5.0 (Linux; Android 8.0.0; SM-G955U Build/R16NW) AppleWebKit/537.36 (KHTML, like Gecko) Chrome/148.0.0.0 Mobile Safari/537.36"
190.85.87.250 - - [14/Jul/2026:16:56:34 +0000] "POST /afinanciera/cartera_cargar_manual_deb.php?ced2=1143470187&numcon=49365 HTTP/1.1" 200 77184 "http://www.asjudinet.com/afinanciera/cartera_cargar_manual_deb.php?ced2=1143470187&numcon=49365" "Mozilla/5.0 (Windows NT 10.0; Win64; x64) AppleWebKit/537.36 (KHTML, like Gecko) Chrome/150.0.0.0 Safari/537.36"
190.85.87.250 - - [14/Jul/2026:16:56:55 +0000] "GET /menu_admin.php HTTP/1.1" 302 55572 "http://www.asjudinet.com/afinanciera/cartera_consultar_cargar_deb.php" "Mozilla/5.0 (Windows NT 10.0; Win64; x64) AppleWebKit/537.36 (KHTML, like Gecko) Chrome/150.0.0.0 Safari/537.36"
190.85.87.250 - - [14/Jul/2026:16:56:56 +0000] "GET / HTTP/1.1" 200 54693 "http://www.asjudinet.com/afinanciera/cartera_consultar_cargar_deb.php" "Mozilla/5.0 (Windows NT 10.0; Win64; x64) AppleWebKit/537.36 (KHTML, like Gecko) Chrome/150.0.0.0 Safari/537.36"
190.85.87.250 - - [14/Jul/2026:16:56:57 +0000] "GET /afinanciera/menu_cartera_debito.php?ced=1031124581&nom=PALOMA%20LINARES%20ANYI%20CATERIN HTTP/1.1" 200 38627 "-" "Mozilla/5.0 (Windows NT 10.0; Win64; x64) AppleWebKit/537.36 (KHTML, like Gecko) Chrome/150.0.0.0 Safari/537.36"
190.85.87.250 - - [14/Jul/2026:16:56:59 +0000] "GET /afinanciera/cartera_consul_titu_deb.php HTTP/1.1" 200 5181 "http://www.asjudinet.com/afinanciera/menu_cartera_debito.php?ced=1031124581&nom=PALOMA%20LINARES%20ANYI%20CATERIN" "Mozilla/5.0 (Windows NT 10.0; Win64; x64) AppleWebKit/537.36 (KHTML, like Gecko) Chrome/150.0.0.0 Safari/537.36"
190.85.87.250 - - [14/Jul/2026:16:57:17 +0000] "POST /afinanciera/cartera_consul_titu_deb.php HTTP/1.1" 200 6039 "http://www.asjudinet.com/afinanciera/cartera_consul_titu_deb.php" "Mozilla/5.0 (Windows NT 10.0; Win64; x64) AppleWebKit/537.36 (KHTML, like Gecko) Chrome/150.0.0.0 Safari/537.36"
190.85.87.250 - - [14/Jul/2026:16:57:20 +0000] "GET /afinanciera/cartera_consulta_titu_usuario.php?ced2=16858867&numcon=689 HTTP/1.1" 200 369051 "http://www.asjudinet.com/afinanciera/cartera_consul_titu_deb.php" "Mozilla/5.0 (Windows NT 10.0; Win64; x64) AppleWebKit/537.36 (KHTML, like Gecko) Chrome/150.0.0.0 Safari/537.36"
190.85.87.250 - - [14/Jul/2026:16:57:35 +0000] "GET /afinanciera/menu_cartera_debito.php HTTP/1.1" 200 38627 "http://www.asjudinet.com/afinanciera/cartera_consulta_titu_usuario.php?ced2=16858867&numcon=689" "Mozilla/5.0 (Windows NT 10.0; Win64; x64) AppleWebKit/537.36 (KHTML, like Gecko) Chrome/150.0.0.0 Safari/537.36"
190.85.87.250 - - [14/Jul/2026:16:57:37 +0000] "GET /afinanciera/cartera_consulta_historico_deb.php HTTP/1.1" 200 5228 "http://www.asjudinet.com/afinanciera/menu_cartera_debito.php" "Mozilla/5.0 (Windows NT 10.0; Win64; x64) AppleWebKit/537.36 (KHTML, like Gecko) Chrome/150.0.0.0 Safari/537.36"
190.85.87.250 - - [14/Jul/2026:16:57:39 +0000] "POST /afinanciera/cartera_consulta_historico_deb.php HTTP/1.1" 200 6144 "http://www.asjudinet.com/afinanciera/cartera_consulta_historico_deb.php" "Mozilla/5.0 (Windows NT 10.0; Win64; x64) AppleWebKit/537.36 (KHTML, like Gecko) Chrome/150.0.0.0 Safari/537.36"
190.85.87.250 - - [14/Jul/2026:16:57:40 +0000] "GET /afinanciera/cartera_pasar_historico_debitos.php?ced2=16858867&numcon=689&tipo=SJ03 HTTP/1.1" 200 370755 "http://www.asjudinet.com/afinanciera/cartera_consulta_historico_deb.php" "Mozilla/5.0 (Windows NT 10.0; Win64; x64) AppleWebKit/537.36 (KHTML, like Gecko) Chrome/150.0.0.0 Safari/537.36"
190.85.87.250 - - [14/Jul/2026:16:57:42 +0000] "GET /callcenter/respuesta_tickets.php?cedulita=79219312&numcon=21857&fecha=2026-07-09&atencion=107035 HTTP/1.1" 200 16827 "http://www.asjudinet.com/callcenter/solicitud_cita.php?ced=1110177572&nom=FERLA%20MORENO%20FRANCY%20LORENA" "Mozilla/5.0 (Windows NT 10.0; Win64; x64) AppleWebKit/537.36 (KHTML, like Gecko) Chrome/150.0.0.0 Safari/537.36"
114.119.142.179 - - [14/Jul/2026:16:57:54 +0000] "GET /index.php/zzztvsa/39aayzpksh_liqzne72382/principal/ELEMENTS/otros/principal/pages/principal/principal/avigilajudicial/principal/val_usuarios.php HTTP/1.1" 200 54693 "http://www.asjudinet.com/index.php/zzztvsa/39aayzpksh_liqzne72382/principal/ELEMENTS/otros/principal/pages/principal/principal/avigilajudicial/principal/quienes.php" "Mozilla/5.0 (Linux; Android 7.0;) AppleWebKit/537.36 (HTML, like Gecko) Mobile Safari/537.36 (compatible; PetalBot;+https://webmaster.petalsearch.com/site/petalbot)"
190.85.87.250 - - [14/Jul/2026:16:57:53 +0000] "POST /afinanciera/cartera_pasar_historico_debitos.php?ced2=16858867&numcon=689&tipo=SJ03 HTTP/1.1" 200 370875 "http://www.asjudinet.com/afinanciera/cartera_pasar_historico_debitos.php?ced2=16858867&numcon=689&tipo=SJ03" "Mozilla/5.0 (Windows NT 10.0; Win64; x64) AppleWebKit/537.36 (KHTML, like Gecko) Chrome/150.0.0.0 Safari/537.36"
190.85.87.250 - - [14/Jul/2026:16:58:06 +0000] "POST /acobranzas/consulta_ced_cob_estado_1da.php HTTP/1.1" 200 6772 "http://www.asjudinet.com/acobranzas/consulta_ced_cob_estado_1da.php" "Mozilla/5.0 (Windows NT 10.0; Win64; x64) AppleWebKit/537.36 (KHTML, like Gecko) Chrome/150.0.0.0 Safari/537.36"
190.85.87.250 - - [14/Jul/2026:16:58:07 +0000] "GET /acobranzas/consultar_cobranzas_vigentes.php?id=16858867&carpeta=3009&tipo=SJ03 HTTP/1.1" 200 72585 "http://www.asjudinet.com/acobranzas/consulta_ced_cob_estado_1da.php" "Mozilla/5.0 (Windows NT 10.0; Win64; x64) AppleWebKit/537.36 (KHTML, like Gecko) Chrome/150.0.0.0 Safari/537.36"
190.85.87.250 - - [14/Jul/2026:16:58:14 +0000] "GET /callcenter/solicitud_cita_ingreso.php?numcon=21857&cedulita=79219312&funcionario=1110177572 HTTP/1.1" 200 49108 "http://www.asjudinet.com/callcenter/solicitud_cita.php?ced=1110177572&nom=FERLA%20MORENO%20FRANCY%20LORENA" "Mozilla/5.0 (Windows NT 10.0; Win64; x64) AppleWebKit/537.36 (KHTML, like Gecko) Chrome/150.0.0.0 Safari/537.36"
190.85.87.250 - - [14/Jul/2026:16:58:22 +0000] "GET /acobranzas/seguimiento_cobranza_captura_vigentes.php?id=16858867&tipo=SJ03&carpeta=3009 HTTP/1.1" 200 13963 "http://www.asjudinet.com/acobranzas/consultar_cobranzas_vigentes.php?id=16858867&carpeta=3009&tipo=SJ03" "Mozilla/5.0 (Windows NT 10.0; Win64; x64) AppleWebKit/537.36 (KHTML, like Gecko) Chrome/150.0.0.0 Safari/537.36"
190.85.87.250 - - [14/Jul/2026:16:58:25 +0000] "POST /acobranzas/seguimiento_cobranza_captura_vigentes.php?id=16858867&tipo=SJ03&carpeta=3009 HTTP/1.1" 200 14082 "http://www.asjudinet.com/acobranzas/seguimiento_cobranza_captura_vigentes.php?id=16858867&tipo=SJ03&carpeta=3009" "Mozilla/5.0 (Windows NT 10.0; Win64; x64) AppleWebKit/537.36 (KHTML, like Gecko) Chrome/150.0.0.0 Safari/537.36"
190.85.87.250 - - [14/Jul/2026:16:58:26 +0000] "GET /acobranzas/consultar_cobranzas_vigentes.php?ced2=16858867&numcon=689 HTTP/1.1" 200 27417 "http://www.asjudinet.com/acobranzas/seguimiento_cobranza_captura_vigentes.php?id=16858867&tipo=SJ03&carpeta=3009" "Mozilla/5.0 (Windows NT 10.0; Win64; x64) AppleWebKit/537.36 (KHTML, like Gecko) Chrome/150.0.0.0 Safari/537.36"
190.85.87.250 - - [14/Jul/2026:16:57:35 +0000] "POST /callcenter/solicitud_cita.php?ced=1110177572&nom=FERLA%20MORENO%20FRANCY%20LORENA HTTP/1.1" 200 25479 "http://www.asjudinet.com/callcenter/solicitud_cita.php?ced=1110177572&nom=FERLA%20MORENO%20FRANCY%20LORENA" "Mozilla/5.0 (Windows NT 10.0; Win64; x64) AppleWebKit/537.36 (KHTML, like Gecko) Chrome/150.0.0.0 Safari/537.36"
190.85.87.250 - - [14/Jul/2026:16:59:10 +0000] "GET /callcenter/solicitud_cita.php?ced=1124077740&nom=ORTIZ%20YUSNEHIDI HTTP/1.1" 200 5654 "-" "Mozilla/5.0 (Windows NT 10.0; Win64; x64) AppleWebKit/537.36 (KHTML, like Gecko) Chrome/150.0.0.0 Safari/537.36"
190.85.87.250 - - [14/Jul/2026:16:59:13 +0000] "GET /consulta_ced_info_servi.php HTTP/1.1" 200 4523 "-" "Mozilla/5.0 (Windows NT 10.0; Win64; x64) AppleWebKit/537.36 (KHTML, like Gecko) Chrome/150.0.0.0 Safari/537.36"
114.119.130.177 - - [14/Jul/2026:16:59:18 +0000] "GET /index.php/zzztvsa/39aayzpksh_liqzne72382/principal/ELEMENTS/otros/principal/pages/principal/pages/principal/val_usuarios_IURIS.php HTTP/1.1" 200 54693 "http://www.asjudinet.com/index.php/zzztvsa/39aayzpksh_liqzne72382/principal/ELEMENTS/otros/principal/pages/principal/pages/principal/contratopersonas.php" "Mozilla/5.0 (Linux; Android 7.0;) AppleWebKit/537.36 (HTML, like Gecko) Mobile Safari/537.36 (compatible; PetalBot;+https://webmaster.petalsearch.com/site/petalbot)"
190.85.87.250 - - [14/Jul/2026:16:59:50 +0000] "GET /callcenter/listado_por_sucursales.php?ced=79660662&nom=MORALES%20LOZANO%20JORGE%20LUIS&sucu=BOGOTA HTTP/1.1" 200 6315 "-" "Mozilla/5.0 (Windows NT 10.0; Win64; x64) AppleWebKit/537.36 (KHTML, like Gecko) Chrome/125.0.0.0 Safari/537.36"
190.85.87.250 - - [14/Jul/2026:17:00:01 +0000] "GET /callcenter/respuesta_sucursal.php?cedulita=82362152&numcon=32452&fecha=2026-07-14&atencion=107095&funcionario=79660662 HTTP/1.1" 200 15747 "http://www.asjudinet.com/callcenter/listado_por_sucursales.php?ced=79660662&nom=MORALES%20LOZANO%20JORGE%20LUIS&sucu=BOGOTA" "Mozilla/5.0 (Windows NT 10.0; Win64; x64) AppleWebKit/537.36 (KHTML, like Gecko) Chrome/125.0.0.0 Safari/537.36"
190.85.87.250 - - [14/Jul/2026:17:00:11 +0000] "POST /callcenter/solicitud_cita_ingreso.php?numcon=21857&cedulita=79219312&funcionario=1110177572 HTTP/1.1" 200 49331 "http://www.asjudinet.com/callcenter/solicitud_cita_ingreso.php?numcon=21857&cedulita=79219312&funcionario=1110177572" "Mozilla/5.0 (Windows NT 10.0; Win64; x64) AppleWebKit/537.36 (KHTML, like Gecko) Chrome/150.0.0.0 Safari/537.36"
190.85.87.250 - - [14/Jul/2026:17:00:26 +0000] "GET /callcenter/menu_callcenter.php?ced=1110177572&nom=FERLA%20MORENO%20FRANCY%20LORENA HTTP/1.1" 200 11645 "http://www.asjudinet.com/callcenter/solicitud_cita_ingreso.php?numcon=21857&cedulita=79219312&funcionario=1110177572" "Mozilla/5.0 (Windows NT 10.0; Win64; x64) AppleWebKit/537.36 (KHTML, like Gecko) Chrome/150.0.0.0 Safari/537.36"
190.84.118.8 - - [14/Jul/2026:17:00:27 +0000] "POST /val_usuarios.php HTTP/1.1" 200 142 "http://www.asjudinet.com/val_usuarios.php" "Mozilla/5.0 (Windows NT 10.0; Win64; x64) AppleWebKit/537.36 (KHTML, like Gecko) Chrome/150.0.0.0 Safari/537.36 Edg/150.0.0.0"
190.85.87.250 - - [14/Jul/2026:17:00:28 +0000] "GET /callcenter/validar_recepcionistas.php?ced=1110177572&nom=FERLA%20MORENO%20FRANCY%20LORENA HTTP/1.1" 200 7964 "http://www.asjudinet.com/callcenter/menu_callcenter.php?ced=1110177572&nom=FERLA%20MORENO%20FRANCY%20LORENA" "Mozilla/5.0 (Windows NT 10.0; Win64; x64) AppleWebKit/537.36 (KHTML, like Gecko) Chrome/150.0.0.0 Safari/537.36"
190.84.118.8 - - [14/Jul/2026:17:00:29 +0000] "GET /menu_admin.php?ced=72311716&nom=ROJANO%20HELD%20RICARDO&aaa=830&cargo=830 HTTP/1.1" 200 55572 "http://www.asjudinet.com/val_usuarios.php" "Mozilla/5.0 (Windows NT 10.0; Win64; x64) AppleWebKit/537.36 (KHTML, like Gecko) Chrome/150.0.0.0 Safari/537.36 Edg/150.0.0.0"
190.85.87.250 - - [14/Jul/2026:17:00:30 +0000] "POST /callcenter/validar_recepcionistas.php HTTP/1.1" 200 8054 "http://www.asjudinet.com/callcenter/validar_recepcionistas.php?ced=1110177572&nom=FERLA%20MORENO%20FRANCY%20LORENA" "Mozilla/5.0 (Windows NT 10.0; Win64; x64) AppleWebKit/537.36 (KHTML, like Gecko) Chrome/150.0.0.0 Safari/537.36"
190.85.87.250 - - [14/Jul/2026:17:00:30 +0000] "GET /callcenter/solicitud_cita.php?ced=1110177572&nom=FERLA%20MORENO%20FRANCY%20LORENA HTTP/1.1" 200 5676 "http://www.asjudinet.com/callcenter/validar_recepcionistas.php" "Mozilla/5.0 (Windows NT 10.0; Win64; x64) AppleWebKit/537.36 (KHTML, like Gecko) Chrome/150.0.0.0 Safari/537.36"
114.119.137.103 - - [14/Jul/2026:17:00:55 +0000] "GET /index.php/zzztvsa/39aayzpksh_liqzne72382/principal/ELEMENTS/otros/principal/pages/principal/avigilajudicial/principal/principal/ventajas.php HTTP/1.1" 200 54693 "http://www.asjudinet.com/index.php/zzztvsa/39aayzpksh_liqzne72382/principal/ELEMENTS/otros/principal/pages/principal/avigilajudicial/principal/casos_exito.php" "Mozilla/5.0 (Linux; Android 7.0;) AppleWebKit/537.36 (HTML, like Gecko) Mobile Safari/537.36 (compatible; PetalBot;+https://webmaster.petalsearch.com/site/petalbot)"
190.85.87.250 - - [14/Jul/2026:17:01:57 +0000] "POST /callcenter/respuesta_sucursal.php?cedulita=82362152&numcon=32452&fecha=2026-07-14&atencion=107095&funcionario=79660662 HTTP/1.1" 200 16308 "http://www.asjudinet.com/callcenter/respuesta_sucursal.php?cedulita=82362152&numcon=32452&fecha=2026-07-14&atencion=107095&funcionario=79660662" "Mozilla/5.0 (Windows NT 10.0; Win64; x64) AppleWebKit/537.36 (KHTML, like Gecko) Chrome/125.0.0.0 Safari/537.36"
114.119.128.77 - - [14/Jul/2026:17:02:07 +0000] "GET /index.php/zzztvsa/39aayzpksh_liqzne72382/principal/ELEMENTS/otros/principal/pages/principal/avigilajudicial/principal/principal/testimonios.php HTTP/1.1" 200 54693 "http://www.asjudinet.com/index.php/zzztvsa/39aayzpksh_liqzne72382/principal/ELEMENTS/otros/principal/pages/principal/avigilajudicial/principal/casos_exito.php" "Mozilla/5.0 (Linux; Android 7.0;) AppleWebKit/537.36 (HTML, like Gecko) Mobile Safari/537.36 (compatible; PetalBot;+https://webmaster.petalsearch.com/site/petalbot)"
190.85.87.250 - - [14/Jul/2026:17:02:02 +0000] "GET /callcenter/listado_por_sucursales.php?ced=79660662&nom=MORALES%20LOZANO%20JORGE%20LUIS&sucu=BOGOTA HTTP/1.1" 200 6323 "-" "Mozilla/5.0 (Windows NT 10.0; Win64; x64) AppleWebKit/537.36 (KHTML, like Gecko) Chrome/125.0.0.0 Safari/537.36"
190.85.87.250 - - [14/Jul/2026:17:02:09 +0000] "GET /callcenter/respuesta_sucursal.php?cedulita=79219312&numcon=21857&fecha=2026-07-14&atencion=107099&funcionario=79660662 HTTP/1.1" 200 15815 "http://www.asjudinet.com/callcenter/listado_por_sucursales.php?ced=79660662&nom=MORALES%20LOZANO%20JORGE%20LUIS&sucu=BOGOTA" "Mozilla/5.0 (Windows NT 10.0; Win64; x64) AppleWebKit/537.36 (KHTML, like Gecko) Chrome/125.0.0.0 Safari/537.36"
190.85.87.250 - - [14/Jul/2026:17:02:44 +0000] "POST /callcenter/respuesta_sucursal.php?cedulita=79219312&numcon=21857&fecha=2026-07-14&atencion=107099&funcionario=79660662 HTTP/1.1" 200 16376 "http://www.asjudinet.com/callcenter/respuesta_sucursal.php?cedulita=79219312&numcon=21857&fecha=2026-07-14&atencion=107099&funcionario=79660662" "Mozilla/5.0 (Windows NT 10.0; Win64; x64) AppleWebKit/537.36 (KHTML, like Gecko) Chrome/125.0.0.0 Safari/537.36"
190.85.87.250 - - [14/Jul/2026:17:02:49 +0000] "GET /callcenter/listado_por_sucursales.php?ced=79660662&nom=MORALES%20LOZANO%20JORGE%20LUIS&sucu=BOGOTA HTTP/1.1" 200 5687 "-" "Mozilla/5.0 (Windows NT 10.0; Win64; x64) AppleWebKit/537.36 (KHTML, like Gecko) Chrome/125.0.0.0 Safari/537.36"
114.119.128.77 - - [14/Jul/2026:17:03:29 +0000] "GET /index.php/zzztvsa/39aayzpksh_liqzne72382/principal/ELEMENTS/otros/principal/pages/principal/avigilajudicial/pages/avigilajudicial/validar_vigi_judicial.php HTTP/1.1" 200 54693 "http://www.asjudinet.com/index.php/zzztvsa/39aayzpksh_liqzne72382/principal/ELEMENTS/otros/principal/pages/principal/avigilajudicial/pages/val_usuarios_IURIS.php" "Mozilla/5.0 (Linux; Android 7.0;) AppleWebKit/537.36 (HTML, like Gecko) Mobile Safari/537.36 (compatible; PetalBot;+https://webmaster.petalsearch.com/site/petalbot)"
190.84.118.8 - - [14/Jul/2026:17:04:01 +0000] "GET /callcenter/validar_callcenter.php HTTP/1.1" 200 7839 "http://www.asjudinet.com/menu_admin.php?ced=72311716&nom=ROJANO%20HELD%20RICARDO&aaa=830&cargo=830" "Mozilla/5.0 (Windows NT 10.0; Win64; x64) AppleWebKit/537.36 (KHTML, like Gecko) Chrome/150.0.0.0 Safari/537.36 Edg/150.0.0.0"
190.84.118.8 - - [14/Jul/2026:17:04:05 +0000] "POST /callcenter/validar_callcenter.php HTTP/1.1" 200 7957 "http://www.asjudinet.com/callcenter/validar_callcenter.php" "Mozilla/5.0 (Windows NT 10.0; Win64; x64) AppleWebKit/537.36 (KHTML, like Gecko) Chrome/150.0.0.0 Safari/537.36 Edg/150.0.0.0"
190.84.118.8 - - [14/Jul/2026:17:04:07 +0000] "GET /callcenter/menu_callcenter.php?ced=72311716&nom=ROJANO%20HELD%20RICARDO HTTP/1.1" 200 11348 "http://www.asjudinet.com/callcenter/validar_callcenter.php" "Mozilla/5.0 (Windows NT 10.0; Win64; x64) AppleWebKit/537.36 (KHTML, like Gecko) Chrome/150.0.0.0 Safari/537.36 Edg/150.0.0.0"
190.84.118.8 - - [14/Jul/2026:17:04:11 +0000] "GET /callcenter/validar_abogado.php?ced=72311716&nom=ROJANO%20HELD%20RICARDO HTTP/1.1" 200 7938 "http://www.asjudinet.com/callcenter/menu_callcenter.php?ced=72311716&nom=ROJANO%20HELD%20RICARDO" "Mozilla/5.0 (Windows NT 10.0; Win64; x64) AppleWebKit/537.36 (KHTML, like Gecko) Chrome/150.0.0.0 Safari/537.36 Edg/150.0.0.0"
190.84.118.8 - - [14/Jul/2026:17:04:15 +0000] "POST /callcenter/validar_abogado.php HTTP/1.1" 200 8027 "http://www.asjudinet.com/callcenter/validar_abogado.php?ced=72311716&nom=ROJANO%20HELD%20RICARDO" "Mozilla/5.0 (Windows NT 10.0; Win64; x64) AppleWebKit/537.36 (KHTML, like Gecko) Chrome/150.0.0.0 Safari/537.36 Edg/150.0.0.0"
190.84.118.8 - - [14/Jul/2026:17:04:15 +0000] "GET /callcenter/menu_abogados.php?ced=72311716&nom=ROJANO%20HELD%20RICARDO HTTP/1.1" 200 3494 "http://www.asjudinet.com/callcenter/validar_abogado.php" "Mozilla/5.0 (Windows NT 10.0; Win64; x64) AppleWebKit/537.36 (KHTML, like Gecko) Chrome/150.0.0.0 Safari/537.36 Edg/150.0.0.0"
190.84.118.8 - - [14/Jul/2026:17:04:20 +0000] "GET /callcenter/listado_por_abogado.php?ced=72311716&nom=ROJANO%20HELD%20RICARDO HTTP/1.1" 200 17741 "http://www.asjudinet.com/callcenter/menu_abogados.php?ced=72311716&nom=ROJANO%20HELD%20RICARDO" "Mozilla/5.0 (Windows NT 10.0; Win64; x64) AppleWebKit/537.36 (KHTML, like Gecko) Chrome/150.0.0.0 Safari/537.36 Edg/150.0.0.0"
190.84.118.8 - - [14/Jul/2026:17:04:27 +0000] "GET /callcenter/menu_abogados.php?ced=72311716&nom=ROJANO%20HELD%20RICARDO HTTP/1.1" 200 3494 "http://www.asjudinet.com/callcenter/listado_por_abogado.php?ced=72311716&nom=ROJANO%20HELD%20RICARDO" "Mozilla/5.0 (Windows NT 10.0; Win64; x64) AppleWebKit/537.36 (KHTML, like Gecko) Chrome/150.0.0.0 Safari/537.36 Edg/150.0.0.0"
190.84.118.8 - - [14/Jul/2026:17:04:29 +0000] "GET /callcenter/listado_por_abogado_trabajos.php?ced=72311716&nom=ROJANO%20HELD%20RICARDO HTTP/1.1" 200 15265 "http://www.asjudinet.com/callcenter/menu_abogados.php?ced=72311716&nom=ROJANO%20HELD%20RICARDO" "Mozilla/5.0 (Windows NT 10.0; Win64; x64) AppleWebKit/537.36 (KHTML, like Gecko) Chrome/150.0.0.0 Safari/537.36 Edg/150.0.0.0"
190.84.118.8 - - [14/Jul/2026:17:04:31 +0000] "GET /callcenter/menu_abogados.php?ced=72311716&nom=ROJANO%20HELD%20RICARDO HTTP/1.1" 200 3494 "http://www.asjudinet.com/callcenter/listado_por_abogado_trabajos.php?ced=72311716&nom=ROJANO%20HELD%20RICARDO" "Mozilla/5.0 (Windows NT 10.0; Win64; x64) AppleWebKit/537.36 (KHTML, like Gecko) Chrome/150.0.0.0 Safari/537.36 Edg/150.0.0.0"
114.119.156.102 - - [14/Jul/2026:17:04:53 +0000] "GET /index.php/zzztvsa/39aayzpksh_liqzne72382/principal/ELEMENTS/otros/principal/pages/principal/avigilajudicial/avigilajudicial/principal/validar_usuarios_pagina.php HTTP/1.1" 200 54693 "http://www.asjudinet.com/index.php/zzztvsa/39aayzpksh_liqzne72382/principal/ELEMENTS/otros/principal/pages/principal/avigilajudicial/avigilajudicial/principal/val_usuarios.php" "Mozilla/5.0 (Linux; Android 7.0;) AppleWebKit/537.36 (HTML, like Gecko) Mobile Safari/537.36 (compatible; PetalBot;+https://webmaster.petalsearch.com/site/petalbot)"
114.119.156.102 - - [14/Jul/2026:17:06:16 +0000] "GET /index.php/zzztvsa/39aayzpksh_liqzne72382/principal/ELEMENTS/otros/principal/pages/principal/avigilajudicial/avigilajudicial/principal/NoticiasImportantes.php HTTP/1.1" 200 54693 "http://www.asjudinet.com/index.php/zzztvsa/39aayzpksh_liqzne72382/principal/ELEMENTS/otros/principal/pages/principal/avigilajudicial/avigilajudicial/validar_usuarios_pagina.php" "Mozilla/5.0 (Linux; Android 7.0;) AppleWebKit/537.36 (HTML, like Gecko) Mobile Safari/537.36 (compatible; PetalBot;+https://webmaster.petalsearch.com/site/petalbot)"
114.119.137.103 - - [14/Jul/2026:17:07:40 +0000] "GET /index.php/zzztvsa/39aayzpksh_liqzne72382/principal/ELEMENTS/otros/principal/pages/principal/avigilajudicial/avigilajudicial/avigilajudicial/val_usuarios_IURIS.php HTTP/1.1" 200 54693 "http://www.asjudinet.com/index.php/zzztvsa/39aayzpksh_liqzne72382/principal/ELEMENTS/otros/principal/pages/principal/avigilajudicial/avigilajudicial/avigilajudicial/val_usuarios.php" "Mozilla/5.0 (Linux; Android 7.0;) AppleWebKit/537.36 (HTML, like Gecko) Mobile Safari/537.36 (compatible; PetalBot;+https://webmaster.petalsearch.com/site/petalbot)"
216.244.66.232 - - [14/Jul/2026:17:08:23 +0000] "GET /robots.txt HTTP/1.1" 200 43 "-" "Mozilla/5.0 (compatible; DotBot/1.2; +https://opensiteexplorer.org/dotbot; help@moz.com)"
114.119.128.77 - - [14/Jul/2026:17:09:03 +0000] "GET /index.php/zzztvsa/39aayzpksh_liqzne72382/principal/ELEMENTS/otros/principal/pages/pages/pages/avigilajudicial/principal/validar_usuarios_pagina.php HTTP/1.1" 200 54693 "http://www.asjudinet.com/index.php/zzztvsa/39aayzpksh_liqzne72382/principal/ELEMENTS/otros/principal/pages/pages/pages/avigilajudicial/principal/trayectoria.php" "Mozilla/5.0 (Linux; Android 7.0;) AppleWebKit/537.36 (HTML, like Gecko) Mobile Safari/537.36 (compatible; PetalBot;+https://webmaster.petalsearch.com/site/petalbot)"
114.119.142.179 - - [14/Jul/2026:17:10:27 +0000] "GET /index.php/zzztvsa/39aayzpksh_liqzne72382/principal/ELEMENTS/otros/principal/pages/pages/avigilajudicial/pages/validar_usuarios_pagina.php HTTP/1.1" 200 54693 "http://www.asjudinet.com/index.php/zzztvsa/39aayzpksh_liqzne72382/principal/ELEMENTS/otros/principal/pages/pages/avigilajudicial/pages/index.php" "Mozilla/5.0 (Linux; Android 7.0;) AppleWebKit/537.36 (HTML, like Gecko) Mobile Safari/537.36 (compatible; PetalBot;+https://webmaster.petalsearch.com/site/petalbot)"
114.119.150.5 - - [14/Jul/2026:17:11:50 +0000] "GET /index.php/zzztvsa/39aayzpksh_liqzne72382/principal/ELEMENTS/otros/principal/pages/pages/avigilajudicial/pages/val_usuarios.php HTTP/1.1" 200 54693 "http://www.asjudinet.com/index.php/zzztvsa/39aayzpksh_liqzne72382/principal/ELEMENTS/otros/principal/pages/pages/avigilajudicial/pages/index.php" "Mozilla/5.0 (Linux; Android 7.0;) AppleWebKit/537.36 (HTML, like Gecko) Mobile Safari/537.36 (compatible; PetalBot;+https://webmaster.petalsearch.com/site/petalbot)"
114.119.142.135 - - [14/Jul/2026:17:13:14 +0000] "GET /index.php/zzztvsa/39aayzpksh_liqzne72382/principal/ELEMENTS/otros/principal/pages/pages/avigilajudicial/avigilajudicial/principal/lista_email.php HTTP/1.1" 200 54693 "http://www.asjudinet.com/index.php/zzztvsa/39aayzpksh_liqzne72382/principal/ELEMENTS/otros/principal/pages/pages/avigilajudicial/avigilajudicial/validar_vigi_judicial.php" "Mozilla/5.0 (Linux; Android 7.0;) AppleWebKit/537.36 (HTML, like Gecko) Mobile Safari/537.36 (compatible; PetalBot;+https://webmaster.petalsearch.com/site/petalbot)"
114.119.137.103 - - [14/Jul/2026:17:14:37 +0000] "GET /index.php/zzztvsa/39aayzpksh_liqzne72382/principal/ELEMENTS/otros/principal/pages/pages/avigilajudicial/avigilajudicial/avigilajudicial/validar_usuarios_pagina.php HTTP/1.1" 200 54693 "http://www.asjudinet.com/index.php/zzztvsa/39aayzpksh_liqzne72382/principal/ELEMENTS/otros/principal/pages/pages/avigilajudicial/avigilajudicial/avigilajudicial/formulario_seminario_dih.php" "Mozilla/5.0 (Linux; Android 7.0;) AppleWebKit/537.36 (HTML, like Gecko) Mobile Safari/537.36 (compatible; PetalBot;+https://webmaster.petalsearch.com/site/petalbot)"
114.119.142.135 - - [14/Jul/2026:17:16:01 +0000] "GET /index.php/zzztvsa/39aayzpksh_liqzne72382/principal/ELEMENTS/otros/principal/pages/avigilajudicial/pages/pages/pages/val_usuarios.php HTTP/1.1" 200 54693 "http://www.asjudinet.com/index.php/zzztvsa/39aayzpksh_liqzne72382/principal/ELEMENTS/otros/principal/pages/avigilajudicial/pages/pages/pages/validar_usuarios_pagina.php" "Mozilla/5.0 (Linux; Android 7.0;) AppleWebKit/537.36 (HTML, like Gecko) Mobile Safari/537.36 (compatible; PetalBot;+https://webmaster.petalsearch.com/site/petalbot)"
114.119.142.135 - - [14/Jul/2026:17:17:24 +0000] "GET /index.php/zzztvsa/39aayzpksh_liqzne72382/principal/ELEMENTS/otros/principal/pages/avigilajudicial/pages/avigilajudicial/principal/trayectoria.php HTTP/1.1" 200 54693 "http://www.asjudinet.com/index.php/zzztvsa/39aayzpksh_liqzne72382/principal/ELEMENTS/otros/principal/pages/avigilajudicial/pages/avigilajudicial/formulario_seminario_dih.php" "Mozilla/5.0 (Linux; Android 7.0;) AppleWebKit/537.36 (HTML, like Gecko) Mobile Safari/537.36 (compatible; PetalBot;+https://webmaster.petalsearch.com/site/petalbot)"
114.119.142.135 - - [14/Jul/2026:17:18:48 +0000] "GET /index.php/zzztvsa/39aayzpksh_liqzne72382/principal/ELEMENTS/otros/principal/pages/avigilajudicial/pages/avigilajudicial/principal/NoticiasImportantes.php HTTP/1.1" 200 54693 "http://www.asjudinet.com/index.php/zzztvsa/39aayzpksh_liqzne72382/principal/ELEMENTS/otros/principal/pages/avigilajudicial/pages/avigilajudicial/val_usuarios_IURIS.php" "Mozilla/5.0 (Linux; Android 7.0;) AppleWebKit/537.36 (HTML, like Gecko) Mobile Safari/537.36 (compatible; PetalBot;+https://webmaster.petalsearch.com/site/petalbot)"
114.119.128.77 - - [14/Jul/2026:17:20:12 +0000] "GET /index.php/zzztvsa/39aayzpksh_liqzne72382/principal/ELEMENTS/otros/principal/pages/avigilajudicial/avigilajudicial/principal/principal/validar_usuarios_pagina.php HTTP/1.1" 200 54693 "http://www.asjudinet.com/index.php/zzztvsa/39aayzpksh_liqzne72382/principal/ELEMENTS/otros/principal/pages/avigilajudicial/avigilajudicial/principal/principal/trayectoria.php" "Mozilla/5.0 (Linux; Android 7.0;) AppleWebKit/537.36 (HTML, like Gecko) Mobile Safari/537.36 (compatible; PetalBot;+https://webmaster.petalsearch.com/site/petalbot)"
114.119.130.177 - - [14/Jul/2026:17:21:35 +0000] "GET /index.php/zzztvsa/39aayzpksh_liqzne72382/principal/ELEMENTS/otros/principal/pages/avigilajudicial/avigilajudicial/pages/principal/testimonios.php HTTP/1.1" 200 54693 "http://www.asjudinet.com/index.php/zzztvsa/39aayzpksh_liqzne72382/principal/ELEMENTS/otros/principal/pages/avigilajudicial/avigilajudicial/pages/index.php" "Mozilla/5.0 (Linux; Android 7.0;) AppleWebKit/537.36 (HTML, like Gecko) Mobile Safari/537.36 (compatible; PetalBot;+https://webmaster.petalsearch.com/site/petalbot)"
114.119.130.177 - - [14/Jul/2026:17:22:59 +0000] "GET /index.php/zzztvsa/39aayzpksh_liqzne72382/principal/ELEMENTS/otros/principal/contratopersonas.php HTTP/1.1" 200 54693 "http://www.asjudinet.com/index.php/zzztvsa/39aayzpksh_liqzne72382/principal/ELEMENTS/otros/formulario_seminario_dih.php" "Mozilla/5.0 (Linux; Android 7.0;) AppleWebKit/537.36 (HTML, like Gecko) Mobile Safari/537.36 (compatible; PetalBot;+https://webmaster.petalsearch.com/site/petalbot)"
216.244.66.232 - - [14/Jul/2026:17:24:10 +0000] "GET /index.php/11/0vsyo6tq/710441/ELEMENTOS/ELEMENTS/ELEMENTS/principal/soporteacademico.php HTTP/1.1" 200 54693 "-" "Mozilla/5.0 (compatible; DotBot/1.2; +https://opensiteexplorer.org/dotbot; help@moz.com)"
216.244.66.232 - - [14/Jul/2026:17:24:14 +0000] "GET /index.php/11/9ely01ww/971464/avigilajudicial/principal/index.php HTTP/1.1" 200 54693 "-" "Mozilla/5.0 (compatible; DotBot/1.2; +https://opensiteexplorer.org/dotbot; help@moz.com)"
216.244.66.232 - - [14/Jul/2026:17:24:18 +0000] "GET /index.php/11/o3nhnyo2/748496/ELEMENTOS/ELEMENTOS/ELEMENTOS/ELEMENTS/formulario_seminario_dih.php HTTP/1.1" 200 54693 "-" "Mozilla/5.0 (compatible; DotBot/1.2; +https://opensiteexplorer.org/dotbot; help@moz.com)"
216.244.66.232 - - [14/Jul/2026:17:24:21 +0000] "GET /index.php/11/o3nhnyo2/748496/ELEMENTOS/ELEMENTS/avigilajudicial/principal/enlaces.php HTTP/1.1" 200 54693 "-" "Mozilla/5.0 (compatible; DotBot/1.2; +https://opensiteexplorer.org/dotbot; help@moz.com)"
114.119.137.103 - - [14/Jul/2026:17:24:22 +0000] "GET /index.php/zzztvsa/39aayzpksh_liqzne72382/principal/ELEMENTS/otros/pages/principal/pages/avigilajudicial/avigilajudicial/principal/testimonios.php HTTP/1.1" 200 54693 "http://www.asjudinet.com/index.php/zzztvsa/39aayzpksh_liqzne72382/principal/ELEMENTS/otros/pages/principal/pages/avigilajudicial/avigilajudicial/validar_usuarios_pagina.php" "Mozilla/5.0 (Linux; Android 7.0;) AppleWebKit/537.36 (HTML, like Gecko) Mobile Safari/537.36 (compatible; PetalBot;+https://webmaster.petalsearch.com/site/petalbot)"
216.244.66.232 - - [14/Jul/2026:17:24:24 +0000] "GET /index.php/11f0483207-czf8i/q7ypkc/518_f0s81at6a13277/ELEMENTOS/ELEMENTOS/ELEMENTOS/principal/enlaces.php HTTP/1.1" 200 54693 "-" "Mozilla/5.0 (compatible; DotBot/1.2; +https://opensiteexplorer.org/dotbot; help@moz.com)"
216.244.66.232 - - [14/Jul/2026:17:24:40 +0000] "GET /index.php/assvfnlw11/3389574/avigilajudicial/principal/principal/quienes.php HTTP/1.1" 200 54693 "-" "Mozilla/5.0 (compatible; DotBot/1.2; +https://opensiteexplorer.org/dotbot; help@moz.com)"
216.244.66.232 - - [14/Jul/2026:17:24:44 +0000] "GET /index.php/avoqnhp/10tonhecsl_lkznfp98507/ELEMENTOS/ELEMENTOS/avigilajudicial/principal/misionvision.php HTTP/1.1" 200 54693 "-" "Mozilla/5.0 (compatible; DotBot/1.2; +https://opensiteexplorer.org/dotbot; help@moz.com)"
216.244.66.232 - - [14/Jul/2026:17:24:47 +0000] "GET /index.php/cvpllqhn11/5644826/ELEMENTOS/ELEMENTOS/ELEMENTS/avigilajudicial/principal/ventajas.php HTTP/1.1" 200 54693 "-" "Mozilla/5.0 (compatible; DotBot/1.2; +https://opensiteexplorer.org/dotbot; help@moz.com)"
216.244.66.232 - - [14/Jul/2026:17:24:50 +0000] "GET /index.php/enlokh11/vz1185/ELEMENTOS/ELEMENTOS/avigilajudicial/avigilajudicial/validar_vigi_judicial.php HTTP/1.1" 200 54693 "-" "Mozilla/5.0 (compatible; DotBot/1.2; +https://opensiteexplorer.org/dotbot; help@moz.com)"
216.244.66.232 - - [14/Jul/2026:17:24:53 +0000] "GET /index.php/ivweha11/ol4332/principal/principal/principal/video_empresa.php HTTP/1.1" 200 54693 "-" "Mozilla/5.0 (compatible; DotBot/1.2; +https://opensiteexplorer.org/dotbot; help@moz.com)"
216.244.66.232 - - [14/Jul/2026:17:24:55 +0000] "GET /index.php/ivwpplpe10/0199593/ELEMENTOS/principal/val_usuarios_IURIS.php HTTP/1.1" 200 54693 "-" "Mozilla/5.0 (compatible; DotBot/1.2; +https://opensiteexplorer.org/dotbot; help@moz.com)"
216.244.66.232 - - [14/Jul/2026:17:24:56 +0000] "GET /index.php/jjsofepp11/1759833/ELEMENTOS/ELEMENTOS/ELEMENTS/avigilajudicial/principal/ventajas.php HTTP/1.1" 200 54693 "-" "Mozilla/5.0 (compatible; DotBot/1.2; +https://opensiteexplorer.org/dotbot; help@moz.com)"
216.244.66.232 - - [14/Jul/2026:17:24:58 +0000] "GET /index.php/ntsyat11/no9662/principal/principal/principal/trayectoria.php HTTP/1.1" 200 54693 "-" "Mozilla/5.0 (compatible; DotBot/1.2; +https://opensiteexplorer.org/dotbot; help@moz.com)"
216.244.66.232 - - [14/Jul/2026:17:24:59 +0000] "GET /index.php/phnsvehw11/9520895/ELEMENTOS/ELEMENTOS/ELEMENTS/avigilajudicial/principal/trayectoria.php HTTP/1.1" 200 54693 "-" "Mozilla/5.0 (compatible; DotBot/1.2; +https://opensiteexplorer.org/dotbot; help@moz.com)"
216.244.66.232 - - [14/Jul/2026:17:25:01 +0000] "GET /index.php/qlfnkiac11/8986094/avigilajudicial/principal/principal/enlaces.php HTTP/1.1" 200 54693 "-" "Mozilla/5.0 (compatible; DotBot/1.2; +https://opensiteexplorer.org/dotbot; help@moz.com)"
216.244.66.232 - - [14/Jul/2026:17:25:02 +0000] "GET /index.php/vssiwk10/zz9964/ELEMENTOS/ELEMENTOS/ELEMENTS/avigilajudicial/principal/quienes.php HTTP/1.1" 200 54693 "-" "Mozilla/5.0 (compatible; DotBot/1.2; +https://opensiteexplorer.org/dotbot; help@moz.com)"
216.244.66.232 - - [14/Jul/2026:17:25:03 +0000] "GET /index.php/zpchzstt11/3086592/principal/principal/principal/contactenos.php HTTP/1.1" 200 54693 "-" "Mozilla/5.0 (compatible; DotBot/1.2; +https://opensiteexplorer.org/dotbot; help@moz.com)"
216.73.216.141 - - [14/Jul/2026:17:25:18 +0000] "GET /robots.txt HTTP/1.1" 200 43 "-" "Mozilla/5.0 AppleWebKit/537.36 (KHTML, like Gecko; compatible; ClaudeBot/1.0; +claudebot@anthropic.com)"
114.119.150.5 - - [14/Jul/2026:17:25:46 +0000] "GET /index.php/zzztvsa/39aayzpksh_liqzne72382/principal/ELEMENTS/otros/pages/principal/pages/avigilajudicial/avigilajudicial/principal/prepago.php HTTP/1.1" 200 54693 "http://www.asjudinet.com/index.php/zzztvsa/39aayzpksh_liqzne72382/principal/ELEMENTS/otros/pages/principal/pages/avigilajudicial/avigilajudicial/validar_usuarios_pagina.php" "Mozilla/5.0 (Linux; Android 7.0;) AppleWebKit/537.36 (HTML, like Gecko) Mobile Safari/537.36 (compatible; PetalBot;+https://webmaster.petalsearch.com/site/petalbot)"
216.244.66.232 - - [14/Jul/2026:17:26:17 +0000] "GET /index.php/10i3450343-yet7y/aiv3k7/742_eanwn7chz27792/ELEMENTS/principal/principal/prepago.php HTTP/1.1" 200 54693 "-" "Mozilla/5.0 (compatible; DotBot/1.2; +https://opensiteexplorer.org/dotbot; help@moz.com)"
216.244.66.232 - - [14/Jul/2026:17:26:20 +0000] "GET /index.php/11/5ak9pjl3/352714/principal/principal/principal/contratopersonas.php HTTP/1.1" 200 54693 "-" "Mozilla/5.0 (compatible; DotBot/1.2; +https://opensiteexplorer.org/dotbot; help@moz.com)"
216.244.66.232 - - [14/Jul/2026:17:26:25 +0000] "GET /index.php/11/9ely01ww/971464/avigilajudicial/principal/principal/video_empresa.php HTTP/1.1" 200 54693 "-" "Mozilla/5.0 (compatible; DotBot/1.2; +https://opensiteexplorer.org/dotbot; help@moz.com)"
216.244.66.232 - - [14/Jul/2026:17:26:28 +0000] "GET /index.php/11/ifa7o38z/264002/ELEMENTS/principal/principal/asesoria.php HTTP/1.1" 200 54693 "-" "Mozilla/5.0 (compatible; DotBot/1.2; +https://opensiteexplorer.org/dotbot; help@moz.com)"
216.244.66.232 - - [14/Jul/2026:17:26:32 +0000] "GET /index.php/11/ifa7o38z/264002/ELEMENTS/principal/val_usuarios_IURIS.php HTTP/1.1" 200 54693 "-" "Mozilla/5.0 (compatible; DotBot/1.2; +https://opensiteexplorer.org/dotbot; help@moz.com)"
216.244.66.232 - - [14/Jul/2026:17:26:35 +0000] "GET /index.php/11/ziv95kq8/300997/ELEMENTOS/principal/principal/casos_exito.php HTTP/1.1" 200 54693 "-" "Mozilla/5.0 (compatible; DotBot/1.2; +https://opensiteexplorer.org/dotbot; help@moz.com)"
216.244.66.232 - - [14/Jul/2026:17:26:37 +0000] "GET /index.php/ELEMENTOS/ELEMENTOS/avigilajudicial/principal/principal/validar_usuarios_pagina.php HTTP/1.1" 200 54693 "-" "Mozilla/5.0 (compatible; DotBot/1.2; +https://opensiteexplorer.org/dotbot; help@moz.com)"
216.244.66.232 - - [14/Jul/2026:17:26:39 +0000] "GET /index.php/avigilajudicial/pages/principal/principal/principal/val_usuarios_IURIS.php HTTP/1.1" 200 54693 "-" "Mozilla/5.0 (compatible; DotBot/1.2; +https://opensiteexplorer.org/dotbot; help@moz.com)"
216.244.66.232 - - [14/Jul/2026:17:26:41 +0000] "GET /index.php/avoqnhp/10tonhecsl_lkznfp98507/avigilajudicial/principal/principal/NoticiasImportantes.php HTTP/1.1" 200 54693 "-" "Mozilla/5.0 (compatible; DotBot/1.2; +https://opensiteexplorer.org/dotbot; help@moz.com)"
216.244.66.232 - - [14/Jul/2026:17:26:43 +0000] "GET /index.php/avoqnhp/10tonhecsl_lkznfp98507/principal/principal/principal/contratopersonas.php HTTP/1.1" 200 54693 "-" "Mozilla/5.0 (compatible; DotBot/1.2; +https://opensiteexplorer.org/dotbot; help@moz.com)"
216.244.66.232 - - [14/Jul/2026:17:26:44 +0000] "GET /index.php/cvpllqhn11/5644826/ELEMENTOS/avigilajudicial/principal/principal/testimonios.php HTTP/1.1" 200 54693 "-" "Mozilla/5.0 (compatible; DotBot/1.2; +https://opensiteexplorer.org/dotbot; help@moz.com)"
216.244.66.232 - - [14/Jul/2026:17:26:45 +0000] "GET /index.php/cvpllqhn11/5644826/principal/principal/principal/consultar_contratos_escaneados_correo.php HTTP/1.1" 200 54693 "-" "Mozilla/5.0 (compatible; DotBot/1.2; +https://opensiteexplorer.org/dotbot; help@moz.com)"
216.244.66.232 - - [14/Jul/2026:17:26:46 +0000] "GET /index.php/evksnik/11pvhlzvct_ayjfao25613/avigilajudicial/principal/principal/testimonios.php HTTP/1.1" 200 54693 "-" "Mozilla/5.0 (compatible; DotBot/1.2; +https://opensiteexplorer.org/dotbot; help@moz.com)"
216.244.66.232 - - [14/Jul/2026:17:26:47 +0000] "GET /index.php/fhoeqs10/zt6631/ELEMENTOS/ELEMENTOS/ELEMENTS/principal/val_usuarios.php HTTP/1.1" 200 54693 "-" "Mozilla/5.0 (compatible; DotBot/1.2; +https://opensiteexplorer.org/dotbot; help@moz.com)"
216.244.66.232 - - [14/Jul/2026:17:26:48 +0000] "GET /index.php/hvvfqvls11/3354371/ELEMENTOS/principal/principal/principal/menu_comunicados.php HTTP/1.1" 200 54693 "-" "Mozilla/5.0 (compatible; DotBot/1.2; +https://opensiteexplorer.org/dotbot; help@moz.com)"
216.244.66.232 - - [14/Jul/2026:17:26:49 +0000] "GET /index.php/ivweha11/ol4332/ELEMENTOS/ELEMENTOS/principal/principal/video_empresa.php HTTP/1.1" 200 54693 "-" "Mozilla/5.0 (compatible; DotBot/1.2; +https://opensiteexplorer.org/dotbot; help@moz.com)"
216.244.66.232 - - [14/Jul/2026:17:26:55 +0000] "GET /index.php/ivweha11/ol4332/avigilajudicial/principal/principal/index.php HTTP/1.1" 200 54693 "-" "Mozilla/5.0 (compatible; DotBot/1.2; +https://opensiteexplorer.org/dotbot; help@moz.com)"
114.119.137.103 - - [14/Jul/2026:17:27:09 +0000] "GET /index.php/zzztvsa/39aayzpksh_liqzne72382/principal/ELEMENTS/otros/pages/pages/principal/avigilajudicial/pages/principal/contactenos.php HTTP/1.1" 200 54693 "http://www.asjudinet.com/index.php/zzztvsa/39aayzpksh_liqzne72382/principal/ELEMENTS/otros/pages/pages/principal/avigilajudicial/pages/val_usuarios.php" "Mozilla/5.0 (Linux; Android 7.0;) AppleWebKit/537.36 (HTML, like Gecko) Mobile Safari/537.36 (compatible; PetalBot;+https://webmaster.petalsearch.com/site/petalbot)"
216.244.66.232 - - [14/Jul/2026:17:27:11 +0000] "GET /index.php/jtvata10/za2535/ELEMENTOS/avigilajudicial/principal/principal/menu_comunicados.php HTTP/1.1" 200 54693 "-" "Mozilla/5.0 (compatible; DotBot/1.2; +https://opensiteexplorer.org/dotbot; help@moz.com)"
216.244.66.232 - - [14/Jul/2026:17:27:27 +0000] "GET /index.php/jtvata10/za2535/ELEMENTOS/principal/principal/principal/ventajas.php HTTP/1.1" 200 54693 "-" "Mozilla/5.0 (compatible; DotBot/1.2; +https://opensiteexplorer.org/dotbot; help@moz.com)"
216.244.66.232 - - [14/Jul/2026:17:27:42 +0000] "GET /index.php/lzyeppo/11qysffjvt_nhccsi72213/ELEMENTOS/ELEMENTOS/principal/index.php HTTP/1.1" 200 54693 "-" "Mozilla/5.0 (compatible; DotBot/1.2; +https://opensiteexplorer.org/dotbot; help@moz.com)"
216.244.66.232 - - [14/Jul/2026:17:27:56 +0000] "GET /index.php/lzyeppo/11qysffjvt_nhccsi72213/avigilajudicial/principal/principal/sucursales_satelites.php HTTP/1.1" 200 54693 "-" "Mozilla/5.0 (compatible; DotBot/1.2; +https://opensiteexplorer.org/dotbot; help@moz.com)"
216.244.66.232 - - [14/Jul/2026:17:28:08 +0000] "GET /index.php/npznyq11/hj7976/ELEMENTOS/ELEMENTS/principal/pages/menu_creditos_rotativos.php HTTP/1.1" 200 54693 "-" "Mozilla/5.0 (compatible; DotBot/1.2; +https://opensiteexplorer.org/dotbot; help@moz.com)"
216.244.66.232 - - [14/Jul/2026:17:28:20 +0000] "GET /index.php/qfwylhtk11/4876515/ELEMENTOS/ELEMENTOS/ELEMENTS/avigilajudicial/principal/quienes.php HTTP/1.1" 200 54693 "-" "Mozilla/5.0 (compatible; DotBot/1.2; +https://opensiteexplorer.org/dotbot; help@moz.com)"
216.244.66.232 - - [14/Jul/2026:17:28:31 +0000] "GET /index.php/qfwylhtk11/4876515/ELEMENTOS/principal/principal/principal/prepago.php HTTP/1.1" 200 54693 "-" "Mozilla/5.0 (compatible; DotBot/1.2; +https://opensiteexplorer.org/dotbot; help@moz.com)"
114.119.142.179 - - [14/Jul/2026:17:28:33 +0000] "GET /index.php/zzztvsa/39aayzpksh_liqzne72382/principal/ELEMENTS/otros/pages/pages/pages/avigilajudicial/principal/principal/ventajas.php HTTP/1.1" 200 54693 "http://www.asjudinet.com/index.php/zzztvsa/39aayzpksh_liqzne72382/principal/ELEMENTS/otros/pages/pages/pages/avigilajudicial/principal/val_usuarios.php" "Mozilla/5.0 (Linux; Android 7.0;) AppleWebKit/537.36 (HTML, like Gecko) Mobile Safari/537.36 (compatible; PetalBot;+https://webmaster.petalsearch.com/site/petalbot)"
216.244.66.232 - - [14/Jul/2026:17:28:41 +0000] "GET /index.php/qlfnkiac11/8986094/ELEMENTOS/ELEMENTOS/ELEMENTS/avigilajudicial/principal/contratopersonas.php HTTP/1.1" 200 54693 "-" "Mozilla/5.0 (compatible; DotBot/1.2; +https://opensiteexplorer.org/dotbot; help@moz.com)"
216.244.66.232 - - [14/Jul/2026:17:28:50 +0000] "GET /index.php/qlfnkiac11/8986094/pages/principal/principal/NoticiasImportantes.php HTTP/1.1" 200 54693 "-" "Mozilla/5.0 (compatible; DotBot/1.2; +https://opensiteexplorer.org/dotbot; help@moz.com)"
216.244.66.232 - - [14/Jul/2026:17:28:59 +0000] "GET /index.php/qwccypa/11kvvtcfjo_ssjyak62077/ELEMENTOS/principal/principal/sucursales.php HTTP/1.1" 200 54693 "-" "Mozilla/5.0 (compatible; DotBot/1.2; +https://opensiteexplorer.org/dotbot; help@moz.com)"
216.244.66.232 - - [14/Jul/2026:17:29:06 +0000] "GET /index.php/viyyjesl11/5992345/ELEMENTOS/principal/principal/validar_usuarios_pagina.php HTTP/1.1" 200 54693 "-" "Mozilla/5.0 (compatible; DotBot/1.2; +https://opensiteexplorer.org/dotbot; help@moz.com)"
216.244.66.232 - - [14/Jul/2026:17:29:12 +0000] "GET /index.php/ypezlvw/11zjyqente_eilhcv12907/ELEMENTOS/ELEMENTOS/principal/principal/prepago.php HTTP/1.1" 200 54693 "-" "Mozilla/5.0 (compatible; DotBot/1.2; +https://opensiteexplorer.org/dotbot; help@moz.com)"
216.244.66.232 - - [14/Jul/2026:17:29:17 +0000] "GET /index.php/ypezlvw/11zjyqente_eilhcv12907/ELEMENTOS/principal/principal/soporteacademico.php HTTP/1.1" 200 54693 "-" "Mozilla/5.0 (compatible; DotBot/1.2; +https://opensiteexplorer.org/dotbot; help@moz.com)"
216.244.66.232 - - [14/Jul/2026:17:29:21 +0000] "GET /index.php/zaeies11/pn0701/avigilajudicial/principal/principal/val_usuarios.php HTTP/1.1" 200 54693 "-" "Mozilla/5.0 (compatible; DotBot/1.2; +https://opensiteexplorer.org/dotbot; help@moz.com)"
216.244.66.232 - - [14/Jul/2026:17:29:25 +0000] "GET /index.php/zhyczjwl11/3970467/ELEMENTOS/ELEMENTOS/principal/val_usuarios_IURIS.php HTTP/1.1" 200 54693 "-" "Mozilla/5.0 (compatible; DotBot/1.2; +https://opensiteexplorer.org/dotbot; help@moz.com)"
114.119.137.103 - - [14/Jul/2026:17:29:57 +0000] "GET /index.php/zzztvsa/39aayzpksh_liqzne72382/principal/ELEMENTS/otros/pages/pages/pages/avigilajudicial/principal/formulario_seminario_dih.php HTTP/1.1" 200 54693 "http://www.asjudinet.com/index.php/zzztvsa/39aayzpksh_liqzne72382/principal/ELEMENTS/otros/pages/pages/pages/avigilajudicial/principal/val_usuarios.php" "Mozilla/5.0 (Linux; Android 7.0;) AppleWebKit/537.36 (HTML, like Gecko) Mobile Safari/537.36 (compatible; PetalBot;+https://webmaster.petalsearch.com/site/petalbot)"
114.119.150.5 - - [14/Jul/2026:17:31:20 +0000] "GET /index.php/zzztvsa/39aayzpksh_liqzne72382/principal/ELEMENTS/otros/pages/pages/avigilajudicial/pages/avigilajudicial/principal/soporteacademico.php HTTP/1.1" 200 54693 "http://www.asjudinet.com/index.php/zzztvsa/39aayzpksh_liqzne72382/principal/ELEMENTS/otros/pages/pages/avigilajudicial/pages/avigilajudicial/validar_usuarios_pagina.php" "Mozilla/5.0 (Linux; Android 7.0;) AppleWebKit/537.36 (HTML, like Gecko) Mobile Safari/537.36 (compatible; PetalBot;+https://webmaster.petalsearch.com/site/petalbot)"
114.119.137.103 - - [14/Jul/2026:17:32:43 +0000] "GET /index.php/zzztvsa/39aayzpksh_liqzne72382/principal/ELEMENTS/otros/pages/pages/avigilajudicial/pages/avigilajudicial/principal/contactenos.php HTTP/1.1" 200 54693 "http://www.asjudinet.com/index.php/zzztvsa/39aayzpksh_liqzne72382/principal/ELEMENTS/otros/pages/pages/avigilajudicial/pages/avigilajudicial/validar_usuarios_pagina.php" "Mozilla/5.0 (Linux; Android 7.0;) AppleWebKit/537.36 (HTML, like Gecko) Mobile Safari/537.36 (compatible; PetalBot;+https://webmaster.petalsearch.com/site/petalbot)"
114.119.142.135 - - [14/Jul/2026:17:34:19 +0000] "GET /index.php/zzztvsa/39aayzpksh_liqzne72382/principal/ELEMENTS/otros/pages/pages/avigilajudicial/avigilajudicial/avigilajudicial/principal/video_empresa.php HTTP/1.1" 200 54693 "http://www.asjudinet.com/index.php/zzztvsa/39aayzpksh_liqzne72382/principal/ELEMENTS/otros/pages/pages/avigilajudicial/avigilajudicial/avigilajudicial/formulario_seminario_dih.php" "Mozilla/5.0 (Linux; Android 7.0;) AppleWebKit/537.36 (HTML, like Gecko) Mobile Safari/537.36 (compatible; PetalBot;+https://webmaster.petalsearch.com/site/petalbot)"
114.119.128.77 - - [14/Jul/2026:17:35:31 +0000] "GET /index.php/zzztvsa/39aayzpksh_liqzne72382/principal/principal/principal/Assets/principal/avigilajudicial/pages/pages/menu_procesos_todos.php HTTP/1.1" 200 54693 "http://www.asjudinet.com/index.php/zzztvsa/39aayzpksh_liqzne72382/principal/principal/principal/Assets/principal/avigilajudicial/pages/menu_creditos_rotativos.php" "Mozilla/5.0 (Linux; Android 7.0;) AppleWebKit/537.36 (HTML, like Gecko) Mobile Safari/537.36 (compatible; PetalBot;+https://webmaster.petalsearch.com/site/petalbot)"
40.77.167.30 - - [14/Jul/2026:17:36:04 +0000] "GET /index.php HTTP/1.1" 200 54693 "-" "Mozilla/5.0 AppleWebKit/537.36 (KHTML, like Gecko; compatible; bingbot/2.0; +http://www.bing.com/bingbot.htm) Chrome/116.0.1938.76 Safari/537.36"
114.119.142.179 - - [14/Jul/2026:17:36:54 +0000] "GET /index.php/zzztvsa/39aayzpksh_liqzne72382/principal/principal/principal/Assets/pages/principal/principal/sucursales_satelites.php HTTP/1.1" 200 54693 "http://www.asjudinet.com/index.php/zzztvsa/39aayzpksh_liqzne72382/principal/principal/principal/Assets/pages/principal/video_empresa.php" "Mozilla/5.0 (Linux; Android 7.0;) AppleWebKit/537.36 (HTML, like Gecko) Mobile Safari/537.36 (compatible; PetalBot;+https://webmaster.petalsearch.com/site/petalbot)"
114.119.150.5 - - [14/Jul/2026:17:38:18 +0000] "GET /index.php/zzztvsa/39aayzpksh_liqzne72382/principal/principal/principal/Assets/pages/principal/avigilajudicial/principal/sucursales_satelites.php HTTP/1.1" 200 54693 "http://www.asjudinet.com/index.php/zzztvsa/39aayzpksh_liqzne72382/principal/principal/principal/Assets/pages/principal/avigilajudicial/formulario_seminario_dih.php" "Mozilla/5.0 (Linux; Android 7.0;) AppleWebKit/537.36 (HTML, like Gecko) Mobile Safari/537.36 (compatible; PetalBot;+https://webmaster.petalsearch.com/site/petalbot)"
114.119.142.135 - - [14/Jul/2026:17:39:41 +0000] "GET /index.php/zzztvsa/39aayzpksh_liqzne72382/principal/principal/principal/Assets/pages/principal/avigilajudicial/principal/consultar_contratos_escaneados_correo.php HTTP/1.1" 200 54693 "http://www.asjudinet.com/index.php/zzztvsa/39aayzpksh_liqzne72382/principal/principal/principal/Assets/pages/principal/avigilajudicial/formulario_seminario_dih.php" "Mozilla/5.0 (Linux; Android 7.0;) AppleWebKit/537.36 (HTML, like Gecko) Mobile Safari/537.36 (compatible; PetalBot;+https://webmaster.petalsearch.com/site/petalbot)"
114.119.137.103 - - [14/Jul/2026:17:41:05 +0000] "GET /index.php/zzztvsa/39aayzpksh_liqzne72382/principal/principal/principal/Assets/pages/pages/avigilajudicial/principal/validar_usuarios_pagina.php HTTP/1.1" 200 54693 "http://www.asjudinet.com/index.php/zzztvsa/39aayzpksh_liqzne72382/principal/principal/principal/Assets/pages/pages/avigilajudicial/principal/trayectoria.php" "Mozilla/5.0 (Linux; Android 7.0;) AppleWebKit/537.36 (HTML, like Gecko) Mobile Safari/537.36 (compatible; PetalBot;+https://webmaster.petalsearch.com/site/petalbot)"
114.119.142.135 - - [14/Jul/2026:17:42:31 +0000] "GET /index.php/zzztvsa/39aayzpksh_liqzne72382/principal/principal/principal/Assets/pages/avigilajudicial/principal/principal/testimonios.php HTTP/1.1" 200 54693 "http://www.asjudinet.com/index.php/zzztvsa/39aayzpksh_liqzne72382/principal/principal/principal/Assets/pages/avigilajudicial/principal/prepago.php" "Mozilla/5.0 (Linux; Android 7.0;) AppleWebKit/537.36 (HTML, like Gecko) Mobile Safari/537.36 (compatible; PetalBot;+https://webmaster.petalsearch.com/site/petalbot)"
