168.144.99.198 - - [14/Jul/2026:19:52:49 +0000] "POST / HTTP/1.1" 200 54693 "-" "Mozilla/5.0 (Linux; Android 14; SM-S928B) AppleWebKit/537.36 (KHTML, like Gecko) Chrome/131.0.0.0 Mobile Safari/537.36"
185.104.164.179 - - [14/Jul/2026:19:52:49 +0000] "GET /callcenter/respuesta_contacto_afiliado_cerrar_ticket.php?cedulita=1019025509&numcon=15018A&fecha=2026-07-06&atencion=106984&funcionario=34973320 HTTP/1.1" 200 19790 "http://www.asjudinet.com/callcenter/listado_zona_bogota_cerrar_ticket.php?ced=34973320&nom=JALAL%20JULIO%20YAMILE&prevMes=2" "Mozilla/5.0 (Windows NT 10.0; Win64; x64) AppleWebKit/537.36 (KHTML, like Gecko) Chrome/150.0.0.0 Safari/537.36"
168.144.99.198 - - [14/Jul/2026:19:52:52 +0000] "POST / HTTP/1.1" 200 54693 "-" "Mozilla/5.0 (Macintosh; Intel Mac OS X 10_15_7) AppleWebKit/537.36 (KHTML, like Gecko) Chrome/131.0.0.0 Safari/537.36"
190.85.87.250 - - [14/Jul/2026:19:52:56 +0000] "GET /consulta_ced_info_servi.php HTTP/1.1" 200 4523 "-" "Mozilla/5.0 (Windows NT 10.0; Win64; x64) AppleWebKit/537.36 (KHTML, like Gecko) Chrome/125.0.0.0 Safari/537.36"
168.144.99.198 - - [14/Jul/2026:19:53:02 +0000] "POST / HTTP/1.1" 200 54693 "-" "Mozilla/5.0 (Macintosh; Intel Mac OS X 10_15_7) AppleWebKit/605.1.15 (KHTML, like Gecko) Version/18.2 Safari/605.1.15"
185.104.164.179 - - [14/Jul/2026:19:53:00 +0000] "POST /callcenter/respuesta_contacto_afiliado_cerrar_ticket.php?cedulita=1019025509&numcon=15018A&fecha=2026-07-06&atencion=106984&funcionario=34973320 HTTP/1.1" 200 20198 "http://www.asjudinet.com/callcenter/respuesta_contacto_afiliado_cerrar_ticket.php?cedulita=1019025509&numcon=15018A&fecha=2026-07-06&atencion=106984&funcionario=34973320" "Mozilla/5.0 (Windows NT 10.0; Win64; x64) AppleWebKit/537.36 (KHTML, like Gecko) Chrome/150.0.0.0 Safari/537.36"
185.104.164.179 - - [14/Jul/2026:19:53:07 +0000] "GET /callcenter/listado_zona_bogota_cerrar_ticket.php?ced=34973320&nom=JALAL%20JULIO%20YAMILE&prevMes=2 HTTP/1.1" 200 4829 "http://www.asjudinet.com/callcenter/menu_cerrar_tickets.php?ced=34973320&nom=JALAL%20JULIO%20YAMILE" "Mozilla/5.0 (Windows NT 10.0; Win64; x64) AppleWebKit/537.36 (KHTML, like Gecko) Chrome/150.0.0.0 Safari/537.36"
185.104.164.179 - - [14/Jul/2026:19:53:07 +0000] "POST /callcenter/php/listado_zona_bogota_cerrar_ticket.php?prevMes=%202 HTTP/1.1" 200 43548 "http://www.asjudinet.com/callcenter/listado_zona_bogota_cerrar_ticket.php?ced=34973320&nom=JALAL%20JULIO%20YAMILE&prevMes=2" "Mozilla/5.0 (Windows NT 10.0; Win64; x64) AppleWebKit/537.36 (KHTML, like Gecko) Chrome/150.0.0.0 Safari/537.36"
190.85.87.250 - - [14/Jul/2026:19:53:08 +0000] "POST /consulta_ced_info_servi.php HTTP/1.1" 200 7770 "http://www.asjudinet.com/consulta_ced_info_servi.php" "Mozilla/5.0 (Windows NT 10.0; Win64; x64) AppleWebKit/537.36 (KHTML, like Gecko) Chrome/125.0.0.0 Safari/537.36"
185.104.164.179 - - [14/Jul/2026:19:53:12 +0000] "GET /callcenter/respuesta_contacto_afiliado_cerrar_ticket.php?cedulita=41558851&numcon=&fecha=2026-07-06&atencion=106986&funcionario=34973320 HTTP/1.1" 200 19814 "http://www.asjudinet.com/callcenter/listado_zona_bogota_cerrar_ticket.php?ced=34973320&nom=JALAL%20JULIO%20YAMILE&prevMes=2" "Mozilla/5.0 (Windows NT 10.0; Win64; x64) AppleWebKit/537.36 (KHTML, like Gecko) Chrome/150.0.0.0 Safari/537.36"
114.119.136.100 - - [14/Jul/2026:19:53:18 +0000] "GET /index.php/zzztvsa/39aayzpksh_liqzne72382/principal/Assets/principal/principal/pages/avigilajudicial/principal/prepago.php HTTP/1.1" 200 54693 "http://www.asjudinet.com/index.php/zzztvsa/39aayzpksh_liqzne72382/principal/Assets/principal/principal/pages/avigilajudicial/formulario_seminario_dih.php" "Mozilla/5.0 (Linux; Android 7.0;) AppleWebKit/537.36 (HTML, like Gecko) Mobile Safari/537.36 (compatible; PetalBot;+https://webmaster.petalsearch.com/site/petalbot)"
190.85.87.250 - - [14/Jul/2026:19:53:34 +0000] "POST /consulta_ced_info_servi.php HTTP/1.1" 200 6141 "http://www.asjudinet.com/consulta_ced_info_servi.php" "Mozilla/5.0 (Windows NT 10.0; Win64; x64) AppleWebKit/537.36 (KHTML, like Gecko) Chrome/150.0.0.0 Safari/537.36"
186.154.33.68 - - [14/Jul/2026:19:53:44 +0000] "GET /consulta_cartera.php HTTP/1.1" 200 4668 "http://www.asjudinet.com/cartera_consulta_titu_usuario.php?ced2=1063560144&numcon=32720A" "Mozilla/5.0 (Windows NT 10.0; Win64; x64) AppleWebKit/537.36 (KHTML, like Gecko) Chrome/109.0.0.0 Safari/537.36"
186.154.33.68 - - [14/Jul/2026:19:53:45 +0000] "GET /consulta_ced_info_servi.php HTTP/1.1" 200 4523 "http://www.asjudinet.com/consulta_cartera.php" "Mozilla/5.0 (Windows NT 10.0; Win64; x64) AppleWebKit/537.36 (KHTML, like Gecko) Chrome/109.0.0.0 Safari/537.36"
186.154.33.68 - - [14/Jul/2026:19:53:46 +0000] "GET /consulta_ced_info_servi.php HTTP/1.1" 200 4523 "http://www.asjudinet.com/consulta_ced_info_servi.php" "Mozilla/5.0 (Windows NT 10.0; Win64; x64) AppleWebKit/537.36 (KHTML, like Gecko) Chrome/109.0.0.0 Safari/537.36"
186.154.33.68 - - [14/Jul/2026:19:53:56 +0000] "GET /consulta_ced_info_servi.php HTTP/1.1" 200 4523 "http://www.asjudinet.com/consulta_ced_info_servi.php" "Mozilla/5.0 (Windows NT 10.0; Win64; x64) AppleWebKit/537.36 (KHTML, like Gecko) Chrome/109.0.0.0 Safari/537.36"
186.154.33.68 - - [14/Jul/2026:19:53:56 +0000] "POST /consulta_ced_info_servi.php HTTP/1.1" 200 6025 "http://www.asjudinet.com/consulta_ced_info_servi.php" "Mozilla/5.0 (Windows NT 10.0; Win64; x64) AppleWebKit/537.36 (KHTML, like Gecko) Chrome/109.0.0.0 Safari/537.36"
186.154.33.68 - - [14/Jul/2026:19:53:58 +0000] "GET /cartera_consulta_titu_usuario.php?ced2=13539670&numcon=28616 HTTP/1.1" 200 226418 "http://www.asjudinet.com/consulta_ced_info_servi.php" "Mozilla/5.0 (Windows NT 10.0; Win64; x64) AppleWebKit/537.36 (KHTML, like Gecko) Chrome/109.0.0.0 Safari/537.36"
185.104.164.179 - - [14/Jul/2026:19:54:13 +0000] "POST /callcenter/respuesta_contacto_afiliado_cerrar_ticket.php?cedulita=41558851&numcon=&fecha=2026-07-06&atencion=106986&funcionario=34973320 HTTP/1.1" 200 20222 "http://www.asjudinet.com/callcenter/respuesta_contacto_afiliado_cerrar_ticket.php?cedulita=41558851&numcon=&fecha=2026-07-06&atencion=106986&funcionario=34973320" "Mozilla/5.0 (Windows NT 10.0; Win64; x64) AppleWebKit/537.36 (KHTML, like Gecko) Chrome/150.0.0.0 Safari/537.36"
185.104.164.179 - - [14/Jul/2026:19:54:19 +0000] "GET /callcenter/listado_zona_bogota_cerrar_ticket.php?ced=34973320&nom=JALAL%20JULIO%20YAMILE&prevMes=2 HTTP/1.1" 200 4829 "http://www.asjudinet.com/callcenter/menu_cerrar_tickets.php?ced=34973320&nom=JALAL%20JULIO%20YAMILE" "Mozilla/5.0 (Windows NT 10.0; Win64; x64) AppleWebKit/537.36 (KHTML, like Gecko) Chrome/150.0.0.0 Safari/537.36"
185.104.164.179 - - [14/Jul/2026:19:54:19 +0000] "POST /callcenter/php/listado_zona_bogota_cerrar_ticket.php?prevMes=%202 HTTP/1.1" 200 42807 "http://www.asjudinet.com/callcenter/listado_zona_bogota_cerrar_ticket.php?ced=34973320&nom=JALAL%20JULIO%20YAMILE&prevMes=2" "Mozilla/5.0 (Windows NT 10.0; Win64; x64) AppleWebKit/537.36 (KHTML, like Gecko) Chrome/150.0.0.0 Safari/537.36"
185.104.164.179 - - [14/Jul/2026:19:54:24 +0000] "GET /callcenter/respuesta_contacto_afiliado_cerrar_ticket.php?cedulita=72267954&numcon=29292&fecha=2026-07-06&atencion=106987&funcionario=34973320 HTTP/1.1" 200 19826 "http://www.asjudinet.com/callcenter/listado_zona_bogota_cerrar_ticket.php?ced=34973320&nom=JALAL%20JULIO%20YAMILE&prevMes=2" "Mozilla/5.0 (Windows NT 10.0; Win64; x64) AppleWebKit/537.36 (KHTML, like Gecko) Chrome/150.0.0.0 Safari/537.36"
185.104.164.179 - - [14/Jul/2026:19:54:33 +0000] "POST /callcenter/respuesta_contacto_afiliado_cerrar_ticket.php?cedulita=72267954&numcon=29292&fecha=2026-07-06&atencion=106987&funcionario=34973320 HTTP/1.1" 200 20234 "http://www.asjudinet.com/callcenter/respuesta_contacto_afiliado_cerrar_ticket.php?cedulita=72267954&numcon=29292&fecha=2026-07-06&atencion=106987&funcionario=34973320" "Mozilla/5.0 (Windows NT 10.0; Win64; x64) AppleWebKit/537.36 (KHTML, like Gecko) Chrome/150.0.0.0 Safari/537.36"
114.119.142.179 - - [14/Jul/2026:19:54:41 +0000] "GET /index.php/zzztvsa/39aayzpksh_liqzne72382/principal/Assets/pages/pages/principal/pages/principal/asesoria.php HTTP/1.1" 200 54693 "http://www.asjudinet.com/index.php/zzztvsa/39aayzpksh_liqzne72382/principal/Assets/pages/pages/principal/pages/index.php" "Mozilla/5.0 (Linux; Android 7.0;) AppleWebKit/537.36 (HTML, like Gecko) Mobile Safari/537.36 (compatible; PetalBot;+https://webmaster.petalsearch.com/site/petalbot)"
185.104.164.179 - - [14/Jul/2026:19:54:43 +0000] "GET /callcenter/listado_zona_bogota_cerrar_ticket.php?ced=34973320&nom=JALAL%20JULIO%20YAMILE&prevMes=2 HTTP/1.1" 200 4829 "http://www.asjudinet.com/callcenter/menu_cerrar_tickets.php?ced=34973320&nom=JALAL%20JULIO%20YAMILE" "Mozilla/5.0 (Windows NT 10.0; Win64; x64) AppleWebKit/537.36 (KHTML, like Gecko) Chrome/150.0.0.0 Safari/537.36"
185.104.164.179 - - [14/Jul/2026:19:54:43 +0000] "POST /callcenter/php/listado_zona_bogota_cerrar_ticket.php?prevMes=%202 HTTP/1.1" 200 42059 "http://www.asjudinet.com/callcenter/listado_zona_bogota_cerrar_ticket.php?ced=34973320&nom=JALAL%20JULIO%20YAMILE&prevMes=2" "Mozilla/5.0 (Windows NT 10.0; Win64; x64) AppleWebKit/537.36 (KHTML, like Gecko) Chrome/150.0.0.0 Safari/537.36"
185.104.164.179 - - [14/Jul/2026:19:54:54 +0000] "GET /callcenter/respuesta_contacto_afiliado_cerrar_ticket.php?cedulita=24586160&numcon=&fecha=2026-07-06&atencion=106988&funcionario=34973320 HTTP/1.1" 200 19674 "http://www.asjudinet.com/callcenter/listado_zona_bogota_cerrar_ticket.php?ced=34973320&nom=JALAL%20JULIO%20YAMILE&prevMes=2" "Mozilla/5.0 (Windows NT 10.0; Win64; x64) AppleWebKit/537.36 (KHTML, like Gecko) Chrome/150.0.0.0 Safari/537.36"
190.85.87.250 - - [14/Jul/2026:19:54:04 +0000] "POST /callcenter/solicitud_cita.php?ced=1124077740&nom=ORTIZ%20YUSNEHIDI HTTP/1.1" 200 59853 "http://www.asjudinet.com/callcenter/solicitud_cita.php?ced=1124077740&nom=ORTIZ%20YUSNEHIDI" "Mozilla/5.0 (Windows NT 10.0; Win64; x64) AppleWebKit/537.36 (KHTML, like Gecko) Chrome/150.0.0.0 Safari/537.36"
185.104.164.179 - - [14/Jul/2026:19:55:01 +0000] "POST /callcenter/respuesta_contacto_afiliado_cerrar_ticket.php?cedulita=24586160&numcon=&fecha=2026-07-06&atencion=106988&funcionario=34973320 HTTP/1.1" 200 20082 "http://www.asjudinet.com/callcenter/respuesta_contacto_afiliado_cerrar_ticket.php?cedulita=24586160&numcon=&fecha=2026-07-06&atencion=106988&funcionario=34973320" "Mozilla/5.0 (Windows NT 10.0; Win64; x64) AppleWebKit/537.36 (KHTML, like Gecko) Chrome/150.0.0.0 Safari/537.36"
185.104.164.179 - - [14/Jul/2026:19:55:09 +0000] "GET /callcenter/listado_zona_bogota_cerrar_ticket.php?ced=34973320&nom=JALAL%20JULIO%20YAMILE&prevMes=2 HTTP/1.1" 200 4829 "http://www.asjudinet.com/callcenter/menu_cerrar_tickets.php?ced=34973320&nom=JALAL%20JULIO%20YAMILE" "Mozilla/5.0 (Windows NT 10.0; Win64; x64) AppleWebKit/537.36 (KHTML, like Gecko) Chrome/150.0.0.0 Safari/537.36"
185.104.164.179 - - [14/Jul/2026:19:55:09 +0000] "POST /callcenter/php/listado_zona_bogota_cerrar_ticket.php?prevMes=%202 HTTP/1.1" 200 41323 "http://www.asjudinet.com/callcenter/listado_zona_bogota_cerrar_ticket.php?ced=34973320&nom=JALAL%20JULIO%20YAMILE&prevMes=2" "Mozilla/5.0 (Windows NT 10.0; Win64; x64) AppleWebKit/537.36 (KHTML, like Gecko) Chrome/150.0.0.0 Safari/537.36"
185.104.164.179 - - [14/Jul/2026:19:55:14 +0000] "GET /callcenter/respuesta_contacto_afiliado_cerrar_ticket.php?cedulita=1094915948&numcon=29757&fecha=2026-07-07&atencion=106991&funcionario=34973320 HTTP/1.1" 200 18055 "http://www.asjudinet.com/callcenter/listado_zona_bogota_cerrar_ticket.php?ced=34973320&nom=JALAL%20JULIO%20YAMILE&prevMes=2" "Mozilla/5.0 (Windows NT 10.0; Win64; x64) AppleWebKit/537.36 (KHTML, like Gecko) Chrome/150.0.0.0 Safari/537.36"
45.45.237.214 - - [14/Jul/2026:19:55:16 +0000] "GET / HTTP/1.1" 200 54693 "-" "Mozilla/5.0 AppleWebKit/537.36 (KHTML, like Gecko; compatible; GPTBot/1.3; +https://openai.com/gptbot)"
45.45.237.214 - - [14/Jul/2026:19:55:16 +0000] "GET / HTTP/1.1" 200 54693 "-" "Mozilla/5.0 (compatible; ClaudeBot/1.0; +claudebot@anthropic.com)"
185.104.164.179 - - [14/Jul/2026:19:55:25 +0000] "POST /callcenter/respuesta_contacto_afiliado_cerrar_ticket.php?cedulita=1094915948&numcon=29757&fecha=2026-07-07&atencion=106991&funcionario=34973320 HTTP/1.1" 200 18463 "http://www.asjudinet.com/callcenter/respuesta_contacto_afiliado_cerrar_ticket.php?cedulita=1094915948&numcon=29757&fecha=2026-07-07&atencion=106991&funcionario=34973320" "Mozilla/5.0 (Windows NT 10.0; Win64; x64) AppleWebKit/537.36 (KHTML, like Gecko) Chrome/150.0.0.0 Safari/537.36"
185.104.164.179 - - [14/Jul/2026:19:55:31 +0000] "GET /callcenter/listado_zona_bogota_cerrar_ticket.php?ced=34973320&nom=JALAL%20JULIO%20YAMILE&prevMes=2 HTTP/1.1" 200 4829 "http://www.asjudinet.com/callcenter/menu_cerrar_tickets.php?ced=34973320&nom=JALAL%20JULIO%20YAMILE" "Mozilla/5.0 (Windows NT 10.0; Win64; x64) AppleWebKit/537.36 (KHTML, like Gecko) Chrome/150.0.0.0 Safari/537.36"
185.104.164.179 - - [14/Jul/2026:19:55:31 +0000] "POST /callcenter/php/listado_zona_bogota_cerrar_ticket.php?prevMes=%202 HTTP/1.1" 200 40574 "http://www.asjudinet.com/callcenter/listado_zona_bogota_cerrar_ticket.php?ced=34973320&nom=JALAL%20JULIO%20YAMILE&prevMes=2" "Mozilla/5.0 (Windows NT 10.0; Win64; x64) AppleWebKit/537.36 (KHTML, like Gecko) Chrome/150.0.0.0 Safari/537.36"
185.104.164.179 - - [14/Jul/2026:19:55:35 +0000] "GET /callcenter/respuesta_contacto_afiliado_cerrar_ticket.php?cedulita=1033654475&numcon=29667&fecha=2026-07-07&atencion=106992&funcionario=34973320 HTTP/1.1" 200 18492 "http://www.asjudinet.com/callcenter/listado_zona_bogota_cerrar_ticket.php?ced=34973320&nom=JALAL%20JULIO%20YAMILE&prevMes=2" "Mozilla/5.0 (Windows NT 10.0; Win64; x64) AppleWebKit/537.36 (KHTML, like Gecko) Chrome/150.0.0.0 Safari/537.36"
185.104.164.179 - - [14/Jul/2026:19:55:45 +0000] "POST /callcenter/respuesta_contacto_afiliado_cerrar_ticket.php?cedulita=1033654475&numcon=29667&fecha=2026-07-07&atencion=106992&funcionario=34973320 HTTP/1.1" 200 18900 "http://www.asjudinet.com/callcenter/respuesta_contacto_afiliado_cerrar_ticket.php?cedulita=1033654475&numcon=29667&fecha=2026-07-07&atencion=106992&funcionario=34973320" "Mozilla/5.0 (Windows NT 10.0; Win64; x64) AppleWebKit/537.36 (KHTML, like Gecko) Chrome/150.0.0.0 Safari/537.36"
45.45.237.214 - - [14/Jul/2026:19:55:49 +0000] "GET / HTTP/1.1" 200 54693 "-" "Mozilla/5.0 AppleWebKit/537.36 (KHTML, like Gecko; compatible; ChatGPT-User/1.0; +https://openai.com/bot)"
45.45.237.214 - - [14/Jul/2026:19:55:49 +0000] "GET / HTTP/1.1" 200 54693 "-" "Mozilla/5.0 (compatible; Googlebot/2.1; +http://www.google.com/bot.html)"
185.104.164.179 - - [14/Jul/2026:19:55:54 +0000] "GET /callcenter/listado_zona_bogota_cerrar_ticket.php?ced=34973320&nom=JALAL%20JULIO%20YAMILE&prevMes=2 HTTP/1.1" 200 4829 "http://www.asjudinet.com/callcenter/menu_cerrar_tickets.php?ced=34973320&nom=JALAL%20JULIO%20YAMILE" "Mozilla/5.0 (Windows NT 10.0; Win64; x64) AppleWebKit/537.36 (KHTML, like Gecko) Chrome/150.0.0.0 Safari/537.36"
185.104.164.179 - - [14/Jul/2026:19:55:54 +0000] "POST /callcenter/php/listado_zona_bogota_cerrar_ticket.php?prevMes=%202 HTTP/1.1" 200 39824 "http://www.asjudinet.com/callcenter/listado_zona_bogota_cerrar_ticket.php?ced=34973320&nom=JALAL%20JULIO%20YAMILE&prevMes=2" "Mozilla/5.0 (Windows NT 10.0; Win64; x64) AppleWebKit/537.36 (KHTML, like Gecko) Chrome/150.0.0.0 Safari/537.36"
185.104.164.179 - - [14/Jul/2026:19:55:58 +0000] "GET /callcenter/respuesta_contacto_afiliado_cerrar_ticket.php?cedulita=1106891049&numcon=21348&fecha=2026-07-07&atencion=106997&funcionario=34973320 HTTP/1.1" 200 19718 "http://www.asjudinet.com/callcenter/listado_zona_bogota_cerrar_ticket.php?ced=34973320&nom=JALAL%20JULIO%20YAMILE&prevMes=2" "Mozilla/5.0 (Windows NT 10.0; Win64; x64) AppleWebKit/537.36 (KHTML, like Gecko) Chrome/150.0.0.0 Safari/537.36"
114.119.142.135 - - [14/Jul/2026:19:56:05 +0000] "GET /index.php/zzztvsa/39aayzpksh_liqzne72382/principal/Assets/pages/pages/principal/pages/pages/validar_usuarios_pagina.php HTTP/1.1" 200 54693 "http://www.asjudinet.com/index.php/zzztvsa/39aayzpksh_liqzne72382/principal/Assets/pages/pages/principal/pages/pages/menu_creditos_rotativos.php" "Mozilla/5.0 (Linux; Android 7.0;) AppleWebKit/537.36 (HTML, like Gecko) Mobile Safari/537.36 (compatible; PetalBot;+https://webmaster.petalsearch.com/site/petalbot)"
185.104.164.179 - - [14/Jul/2026:19:56:10 +0000] "POST /callcenter/respuesta_contacto_afiliado_cerrar_ticket.php?cedulita=1106891049&numcon=21348&fecha=2026-07-07&atencion=106997&funcionario=34973320 HTTP/1.1" 200 20126 "http://www.asjudinet.com/callcenter/respuesta_contacto_afiliado_cerrar_ticket.php?cedulita=1106891049&numcon=21348&fecha=2026-07-07&atencion=106997&funcionario=34973320" "Mozilla/5.0 (Windows NT 10.0; Win64; x64) AppleWebKit/537.36 (KHTML, like Gecko) Chrome/150.0.0.0 Safari/537.36"
185.104.164.179 - - [14/Jul/2026:19:56:16 +0000] "GET /callcenter/listado_zona_bogota_cerrar_ticket.php?ced=34973320&nom=JALAL%20JULIO%20YAMILE&prevMes=2 HTTP/1.1" 200 4829 "http://www.asjudinet.com/callcenter/menu_cerrar_tickets.php?ced=34973320&nom=JALAL%20JULIO%20YAMILE" "Mozilla/5.0 (Windows NT 10.0; Win64; x64) AppleWebKit/537.36 (KHTML, like Gecko) Chrome/150.0.0.0 Safari/537.36"
185.104.164.179 - - [14/Jul/2026:19:56:17 +0000] "POST /callcenter/php/listado_zona_bogota_cerrar_ticket.php?prevMes=%202 HTTP/1.1" 200 39075 "http://www.asjudinet.com/callcenter/listado_zona_bogota_cerrar_ticket.php?ced=34973320&nom=JALAL%20JULIO%20YAMILE&prevMes=2" "Mozilla/5.0 (Windows NT 10.0; Win64; x64) AppleWebKit/537.36 (KHTML, like Gecko) Chrome/150.0.0.0 Safari/537.36"
185.104.164.179 - - [14/Jul/2026:19:56:45 +0000] "GET /callcenter/listado_zona_bogota_cerrar_ticket.php?ced=34973320&nom=JALAL%20JULIO%20YAMILE&prevMes=2 HTTP/1.1" 200 4829 "http://www.asjudinet.com/callcenter/menu_cerrar_tickets.php?ced=34973320&nom=JALAL%20JULIO%20YAMILE" "Mozilla/5.0 (Windows NT 10.0; Win64; x64) AppleWebKit/537.36 (KHTML, like Gecko) Chrome/150.0.0.0 Safari/537.36"
185.104.164.179 - - [14/Jul/2026:19:56:46 +0000] "POST /callcenter/php/listado_zona_bogota_cerrar_ticket.php?prevMes=%202 HTTP/1.1" 200 39075 "http://www.asjudinet.com/callcenter/listado_zona_bogota_cerrar_ticket.php?ced=34973320&nom=JALAL%20JULIO%20YAMILE&prevMes=2" "Mozilla/5.0 (Windows NT 10.0; Win64; x64) AppleWebKit/537.36 (KHTML, like Gecko) Chrome/150.0.0.0 Safari/537.36"
190.85.87.250 - - [14/Jul/2026:19:56:50 +0000] "POST /consulta_ced_info_servi.php HTTP/1.1" 200 6136 "http://www.asjudinet.com/consulta_ced_info_servi.php" "Mozilla/5.0 (Windows NT 10.0; Win64; x64) AppleWebKit/537.36 (KHTML, like Gecko) Chrome/150.0.0.0 Safari/537.36"
185.104.164.179 - - [14/Jul/2026:19:56:51 +0000] "GET /callcenter/respuesta_contacto_afiliado_cerrar_ticket.php?cedulita=1053326220&numcon=I0488&fecha=2026-07-07&atencion=106998&funcionario=34973320 HTTP/1.1" 200 18174 "http://www.asjudinet.com/callcenter/listado_zona_bogota_cerrar_ticket.php?ced=34973320&nom=JALAL%20JULIO%20YAMILE&prevMes=2" "Mozilla/5.0 (Windows NT 10.0; Win64; x64) AppleWebKit/537.36 (KHTML, like Gecko) Chrome/150.0.0.0 Safari/537.36"
190.85.87.250 - - [14/Jul/2026:19:56:55 +0000] "GET /cartera_consulta_titu_usuario.php?ced2=91470494&numcon=72003RJ HTTP/1.1" 200 22936 "http://www.asjudinet.com/consulta_ced_info_servi.php" "Mozilla/5.0 (Windows NT 10.0; Win64; x64) AppleWebKit/537.36 (KHTML, like Gecko) Chrome/150.0.0.0 Safari/537.36"
185.104.164.179 - - [14/Jul/2026:19:57:04 +0000] "POST /callcenter/respuesta_contacto_afiliado_cerrar_ticket.php?cedulita=1053326220&numcon=I0488&fecha=2026-07-07&atencion=106998&funcionario=34973320 HTTP/1.1" 200 18582 "http://www.asjudinet.com/callcenter/respuesta_contacto_afiliado_cerrar_ticket.php?cedulita=1053326220&numcon=I0488&fecha=2026-07-07&atencion=106998&funcionario=34973320" "Mozilla/5.0 (Windows NT 10.0; Win64; x64) AppleWebKit/537.36 (KHTML, like Gecko) Chrome/150.0.0.0 Safari/537.36"
114.119.142.135 - - [14/Jul/2026:19:57:28 +0000] "GET /index.php/zzztvsa/39aayzpksh_liqzne72382/principal/Assets/pages/pages/principal/pages/avigilajudicial/principal/misionvision.php HTTP/1.1" 200 54693 "http://www.asjudinet.com/index.php/zzztvsa/39aayzpksh_liqzne72382/principal/Assets/pages/pages/principal/pages/avigilajudicial/validar_usuarios_pagina.php" "Mozilla/5.0 (Linux; Android 7.0;) AppleWebKit/537.36 (HTML, like Gecko) Mobile Safari/537.36 (compatible; PetalBot;+https://webmaster.petalsearch.com/site/petalbot)"
185.104.164.179 - - [14/Jul/2026:19:57:33 +0000] "GET /callcenter/respuesta_contacto_afiliado_cerrar_ticket.php?cedulita=1053326220&numcon=I0488&fecha=2026-07-07&atencion=106998&funcionario=34973320 HTTP/1.1" 200 18476 "http://www.asjudinet.com/callcenter/listado_zona_bogota_cerrar_ticket.php?ced=34973320&nom=JALAL%20JULIO%20YAMILE&prevMes=2" "Mozilla/5.0 (Windows NT 10.0; Win64; x64) AppleWebKit/537.36 (KHTML, like Gecko) Chrome/150.0.0.0 Safari/537.36"
185.104.164.179 - - [14/Jul/2026:19:57:39 +0000] "POST /callcenter/respuesta_contacto_afiliado_cerrar_ticket.php?cedulita=1053326220&numcon=I0488&fecha=2026-07-07&atencion=106998&funcionario=34973320 HTTP/1.1" 200 18884 "http://www.asjudinet.com/callcenter/respuesta_contacto_afiliado_cerrar_ticket.php?cedulita=1053326220&numcon=I0488&fecha=2026-07-07&atencion=106998&funcionario=34973320" "Mozilla/5.0 (Windows NT 10.0; Win64; x64) AppleWebKit/537.36 (KHTML, like Gecko) Chrome/150.0.0.0 Safari/537.36"
185.104.164.179 - - [14/Jul/2026:19:57:47 +0000] "GET /callcenter/listado_zona_bogota_cerrar_ticket.php?ced=34973320&nom=JALAL%20JULIO%20YAMILE&prevMes=2 HTTP/1.1" 200 4829 "http://www.asjudinet.com/callcenter/menu_cerrar_tickets.php?ced=34973320&nom=JALAL%20JULIO%20YAMILE" "Mozilla/5.0 (Windows NT 10.0; Win64; x64) AppleWebKit/537.36 (KHTML, like Gecko) Chrome/150.0.0.0 Safari/537.36"
185.104.164.179 - - [14/Jul/2026:19:57:47 +0000] "POST /callcenter/php/listado_zona_bogota_cerrar_ticket.php?prevMes=%202 HTTP/1.1" 200 38329 "http://www.asjudinet.com/callcenter/listado_zona_bogota_cerrar_ticket.php?ced=34973320&nom=JALAL%20JULIO%20YAMILE&prevMes=2" "Mozilla/5.0 (Windows NT 10.0; Win64; x64) AppleWebKit/537.36 (KHTML, like Gecko) Chrome/150.0.0.0 Safari/537.36"
185.104.164.179 - - [14/Jul/2026:19:57:56 +0000] "GET /callcenter/respuesta_contacto_afiliado_cerrar_ticket.php?cedulita=1040735604&numcon=26941&fecha=2026-07-02&atencion=106911&funcionario=34973320 HTTP/1.1" 200 19049 "http://www.asjudinet.com/callcenter/listado_zona_bogota_cerrar_ticket.php?ced=34973320&nom=JALAL%20JULIO%20YAMILE&prevMes=2" "Mozilla/5.0 (Windows NT 10.0; Win64; x64) AppleWebKit/537.36 (KHTML, like Gecko) Chrome/150.0.0.0 Safari/537.36"
190.85.87.250 - - [14/Jul/2026:19:57:06 +0000] "POST /callcenter/solicitud_cita.php?ced=1124077740&nom=ORTIZ%20YUSNEHIDI HTTP/1.1" 200 11677 "http://www.asjudinet.com/callcenter/solicitud_cita.php?ced=1124077740&nom=ORTIZ%20YUSNEHIDI" "Mozilla/5.0 (Windows NT 10.0; Win64; x64) AppleWebKit/537.36 (KHTML, like Gecko) Chrome/150.0.0.0 Safari/537.36"
185.104.164.179 - - [14/Jul/2026:19:58:05 +0000] "POST /callcenter/respuesta_contacto_afiliado_cerrar_ticket.php?cedulita=1040735604&numcon=26941&fecha=2026-07-02&atencion=106911&funcionario=34973320 HTTP/1.1" 200 19457 "http://www.asjudinet.com/callcenter/respuesta_contacto_afiliado_cerrar_ticket.php?cedulita=1040735604&numcon=26941&fecha=2026-07-02&atencion=106911&funcionario=34973320" "Mozilla/5.0 (Windows NT 10.0; Win64; x64) AppleWebKit/537.36 (KHTML, like Gecko) Chrome/150.0.0.0 Safari/537.36"
185.104.164.179 - - [14/Jul/2026:19:58:14 +0000] "GET /callcenter/listado_zona_bogota_cerrar_ticket.php?ced=34973320&nom=JALAL%20JULIO%20YAMILE&prevMes=2 HTTP/1.1" 200 4829 "http://www.asjudinet.com/callcenter/menu_cerrar_tickets.php?ced=34973320&nom=JALAL%20JULIO%20YAMILE" "Mozilla/5.0 (Windows NT 10.0; Win64; x64) AppleWebKit/537.36 (KHTML, like Gecko) Chrome/150.0.0.0 Safari/537.36"
185.104.164.179 - - [14/Jul/2026:19:58:14 +0000] "POST /callcenter/php/listado_zona_bogota_cerrar_ticket.php?prevMes=%202 HTTP/1.1" 200 37587 "http://www.asjudinet.com/callcenter/listado_zona_bogota_cerrar_ticket.php?ced=34973320&nom=JALAL%20JULIO%20YAMILE&prevMes=2" "Mozilla/5.0 (Windows NT 10.0; Win64; x64) AppleWebKit/537.36 (KHTML, like Gecko) Chrome/150.0.0.0 Safari/537.36"
185.104.164.179 - - [14/Jul/2026:19:58:18 +0000] "GET /callcenter/respuesta_contacto_afiliado_cerrar_ticket.php?cedulita=1086222127&numcon=48305A&fecha=2026-07-03&atencion=106941&funcionario=34973320 HTTP/1.1" 200 20509 "http://www.asjudinet.com/callcenter/listado_zona_bogota_cerrar_ticket.php?ced=34973320&nom=JALAL%20JULIO%20YAMILE&prevMes=2" "Mozilla/5.0 (Windows NT 10.0; Win64; x64) AppleWebKit/537.36 (KHTML, like Gecko) Chrome/150.0.0.0 Safari/537.36"
185.104.164.179 - - [14/Jul/2026:19:58:25 +0000] "POST /callcenter/respuesta_contacto_afiliado_cerrar_ticket.php?cedulita=1086222127&numcon=48305A&fecha=2026-07-03&atencion=106941&funcionario=34973320 HTTP/1.1" 200 20917 "http://www.asjudinet.com/callcenter/respuesta_contacto_afiliado_cerrar_ticket.php?cedulita=1086222127&numcon=48305A&fecha=2026-07-03&atencion=106941&funcionario=34973320" "Mozilla/5.0 (Windows NT 10.0; Win64; x64) AppleWebKit/537.36 (KHTML, like Gecko) Chrome/150.0.0.0 Safari/537.36"
185.104.164.179 - - [14/Jul/2026:19:58:31 +0000] "GET /callcenter/listado_zona_bogota_cerrar_ticket.php?ced=34973320&nom=JALAL%20JULIO%20YAMILE&prevMes=2 HTTP/1.1" 200 4829 "http://www.asjudinet.com/callcenter/menu_cerrar_tickets.php?ced=34973320&nom=JALAL%20JULIO%20YAMILE" "Mozilla/5.0 (Windows NT 10.0; Win64; x64) AppleWebKit/537.36 (KHTML, like Gecko) Chrome/150.0.0.0 Safari/537.36"
185.104.164.179 - - [14/Jul/2026:19:58:31 +0000] "POST /callcenter/php/listado_zona_bogota_cerrar_ticket.php?prevMes=%202 HTTP/1.1" 200 36841 "http://www.asjudinet.com/callcenter/listado_zona_bogota_cerrar_ticket.php?ced=34973320&nom=JALAL%20JULIO%20YAMILE&prevMes=2" "Mozilla/5.0 (Windows NT 10.0; Win64; x64) AppleWebKit/537.36 (KHTML, like Gecko) Chrome/150.0.0.0 Safari/537.36"
190.85.87.250 - - [14/Jul/2026:19:58:39 +0000] "POST /consulta_ced_info_servi.php HTTP/1.1" 200 6136 "http://www.asjudinet.com/consulta_ced_info_servi.php" "Mozilla/5.0 (Windows NT 10.0; Win64; x64) AppleWebKit/537.36 (KHTML, like Gecko) Chrome/150.0.0.0 Safari/537.36"
185.104.164.179 - - [14/Jul/2026:19:58:44 +0000] "GET /callcenter/respuesta_contacto_afiliado_cerrar_ticket.php?cedulita=23866496&numcon=24844&fecha=2026-07-03&atencion=106946&funcionario=34973320 HTTP/1.1" 200 21779 "http://www.asjudinet.com/callcenter/listado_zona_bogota_cerrar_ticket.php?ced=34973320&nom=JALAL%20JULIO%20YAMILE&prevMes=2" "Mozilla/5.0 (Windows NT 10.0; Win64; x64) AppleWebKit/537.36 (KHTML, like Gecko) Chrome/150.0.0.0 Safari/537.36"
114.119.128.77 - - [14/Jul/2026:19:58:52 +0000] "GET /index.php/zzztvsa/39aayzpksh_liqzne72382/principal/Assets/pages/pages/principal/avigilajudicial/principal/trayectoria.php HTTP/1.1" 200 54693 "http://www.asjudinet.com/index.php/zzztvsa/39aayzpksh_liqzne72382/principal/Assets/pages/pages/principal/avigilajudicial/val_usuarios_IURIS.php" "Mozilla/5.0 (Linux; Android 8.0.0; SM-G955U Build/R16NW) AppleWebKit/537.36 (KHTML, like Gecko) Chrome/148.0.0.0 Mobile Safari/537.36"
185.104.164.179 - - [14/Jul/2026:19:58:55 +0000] "POST /callcenter/respuesta_contacto_afiliado_cerrar_ticket.php?cedulita=23866496&numcon=24844&fecha=2026-07-03&atencion=106946&funcionario=34973320 HTTP/1.1" 200 22187 "http://www.asjudinet.com/callcenter/respuesta_contacto_afiliado_cerrar_ticket.php?cedulita=23866496&numcon=24844&fecha=2026-07-03&atencion=106946&funcionario=34973320" "Mozilla/5.0 (Windows NT 10.0; Win64; x64) AppleWebKit/537.36 (KHTML, like Gecko) Chrome/150.0.0.0 Safari/537.36"
185.104.164.179 - - [14/Jul/2026:19:59:02 +0000] "GET /callcenter/listado_zona_bogota_cerrar_ticket.php?ced=34973320&nom=JALAL%20JULIO%20YAMILE&prevMes=2 HTTP/1.1" 200 4829 "http://www.asjudinet.com/callcenter/menu_cerrar_tickets.php?ced=34973320&nom=JALAL%20JULIO%20YAMILE" "Mozilla/5.0 (Windows NT 10.0; Win64; x64) AppleWebKit/537.36 (KHTML, like Gecko) Chrome/150.0.0.0 Safari/537.36"
190.85.87.250 - - [14/Jul/2026:19:59:00 +0000] "GET /callcenter/respuesta_tickets.php?cedulita=91470494&numcon=72003RJ&fecha=2025-10-30&atencion=103080 HTTP/1.1" 200 19334 "http://www.asjudinet.com/callcenter/solicitud_cita.php?ced=1124077740&nom=ORTIZ%20YUSNEHIDI" "Mozilla/5.0 (Windows NT 10.0; Win64; x64) AppleWebKit/537.36 (KHTML, like Gecko) Chrome/150.0.0.0 Safari/537.36"
185.104.164.179 - - [14/Jul/2026:19:59:02 +0000] "POST /callcenter/php/listado_zona_bogota_cerrar_ticket.php?prevMes=%202 HTTP/1.1" 200 36099 "http://www.asjudinet.com/callcenter/listado_zona_bogota_cerrar_ticket.php?ced=34973320&nom=JALAL%20JULIO%20YAMILE&prevMes=2" "Mozilla/5.0 (Windows NT 10.0; Win64; x64) AppleWebKit/537.36 (KHTML, like Gecko) Chrome/150.0.0.0 Safari/537.36"
190.85.87.250 - - [14/Jul/2026:19:59:07 +0000] "POST /cartera_consulta_titu_usuario.php?ced2=91470494&numcon=72003RJ HTTP/1.1" 200 23180 "http://www.asjudinet.com/cartera_consulta_titu_usuario.php?ced2=91470494&numcon=72003RJ" "Mozilla/5.0 (Windows NT 10.0; Win64; x64) AppleWebKit/537.36 (KHTML, like Gecko) Chrome/150.0.0.0 Safari/537.36"
190.85.87.250 - - [14/Jul/2026:19:59:08 +0000] "GET /cartera_num_procesos_sus.php?ced2=91470494&numcon=72003RJ HTTP/1.1" 200 7899 "http://www.asjudinet.com/cartera_consulta_titu_usuario.php?ced2=91470494&numcon=72003RJ" "Mozilla/5.0 (Windows NT 10.0; Win64; x64) AppleWebKit/537.36 (KHTML, like Gecko) Chrome/150.0.0.0 Safari/537.36"
190.85.87.250 - - [14/Jul/2026:19:59:10 +0000] "GET /fondo_argollado.gif HTTP/1.1" 404 - "http://www.asjudinet.com/mostrar_actuaciones_historicas.php?proceso=54001333300120190010800&id=91470494" "Mozilla/5.0 (Windows NT 10.0; Win64; x64) AppleWebKit/537.36 (KHTML, like Gecko) Chrome/150.0.0.0 Safari/537.36"
185.104.164.179 - - [14/Jul/2026:19:59:08 +0000] "GET /callcenter/respuesta_contacto_afiliado_cerrar_ticket.php?cedulita=52820599&numcon=21176&fecha=2026-07-03&atencion=106954&funcionario=34973320 HTTP/1.1" 200 20213 "http://www.asjudinet.com/callcenter/listado_zona_bogota_cerrar_ticket.php?ced=34973320&nom=JALAL%20JULIO%20YAMILE&prevMes=2" "Mozilla/5.0 (Windows NT 10.0; Win64; x64) AppleWebKit/537.36 (KHTML, like Gecko) Chrome/150.0.0.0 Safari/537.36"
190.85.87.250 - - [14/Jul/2026:19:59:10 +0000] "GET /mostrar_actuaciones_historicas.php?proceso=54001333300120190010800&id=91470494 HTTP/1.1" 200 32289 "http://www.asjudinet.com/cartera_num_procesos_sus.php?ced2=91470494&numcon=72003RJ" "Mozilla/5.0 (Windows NT 10.0; Win64; x64) AppleWebKit/537.36 (KHTML, like Gecko) Chrome/150.0.0.0 Safari/537.36"
190.85.87.250 - - [14/Jul/2026:19:59:18 +0000] "GET /fondo_argollado.gif HTTP/1.1" 404 - "http://www.asjudinet.com/mostrar_actuaciones_historicas.php?proceso=54001333300120190010800&id=91470494" "Mozilla/5.0 (Windows NT 10.0; Win64; x64) AppleWebKit/537.36 (KHTML, like Gecko) Chrome/150.0.0.0 Safari/537.36"
190.85.87.250 - - [14/Jul/2026:19:59:18 +0000] "GET /mostrar_actuaciones_historicas.php?proceso=54001333300120190010800&id=91470494 HTTP/1.1" 200 32289 "http://www.asjudinet.com/cartera_num_procesos_sus.php?ced2=91470494&numcon=72003RJ" "Mozilla/5.0 (Windows NT 10.0; Win64; x64) AppleWebKit/537.36 (KHTML, like Gecko) Chrome/150.0.0.0 Safari/537.36"
190.85.87.250 - - [14/Jul/2026:19:59:17 +0000] "GET /cartera_consulta_titu_usuario.php?ced2=17345067&numcon=1907 HTTP/1.1" 200 509334 "http://www.asjudinet.com/consulta_ced_info_servi.php" "Mozilla/5.0 (Windows NT 10.0; Win64; x64) AppleWebKit/537.36 (KHTML, like Gecko) Chrome/150.0.0.0 Safari/537.36"
185.104.164.179 - - [14/Jul/2026:19:59:17 +0000] "POST /callcenter/respuesta_contacto_afiliado_cerrar_ticket.php?cedulita=52820599&numcon=21176&fecha=2026-07-03&atencion=106954&funcionario=34973320 HTTP/1.1" 200 20621 "http://www.asjudinet.com/callcenter/respuesta_contacto_afiliado_cerrar_ticket.php?cedulita=52820599&numcon=21176&fecha=2026-07-03&atencion=106954&funcionario=34973320" "Mozilla/5.0 (Windows NT 10.0; Win64; x64) AppleWebKit/537.36 (KHTML, like Gecko) Chrome/150.0.0.0 Safari/537.36"
190.85.87.250 - - [14/Jul/2026:19:59:20 +0000] "GET /callcenter_consulta_tickets.php?ced=17345067 HTTP/1.1" 200 23649 "http://www.asjudinet.com/cartera_consulta_titu_usuario.php?ced2=17345067&numcon=1907" "Mozilla/5.0 (Windows NT 10.0; Win64; x64) AppleWebKit/537.36 (KHTML, like Gecko) Chrome/150.0.0.0 Safari/537.36"
185.104.164.179 - - [14/Jul/2026:19:59:24 +0000] "GET /callcenter/listado_zona_bogota_cerrar_ticket.php?ced=34973320&nom=JALAL%20JULIO%20YAMILE&prevMes=2 HTTP/1.1" 200 4829 "http://www.asjudinet.com/callcenter/menu_cerrar_tickets.php?ced=34973320&nom=JALAL%20JULIO%20YAMILE" "Mozilla/5.0 (Windows NT 10.0; Win64; x64) AppleWebKit/537.36 (KHTML, like Gecko) Chrome/150.0.0.0 Safari/537.36"
185.104.164.179 - - [14/Jul/2026:19:59:24 +0000] "POST /callcenter/php/listado_zona_bogota_cerrar_ticket.php?prevMes=%202 HTTP/1.1" 200 35347 "http://www.asjudinet.com/callcenter/listado_zona_bogota_cerrar_ticket.php?ced=34973320&nom=JALAL%20JULIO%20YAMILE&prevMes=2" "Mozilla/5.0 (Windows NT 10.0; Win64; x64) AppleWebKit/537.36 (KHTML, like Gecko) Chrome/150.0.0.0 Safari/537.36"
190.85.87.250 - - [14/Jul/2026:19:59:25 +0000] "GET /callcenter/respuesta_tickets.php?cedulita=17345067&numcon=1907&fecha=2026-05-25&atencion=106379&funcionario= HTTP/1.1" 200 15499 "http://www.asjudinet.com/callcenter_consulta_tickets.php?ced=17345067" "Mozilla/5.0 (Windows NT 10.0; Win64; x64) AppleWebKit/537.36 (KHTML, like Gecko) Chrome/150.0.0.0 Safari/537.36"
24.199.116.161 - - [14/Jul/2026:19:59:30 +0000] "GET / HTTP/1.1" 200 54693 "-" "Mozilla/5.0 (X11; Linux x86_64; rv:142.0) Gecko/20100101 Firefox/142.0"
24.199.116.161 - - [14/Jul/2026:19:59:30 +0000] "GET /favicon.ico HTTP/1.1" 200 9036 "http://asjudinet.com/" "Mozilla/5.0 (X11; Linux x86_64; rv:142.0) Gecko/20100101 Firefox/142.0"
185.104.164.179 - - [14/Jul/2026:19:59:39 +0000] "GET /callcenter/respuesta_contacto_afiliado_cerrar_ticket.php?cedulita=80920444&numcon=I0016&fecha=2026-07-03&atencion=106956&funcionario=34973320 HTTP/1.1" 200 22565 "http://www.asjudinet.com/callcenter/listado_zona_bogota_cerrar_ticket.php?ced=34973320&nom=JALAL%20JULIO%20YAMILE&prevMes=2" "Mozilla/5.0 (Windows NT 10.0; Win64; x64) AppleWebKit/537.36 (KHTML, like Gecko) Chrome/150.0.0.0 Safari/537.36"
185.104.164.179 - - [14/Jul/2026:19:59:49 +0000] "POST /callcenter/respuesta_contacto_afiliado_cerrar_ticket.php?cedulita=80920444&numcon=I0016&fecha=2026-07-03&atencion=106956&funcionario=34973320 HTTP/1.1" 200 22973 "http://www.asjudinet.com/callcenter/respuesta_contacto_afiliado_cerrar_ticket.php?cedulita=80920444&numcon=I0016&fecha=2026-07-03&atencion=106956&funcionario=34973320" "Mozilla/5.0 (Windows NT 10.0; Win64; x64) AppleWebKit/537.36 (KHTML, like Gecko) Chrome/150.0.0.0 Safari/537.36"
185.104.164.179 - - [14/Jul/2026:19:59:55 +0000] "GET /callcenter/listado_zona_bogota_cerrar_ticket.php?ced=34973320&nom=JALAL%20JULIO%20YAMILE&prevMes=2 HTTP/1.1" 200 4829 "http://www.asjudinet.com/callcenter/menu_cerrar_tickets.php?ced=34973320&nom=JALAL%20JULIO%20YAMILE" "Mozilla/5.0 (Windows NT 10.0; Win64; x64) AppleWebKit/537.36 (KHTML, like Gecko) Chrome/150.0.0.0 Safari/537.36"
185.104.164.179 - - [14/Jul/2026:19:59:55 +0000] "POST /callcenter/php/listado_zona_bogota_cerrar_ticket.php?prevMes=%202 HTTP/1.1" 200 34596 "http://www.asjudinet.com/callcenter/listado_zona_bogota_cerrar_ticket.php?ced=34973320&nom=JALAL%20JULIO%20YAMILE&prevMes=2" "Mozilla/5.0 (Windows NT 10.0; Win64; x64) AppleWebKit/537.36 (KHTML, like Gecko) Chrome/150.0.0.0 Safari/537.36"
185.104.164.179 - - [14/Jul/2026:19:59:59 +0000] "GET /callcenter/respuesta_contacto_afiliado_cerrar_ticket.php?cedulita=52820599&numcon=21176&fecha=2026-07-06&atencion=106976&funcionario=34973320 HTTP/1.1" 200 20775 "http://www.asjudinet.com/callcenter/listado_zona_bogota_cerrar_ticket.php?ced=34973320&nom=JALAL%20JULIO%20YAMILE&prevMes=2" "Mozilla/5.0 (Windows NT 10.0; Win64; x64) AppleWebKit/537.36 (KHTML, like Gecko) Chrome/150.0.0.0 Safari/537.36"
185.104.164.179 - - [14/Jul/2026:20:00:10 +0000] "POST /callcenter/respuesta_contacto_afiliado_cerrar_ticket.php?cedulita=52820599&numcon=21176&fecha=2026-07-06&atencion=106976&funcionario=34973320 HTTP/1.1" 200 21183 "http://www.asjudinet.com/callcenter/respuesta_contacto_afiliado_cerrar_ticket.php?cedulita=52820599&numcon=21176&fecha=2026-07-06&atencion=106976&funcionario=34973320" "Mozilla/5.0 (Windows NT 10.0; Win64; x64) AppleWebKit/537.36 (KHTML, like Gecko) Chrome/150.0.0.0 Safari/537.36"
114.119.136.100 - - [14/Jul/2026:20:00:15 +0000] "GET /index.php/zzztvsa/39aayzpksh_liqzne72382/principal/Assets/pages/pages/principal/avigilajudicial/principal/prepago.php HTTP/1.1" 200 54693 "http://www.asjudinet.com/index.php/zzztvsa/39aayzpksh_liqzne72382/principal/Assets/pages/pages/principal/avigilajudicial/val_usuarios.php" "Mozilla/5.0 (Linux; Android 7.0;) AppleWebKit/537.36 (HTML, like Gecko) Mobile Safari/537.36 (compatible; PetalBot;+https://webmaster.petalsearch.com/site/petalbot)"
185.104.164.179 - - [14/Jul/2026:20:00:17 +0000] "GET /callcenter/listado_zona_bogota_cerrar_ticket.php?ced=34973320&nom=JALAL%20JULIO%20YAMILE&prevMes=2 HTTP/1.1" 200 4829 "http://www.asjudinet.com/callcenter/menu_cerrar_tickets.php?ced=34973320&nom=JALAL%20JULIO%20YAMILE" "Mozilla/5.0 (Windows NT 10.0; Win64; x64) AppleWebKit/537.36 (KHTML, like Gecko) Chrome/150.0.0.0 Safari/537.36"
185.104.164.179 - - [14/Jul/2026:20:00:17 +0000] "POST /callcenter/php/listado_zona_bogota_cerrar_ticket.php?prevMes=%202 HTTP/1.1" 200 33844 "http://www.asjudinet.com/callcenter/listado_zona_bogota_cerrar_ticket.php?ced=34973320&nom=JALAL%20JULIO%20YAMILE&prevMes=2" "Mozilla/5.0 (Windows NT 10.0; Win64; x64) AppleWebKit/537.36 (KHTML, like Gecko) Chrome/150.0.0.0 Safari/537.36"
185.104.164.179 - - [14/Jul/2026:20:00:21 +0000] "GET /callcenter/respuesta_contacto_afiliado_cerrar_ticket.php?cedulita=52820599&numcon=21176&fecha=2026-07-06&atencion=106977&funcionario=34973320 HTTP/1.1" 200 20171 "http://www.asjudinet.com/callcenter/listado_zona_bogota_cerrar_ticket.php?ced=34973320&nom=JALAL%20JULIO%20YAMILE&prevMes=2" "Mozilla/5.0 (Windows NT 10.0; Win64; x64) AppleWebKit/537.36 (KHTML, like Gecko) Chrome/150.0.0.0 Safari/537.36"
185.104.164.179 - - [14/Jul/2026:20:00:28 +0000] "POST /callcenter/respuesta_contacto_afiliado_cerrar_ticket.php?cedulita=52820599&numcon=21176&fecha=2026-07-06&atencion=106977&funcionario=34973320 HTTP/1.1" 200 20579 "http://www.asjudinet.com/callcenter/respuesta_contacto_afiliado_cerrar_ticket.php?cedulita=52820599&numcon=21176&fecha=2026-07-06&atencion=106977&funcionario=34973320" "Mozilla/5.0 (Windows NT 10.0; Win64; x64) AppleWebKit/537.36 (KHTML, like Gecko) Chrome/150.0.0.0 Safari/537.36"
185.104.164.179 - - [14/Jul/2026:20:00:34 +0000] "GET /callcenter/listado_zona_bogota_cerrar_ticket.php?ced=34973320&nom=JALAL%20JULIO%20YAMILE&prevMes=2 HTTP/1.1" 200 4829 "http://www.asjudinet.com/callcenter/menu_cerrar_tickets.php?ced=34973320&nom=JALAL%20JULIO%20YAMILE" "Mozilla/5.0 (Windows NT 10.0; Win64; x64) AppleWebKit/537.36 (KHTML, like Gecko) Chrome/150.0.0.0 Safari/537.36"
185.104.164.179 - - [14/Jul/2026:20:00:35 +0000] "POST /callcenter/php/listado_zona_bogota_cerrar_ticket.php?prevMes=%202 HTTP/1.1" 200 33094 "http://www.asjudinet.com/callcenter/listado_zona_bogota_cerrar_ticket.php?ced=34973320&nom=JALAL%20JULIO%20YAMILE&prevMes=2" "Mozilla/5.0 (Windows NT 10.0; Win64; x64) AppleWebKit/537.36 (KHTML, like Gecko) Chrome/150.0.0.0 Safari/537.36"
185.104.164.179 - - [14/Jul/2026:20:00:39 +0000] "GET /callcenter/respuesta_contacto_afiliado_cerrar_ticket.php?cedulita=1106891049&numcon=21348&fecha=2026-07-06&atencion=106978&funcionario=34973320 HTTP/1.1" 200 21817 "http://www.asjudinet.com/callcenter/listado_zona_bogota_cerrar_ticket.php?ced=34973320&nom=JALAL%20JULIO%20YAMILE&prevMes=2" "Mozilla/5.0 (Windows NT 10.0; Win64; x64) AppleWebKit/537.36 (KHTML, like Gecko) Chrome/150.0.0.0 Safari/537.36"
185.104.164.179 - - [14/Jul/2026:20:00:47 +0000] "POST /callcenter/respuesta_contacto_afiliado_cerrar_ticket.php?cedulita=1106891049&numcon=21348&fecha=2026-07-06&atencion=106978&funcionario=34973320 HTTP/1.1" 200 22225 "http://www.asjudinet.com/callcenter/respuesta_contacto_afiliado_cerrar_ticket.php?cedulita=1106891049&numcon=21348&fecha=2026-07-06&atencion=106978&funcionario=34973320" "Mozilla/5.0 (Windows NT 10.0; Win64; x64) AppleWebKit/537.36 (KHTML, like Gecko) Chrome/150.0.0.0 Safari/537.36"
185.104.164.179 - - [14/Jul/2026:20:00:53 +0000] "GET /callcenter/listado_zona_bogota_cerrar_ticket.php?ced=34973320&nom=JALAL%20JULIO%20YAMILE&prevMes=2 HTTP/1.1" 200 4829 "http://www.asjudinet.com/callcenter/menu_cerrar_tickets.php?ced=34973320&nom=JALAL%20JULIO%20YAMILE" "Mozilla/5.0 (Windows NT 10.0; Win64; x64) AppleWebKit/537.36 (KHTML, like Gecko) Chrome/150.0.0.0 Safari/537.36"
185.104.164.179 - - [14/Jul/2026:20:00:53 +0000] "POST /callcenter/php/listado_zona_bogota_cerrar_ticket.php?prevMes=%202 HTTP/1.1" 200 32345 "http://www.asjudinet.com/callcenter/listado_zona_bogota_cerrar_ticket.php?ced=34973320&nom=JALAL%20JULIO%20YAMILE&prevMes=2" "Mozilla/5.0 (Windows NT 10.0; Win64; x64) AppleWebKit/537.36 (KHTML, like Gecko) Chrome/150.0.0.0 Safari/537.36"
185.104.164.179 - - [14/Jul/2026:20:00:58 +0000] "GET /callcenter/respuesta_contacto_afiliado_cerrar_ticket.php?cedulita=1111753596&numcon=5048&fecha=2026-07-06&atencion=106985&funcionario=34973320 HTTP/1.1" 200 21545 "http://www.asjudinet.com/callcenter/listado_zona_bogota_cerrar_ticket.php?ced=34973320&nom=JALAL%20JULIO%20YAMILE&prevMes=2" "Mozilla/5.0 (Windows NT 10.0; Win64; x64) AppleWebKit/537.36 (KHTML, like Gecko) Chrome/150.0.0.0 Safari/537.36"
185.104.164.179 - - [14/Jul/2026:20:01:07 +0000] "POST /callcenter/respuesta_contacto_afiliado_cerrar_ticket.php?cedulita=1111753596&numcon=5048&fecha=2026-07-06&atencion=106985&funcionario=34973320 HTTP/1.1" 200 21953 "http://www.asjudinet.com/callcenter/respuesta_contacto_afiliado_cerrar_ticket.php?cedulita=1111753596&numcon=5048&fecha=2026-07-06&atencion=106985&funcionario=34973320" "Mozilla/5.0 (Windows NT 10.0; Win64; x64) AppleWebKit/537.36 (KHTML, like Gecko) Chrome/150.0.0.0 Safari/537.36"
185.104.164.179 - - [14/Jul/2026:20:01:16 +0000] "GET /callcenter/listado_zona_bogota_cerrar_ticket.php?ced=34973320&nom=JALAL%20JULIO%20YAMILE&prevMes=2 HTTP/1.1" 200 4829 "http://www.asjudinet.com/callcenter/menu_cerrar_tickets.php?ced=34973320&nom=JALAL%20JULIO%20YAMILE" "Mozilla/5.0 (Windows NT 10.0; Win64; x64) AppleWebKit/537.36 (KHTML, like Gecko) Chrome/150.0.0.0 Safari/537.36"
185.104.164.179 - - [14/Jul/2026:20:01:16 +0000] "POST /callcenter/php/listado_zona_bogota_cerrar_ticket.php?prevMes=%202 HTTP/1.1" 200 31595 "http://www.asjudinet.com/callcenter/listado_zona_bogota_cerrar_ticket.php?ced=34973320&nom=JALAL%20JULIO%20YAMILE&prevMes=2" "Mozilla/5.0 (Windows NT 10.0; Win64; x64) AppleWebKit/537.36 (KHTML, like Gecko) Chrome/150.0.0.0 Safari/537.36"
185.104.164.179 - - [14/Jul/2026:20:01:21 +0000] "GET /callcenter/respuesta_contacto_afiliado_cerrar_ticket.php?cedulita=7710907&numcon=21584&fecha=2026-07-07&atencion=106993&funcionario=34973320 HTTP/1.1" 200 22582 "http://www.asjudinet.com/callcenter/listado_zona_bogota_cerrar_ticket.php?ced=34973320&nom=JALAL%20JULIO%20YAMILE&prevMes=2" "Mozilla/5.0 (Windows NT 10.0; Win64; x64) AppleWebKit/537.36 (KHTML, like Gecko) Chrome/150.0.0.0 Safari/537.36"
186.154.33.68 - - [14/Jul/2026:20:01:29 +0000] "GET /Consultar_Respuestas_afiliados.php?Identificacion=13539670&submit=CONSULTAR HTTP/1.1" 200 6330 "http://www.asjudinet.com/Consultar_Respuestas_afiliados.php?Identificacion=13539670&submit=CONSULTAR" "Mozilla/5.0 (Windows NT 10.0; Win64; x64) AppleWebKit/537.36 (KHTML, like Gecko) Chrome/109.0.0.0 Safari/537.36"
186.154.33.68 - - [14/Jul/2026:20:01:29 +0000] "GET /Consultar_Respuestas_afiliados.php?Identificacion=13539670&submit=CONSULTAR HTTP/1.1" 200 6330 "http://www.asjudinet.com/Consultar_Respuestas_afiliados.php?Identificacion=13539670&submit=CONSULTAR" "Mozilla/5.0 (Windows NT 10.0; Win64; x64) AppleWebKit/537.36 (KHTML, like Gecko) Chrome/109.0.0.0 Safari/537.36"
186.154.33.68 - - [14/Jul/2026:20:01:31 +0000] "GET /servicio_cliente.php HTTP/1.1" 200 29176 "http://www.asjudinet.com/Consultar_Respuestas_afiliados.php?Identificacion=13539670&submit=CONSULTAR" "Mozilla/5.0 (Windows NT 10.0; Win64; x64) AppleWebKit/537.36 (KHTML, like Gecko) Chrome/109.0.0.0 Safari/537.36"
186.154.33.68 - - [14/Jul/2026:20:01:31 +0000] "GET /themes//style/style.css HTTP/1.1" 404 - "http://www.asjudinet.com/servicio_cliente.php" "Mozilla/5.0 (Windows NT 10.0; Win64; x64) AppleWebKit/537.36 (KHTML, like Gecko) Chrome/109.0.0.0 Safari/537.36"
185.104.164.179 - - [14/Jul/2026:20:01:29 +0000] "POST /callcenter/respuesta_contacto_afiliado_cerrar_ticket.php?cedulita=7710907&numcon=21584&fecha=2026-07-07&atencion=106993&funcionario=34973320 HTTP/1.1" 200 22990 "http://www.asjudinet.com/callcenter/respuesta_contacto_afiliado_cerrar_ticket.php?cedulita=7710907&numcon=21584&fecha=2026-07-07&atencion=106993&funcionario=34973320" "Mozilla/5.0 (Windows NT 10.0; Win64; x64) AppleWebKit/537.36 (KHTML, like Gecko) Chrome/150.0.0.0 Safari/537.36"
186.154.33.68 - - [14/Jul/2026:20:01:35 +0000] "GET /Consultar_Respuestas_afiliados.php HTTP/1.1" 200 4374 "http://www.asjudinet.com/servicio_cliente.php" "Mozilla/5.0 (Windows NT 10.0; Win64; x64) AppleWebKit/537.36 (KHTML, like Gecko) Chrome/109.0.0.0 Safari/537.36"
186.154.33.68 - - [14/Jul/2026:20:01:35 +0000] "GET /Consultar_Respuestas_afiliados.php HTTP/1.1" 200 4374 "http://www.asjudinet.com/Consultar_Respuestas_afiliados.php" "Mozilla/5.0 (Windows NT 10.0; Win64; x64) AppleWebKit/537.36 (KHTML, like Gecko) Chrome/109.0.0.0 Safari/537.36"
114.119.156.102 - - [14/Jul/2026:20:01:39 +0000] "GET /index.php/zzztvsa/39aayzpksh_liqzne72382/principal/Assets/pages/pages/principal/avigilajudicial/pages/principal/lista_email.php HTTP/1.1" 200 54693 "http://www.asjudinet.com/index.php/zzztvsa/39aayzpksh_liqzne72382/principal/Assets/pages/pages/principal/avigilajudicial/pages/validar_usuarios_pagina.php" "Mozilla/5.0 (Linux; Android 7.0;) AppleWebKit/537.36 (HTML, like Gecko) Mobile Safari/537.36 (compatible; PetalBot;+https://webmaster.petalsearch.com/site/petalbot)"
186.154.33.68 - - [14/Jul/2026:20:01:39 +0000] "GET /Consultar_Respuestas_afiliados.php?Identificacion=13539670&submit=CONSULTAR HTTP/1.1" 200 6330 "http://www.asjudinet.com/Consultar_Respuestas_afiliados.php" "Mozilla/5.0 (Windows NT 10.0; Win64; x64) AppleWebKit/537.36 (KHTML, like Gecko) Chrome/109.0.0.0 Safari/537.36"
186.154.33.68 - - [14/Jul/2026:20:01:39 +0000] "GET /Consultar_Respuestas_afiliados.php?Identificacion=13539670&submit=CONSULTAR HTTP/1.1" 200 6330 "http://www.asjudinet.com/Consultar_Respuestas_afiliados.php?Identificacion=13539670&submit=CONSULTAR" "Mozilla/5.0 (Windows NT 10.0; Win64; x64) AppleWebKit/537.36 (KHTML, like Gecko) Chrome/109.0.0.0 Safari/537.36"
186.154.33.68 - - [14/Jul/2026:20:01:42 +0000] "GET /Visualizar_Mensajes.php?numra=0-034&Id=128692&Identificacion=13539670 HTTP/1.1" 200 6692 "http://www.asjudinet.com/Consultar_Respuestas_afiliados.php?Identificacion=13539670&submit=CONSULTAR" "Mozilla/5.0 (Windows NT 10.0; Win64; x64) AppleWebKit/537.36 (KHTML, like Gecko) Chrome/109.0.0.0 Safari/537.36"
186.154.33.68 - - [14/Jul/2026:20:01:49 +0000] "GET /descargar_archivos.php?Id=65574 HTTP/1.1" 200 227619 "http://www.asjudinet.com/Visualizar_Mensajes.php?numra=0-034&Id=128692&Identificacion=13539670" "Mozilla/5.0 (Windows NT 10.0; Win64; x64) AppleWebKit/537.36 (KHTML, like Gecko) Chrome/109.0.0.0 Safari/537.36"
185.104.164.179 - - [14/Jul/2026:20:01:47 +0000] "GET /callcenter/respuesta_contacto_afiliado_cerrar_ticket.php?cedulita=7710907&numcon=21584&fecha=2026-07-07&atencion=106993&funcionario=34973320 HTTP/1.1" 200 22884 "http://www.asjudinet.com/callcenter/listado_zona_bogota_cerrar_ticket.php?ced=34973320&nom=JALAL%20JULIO%20YAMILE&prevMes=2" "Mozilla/5.0 (Windows NT 10.0; Win64; x64) AppleWebKit/537.36 (KHTML, like Gecko) Chrome/150.0.0.0 Safari/537.36"
185.104.164.179 - - [14/Jul/2026:20:01:53 +0000] "POST /callcenter/respuesta_contacto_afiliado_cerrar_ticket.php?cedulita=7710907&numcon=21584&fecha=2026-07-07&atencion=106993&funcionario=34973320 HTTP/1.1" 200 23292 "http://www.asjudinet.com/callcenter/respuesta_contacto_afiliado_cerrar_ticket.php?cedulita=7710907&numcon=21584&fecha=2026-07-07&atencion=106993&funcionario=34973320" "Mozilla/5.0 (Windows NT 10.0; Win64; x64) AppleWebKit/537.36 (KHTML, like Gecko) Chrome/150.0.0.0 Safari/537.36"
185.104.164.179 - - [14/Jul/2026:20:02:01 +0000] "GET /callcenter/listado_zona_bogota_cerrar_ticket.php?ced=34973320&nom=JALAL%20JULIO%20YAMILE&prevMes=2 HTTP/1.1" 200 4829 "http://www.asjudinet.com/callcenter/menu_cerrar_tickets.php?ced=34973320&nom=JALAL%20JULIO%20YAMILE" "Mozilla/5.0 (Windows NT 10.0; Win64; x64) AppleWebKit/537.36 (KHTML, like Gecko) Chrome/150.0.0.0 Safari/537.36"
185.104.164.179 - - [14/Jul/2026:20:02:01 +0000] "POST /callcenter/php/listado_zona_bogota_cerrar_ticket.php?prevMes=%202 HTTP/1.1" 200 30857 "http://www.asjudinet.com/callcenter/listado_zona_bogota_cerrar_ticket.php?ced=34973320&nom=JALAL%20JULIO%20YAMILE&prevMes=2" "Mozilla/5.0 (Windows NT 10.0; Win64; x64) AppleWebKit/537.36 (KHTML, like Gecko) Chrome/150.0.0.0 Safari/537.36"
185.104.164.179 - - [14/Jul/2026:20:02:06 +0000] "GET /callcenter/respuesta_contacto_afiliado_cerrar_ticket.php?cedulita=1016007276&numcon=I0704&fecha=2026-07-07&atencion=106994&funcionario=34973320 HTTP/1.1" 200 19944 "http://www.asjudinet.com/callcenter/listado_zona_bogota_cerrar_ticket.php?ced=34973320&nom=JALAL%20JULIO%20YAMILE&prevMes=2" "Mozilla/5.0 (Windows NT 10.0; Win64; x64) AppleWebKit/537.36 (KHTML, like Gecko) Chrome/150.0.0.0 Safari/537.36"
