190.85.87.250 - - [14/Jul/2026:15:15:07 +0000] "GET /callcenter/menu_callcenter.php?ced=1124077740&nom=ORTIZ%20SUAREZ%20YUSNEHIDI HTTP/1.1" 200 11513 "http://www.asjudinet.com/callcenter/solicitud_cita_ingreso.php?numcon=&cedulita=1069853421&funcionario=1124077740" "Mozilla/5.0 (Windows NT 10.0; Win64; x64) AppleWebKit/537.36 (KHTML, like Gecko) Chrome/150.0.0.0 Safari/537.36"
190.85.87.250 - - [14/Jul/2026:15:15:09 +0000] "GET /callcenter/menu_acciones_constitucionales.php?ced=1000940633&nom=ROA%20PEDRAZA%20DANIEL HTTP/1.1" 200 3294 "http://www.asjudinet.com/callcenter/listado_acciones_constitucionales.php?ced=1000940633&nom=ROA%20PEDRAZA%20DANIEL" "Mozilla/5.0 (Windows NT 10.0; Win64; x64) AppleWebKit/537.36 (KHTML, like Gecko) Chrome/150.0.0.0 Safari/537.36"
190.85.87.250 - - [14/Jul/2026:15:15:10 +0000] "GET /callcenter/listado_acciones_constitucionales_pendientes.php?ced=1000940633&nom=ROA%20PEDRAZA%20DANIEL HTTP/1.1" 200 3472 "http://www.asjudinet.com/callcenter/menu_acciones_constitucionales.php?ced=1000940633&nom=ROA%20PEDRAZA%20DANIEL" "Mozilla/5.0 (Windows NT 10.0; Win64; x64) AppleWebKit/537.36 (KHTML, like Gecko) Chrome/150.0.0.0 Safari/537.36"
190.85.87.250 - - [14/Jul/2026:15:15:11 +0000] "GET /callcenter/menu_acciones_constitucionales.php?ced=1000940633&nom=ROA%20PEDRAZA%20DANIEL HTTP/1.1" 200 3294 "http://www.asjudinet.com/callcenter/listado_acciones_constitucionales_pendientes.php?ced=1000940633&nom=ROA%20PEDRAZA%20DANIEL" "Mozilla/5.0 (Windows NT 10.0; Win64; x64) AppleWebKit/537.36 (KHTML, like Gecko) Chrome/150.0.0.0 Safari/537.36"
190.85.87.250 - - [14/Jul/2026:15:15:12 +0000] "GET /callcenter/listado_acciones_constitucionales.php?ced=1000940633&nom=ROA%20PEDRAZA%20DANIEL HTTP/1.1" 200 4426 "http://www.asjudinet.com/callcenter/menu_acciones_constitucionales.php?ced=1000940633&nom=ROA%20PEDRAZA%20DANIEL" "Mozilla/5.0 (Windows NT 10.0; Win64; x64) AppleWebKit/537.36 (KHTML, like Gecko) Chrome/150.0.0.0 Safari/537.36"
190.85.87.250 - - [14/Jul/2026:15:15:15 +0000] "GET /index.php HTTP/1.1" 200 54693 "-" "Mozilla/5.0 (Windows NT 10.0; Win64; x64) AppleWebKit/537.36 (KHTML, like Gecko) Chrome/150.0.0.0 Safari/537.36"
190.85.191.209 - - [14/Jul/2026:15:15:33 +0000] "POST /afinanciera/cartera_cargar_manual_deb.php?ced2=79747224&numcon=27233 HTTP/1.1" 200 209153 "http://www.asjudinet.com/afinanciera/cartera_cargar_manual_deb.php?ced2=79747224&numcon=27233" "Mozilla/5.0 (Windows NT 10.0; Win64; x64) AppleWebKit/537.36 (KHTML, like Gecko) Chrome/150.0.0.0 Safari/537.36 Edg/150.0.0.0"
190.85.191.209 - - [14/Jul/2026:15:15:56 +0000] "POST /afinanciera/cartera_cargar_manual_deb.php?ced2=79747224&numcon=27233 HTTP/1.1" 200 210856 "http://www.asjudinet.com/afinanciera/cartera_cargar_manual_deb.php?ced2=79747224&numcon=27233" "Mozilla/5.0 (Windows NT 10.0; Win64; x64) AppleWebKit/537.36 (KHTML, like Gecko) Chrome/150.0.0.0 Safari/537.36 Edg/150.0.0.0"
181.54.74.234 - - [14/Jul/2026:15:16:05 +0000] "GET /index.php HTTP/1.1" 200 54693 "-" "Mozilla/5.0 (Windows NT 10.0; Win64; x64) AppleWebKit/537.36 (KHTML, like Gecko) Chrome/150.0.0.0 Safari/537.36 Edg/150.0.0.0"
181.54.74.234 - - [14/Jul/2026:15:16:11 +0000] "GET /val_usuarios.php HTTP/1.1" 200 7808 "http://www.asjudinet.com/index.php" "Mozilla/5.0 (Windows NT 10.0; Win64; x64) AppleWebKit/537.36 (KHTML, like Gecko) Chrome/150.0.0.0 Safari/537.36 Edg/150.0.0.0"
114.119.137.103 - - [14/Jul/2026:15:16:12 +0000] "GET /index.php/zzztvsa/39aayzpksh_liqzne72382/principal/pages/principal/principal/principal/avigilajudicial/principal/enlaces.php HTTP/1.1" 200 54693 "http://www.asjudinet.com/index.php/zzztvsa/39aayzpksh_liqzne72382/principal/pages/principal/principal/principal/avigilajudicial/index.php" "Mozilla/5.0 (Linux; Android 7.0;) AppleWebKit/537.36 (HTML, like Gecko) Mobile Safari/537.36 (compatible; PetalBot;+https://webmaster.petalsearch.com/site/petalbot)"
190.85.191.209 - - [14/Jul/2026:15:16:17 +0000] "POST /afinanciera/cartera_cargar_manual_deb.php?ced2=79747224&numcon=27233 HTTP/1.1" 200 212559 "http://www.asjudinet.com/afinanciera/cartera_cargar_manual_deb.php?ced2=79747224&numcon=27233" "Mozilla/5.0 (Windows NT 10.0; Win64; x64) AppleWebKit/537.36 (KHTML, like Gecko) Chrome/150.0.0.0 Safari/537.36 Edg/150.0.0.0"
181.54.74.234 - - [14/Jul/2026:15:16:26 +0000] "POST /val_usuarios.php HTTP/1.1" 200 153 "http://www.asjudinet.com/val_usuarios.php" "Mozilla/5.0 (Windows NT 10.0; Win64; x64) AppleWebKit/537.36 (KHTML, like Gecko) Chrome/150.0.0.0 Safari/537.36 Edg/150.0.0.0"
181.54.74.234 - - [14/Jul/2026:15:16:28 +0000] "GET /menu_admin.php?ced=49759766&nom=FONTALVO%20FIGUEROA%20CARMEN%20MARIA&aaa=503&cargo=503 HTTP/1.1" 200 55572 "http://www.asjudinet.com/val_usuarios.php" "Mozilla/5.0 (Windows NT 10.0; Win64; x64) AppleWebKit/537.36 (KHTML, like Gecko) Chrome/150.0.0.0 Safari/537.36 Edg/150.0.0.0"
181.54.74.234 - - [14/Jul/2026:15:16:33 +0000] "GET /abogados/validacion_revistas_judicial.php HTTP/1.1" 200 7841 "http://www.asjudinet.com/menu_admin.php?ced=49759766&nom=FONTALVO%20FIGUEROA%20CARMEN%20MARIA&aaa=503&cargo=503" "Mozilla/5.0 (Windows NT 10.0; Win64; x64) AppleWebKit/537.36 (KHTML, like Gecko) Chrome/150.0.0.0 Safari/537.36 Edg/150.0.0.0"
190.85.191.209 - - [14/Jul/2026:15:16:40 +0000] "POST /afinanciera/cartera_cargar_manual_deb.php?ced2=79747224&numcon=27233 HTTP/1.1" 200 214263 "http://www.asjudinet.com/afinanciera/cartera_cargar_manual_deb.php?ced2=79747224&numcon=27233" "Mozilla/5.0 (Windows NT 10.0; Win64; x64) AppleWebKit/537.36 (KHTML, like Gecko) Chrome/150.0.0.0 Safari/537.36 Edg/150.0.0.0"
190.85.191.209 - - [14/Jul/2026:15:16:46 +0000] "GET /index.php HTTP/1.1" 200 54693 "-" "Mozilla/5.0 (Windows NT 10.0; Win64; x64) AppleWebKit/537.36 (KHTML, like Gecko) Chrome/150.0.0.0 Safari/537.36"
181.54.74.234 - - [14/Jul/2026:15:16:48 +0000] "POST /abogados/validacion_revistas_judicial.php HTTP/1.1" 200 7979 "http://www.asjudinet.com/abogados/validacion_revistas_judicial.php" "Mozilla/5.0 (Windows NT 10.0; Win64; x64) AppleWebKit/537.36 (KHTML, like Gecko) Chrome/150.0.0.0 Safari/537.36 Edg/150.0.0.0"
181.54.74.234 - - [14/Jul/2026:15:16:49 +0000] "GET /abogados/menu_vigilancia_judicial.php?ced=49759766&nom=FONTALVO%20FIGUEROA%20CARMEN%20MARIA HTTP/1.1" 200 6938 "http://www.asjudinet.com/abogados/validacion_revistas_judicial.php" "Mozilla/5.0 (Windows NT 10.0; Win64; x64) AppleWebKit/537.36 (KHTML, like Gecko) Chrome/150.0.0.0 Safari/537.36 Edg/150.0.0.0"
190.85.191.209 - - [14/Jul/2026:15:16:51 +0000] "GET /val_usuarios.php HTTP/1.1" 200 7808 "http://www.asjudinet.com/index.php" "Mozilla/5.0 (Windows NT 10.0; Win64; x64) AppleWebKit/537.36 (KHTML, like Gecko) Chrome/150.0.0.0 Safari/537.36"
181.54.74.234 - - [14/Jul/2026:15:16:52 +0000] "GET /abogados/ingresar_revista_judicial.php?ced=49759766&nom=FONTALVO%20FIGUEROA%20CARMEN%20MARIA HTTP/1.1" 200 4962 "http://www.asjudinet.com/abogados/menu_vigilancia_judicial.php?ced=49759766&nom=FONTALVO%20FIGUEROA%20CARMEN%20MARIA" "Mozilla/5.0 (Windows NT 10.0; Win64; x64) AppleWebKit/537.36 (KHTML, like Gecko) Chrome/150.0.0.0 Safari/537.36 Edg/150.0.0.0"
190.85.191.209 - - [14/Jul/2026:15:17:02 +0000] "POST /afinanciera/cartera_cargar_manual_deb.php?ced2=79747224&numcon=27233 HTTP/1.1" 200 215969 "http://www.asjudinet.com/afinanciera/cartera_cargar_manual_deb.php?ced2=79747224&numcon=27233" "Mozilla/5.0 (Windows NT 10.0; Win64; x64) AppleWebKit/537.36 (KHTML, like Gecko) Chrome/150.0.0.0 Safari/537.36 Edg/150.0.0.0"
181.54.74.234 - - [14/Jul/2026:15:17:05 +0000] "POST /abogados/ingresar_revista_judicial.php?ced=49759766&nom=FONTALVO%20FIGUEROA%20CARMEN%20MARIA HTTP/1.1" 200 5063 "http://www.asjudinet.com/abogados/ingresar_revista_judicial.php?ced=49759766&nom=FONTALVO%20FIGUEROA%20CARMEN%20MARIA" "Mozilla/5.0 (Windows NT 10.0; Win64; x64) AppleWebKit/537.36 (KHTML, like Gecko) Chrome/150.0.0.0 Safari/537.36 Edg/150.0.0.0"
190.85.191.209 - - [14/Jul/2026:15:17:10 +0000] "POST /val_usuarios.php HTTP/1.1" 200 151 "http://www.asjudinet.com/val_usuarios.php" "Mozilla/5.0 (Windows NT 10.0; Win64; x64) AppleWebKit/537.36 (KHTML, like Gecko) Chrome/150.0.0.0 Safari/537.36"
190.85.191.209 - - [14/Jul/2026:15:17:10 +0000] "GET /menu_admin.php?ced=41738943&nom=RODRIGUEZ%20%20MONTOYA%20ESPERANZA&aaa=135&cargo=135 HTTP/1.1" 200 55572 "http://www.asjudinet.com/val_usuarios.php" "Mozilla/5.0 (Windows NT 10.0; Win64; x64) AppleWebKit/537.36 (KHTML, like Gecko) Chrome/150.0.0.0 Safari/537.36"
190.85.191.209 - - [14/Jul/2026:15:17:18 +0000] "GET /consulta_cartera.php HTTP/1.1" 200 4668 "http://www.asjudinet.com/menu_admin.php?ced=41738943&nom=RODRIGUEZ%20%20MONTOYA%20ESPERANZA&aaa=135&cargo=135" "Mozilla/5.0 (Windows NT 10.0; Win64; x64) AppleWebKit/537.36 (KHTML, like Gecko) Chrome/150.0.0.0 Safari/537.36"
190.85.191.209 - - [14/Jul/2026:15:17:18 +0000] "GET /ELEMENTOS/fondo_argollado.gif HTTP/1.1" 200 1751 "http://www.asjudinet.com/consulta_cartera.php" "Mozilla/5.0 (Windows NT 10.0; Win64; x64) AppleWebKit/537.36 (KHTML, like Gecko) Chrome/150.0.0.0 Safari/537.36"
190.85.191.209 - - [14/Jul/2026:15:17:21 +0000] "POST /afinanciera/cartera_cargar_manual_deb.php?ced2=79747224&numcon=27233 HTTP/1.1" 200 217674 "http://www.asjudinet.com/afinanciera/cartera_cargar_manual_deb.php?ced2=79747224&numcon=27233" "Mozilla/5.0 (Windows NT 10.0; Win64; x64) AppleWebKit/537.36 (KHTML, like Gecko) Chrome/150.0.0.0 Safari/537.36 Edg/150.0.0.0"
190.85.191.209 - - [14/Jul/2026:15:17:24 +0000] "GET /consulta_ced_info_servi.php HTTP/1.1" 200 4523 "http://www.asjudinet.com/consulta_cartera.php" "Mozilla/5.0 (Windows NT 10.0; Win64; x64) AppleWebKit/537.36 (KHTML, like Gecko) Chrome/150.0.0.0 Safari/537.36"
114.119.136.100 - - [14/Jul/2026:15:17:35 +0000] "GET /index.php/zzztvsa/39aayzpksh_liqzne72382/principal/pages/principal/principal/pages/Assets/principal/val_usuarios_IURIS.php HTTP/1.1" 200 54693 "http://www.asjudinet.com/index.php/zzztvsa/39aayzpksh_liqzne72382/principal/pages/principal/principal/pages/Assets/principal/testimonios.php" "Mozilla/5.0 (Linux; Android 7.0;) AppleWebKit/537.36 (HTML, like Gecko) Mobile Safari/537.36 (compatible; PetalBot;+https://webmaster.petalsearch.com/site/petalbot)"
190.85.191.209 - - [14/Jul/2026:15:17:41 +0000] "POST /consulta_ced_info_servi.php HTTP/1.1" 200 6965 "http://www.asjudinet.com/consulta_ced_info_servi.php" "Mozilla/5.0 (Windows NT 10.0; Win64; x64) AppleWebKit/537.36 (KHTML, like Gecko) Chrome/150.0.0.0 Safari/537.36"
190.85.191.209 - - [14/Jul/2026:15:17:44 +0000] "POST /afinanciera/cartera_cargar_manual_deb.php?ced2=79747224&numcon=27233 HTTP/1.1" 200 219379 "http://www.asjudinet.com/afinanciera/cartera_cargar_manual_deb.php?ced2=79747224&numcon=27233" "Mozilla/5.0 (Windows NT 10.0; Win64; x64) AppleWebKit/537.36 (KHTML, like Gecko) Chrome/150.0.0.0 Safari/537.36 Edg/150.0.0.0"
190.85.191.209 - - [14/Jul/2026:15:17:49 +0000] "GET /cartera_consulta_titu_usuario.php?ced2=1052393503&numcon=7103A HTTP/1.1" 200 139788 "http://www.asjudinet.com/consulta_ced_info_servi.php" "Mozilla/5.0 (Windows NT 10.0; Win64; x64) AppleWebKit/537.36 (KHTML, like Gecko) Chrome/150.0.0.0 Safari/537.36"
190.85.191.209 - - [14/Jul/2026:15:18:14 +0000] "POST /afinanciera/cartera_cargar_manual_deb.php?ced2=79747224&numcon=27233 HTTP/1.1" 200 221082 "http://www.asjudinet.com/afinanciera/cartera_cargar_manual_deb.php?ced2=79747224&numcon=27233" "Mozilla/5.0 (Windows NT 10.0; Win64; x64) AppleWebKit/537.36 (KHTML, like Gecko) Chrome/150.0.0.0 Safari/537.36 Edg/150.0.0.0"
190.85.87.250 - - [14/Jul/2026:15:18:25 +0000] "GET /callcenter/validar_recepcionistas.php?ced=1124077740&nom=ORTIZ%20SUAREZ%20YUSNEHIDI HTTP/1.1" 200 7960 "http://www.asjudinet.com/callcenter/menu_callcenter.php?ced=1124077740&nom=ORTIZ%20SUAREZ%20YUSNEHIDI" "Mozilla/5.0 (Windows NT 10.0; Win64; x64) AppleWebKit/537.36 (KHTML, like Gecko) Chrome/150.0.0.0 Safari/537.36"
190.85.87.250 - - [14/Jul/2026:15:18:27 +0000] "POST /callcenter/validar_recepcionistas.php HTTP/1.1" 200 8050 "http://www.asjudinet.com/callcenter/validar_recepcionistas.php?ced=1124077740&nom=ORTIZ%20SUAREZ%20YUSNEHIDI" "Mozilla/5.0 (Windows NT 10.0; Win64; x64) AppleWebKit/537.36 (KHTML, like Gecko) Chrome/150.0.0.0 Safari/537.36"
190.85.87.250 - - [14/Jul/2026:15:18:27 +0000] "GET /callcenter/solicitud_cita.php?ced=1124077740&nom=ORTIZ%20SUAREZ%20YUSNEHIDI HTTP/1.1" 200 5668 "http://www.asjudinet.com/callcenter/validar_recepcionistas.php" "Mozilla/5.0 (Windows NT 10.0; Win64; x64) AppleWebKit/537.36 (KHTML, like Gecko) Chrome/150.0.0.0 Safari/537.36"
190.85.87.250 - - [14/Jul/2026:15:18:38 +0000] "GET /callcenter/respuesta_tickets.php?cedulita=1118827985&numcon=I0769&fecha=2024-03-01&atencion=81037 HTTP/1.1" 200 23378 "http://www.asjudinet.com/callcenter/solicitud_cita.php?ced=1124077740&nom=ORTIZ%20YUSNEHIDI" "Mozilla/5.0 (Windows NT 10.0; Win64; x64) AppleWebKit/537.36 (KHTML, like Gecko) Chrome/150.0.0.0 Safari/537.36"
190.85.191.209 - - [14/Jul/2026:15:18:40 +0000] "POST /afinanciera/cartera_cargar_manual_deb.php?ced2=79747224&numcon=27233 HTTP/1.1" 200 222771 "http://www.asjudinet.com/afinanciera/cartera_cargar_manual_deb.php?ced2=79747224&numcon=27233" "Mozilla/5.0 (Windows NT 10.0; Win64; x64) AppleWebKit/537.36 (KHTML, like Gecko) Chrome/150.0.0.0 Safari/537.36 Edg/150.0.0.0"
190.85.87.250 - - [14/Jul/2026:15:18:45 +0000] "POST /consulta_ced_info_servi.php HTTP/1.1" 200 7778 "http://www.asjudinet.com/consulta_ced_info_servi.php" "Mozilla/5.0 (Windows NT 10.0; Win64; x64) AppleWebKit/537.36 (KHTML, like Gecko) Chrome/150.0.0.0 Safari/537.36"
190.85.87.250 - - [14/Jul/2026:15:18:52 +0000] "GET /cartera_consulta_titu_usuario.php?ced2=11865079&numcon=27175 HTTP/1.1" 200 233111 "http://www.asjudinet.com/consulta_ced_info_servi.php" "Mozilla/5.0 (Windows NT 10.0; Win64; x64) AppleWebKit/537.36 (KHTML, like Gecko) Chrome/150.0.0.0 Safari/537.36"
114.119.137.103 - - [14/Jul/2026:15:18:59 +0000] "GET /index.php/zzztvsa/39aayzpksh_liqzne72382/principal/pages/principal/avigilajudicial/principal/principal/principal/prepago.php HTTP/1.1" 200 54693 "http://www.asjudinet.com/index.php/zzztvsa/39aayzpksh_liqzne72382/principal/pages/principal/avigilajudicial/principal/principal/misionvision.php" "Mozilla/5.0 (Linux; Android 7.0;) AppleWebKit/537.36 (HTML, like Gecko) Mobile Safari/537.36 (compatible; PetalBot;+https://webmaster.petalsearch.com/site/petalbot)"
190.85.191.209 - - [14/Jul/2026:15:19:04 +0000] "POST /afinanciera/cartera_cargar_manual_deb.php?ced2=79747224&numcon=27233 HTTP/1.1" 200 224460 "http://www.asjudinet.com/afinanciera/cartera_cargar_manual_deb.php?ced2=79747224&numcon=27233" "Mozilla/5.0 (Windows NT 10.0; Win64; x64) AppleWebKit/537.36 (KHTML, like Gecko) Chrome/150.0.0.0 Safari/537.36 Edg/150.0.0.0"
181.54.74.234 - - [14/Jul/2026:15:19:06 +0000] "POST /abogados/ingresar_revista_judicial.php?ced=49759766&nom=FONTALVO%20FIGUEROA%20CARMEN%20MARIA HTTP/1.1" 200 5063 "http://www.asjudinet.com/abogados/ingresar_revista_judicial.php?ced=49759766&nom=FONTALVO%20FIGUEROA%20CARMEN%20MARIA" "Mozilla/5.0 (Windows NT 10.0; Win64; x64) AppleWebKit/537.36 (KHTML, like Gecko) Chrome/150.0.0.0 Safari/537.36 Edg/150.0.0.0"
190.85.191.209 - - [14/Jul/2026:15:19:22 +0000] "GET /consulta_cartera.php HTTP/1.1" 200 4668 "http://www.asjudinet.com/cartera_consulta_titu_usuario.php?ced2=1052393503&numcon=7103A" "Mozilla/5.0 (Windows NT 10.0; Win64; x64) AppleWebKit/537.36 (KHTML, like Gecko) Chrome/150.0.0.0 Safari/537.36"
190.85.191.209 - - [14/Jul/2026:15:19:23 +0000] "GET /consulta_ced_info_servi.php HTTP/1.1" 200 4523 "http://www.asjudinet.com/consulta_cartera.php" "Mozilla/5.0 (Windows NT 10.0; Win64; x64) AppleWebKit/537.36 (KHTML, like Gecko) Chrome/150.0.0.0 Safari/537.36"
190.85.191.209 - - [14/Jul/2026:15:19:25 +0000] "POST /afinanciera/cartera_cargar_manual_deb.php?ced2=79747224&numcon=27233 HTTP/1.1" 200 226149 "http://www.asjudinet.com/afinanciera/cartera_cargar_manual_deb.php?ced2=79747224&numcon=27233" "Mozilla/5.0 (Windows NT 10.0; Win64; x64) AppleWebKit/537.36 (KHTML, like Gecko) Chrome/150.0.0.0 Safari/537.36 Edg/150.0.0.0"
190.85.191.209 - - [14/Jul/2026:15:19:36 +0000] "POST /consulta_ced_info_servi.php HTTP/1.1" 200 4564 "http://www.asjudinet.com/consulta_ced_info_servi.php" "Mozilla/5.0 (Windows NT 10.0; Win64; x64) AppleWebKit/537.36 (KHTML, like Gecko) Chrome/150.0.0.0 Safari/537.36"
190.85.87.250 - - [14/Jul/2026:15:19:43 +0000] "GET /callcenter/respuesta_tickets.php?cedulita=11865079&numcon=27175&fecha=2026-05-07&atencion=106156 HTTP/1.1" 200 19954 "http://www.asjudinet.com/callcenter/solicitud_cita.php?ced=1000505297&nom=CORTAZAR%20HERRERA%20SERGIO%20ALEJANDRO" "Mozilla/5.0 (Windows NT 10.0; Win64; x64) AppleWebKit/537.36 (KHTML, like Gecko) Chrome/150.0.0.0 Safari/537.36"
181.54.74.234 - - [14/Jul/2026:15:19:46 +0000] "POST /abogados/ingresar_revista_judicial.php?ced=49759766&nom=FONTALVO%20FIGUEROA%20CARMEN%20MARIA HTTP/1.1" 200 7466 "http://www.asjudinet.com/abogados/ingresar_revista_judicial.php?ced=49759766&nom=FONTALVO%20FIGUEROA%20CARMEN%20MARIA" "Mozilla/5.0 (Windows NT 10.0; Win64; x64) AppleWebKit/537.36 (KHTML, like Gecko) Chrome/150.0.0.0 Safari/537.36 Edg/150.0.0.0"
190.85.87.250 - - [14/Jul/2026:15:19:48 +0000] "GET /callcenter/respuesta_tickets.php?cedulita=11865079&numcon=27175&fecha=2025-07-25&atencion=100698 HTTP/1.1" 200 17836 "http://www.asjudinet.com/callcenter/solicitud_cita.php?ced=1000505297&nom=CORTAZAR%20HERRERA%20SERGIO%20ALEJANDRO" "Mozilla/5.0 (Windows NT 10.0; Win64; x64) AppleWebKit/537.36 (KHTML, like Gecko) Chrome/150.0.0.0 Safari/537.36"
190.85.191.209 - - [14/Jul/2026:15:19:52 +0000] "POST /afinanciera/cartera_consultar_cargar_deb.php HTTP/1.1" 200 6056 "http://www.asjudinet.com/afinanciera/cartera_consultar_cargar_deb.php" "Mozilla/5.0 (Windows NT 10.0; Win64; x64) AppleWebKit/537.36 (KHTML, like Gecko) Chrome/150.0.0.0 Safari/537.36 Edg/150.0.0.0"
190.85.191.209 - - [14/Jul/2026:15:19:54 +0000] "GET /afinanciera/cartera_cargar_manual_deb.php?ced2=13539670&numcon=28616 HTTP/1.1" 200 178434 "http://www.asjudinet.com/afinanciera/cartera_consultar_cargar_deb.php" "Mozilla/5.0 (Windows NT 10.0; Win64; x64) AppleWebKit/537.36 (KHTML, like Gecko) Chrome/150.0.0.0 Safari/537.36 Edg/150.0.0.0"
190.85.87.250 - - [14/Jul/2026:15:19:56 +0000] "GET /callcenter_consulta_tickets.php?ced=11865079 HTTP/1.1" 200 26572 "http://www.asjudinet.com/cartera_consulta_titu_usuario.php?ced2=11865079&numcon=27175" "Mozilla/5.0 (Windows NT 10.0; Win64; x64) AppleWebKit/537.36 (KHTML, like Gecko) Chrome/150.0.0.0 Safari/537.36"
190.85.87.250 - - [14/Jul/2026:15:19:00 +0000] "POST /callcenter/solicitud_cita.php?ced=1000505297&nom=CORTAZAR%20HERRERA%20SERGIO%20ALEJANDRO HTTP/1.1" 200 35023 "http://www.asjudinet.com/callcenter/solicitud_cita.php?ced=1000505297&nom=CORTAZAR%20HERRERA%20SERGIO%20ALEJANDRO" "Mozilla/5.0 (Windows NT 10.0; Win64; x64) AppleWebKit/537.36 (KHTML, like Gecko) Chrome/150.0.0.0 Safari/537.36"
190.85.87.250 - - [14/Jul/2026:15:19:59 +0000] "GET /callcenter/respuesta_tickets.php?cedulita=11865079&numcon=27175&fecha=2026-05-07&atencion=106156&funcionario= HTTP/1.1" 200 19954 "http://www.asjudinet.com/callcenter_consulta_tickets.php?ced=11865079" "Mozilla/5.0 (Windows NT 10.0; Win64; x64) AppleWebKit/537.36 (KHTML, like Gecko) Chrome/150.0.0.0 Safari/537.36"
190.85.87.250 - - [14/Jul/2026:15:20:02 +0000] "GET /callcenter/respuesta_tickets.php?cedulita=11865079&numcon=27175&fecha=2026-04-21&atencion=105894&funcionario= HTTP/1.1" 200 17700 "http://www.asjudinet.com/callcenter_consulta_tickets.php?ced=11865079" "Mozilla/5.0 (Windows NT 10.0; Win64; x64) AppleWebKit/537.36 (KHTML, like Gecko) Chrome/150.0.0.0 Safari/537.36"
190.85.87.250 - - [14/Jul/2026:15:20:13 +0000] "GET /callcenter/solicitud_cita_ingreso.php?numcon=27175&cedulita=11865079&funcionario=1000505297 HTTP/1.1" 200 49123 "http://www.asjudinet.com/callcenter/solicitud_cita.php?ced=1000505297&nom=CORTAZAR%20HERRERA%20SERGIO%20ALEJANDRO" "Mozilla/5.0 (Windows NT 10.0; Win64; x64) AppleWebKit/537.36 (KHTML, like Gecko) Chrome/150.0.0.0 Safari/537.36"
190.85.87.250 - - [14/Jul/2026:15:20:14 +0000] "POST /consulta_ced_info_servi.php HTTP/1.1" 200 6132 "http://www.asjudinet.com/consulta_ced_info_servi.php" "Mozilla/5.0 (Windows NT 10.0; Win64; x64) AppleWebKit/537.36 (KHTML, like Gecko) Chrome/150.0.0.0 Safari/537.36"
114.119.137.103 - - [14/Jul/2026:15:20:29 +0000] "GET /index.php/zzztvsa/39aayzpksh_liqzne72382/principal/pages/pages/pages/avigilajudicial/principal/principal/sucursales_satelites.php HTTP/1.1" 200 54693 "http://www.asjudinet.com/index.php/zzztvsa/39aayzpksh_liqzne72382/principal/pages/pages/pages/avigilajudicial/principal/val_usuarios_IURIS.php" "Mozilla/5.0 (Linux; Android 7.0;) AppleWebKit/537.36 (HTML, like Gecko) Mobile Safari/537.36 (compatible; PetalBot;+https://webmaster.petalsearch.com/site/petalbot)"
190.85.87.250 - - [14/Jul/2026:15:20:27 +0000] "GET /cartera_consulta_titu_usuario.php?ced2=93021294&numcon=3456 HTTP/1.1" 200 476799 "http://www.asjudinet.com/consulta_ced_info_servi.php" "Mozilla/5.0 (Windows NT 10.0; Win64; x64) AppleWebKit/537.36 (KHTML, like Gecko) Chrome/150.0.0.0 Safari/537.36"
190.85.87.250 - - [14/Jul/2026:15:20:54 +0000] "GET /callcenter/respuesta_tickets.php?cedulita=93021294&numcon=3456&fecha=2026-07-08&atencion=107017 HTTP/1.1" 200 16824 "http://www.asjudinet.com/callcenter/solicitud_cita.php?ced=1110177572&nom=FERLA%20MORENO%20FRANCY%20LORENA" "Mozilla/5.0 (Windows NT 10.0; Win64; x64) AppleWebKit/537.36 (KHTML, like Gecko) Chrome/150.0.0.0 Safari/537.36"
190.85.191.209 - - [14/Jul/2026:15:20:58 +0000] "POST /consulta_ced_info_servi.php HTTP/1.1" 200 6946 "http://www.asjudinet.com/consulta_ced_info_servi.php" "Mozilla/5.0 (Windows NT 10.0; Win64; x64) AppleWebKit/537.36 (KHTML, like Gecko) Chrome/150.0.0.0 Safari/537.36"
190.85.191.209 - - [14/Jul/2026:15:21:11 +0000] "GET /cartera_consulta_titu_usuario.php?ced2=51965888&numcon=28722 HTTP/1.1" 200 217487 "http://www.asjudinet.com/consulta_ced_info_servi.php" "Mozilla/5.0 (Windows NT 10.0; Win64; x64) AppleWebKit/537.36 (KHTML, like Gecko) Chrome/150.0.0.0 Safari/537.36"
190.85.191.209 - - [14/Jul/2026:15:21:20 +0000] "POST /afinanciera/cartera_cargar_manual_deb.php?ced2=13539670&numcon=28616 HTTP/1.1" 200 180194 "http://www.asjudinet.com/afinanciera/cartera_cargar_manual_deb.php?ced2=13539670&numcon=28616" "Mozilla/5.0 (Windows NT 10.0; Win64; x64) AppleWebKit/537.36 (KHTML, like Gecko) Chrome/150.0.0.0 Safari/537.36 Edg/150.0.0.0"
190.85.87.250 - - [14/Jul/2026:15:21:25 +0000] "GET /callcenter/respuesta_tickets.php?cedulita=93021294&numcon=3456&fecha=2026-07-08&atencion=107017 HTTP/1.1" 200 16824 "http://www.asjudinet.com/callcenter/solicitud_cita.php?ced=1110177572&nom=FERLA%20MORENO%20FRANCY%20LORENA" "Mozilla/5.0 (Windows NT 10.0; Win64; x64) AppleWebKit/537.36 (KHTML, like Gecko) Chrome/150.0.0.0 Safari/537.36"
190.85.87.250 - - [14/Jul/2026:15:20:37 +0000] "POST /callcenter/solicitud_cita.php?ced=1110177572&nom=FERLA%20MORENO%20FRANCY%20LORENA HTTP/1.1" 200 17514 "http://www.asjudinet.com/callcenter/solicitud_cita.php?ced=1110177572&nom=FERLA%20MORENO%20FRANCY%20LORENA" "Mozilla/5.0 (Windows NT 10.0; Win64; x64) AppleWebKit/537.36 (KHTML, like Gecko) Chrome/150.0.0.0 Safari/537.36"
190.85.87.250 - - [14/Jul/2026:15:21:40 +0000] "POST /callcenter/solicitud_cita_ingreso.php?numcon=27175&cedulita=11865079&funcionario=1000505297 HTTP/1.1" 200 49353 "http://www.asjudinet.com/callcenter/solicitud_cita_ingreso.php?numcon=27175&cedulita=11865079&funcionario=1000505297" "Mozilla/5.0 (Windows NT 10.0; Win64; x64) AppleWebKit/537.36 (KHTML, like Gecko) Chrome/150.0.0.0 Safari/537.36"
190.85.87.250 - - [14/Jul/2026:15:21:42 +0000] "GET /callcenter/menu_callcenter.php?ced=1000505297&nom=CORTAZAR%20HERRERA%20SERGIO%20ALEJANDRO HTTP/1.1" 200 11876 "http://www.asjudinet.com/callcenter/solicitud_cita_ingreso.php?numcon=27175&cedulita=11865079&funcionario=1000505297" "Mozilla/5.0 (Windows NT 10.0; Win64; x64) AppleWebKit/537.36 (KHTML, like Gecko) Chrome/150.0.0.0 Safari/537.36"
190.85.87.250 - - [14/Jul/2026:15:21:42 +0000] "GET /ELEMENTS/fondo.jpg HTTP/1.1" 200 498245 "http://www.asjudinet.com/callcenter/menu_callcenter.php?ced=1000505297&nom=CORTAZAR%20HERRERA%20SERGIO%20ALEJANDRO" "Mozilla/5.0 (Windows NT 10.0; Win64; x64) AppleWebKit/537.36 (KHTML, like Gecko) Chrome/150.0.0.0 Safari/537.36"
190.85.191.209 - - [14/Jul/2026:15:21:41 +0000] "POST /afinanciera/cartera_cargar_manual_deb.php?ced2=13539670&numcon=28616 HTTP/1.1" 200 181897 "http://www.asjudinet.com/afinanciera/cartera_cargar_manual_deb.php?ced2=13539670&numcon=28616" "Mozilla/5.0 (Windows NT 10.0; Win64; x64) AppleWebKit/537.36 (KHTML, like Gecko) Chrome/150.0.0.0 Safari/537.36 Edg/150.0.0.0"
190.85.87.250 - - [14/Jul/2026:15:21:43 +0000] "GET /callcenter/validar_recepcionistas.php?ced=1000505297&nom=CORTAZAR%20HERRERA%20SERGIO%20ALEJANDRO HTTP/1.1" 200 7971 "http://www.asjudinet.com/callcenter/menu_callcenter.php?ced=1000505297&nom=CORTAZAR%20HERRERA%20SERGIO%20ALEJANDRO" "Mozilla/5.0 (Windows NT 10.0; Win64; x64) AppleWebKit/537.36 (KHTML, like Gecko) Chrome/150.0.0.0 Safari/537.36"
190.85.87.250 - - [14/Jul/2026:15:21:45 +0000] "POST /callcenter/validar_recepcionistas.php HTTP/1.1" 200 8061 "http://www.asjudinet.com/callcenter/validar_recepcionistas.php?ced=1000505297&nom=CORTAZAR%20HERRERA%20SERGIO%20ALEJANDRO" "Mozilla/5.0 (Windows NT 10.0; Win64; x64) AppleWebKit/537.36 (KHTML, like Gecko) Chrome/150.0.0.0 Safari/537.36"
190.85.87.250 - - [14/Jul/2026:15:21:45 +0000] "GET /callcenter/solicitud_cita.php?ced=1000505297&nom=CORTAZAR%20HERRERA%20SERGIO%20ALEJANDRO HTTP/1.1" 200 5690 "http://www.asjudinet.com/callcenter/validar_recepcionistas.php" "Mozilla/5.0 (Windows NT 10.0; Win64; x64) AppleWebKit/537.36 (KHTML, like Gecko) Chrome/150.0.0.0 Safari/537.36"
190.85.87.250 - - [14/Jul/2026:15:22:08 +0000] "GET /consulta_cartera.php HTTP/1.1" 200 4668 "http://www.asjudinet.com/cartera_consulta_titu_usuario.php?ced2=11865079&numcon=27175" "Mozilla/5.0 (Windows NT 10.0; Win64; x64) AppleWebKit/537.36 (KHTML, like Gecko) Chrome/150.0.0.0 Safari/537.36"
190.85.87.250 - - [14/Jul/2026:15:22:09 +0000] "GET /consulta_ced_info_servi.php HTTP/1.1" 200 4523 "http://www.asjudinet.com/consulta_cartera.php" "Mozilla/5.0 (Windows NT 10.0; Win64; x64) AppleWebKit/537.36 (KHTML, like Gecko) Chrome/150.0.0.0 Safari/537.36"
114.119.128.77 - - [14/Jul/2026:15:22:14 +0000] "GET /index.php/zzztvsa/39aayzpksh_liqzne72382/principal/pages/avigilajudicial/pages/principal/principal/principal/consultar_contratos_escaneados_correo.php HTTP/1.1" 200 54693 "http://www.asjudinet.com/index.php/zzztvsa/39aayzpksh_liqzne72382/principal/pages/avigilajudicial/pages/principal/principal/formulario_seminario_dih.php" "Mozilla/5.0 (Linux; Android 8.0.0; SM-G955U Build/R16NW) AppleWebKit/537.36 (KHTML, like Gecko) Chrome/148.0.0.0 Mobile Safari/537.36"
216.73.217.42 - - [14/Jul/2026:15:22:41 +0000] "GET /robots.txt HTTP/1.1" 200 43 "-" "Mozilla/5.0 AppleWebKit/537.36 (KHTML, like Gecko; compatible; ClaudeBot/1.0; +claudebot@anthropic.com)"
190.85.87.250 - - [14/Jul/2026:15:22:42 +0000] "GET /consulta_cartera.php HTTP/1.1" 200 4668 "http://www.asjudinet.com/cartera_consulta_titu_usuario.php?ced2=93021294&numcon=3456" "Mozilla/5.0 (Windows NT 10.0; Win64; x64) AppleWebKit/537.36 (KHTML, like Gecko) Chrome/150.0.0.0 Safari/537.36"
190.85.87.250 - - [14/Jul/2026:15:22:44 +0000] "GET /consulta_ced_info_servi.php HTTP/1.1" 200 4523 "http://www.asjudinet.com/consulta_cartera.php" "Mozilla/5.0 (Windows NT 10.0; Win64; x64) AppleWebKit/537.36 (KHTML, like Gecko) Chrome/150.0.0.0 Safari/537.36"
190.85.87.250 - - [14/Jul/2026:15:22:47 +0000] "GET /callcenter/listado_por_sucursales.php?ced=79660662&nom=MORALES%20LOZANO%20JORGE%20LUIS&sucu=BOGOTA HTTP/1.1" 200 6315 "-" "Mozilla/5.0 (Windows NT 10.0; Win64; x64) AppleWebKit/537.36 (KHTML, like Gecko) Chrome/125.0.0.0 Safari/537.36"
190.85.87.250 - - [14/Jul/2026:15:22:55 +0000] "GET /callcenter/respuesta_sucursal.php?cedulita=1069853421&numcon=&fecha=2026-07-14&atencion=107089&funcionario=79660662 HTTP/1.1" 200 15589 "http://www.asjudinet.com/callcenter/listado_por_sucursales.php?ced=79660662&nom=MORALES%20LOZANO%20JORGE%20LUIS&sucu=BOGOTA" "Mozilla/5.0 (Windows NT 10.0; Win64; x64) AppleWebKit/537.36 (KHTML, like Gecko) Chrome/125.0.0.0 Safari/537.36"
114.119.156.102 - - [14/Jul/2026:15:23:09 +0000] "GET /index.php/zzztvsa/39aayzpksh_liqzne72382/principal/avigilajudicial/principal/principal/pages/avigilajudicial/principal/menu_comunicados.php HTTP/1.1" 200 54693 "http://www.asjudinet.com/index.php/zzztvsa/39aayzpksh_liqzne72382/principal/avigilajudicial/principal/principal/pages/avigilajudicial/val_usuarios.php" "Mozilla/5.0 (Linux; Android 7.0;) AppleWebKit/537.36 (HTML, like Gecko) Mobile Safari/537.36 (compatible; PetalBot;+https://webmaster.petalsearch.com/site/petalbot)"
190.85.191.209 - - [14/Jul/2026:15:23:21 +0000] "POST /afinanciera/cartera_cargar_manual_deb.php?ced2=13539670&numcon=28616 HTTP/1.1" 200 183602 "http://www.asjudinet.com/afinanciera/cartera_cargar_manual_deb.php?ced2=13539670&numcon=28616" "Mozilla/5.0 (Windows NT 10.0; Win64; x64) AppleWebKit/537.36 (KHTML, like Gecko) Chrome/150.0.0.0 Safari/537.36 Edg/150.0.0.0"
190.85.87.250 - - [14/Jul/2026:15:23:25 +0000] "POST /acobranzas/cobranzas_consulta_cartera1.php HTTP/1.1" 200 5949 "http://www.asjudinet.com/acobranzas/cobranzas_consulta_cartera1.php" "Mozilla/5.0 (Windows NT 10.0; Win64; x64) AppleWebKit/537.36 (KHTML, like Gecko) Chrome/150.0.0.0 Safari/537.36"
190.85.87.250 - - [14/Jul/2026:15:23:28 +0000] "GET /acobranzas/cobranzas_serviasju1.php?ced2=1081393388&numcon=2084 HTTP/1.1" 200 16898 "http://www.asjudinet.com/acobranzas/cobranzas_consulta_cartera1.php" "Mozilla/5.0 (Windows NT 10.0; Win64; x64) AppleWebKit/537.36 (KHTML, like Gecko) Chrome/150.0.0.0 Safari/537.36"
190.85.87.250 - - [14/Jul/2026:15:23:28 +0000] "GET /acobranzas/cobranzas_serviasju1.php?ced2=1081393388&numcon=2084 HTTP/1.1" 200 354204 "http://www.asjudinet.com/acobranzas/cobranzas_consulta_cartera1.php" "Mozilla/5.0 (Windows NT 10.0; Win64; x64) AppleWebKit/537.36 (KHTML, like Gecko) Chrome/150.0.0.0 Safari/537.36"
190.85.87.250 - - [14/Jul/2026:15:23:37 +0000] "POST /acobranzas/consulta_ced_cob_estado_1da.php HTTP/1.1" 200 6784 "http://www.asjudinet.com/acobranzas/consulta_ced_cob_estado_1da.php" "Mozilla/5.0 (Windows NT 10.0; Win64; x64) AppleWebKit/537.36 (KHTML, like Gecko) Chrome/150.0.0.0 Safari/537.36"
190.85.87.250 - - [14/Jul/2026:15:23:38 +0000] "GET /acobranzas/consultar_cobranzas_vigentes.php?id=1081393388&carpeta=19895&tipo=SJ02 HTTP/1.1" 200 23776 "http://www.asjudinet.com/acobranzas/consulta_ced_cob_estado_1da.php" "Mozilla/5.0 (Windows NT 10.0; Win64; x64) AppleWebKit/537.36 (KHTML, like Gecko) Chrome/150.0.0.0 Safari/537.36"
190.85.191.209 - - [14/Jul/2026:15:23:42 +0000] "POST /afinanciera/cartera_cargar_manual_deb.php?ced2=13539670&numcon=28616 HTTP/1.1" 200 185308 "http://www.asjudinet.com/afinanciera/cartera_cargar_manual_deb.php?ced2=13539670&numcon=28616" "Mozilla/5.0 (Windows NT 10.0; Win64; x64) AppleWebKit/537.36 (KHTML, like Gecko) Chrome/150.0.0.0 Safari/537.36 Edg/150.0.0.0"
190.85.195.125 - - [14/Jul/2026:15:23:44 +0000] "GET /callcenter/css/estilos.css HTTP/1.1" 200 1386 "http://www.asjudinet.com/callcenter/respuesta_abogado.php?cedulita=1113655347&numcon=17664&atencion=106724&funcionario=1144127030" "Mozilla/5.0 (Windows NT 10.0; Win64; x64) AppleWebKit/537.36 (KHTML, like Gecko) Chrome/150.0.0.0 Safari/537.36"
190.85.195.125 - - [14/Jul/2026:15:23:44 +0000] "GET /callcenter/respuesta_abogado.php?cedulita=1113655347&numcon=17664&atencion=106724&funcionario=1144127030 HTTP/1.1" 200 15782 "http://www.asjudinet.com/callcenter/listado_por_abogado.php?ced=1144127030&nom=ROSALES%20VELEZ%20DIANA%20CAROLINA" "Mozilla/5.0 (Windows NT 10.0; Win64; x64) AppleWebKit/537.36 (KHTML, like Gecko) Chrome/150.0.0.0 Safari/537.36"
190.85.191.209 - - [14/Jul/2026:15:24:03 +0000] "POST /afinanciera/cartera_cargar_manual_deb.php?ced2=13539670&numcon=28616 HTTP/1.1" 200 187013 "http://www.asjudinet.com/afinanciera/cartera_cargar_manual_deb.php?ced2=13539670&numcon=28616" "Mozilla/5.0 (Windows NT 10.0; Win64; x64) AppleWebKit/537.36 (KHTML, like Gecko) Chrome/150.0.0.0 Safari/537.36 Edg/150.0.0.0"
190.85.87.250 - - [14/Jul/2026:15:24:17 +0000] "GET /callcenter/respuesta_tickets.php?cedulita=1113655347&numcon=17664&fecha=2026-01-20&atencion=104255 HTTP/1.1" 200 17781 "http://www.asjudinet.com/callcenter/solicitud_cita.php?ced=1124077740&nom=ORTIZ%20SUAREZ%20YUSNEHIDI" "Mozilla/5.0 (Windows NT 10.0; Win64; x64) AppleWebKit/537.36 (KHTML, like Gecko) Chrome/150.0.0.0 Safari/537.36"
190.85.191.209 - - [14/Jul/2026:15:24:30 +0000] "POST /afinanciera/cartera_cargar_manual_deb.php?ced2=13539670&numcon=28616 HTTP/1.1" 200 188716 "http://www.asjudinet.com/afinanciera/cartera_cargar_manual_deb.php?ced2=13539670&numcon=28616" "Mozilla/5.0 (Windows NT 10.0; Win64; x64) AppleWebKit/537.36 (KHTML, like Gecko) Chrome/150.0.0.0 Safari/537.36 Edg/150.0.0.0"
114.119.142.179 - - [14/Jul/2026:15:24:33 +0000] "GET /index.php/zzztvsa/39aayzpksh_liqzne72382/principal/avigilajudicial/pages/pages/principal/avigilajudicial/val_usuarios.php HTTP/1.1" 200 54693 "http://www.asjudinet.com/index.php/zzztvsa/39aayzpksh_liqzne72382/principal/avigilajudicial/pages/pages/principal/avigilajudicial/val_usuarios_IURIS.php" "Mozilla/5.0 (Linux; Android 7.0;) AppleWebKit/537.36 (HTML, like Gecko) Mobile Safari/537.36 (compatible; PetalBot;+https://webmaster.petalsearch.com/site/petalbot)"
181.54.74.234 - - [14/Jul/2026:15:25:00 +0000] "POST /abogados/ingresar_revista_judicial.php?ced=49759766&nom=FONTALVO%20FIGUEROA%20CARMEN%20MARIA HTTP/1.1" 200 5063 "http://www.asjudinet.com/abogados/ingresar_revista_judicial.php?ced=49759766&nom=FONTALVO%20FIGUEROA%20CARMEN%20MARIA" "Mozilla/5.0 (Windows NT 10.0; Win64; x64) AppleWebKit/537.36 (KHTML, like Gecko) Chrome/150.0.0.0 Safari/537.36 Edg/150.0.0.0"
190.85.191.209 - - [14/Jul/2026:15:25:05 +0000] "POST /afinanciera/cartera_cargar_manual_deb.php?ced2=13539670&numcon=28616 HTTP/1.1" 200 190420 "http://www.asjudinet.com/afinanciera/cartera_cargar_manual_deb.php?ced2=13539670&numcon=28616" "Mozilla/5.0 (Windows NT 10.0; Win64; x64) AppleWebKit/537.36 (KHTML, like Gecko) Chrome/150.0.0.0 Safari/537.36 Edg/150.0.0.0"
190.85.87.250 - - [14/Jul/2026:15:24:14 +0000] "POST /callcenter/solicitud_cita.php?ced=1124077740&nom=ORTIZ%20SUAREZ%20YUSNEHIDI HTTP/1.1" 200 9082 "http://www.asjudinet.com/callcenter/solicitud_cita.php?ced=1124077740&nom=ORTIZ%20SUAREZ%20YUSNEHIDI" "Mozilla/5.0 (Windows NT 10.0; Win64; x64) AppleWebKit/537.36 (KHTML, like Gecko) Chrome/150.0.0.0 Safari/537.36"
190.85.87.250 - - [14/Jul/2026:15:25:18 +0000] "GET /callcenter/respuesta_tickets.php?cedulita=1113655347&numcon=17664&fecha=2026-06-19&atencion=106724 HTTP/1.1" 200 15413 "http://www.asjudinet.com/callcenter/solicitud_cita.php?ced=1124077740&nom=ORTIZ%20SUAREZ%20YUSNEHIDI" "Mozilla/5.0 (Windows NT 10.0; Win64; x64) AppleWebKit/537.36 (KHTML, like Gecko) Chrome/150.0.0.0 Safari/537.36"
181.54.74.234 - - [14/Jul/2026:15:25:49 +0000] "POST /abogados/ingresar_revista_judicial.php?ced=49759766&nom=FONTALVO%20FIGUEROA%20CARMEN%20MARIA HTTP/1.1" 200 5063 "http://www.asjudinet.com/abogados/ingresar_revista_judicial.php?ced=49759766&nom=FONTALVO%20FIGUEROA%20CARMEN%20MARIA" "Mozilla/5.0 (Windows NT 10.0; Win64; x64) AppleWebKit/537.36 (KHTML, like Gecko) Chrome/150.0.0.0 Safari/537.36 Edg/150.0.0.0"
190.85.87.250 - - [14/Jul/2026:15:25:54 +0000] "GET /consulta_ced_info_servi.php HTTP/1.1" 200 4523 "-" "Mozilla/5.0 (Windows NT 10.0; Win64; x64) AppleWebKit/537.36 (KHTML, like Gecko) Chrome/150.0.0.0 Safari/537.36"
114.119.150.5 - - [14/Jul/2026:15:25:56 +0000] "GET /index.php/zzztvsa/39aayzpksh_liqzne72382/principal/principal/principal/pages/Assets/avigilajudicial/principal/principal/validar_usuarios_pagina.php HTTP/1.1" 200 54693 "http://www.asjudinet.com/index.php/zzztvsa/39aayzpksh_liqzne72382/principal/principal/principal/pages/Assets/avigilajudicial/principal/principal/validar_usuarios_pagina.php" "Mozilla/5.0 (Linux; Android 7.0;) AppleWebKit/537.36 (HTML, like Gecko) Mobile Safari/537.36 (compatible; PetalBot;+https://webmaster.petalsearch.com/site/petalbot)"
190.85.87.250 - - [14/Jul/2026:15:26:01 +0000] "POST /consulta_ced_info_servi.php HTTP/1.1" 200 6148 "http://www.asjudinet.com/consulta_ced_info_servi.php" "Mozilla/5.0 (Windows NT 10.0; Win64; x64) AppleWebKit/537.36 (KHTML, like Gecko) Chrome/150.0.0.0 Safari/537.36"
190.85.87.250 - - [14/Jul/2026:15:26:06 +0000] "GET /cartera_consulta_titu_usuario.php?ced2=74360930&numcon=29514 HTTP/1.1" 200 213002 "http://www.asjudinet.com/consulta_ced_info_servi.php" "Mozilla/5.0 (Windows NT 10.0; Win64; x64) AppleWebKit/537.36 (KHTML, like Gecko) Chrome/150.0.0.0 Safari/537.36"
190.85.87.250 - - [14/Jul/2026:15:26:09 +0000] "POST /cartera_consulta_titu_usuario.php?ced2=74360930&numcon=29514 HTTP/1.1" 200 213242 "http://www.asjudinet.com/cartera_consulta_titu_usuario.php?ced2=74360930&numcon=29514" "Mozilla/5.0 (Windows NT 10.0; Win64; x64) AppleWebKit/537.36 (KHTML, like Gecko) Chrome/150.0.0.0 Safari/537.36"
190.85.87.250 - - [14/Jul/2026:15:26:09 +0000] "GET /cartera_num_procesos_sus.php?ced2=74360930&numcon=29514 HTTP/1.1" 200 29094 "http://www.asjudinet.com/cartera_consulta_titu_usuario.php?ced2=74360930&numcon=29514" "Mozilla/5.0 (Windows NT 10.0; Win64; x64) AppleWebKit/537.36 (KHTML, like Gecko) Chrome/150.0.0.0 Safari/537.36"
190.85.87.250 - - [14/Jul/2026:15:26:17 +0000] "GET /cartera_consulta_titu_usuario.php?ced2=74360930&numcon=29514 HTTP/1.1" 200 213002 "http://www.asjudinet.com/consulta_ced_info_servi.php" "Mozilla/5.0 (Windows NT 10.0; Win64; x64) AppleWebKit/537.36 (KHTML, like Gecko) Chrome/150.0.0.0 Safari/537.36"
190.85.87.250 - - [14/Jul/2026:15:26:22 +0000] "GET /consulta_ced_info_servi.php HTTP/1.1" 200 4523 "-" "Mozilla/5.0 (Windows NT 10.0; Win64; x64) AppleWebKit/537.36 (KHTML, like Gecko) Chrome/150.0.0.0 Safari/537.36"
190.85.87.250 - - [14/Jul/2026:15:26:23 +0000] "GET /callcenter/solicitud_cita.php?ced=1124077740&nom=ORTIZ%20YUSNEHIDI HTTP/1.1" 200 5654 "-" "Mozilla/5.0 (Windows NT 10.0; Win64; x64) AppleWebKit/537.36 (KHTML, like Gecko) Chrome/150.0.0.0 Safari/537.36"
190.85.87.250 - - [14/Jul/2026:15:26:36 +0000] "GET /callcenter/respuesta_tickets.php?cedulita=74360930&numcon=29514&fecha=2026-05-21&atencion=106337 HTTP/1.1" 200 19131 "http://www.asjudinet.com/callcenter/solicitud_cita.php?ced=1124077740&nom=ORTIZ%20YUSNEHIDI" "Mozilla/5.0 (Windows NT 10.0; Win64; x64) AppleWebKit/537.36 (KHTML, like Gecko) Chrome/150.0.0.0 Safari/537.36"
190.85.191.209 - - [14/Jul/2026:15:26:54 +0000] "GET /consulta_cartera.php HTTP/1.1" 200 4668 "http://www.asjudinet.com/cartera_consulta_titu_usuario.php?ced2=51965888&numcon=28722" "Mozilla/5.0 (Windows NT 10.0; Win64; x64) AppleWebKit/537.36 (KHTML, like Gecko) Chrome/150.0.0.0 Safari/537.36"
190.85.191.209 - - [14/Jul/2026:15:26:56 +0000] "GET /menu_admin.php HTTP/1.1" 200 55572 "http://www.asjudinet.com/consulta_cartera.php" "Mozilla/5.0 (Windows NT 10.0; Win64; x64) AppleWebKit/537.36 (KHTML, like Gecko) Chrome/150.0.0.0 Safari/537.36"
114.119.128.77 - - [14/Jul/2026:15:27:20 +0000] "GET /index.php/zzztvsa/39aayzpksh_liqzne72382/principal/principal/principal/ELEMENTS/otros/principal/avigilajudicial/principal/val_usuarios.php HTTP/1.1" 200 54693 "http://www.asjudinet.com/index.php/zzztvsa/39aayzpksh_liqzne72382/principal/principal/principal/ELEMENTS/otros/principal/avigilajudicial/principal/val_usuarios_IURIS.php" "Mozilla/5.0 (Linux; Android 7.0;) AppleWebKit/537.36 (HTML, like Gecko) Mobile Safari/537.36 (compatible; PetalBot;+https://webmaster.petalsearch.com/site/petalbot)"
190.85.87.250 - - [14/Jul/2026:15:26:26 +0000] "POST /callcenter/solicitud_cita.php?ced=1124077740&nom=ORTIZ%20YUSNEHIDI HTTP/1.1" 200 106207 "http://www.asjudinet.com/callcenter/solicitud_cita.php?ced=1124077740&nom=ORTIZ%20YUSNEHIDI" "Mozilla/5.0 (Windows NT 10.0; Win64; x64) AppleWebKit/537.36 (KHTML, like Gecko) Chrome/150.0.0.0 Safari/537.36"
190.85.87.250 - - [14/Jul/2026:15:27:26 +0000] "POST /callcenter/respuesta_sucursal.php?cedulita=1069853421&numcon=&fecha=2026-07-14&atencion=107089&funcionario=79660662 HTTP/1.1" 200 16092 "http://www.asjudinet.com/callcenter/respuesta_sucursal.php?cedulita=1069853421&numcon=&fecha=2026-07-14&atencion=107089&funcionario=79660662" "Mozilla/5.0 (Windows NT 10.0; Win64; x64) AppleWebKit/537.36 (KHTML, like Gecko) Chrome/125.0.0.0 Safari/537.36"
190.85.87.250 - - [14/Jul/2026:15:27:35 +0000] "GET /callcenter/solicitud_cita_ingreso.php?numcon=29514&cedulita=74360930&funcionario=1124077740 HTTP/1.1" 200 49118 "http://www.asjudinet.com/callcenter/solicitud_cita.php?ced=1124077740&nom=ORTIZ%20YUSNEHIDI" "Mozilla/5.0 (Windows NT 10.0; Win64; x64) AppleWebKit/537.36 (KHTML, like Gecko) Chrome/150.0.0.0 Safari/537.36"
190.85.87.250 - - [14/Jul/2026:15:27:35 +0000] "POST /afinanciera/cartera_consul_titu_nom.php HTTP/1.1" 200 7568 "http://www.asjudinet.com/afinanciera/cartera_consul_titu_nom.php" "Mozilla/5.0 (Windows NT 10.0; Win64; x64) AppleWebKit/537.36 (KHTML, like Gecko) Chrome/150.0.0.0 Safari/537.36"
190.85.191.209 - - [14/Jul/2026:15:27:46 +0000] "POST /afinanciera/cartera_cargar_manual_deb.php?ced2=13539670&numcon=28616 HTTP/1.1" 200 192124 "http://www.asjudinet.com/afinanciera/cartera_cargar_manual_deb.php?ced2=13539670&numcon=28616" "Mozilla/5.0 (Windows NT 10.0; Win64; x64) AppleWebKit/537.36 (KHTML, like Gecko) Chrome/150.0.0.0 Safari/537.36 Edg/150.0.0.0"
181.54.74.234 - - [14/Jul/2026:15:27:48 +0000] "POST /abogados/ingresar_revista_judicial.php?ced=49759766&nom=FONTALVO%20FIGUEROA%20CARMEN%20MARIA HTTP/1.1" 200 5063 "http://www.asjudinet.com/abogados/ingresar_revista_judicial.php?ced=49759766&nom=FONTALVO%20FIGUEROA%20CARMEN%20MARIA" "Mozilla/5.0 (Windows NT 10.0; Win64; x64) AppleWebKit/537.36 (KHTML, like Gecko) Chrome/150.0.0.0 Safari/537.36 Edg/150.0.0.0"
190.85.191.209 - - [14/Jul/2026:15:28:06 +0000] "POST /afinanciera/cartera_cargar_manual_deb.php?ced2=13539670&numcon=28616 HTTP/1.1" 200 193828 "http://www.asjudinet.com/afinanciera/cartera_cargar_manual_deb.php?ced2=13539670&numcon=28616" "Mozilla/5.0 (Windows NT 10.0; Win64; x64) AppleWebKit/537.36 (KHTML, like Gecko) Chrome/150.0.0.0 Safari/537.36 Edg/150.0.0.0"
190.85.191.209 - - [14/Jul/2026:15:28:26 +0000] "POST /afinanciera/cartera_cargar_manual_deb.php?ced2=13539670&numcon=28616 HTTP/1.1" 200 195532 "http://www.asjudinet.com/afinanciera/cartera_cargar_manual_deb.php?ced2=13539670&numcon=28616" "Mozilla/5.0 (Windows NT 10.0; Win64; x64) AppleWebKit/537.36 (KHTML, like Gecko) Chrome/150.0.0.0 Safari/537.36 Edg/150.0.0.0"
114.119.142.135 - - [14/Jul/2026:15:28:44 +0000] "GET /index.php/zzztvsa/39aayzpksh_liqzne72382/principal/principal/principal/ELEMENTS/otros/pages/principal/avigilajudicial/principal/NoticiasImportantes.php HTTP/1.1" 200 54693 "http://www.asjudinet.com/index.php/zzztvsa/39aayzpksh_liqzne72382/principal/principal/principal/ELEMENTS/otros/pages/principal/avigilajudicial/validar_vigi_judicial.php" "Mozilla/5.0 (Linux; Android 7.0;) AppleWebKit/537.36 (HTML, like Gecko) Mobile Safari/537.36 (compatible; PetalBot;+https://webmaster.petalsearch.com/site/petalbot)"
190.85.191.209 - - [14/Jul/2026:15:28:56 +0000] "POST /afinanciera/cartera_cargar_manual_deb.php?ced2=13539670&numcon=28616 HTTP/1.1" 200 197236 "http://www.asjudinet.com/afinanciera/cartera_cargar_manual_deb.php?ced2=13539670&numcon=28616" "Mozilla/5.0 (Windows NT 10.0; Win64; x64) AppleWebKit/537.36 (KHTML, like Gecko) Chrome/150.0.0.0 Safari/537.36 Edg/150.0.0.0"
190.85.87.250 - - [14/Jul/2026:15:29:08 +0000] "POST /callcenter/solicitud_cita_ingreso.php?numcon=29514&cedulita=74360930&funcionario=1124077740 HTTP/1.1" 200 49337 "http://www.asjudinet.com/callcenter/solicitud_cita_ingreso.php?numcon=29514&cedulita=74360930&funcionario=1124077740" "Mozilla/5.0 (Windows NT 10.0; Win64; x64) AppleWebKit/537.36 (KHTML, like Gecko) Chrome/150.0.0.0 Safari/537.36"
190.85.191.209 - - [14/Jul/2026:15:29:17 +0000] "POST /afinanciera/cartera_cargar_manual_deb.php?ced2=13539670&numcon=28616 HTTP/1.1" 200 198940 "http://www.asjudinet.com/afinanciera/cartera_cargar_manual_deb.php?ced2=13539670&numcon=28616" "Mozilla/5.0 (Windows NT 10.0; Win64; x64) AppleWebKit/537.36 (KHTML, like Gecko) Chrome/150.0.0.0 Safari/537.36 Edg/150.0.0.0"
190.85.87.250 - - [14/Jul/2026:15:29:32 +0000] "GET /callcenter/menu_callcenter.php?ced=1124077740&nom=ORTIZ%20SUAREZ%20YUSNEHIDI HTTP/1.1" 200 11513 "http://www.asjudinet.com/callcenter/solicitud_cita_ingreso.php?numcon=29514&cedulita=74360930&funcionario=1124077740" "Mozilla/5.0 (Windows NT 10.0; Win64; x64) AppleWebKit/537.36 (KHTML, like Gecko) Chrome/150.0.0.0 Safari/537.36"
190.85.191.209 - - [14/Jul/2026:15:29:37 +0000] "POST /afinanciera/cartera_cargar_manual_deb.php?ced2=13539670&numcon=28616 HTTP/1.1" 200 200644 "http://www.asjudinet.com/afinanciera/cartera_cargar_manual_deb.php?ced2=13539670&numcon=28616" "Mozilla/5.0 (Windows NT 10.0; Win64; x64) AppleWebKit/537.36 (KHTML, like Gecko) Chrome/150.0.0.0 Safari/537.36 Edg/150.0.0.0"
190.85.191.209 - - [14/Jul/2026:15:29:57 +0000] "POST /afinanciera/cartera_cargar_manual_deb.php?ced2=13539670&numcon=28616 HTTP/1.1" 200 202347 "http://www.asjudinet.com/afinanciera/cartera_cargar_manual_deb.php?ced2=13539670&numcon=28616" "Mozilla/5.0 (Windows NT 10.0; Win64; x64) AppleWebKit/537.36 (KHTML, like Gecko) Chrome/150.0.0.0 Safari/537.36 Edg/150.0.0.0"
114.119.142.179 - - [14/Jul/2026:15:30:07 +0000] "GET /index.php/zzztvsa/39aayzpksh_liqzne72382/principal/principal/principal/ELEMENTS/otros/pages/avigilajudicial/principal/formulario_seminario_dih.php HTTP/1.1" 200 54693 "http://www.asjudinet.com/index.php/zzztvsa/39aayzpksh_liqzne72382/principal/principal/principal/ELEMENTS/otros/pages/avigilajudicial/principal/val_usuarios_IURIS.php" "Mozilla/5.0 (Linux; Android 7.0;) AppleWebKit/537.36 (HTML, like Gecko) Mobile Safari/537.36 (compatible; PetalBot;+https://webmaster.petalsearch.com/site/petalbot)"
190.85.87.250 - - [14/Jul/2026:15:30:13 +0000] "GET /consulta_ced_info_servi.php HTTP/1.1" 200 4523 "-" "Mozilla/5.0 (Windows NT 10.0; Win64; x64) AppleWebKit/537.36 (KHTML, like Gecko) Chrome/150.0.0.0 Safari/537.36"
190.85.191.209 - - [14/Jul/2026:15:30:16 +0000] "POST /afinanciera/cartera_cargar_manual_deb.php?ced2=13539670&numcon=28616 HTTP/1.1" 200 204053 "http://www.asjudinet.com/afinanciera/cartera_cargar_manual_deb.php?ced2=13539670&numcon=28616" "Mozilla/5.0 (Windows NT 10.0; Win64; x64) AppleWebKit/537.36 (KHTML, like Gecko) Chrome/150.0.0.0 Safari/537.36 Edg/150.0.0.0"
181.54.74.234 - - [14/Jul/2026:15:30:29 +0000] "POST /abogados/ingresar_revista_judicial.php?ced=49759766&nom=FONTALVO%20FIGUEROA%20CARMEN%20MARIA HTTP/1.1" 200 5063 "http://www.asjudinet.com/abogados/ingresar_revista_judicial.php?ced=49759766&nom=FONTALVO%20FIGUEROA%20CARMEN%20MARIA" "Mozilla/5.0 (Windows NT 10.0; Win64; x64) AppleWebKit/537.36 (KHTML, like Gecko) Chrome/150.0.0.0 Safari/537.36 Edg/150.0.0.0"
190.85.87.250 - - [14/Jul/2026:15:30:51 +0000] "POST /consulta_ced_info_servi.php HTTP/1.1" 200 6141 "http://www.asjudinet.com/consulta_ced_info_servi.php" "Mozilla/5.0 (Windows NT 10.0; Win64; x64) AppleWebKit/537.36 (KHTML, like Gecko) Chrome/150.0.0.0 Safari/537.36"
190.85.191.209 - - [14/Jul/2026:15:30:53 +0000] "POST /afinanciera/cartera_cargar_manual_deb.php?ced2=13539670&numcon=28616 HTTP/1.1" 200 205758 "http://www.asjudinet.com/afinanciera/cartera_cargar_manual_deb.php?ced2=13539670&numcon=28616" "Mozilla/5.0 (Windows NT 10.0; Win64; x64) AppleWebKit/537.36 (KHTML, like Gecko) Chrome/150.0.0.0 Safari/537.36 Edg/150.0.0.0"
190.85.195.125 - - [14/Jul/2026:15:30:56 +0000] "GET /callcenter/menu_abogados.php?ced=1144127030&nom=ROSALES%20VELEZ%20DIANA%20CAROLINA HTTP/1.1" 200 3538 "http://www.asjudinet.com/callcenter/listado_por_abogado.php?ced=1144127030&nom=ROSALES%20VELEZ%20DIANA%20CAROLINA" "Mozilla/5.0 (Windows NT 10.0; Win64; x64) AppleWebKit/537.36 (KHTML, like Gecko) Chrome/150.0.0.0 Safari/537.36"
190.85.87.250 - - [14/Jul/2026:15:30:56 +0000] "GET /cartera_consulta_titu_usuario.php?ced2=4086146&numcon=21970 HTTP/1.1" 200 277214 "http://www.asjudinet.com/consulta_ced_info_servi.php" "Mozilla/5.0 (Windows NT 10.0; Win64; x64) AppleWebKit/537.36 (KHTML, like Gecko) Chrome/150.0.0.0 Safari/537.36"
190.85.195.125 - - [14/Jul/2026:15:30:57 +0000] "GET /callcenter/listado_por_abogado.php?ced=1144127030&nom=ROSALES%20VELEZ%20DIANA%20CAROLINA HTTP/1.1" 200 21103 "http://www.asjudinet.com/callcenter/menu_abogados.php?ced=1144127030&nom=ROSALES%20VELEZ%20DIANA%20CAROLINA" "Mozilla/5.0 (Windows NT 10.0; Win64; x64) AppleWebKit/537.36 (KHTML, like Gecko) Chrome/150.0.0.0 Safari/537.36"
190.85.87.250 - - [14/Jul/2026:15:30:58 +0000] "POST /cartera_consulta_titu_usuario.php?ced2=4086146&numcon=21970 HTTP/1.1" 200 277459 "http://www.asjudinet.com/cartera_consulta_titu_usuario.php?ced2=4086146&numcon=21970" "Mozilla/5.0 (Windows NT 10.0; Win64; x64) AppleWebKit/537.36 (KHTML, like Gecko) Chrome/150.0.0.0 Safari/537.36"
190.85.87.250 - - [14/Jul/2026:15:30:59 +0000] "GET /cartera_num_procesos_sus.php?ced2=4086146&numcon=21970 HTTP/1.1" 200 24424 "http://www.asjudinet.com/cartera_consulta_titu_usuario.php?ced2=4086146&numcon=21970" "Mozilla/5.0 (Windows NT 10.0; Win64; x64) AppleWebKit/537.36 (KHTML, like Gecko) Chrome/150.0.0.0 Safari/537.36"
190.85.87.250 - - [14/Jul/2026:15:31:02 +0000] "GET /cartera_consulta_titu_usuario.php?ced2=4086146&numcon=21970 HTTP/1.1" 200 277214 "http://www.asjudinet.com/consulta_ced_info_servi.php" "Mozilla/5.0 (Windows NT 10.0; Win64; x64) AppleWebKit/537.36 (KHTML, like Gecko) Chrome/150.0.0.0 Safari/537.36"
