190.85.191.209 - - [14/Jul/2026:20:19:31 +0000] "GET /css/menu_admin.css HTTP/1.1" 200 2437 "http://asjudinet.com/menu_admin.php?ced=1031183811&nom=SISTEMAS%20JULIO%20GERARDO&aaa=980&cargo=980" "Mozilla/5.0 (Windows NT 10.0; Win64; x64) AppleWebKit/537.36 (KHTML, like Gecko) Chrome/150.0.0.0 Safari/537.36 Edg/150.0.0.0"
190.85.191.209 - - [14/Jul/2026:20:19:31 +0000] "GET /ELEMENTS/bannerInterasjudinet.png HTTP/1.1" 206 1 "http://asjudinet.com/menu_admin.php?ced=1031183811&nom=SISTEMAS%20JULIO%20GERARDO&aaa=980&cargo=980" "Mozilla/5.0 (Windows NT 10.0; Win64; x64) AppleWebKit/537.36 (KHTML, like Gecko) Chrome/150.0.0.0 Safari/537.36 Edg/150.0.0.0"
190.85.191.209 - - [14/Jul/2026:20:19:31 +0000] "GET /ELEMENTS/principal/multas1.png HTTP/1.1" 200 39231 "http://asjudinet.com/index.php" "Mozilla/5.0 (Windows NT 10.0; Win64; x64) AppleWebKit/537.36 (KHTML, like Gecko) Chrome/150.0.0.0 Safari/537.36 Edg/150.0.0.0"
190.85.87.250 - - [14/Jul/2026:20:19:30 +0000] "GET /acobranzas/cobranzas_serviasju1.php?ced2=80560376&numcon=14338 HTTP/1.1" 200 16856 "http://www.asjudinet.com/acobranzas/cobranzas_consulta_cartera1.php" "Mozilla/5.0 (Windows NT 10.0; Win64; x64) AppleWebKit/537.36 (KHTML, like Gecko) Chrome/150.0.0.0 Safari/537.36"
190.85.87.250 - - [14/Jul/2026:20:19:30 +0000] "GET /acobranzas/cobranzas_serviasju1.php?ced2=80560376&numcon=14338 HTTP/1.1" 200 301656 "http://www.asjudinet.com/acobranzas/cobranzas_consulta_cartera1.php" "Mozilla/5.0 (Windows NT 10.0; Win64; x64) AppleWebKit/537.36 (KHTML, like Gecko) Chrome/150.0.0.0 Safari/537.36"
190.85.191.209 - - [14/Jul/2026:20:19:31 +0000] "GET /ELEMENTS/bannerInterasjudinet.png HTTP/1.1" 206 165529 "http://asjudinet.com/menu_admin.php?ced=1031183811&nom=SISTEMAS%20JULIO%20GERARDO&aaa=980&cargo=980" "Mozilla/5.0 (Windows NT 10.0; Win64; x64) AppleWebKit/537.36 (KHTML, like Gecko) Chrome/150.0.0.0 Safari/537.36 Edg/150.0.0.0"
190.85.191.209 - - [14/Jul/2026:20:19:32 +0000] "GET /ELEMENTS/fondolaw.jpg HTTP/1.1" 200 56543 "http://asjudinet.com/css/menu_admin.css" "Mozilla/5.0 (Windows NT 10.0; Win64; x64) AppleWebKit/537.36 (KHTML, like Gecko) Chrome/150.0.0.0 Safari/537.36 Edg/150.0.0.0"
190.85.191.209 - - [14/Jul/2026:20:19:25 +0000] "GET /ELEMENTS/principal/proceso3.png HTTP/1.1" 200 437462 "http://asjudinet.com/index.php" "Mozilla/5.0 (Windows NT 10.0; Win64; x64) AppleWebKit/537.36 (KHTML, like Gecko) Chrome/150.0.0.0 Safari/537.36 Edg/150.0.0.0"
190.85.191.209 - - [14/Jul/2026:20:19:33 +0000] "GET /favicon.ico HTTP/1.1" 200 9036 "http://asjudinet.com/menu_admin.php?ced=1031183811&nom=SISTEMAS%20JULIO%20GERARDO&aaa=980&cargo=980" "Mozilla/5.0 (Windows NT 10.0; Win64; x64) AppleWebKit/537.36 (KHTML, like Gecko) Chrome/150.0.0.0 Safari/537.36 Edg/150.0.0.0"
190.85.191.209 - - [14/Jul/2026:20:19:34 +0000] "GET /apostventas/validar_reserva_vacacional.php HTTP/1.1" 200 7823 "http://asjudinet.com/menu_admin.php?ced=1031183811&nom=SISTEMAS%20JULIO%20GERARDO&aaa=980&cargo=980" "Mozilla/5.0 (Windows NT 10.0; Win64; x64) AppleWebKit/537.36 (KHTML, like Gecko) Chrome/150.0.0.0 Safari/537.36 Edg/150.0.0.0"
190.85.191.209 - - [14/Jul/2026:20:19:29 +0000] "GET /ELEMENTS/principal/seminario1.png HTTP/1.1" 200 247245 "http://asjudinet.com/index.php" "Mozilla/5.0 (Windows NT 10.0; Win64; x64) AppleWebKit/537.36 (KHTML, like Gecko) Chrome/150.0.0.0 Safari/537.36 Edg/150.0.0.0"
190.85.87.250 - - [14/Jul/2026:20:19:36 +0000] "POST /acobranzas/consulta_ced_cob_estado_1da.php HTTP/1.1" 200 6782 "http://www.asjudinet.com/acobranzas/consulta_ced_cob_estado_1da.php" "Mozilla/5.0 (Windows NT 10.0; Win64; x64) AppleWebKit/537.36 (KHTML, like Gecko) Chrome/150.0.0.0 Safari/537.36"
190.85.87.250 - - [14/Jul/2026:20:19:37 +0000] "GET /acobranzas/consultar_cobranzas_vigentes.php?id=80560376&carpeta=20550&tipo=SJ01 HTTP/1.1" 200 15673 "http://www.asjudinet.com/acobranzas/consulta_ced_cob_estado_1da.php" "Mozilla/5.0 (Windows NT 10.0; Win64; x64) AppleWebKit/537.36 (KHTML, like Gecko) Chrome/150.0.0.0 Safari/537.36"
190.85.191.209 - - [14/Jul/2026:20:19:38 +0000] "POST /apostventas/validar_reserva_vacacional.php HTTP/1.1" 500 170 "http://asjudinet.com/apostventas/validar_reserva_vacacional.php" "Mozilla/5.0 (Windows NT 10.0; Win64; x64) AppleWebKit/537.36 (KHTML, like Gecko) Chrome/150.0.0.0 Safari/537.36 Edg/150.0.0.0"
190.85.191.209 - - [14/Jul/2026:20:19:40 +0000] "GET /apostventas/validar_reserva_vacacional.php HTTP/1.1" 200 7823 "http://asjudinet.com/apostventas/validar_reserva_vacacional.php" "Mozilla/5.0 (Windows NT 10.0; Win64; x64) AppleWebKit/537.36 (KHTML, like Gecko) Chrome/150.0.0.0 Safari/537.36 Edg/150.0.0.0"
190.85.87.250 - - [14/Jul/2026:20:19:42 +0000] "GET /acobranzas/seguimiento_cobranza_captura_vigentes.php?id=80560376&tipo=SJ01&carpeta=20550 HTTP/1.1" 200 13969 "http://www.asjudinet.com/acobranzas/consultar_cobranzas_vigentes.php?id=80560376&carpeta=20550&tipo=SJ01" "Mozilla/5.0 (Windows NT 10.0; Win64; x64) AppleWebKit/537.36 (KHTML, like Gecko) Chrome/150.0.0.0 Safari/537.36"
190.85.87.250 - - [14/Jul/2026:20:19:41 +0000] "POST /afinanciera/cartera_cargar_manual_deb.php?ced2=1152434416&numcon=32025 HTTP/1.1" 200 165959 "http://www.asjudinet.com/afinanciera/cartera_cargar_manual_deb.php?ced2=1152434416&numcon=32025" "Mozilla/5.0 (Windows NT 10.0; Win64; x64) AppleWebKit/537.36 (KHTML, like Gecko) Chrome/150.0.0.0 Safari/537.36"
190.85.191.209 - - [14/Jul/2026:20:19:43 +0000] "POST /apostventas/validar_reserva_vacacional.php HTTP/1.1" 500 170 "http://asjudinet.com/apostventas/validar_reserva_vacacional.php" "Mozilla/5.0 (Windows NT 10.0; Win64; x64) AppleWebKit/537.36 (KHTML, like Gecko) Chrome/150.0.0.0 Safari/537.36 Edg/150.0.0.0"
190.85.191.209 - - [14/Jul/2026:20:19:45 +0000] "GET /apostventas/validar_reserva_vacacional.php HTTP/1.1" 200 7823 "http://asjudinet.com/apostventas/validar_reserva_vacacional.php" "Mozilla/5.0 (Windows NT 10.0; Win64; x64) AppleWebKit/537.36 (KHTML, like Gecko) Chrome/150.0.0.0 Safari/537.36 Edg/150.0.0.0"
114.119.128.77 - - [14/Jul/2026:20:19:45 +0000] "GET /index.php/zzztvsa/39aayzpksh_liqzne72382/pages/principal/principal/pages/pages/principal/pages/menu_procesos_todos.php HTTP/1.1" 200 54693 "http://www.asjudinet.com/index.php/zzztvsa/39aayzpksh_liqzne72382/pages/principal/principal/pages/pages/principal/pages/menu_procesos_todos.php" "Mozilla/5.0 (Linux; Android 7.0;) AppleWebKit/537.36 (HTML, like Gecko) Mobile Safari/537.36 (compatible; PetalBot;+https://webmaster.petalsearch.com/site/petalbot)"
190.85.87.250 - - [14/Jul/2026:20:19:47 +0000] "POST /acobranzas/seguimiento_cobranza_captura_vigentes.php?id=80560376&tipo=SJ01&carpeta=20550 HTTP/1.1" 200 14090 "http://www.asjudinet.com/acobranzas/seguimiento_cobranza_captura_vigentes.php?id=80560376&tipo=SJ01&carpeta=20550" "Mozilla/5.0 (Windows NT 10.0; Win64; x64) AppleWebKit/537.36 (KHTML, like Gecko) Chrome/150.0.0.0 Safari/537.36"
190.85.87.250 - - [14/Jul/2026:20:19:47 +0000] "GET /acobranzas/consultar_cobranzas_vigentes.php?ced2=80560376&numcon=14338 HTTP/1.1" 200 27417 "http://www.asjudinet.com/acobranzas/seguimiento_cobranza_captura_vigentes.php?id=80560376&tipo=SJ01&carpeta=20550" "Mozilla/5.0 (Windows NT 10.0; Win64; x64) AppleWebKit/537.36 (KHTML, like Gecko) Chrome/150.0.0.0 Safari/537.36"
190.85.87.250 - - [14/Jul/2026:20:19:53 +0000] "POST /afinanciera/cartera_consultar_cargar_deb.php HTTP/1.1" 200 6057 "http://www.asjudinet.com/afinanciera/cartera_consultar_cargar_deb.php" "Mozilla/5.0 (Windows NT 10.0; Win64; x64) AppleWebKit/537.36 (KHTML, like Gecko) Chrome/150.0.0.0 Safari/537.36"
190.85.87.250 - - [14/Jul/2026:20:19:54 +0000] "GET /afinanciera/cartera_cargar_manual_deb.php?ced2=75091859&numcon=7035 HTTP/1.1" 200 76965 "http://www.asjudinet.com/afinanciera/cartera_consultar_cargar_deb.php" "Mozilla/5.0 (Windows NT 10.0; Win64; x64) AppleWebKit/537.36 (KHTML, like Gecko) Chrome/150.0.0.0 Safari/537.36"
190.85.191.209 - - [14/Jul/2026:20:19:59 +0000] "GET /menu_admin.php HTTP/1.1" 200 55572 "http://asjudinet.com/apostventas/validar_reserva_vacacional.php" "Mozilla/5.0 (Windows NT 10.0; Win64; x64) AppleWebKit/537.36 (KHTML, like Gecko) Chrome/150.0.0.0 Safari/537.36 Edg/150.0.0.0"
190.85.191.209 - - [14/Jul/2026:20:20:03 +0000] "GET /apostventas/validar_reserva_vacacional.php HTTP/1.1" 200 7823 "http://asjudinet.com/menu_admin.php" "Mozilla/5.0 (Windows NT 10.0; Win64; x64) AppleWebKit/537.36 (KHTML, like Gecko) Chrome/150.0.0.0 Safari/537.36 Edg/150.0.0.0"
190.85.191.209 - - [14/Jul/2026:20:20:06 +0000] "POST /apostventas/validar_reserva_vacacional.php HTTP/1.1" 500 170 "http://asjudinet.com/apostventas/validar_reserva_vacacional.php" "Mozilla/5.0 (Windows NT 10.0; Win64; x64) AppleWebKit/537.36 (KHTML, like Gecko) Chrome/150.0.0.0 Safari/537.36 Edg/150.0.0.0"
190.85.87.250 - - [14/Jul/2026:20:20:07 +0000] "POST /afinanciera/cartera_cargar_manual_deb.php?ced2=75091859&numcon=7035 HTTP/1.1" 200 78717 "http://www.asjudinet.com/afinanciera/cartera_cargar_manual_deb.php?ced2=75091859&numcon=7035" "Mozilla/5.0 (Windows NT 10.0; Win64; x64) AppleWebKit/537.36 (KHTML, like Gecko) Chrome/150.0.0.0 Safari/537.36"
190.85.191.209 - - [14/Jul/2026:20:20:19 +0000] "GET /apostventas/validar_reserva_vacacional.php HTTP/1.1" 200 7823 "http://asjudinet.com/apostventas/validar_reserva_vacacional.php" "Mozilla/5.0 (Windows NT 10.0; Win64; x64) AppleWebKit/537.36 (KHTML, like Gecko) Chrome/150.0.0.0 Safari/537.36 Edg/150.0.0.0"
190.85.87.250 - - [14/Jul/2026:20:20:22 +0000] "POST /afinanciera/cartera_consultar_cargar_deb.php HTTP/1.1" 200 6062 "http://www.asjudinet.com/afinanciera/cartera_consultar_cargar_deb.php" "Mozilla/5.0 (Windows NT 10.0; Win64; x64) AppleWebKit/537.36 (KHTML, like Gecko) Chrome/150.0.0.0 Safari/537.36"
190.85.87.250 - - [14/Jul/2026:20:20:23 +0000] "GET /afinanciera/cartera_cargar_manual_deb.php?ced2=1090390704&numcon=26641 HTTP/1.1" 200 218931 "http://www.asjudinet.com/afinanciera/cartera_consultar_cargar_deb.php" "Mozilla/5.0 (Windows NT 10.0; Win64; x64) AppleWebKit/537.36 (KHTML, like Gecko) Chrome/150.0.0.0 Safari/537.36"
190.85.191.209 - - [14/Jul/2026:20:20:25 +0000] "GET /menu_admin.php HTTP/1.1" 200 55572 "http://asjudinet.com/apostventas/validar_reserva_vacacional.php" "Mozilla/5.0 (Windows NT 10.0; Win64; x64) AppleWebKit/537.36 (KHTML, like Gecko) Chrome/150.0.0.0 Safari/537.36 Edg/150.0.0.0"
190.85.191.209 - - [14/Jul/2026:20:20:29 +0000] "GET /val_prov.php HTTP/1.1" 200 21737 "http://asjudinet.com/menu_admin.php" "Mozilla/5.0 (Windows NT 10.0; Win64; x64) AppleWebKit/537.36 (KHTML, like Gecko) Chrome/150.0.0.0 Safari/537.36 Edg/150.0.0.0"
190.85.191.209 - - [14/Jul/2026:20:20:29 +0000] "GET /themes//style/style.css HTTP/1.1" 404 - "http://asjudinet.com/val_prov.php" "Mozilla/5.0 (Windows NT 10.0; Win64; x64) AppleWebKit/537.36 (KHTML, like Gecko) Chrome/150.0.0.0 Safari/537.36 Edg/150.0.0.0"
190.85.191.209 - - [14/Jul/2026:20:20:30 +0000] "GET /mm_menu.js HTTP/1.1" 200 29972 "http://asjudinet.com/val_prov.php" "Mozilla/5.0 (Windows NT 10.0; Win64; x64) AppleWebKit/537.36 (KHTML, like Gecko) Chrome/150.0.0.0 Safari/537.36 Edg/150.0.0.0"
190.85.191.209 - - [14/Jul/2026:20:20:30 +0000] "GET /milonic_src.js HTTP/1.1" 200 6067 "http://asjudinet.com/val_prov.php" "Mozilla/5.0 (Windows NT 10.0; Win64; x64) AppleWebKit/537.36 (KHTML, like Gecko) Chrome/150.0.0.0 Safari/537.36 Edg/150.0.0.0"
190.85.191.209 - - [14/Jul/2026:20:20:30 +0000] "GET /AC_RunActiveContent.js HTTP/1.1" 200 8031 "http://asjudinet.com/val_prov.php" "Mozilla/5.0 (Windows NT 10.0; Win64; x64) AppleWebKit/537.36 (KHTML, like Gecko) Chrome/150.0.0.0 Safari/537.36 Edg/150.0.0.0"
190.85.191.209 - - [14/Jul/2026:20:20:30 +0000] "GET /menu_data.js HTTP/1.1" 200 5728 "http://asjudinet.com/val_prov.php" "Mozilla/5.0 (Windows NT 10.0; Win64; x64) AppleWebKit/537.36 (KHTML, like Gecko) Chrome/150.0.0.0 Safari/537.36 Edg/150.0.0.0"
190.85.191.209 - - [14/Jul/2026:20:20:30 +0000] "GET /imagedos/spacer.gif HTTP/1.1" 200 43 "http://asjudinet.com/val_prov.php" "Mozilla/5.0 (Windows NT 10.0; Win64; x64) AppleWebKit/537.36 (KHTML, like Gecko) Chrome/150.0.0.0 Safari/537.36 Edg/150.0.0.0"
190.85.191.209 - - [14/Jul/2026:20:20:30 +0000] "GET /Atras.gif HTTP/1.1" 200 4750 "http://asjudinet.com/val_prov.php" "Mozilla/5.0 (Windows NT 10.0; Win64; x64) AppleWebKit/537.36 (KHTML, like Gecko) Chrome/150.0.0.0 Safari/537.36 Edg/150.0.0.0"
190.85.191.209 - - [14/Jul/2026:20:20:31 +0000] "GET /mmenudom.js HTTP/1.1" 200 30274 "http://asjudinet.com/val_prov.php" "Mozilla/5.0 (Windows NT 10.0; Win64; x64) AppleWebKit/537.36 (KHTML, like Gecko) Chrome/150.0.0.0 Safari/537.36 Edg/150.0.0.0"
190.85.191.209 - - [14/Jul/2026:20:20:31 +0000] "GET /ELEMENTOS/fondocuadritosgrises.gif HTTP/1.1" 200 506 "http://asjudinet.com/val_prov.php" "Mozilla/5.0 (Windows NT 10.0; Win64; x64) AppleWebKit/537.36 (KHTML, like Gecko) Chrome/150.0.0.0 Safari/537.36 Edg/150.0.0.0"
190.85.191.209 - - [14/Jul/2026:20:20:31 +0000] "GET /fondotabla.jpg HTTP/1.1" 200 2845 "http://asjudinet.com/val_prov.php" "Mozilla/5.0 (Windows NT 10.0; Win64; x64) AppleWebKit/537.36 (KHTML, like Gecko) Chrome/150.0.0.0 Safari/537.36 Edg/150.0.0.0"
190.85.191.209 - - [14/Jul/2026:20:20:31 +0000] "GET /imagedos/menu_r3_c5_f2.gif HTTP/1.1" 200 369 "http://asjudinet.com/val_prov.php" "Mozilla/5.0 (Windows NT 10.0; Win64; x64) AppleWebKit/537.36 (KHTML, like Gecko) Chrome/150.0.0.0 Safari/537.36 Edg/150.0.0.0"
190.85.191.209 - - [14/Jul/2026:20:20:31 +0000] "GET /imagedos/menu_r3_c2_f2.gif HTTP/1.1" 200 377 "http://asjudinet.com/val_prov.php" "Mozilla/5.0 (Windows NT 10.0; Win64; x64) AppleWebKit/537.36 (KHTML, like Gecko) Chrome/150.0.0.0 Safari/537.36 Edg/150.0.0.0"
190.85.191.209 - - [14/Jul/2026:20:20:31 +0000] "GET /imagedos/menu_r3_c4_f2.gif HTTP/1.1" 200 400 "http://asjudinet.com/val_prov.php" "Mozilla/5.0 (Windows NT 10.0; Win64; x64) AppleWebKit/537.36 (KHTML, like Gecko) Chrome/150.0.0.0 Safari/537.36 Edg/150.0.0.0"
190.85.191.209 - - [14/Jul/2026:20:20:31 +0000] "GET /imagedos/menu_r3_c1_f2.gif HTTP/1.1" 200 397 "http://asjudinet.com/val_prov.php" "Mozilla/5.0 (Windows NT 10.0; Win64; x64) AppleWebKit/537.36 (KHTML, like Gecko) Chrome/150.0.0.0 Safari/537.36 Edg/150.0.0.0"
190.85.191.209 - - [14/Jul/2026:20:20:31 +0000] "GET /imagedos/menu_r3_c3_f2.gif HTTP/1.1" 200 342 "http://asjudinet.com/val_prov.php" "Mozilla/5.0 (Windows NT 10.0; Win64; x64) AppleWebKit/537.36 (KHTML, like Gecko) Chrome/150.0.0.0 Safari/537.36 Edg/150.0.0.0"
190.85.191.209 - - [14/Jul/2026:20:20:31 +0000] "GET /imagedos/menu_r3_c6_f2.gif HTTP/1.1" 200 306 "http://asjudinet.com/val_prov.php" "Mozilla/5.0 (Windows NT 10.0; Win64; x64) AppleWebKit/537.36 (KHTML, like Gecko) Chrome/150.0.0.0 Safari/537.36 Edg/150.0.0.0"
190.85.191.209 - - [14/Jul/2026:20:20:31 +0000] "GET /imagedos/menu_r3_c7_f2.gif HTTP/1.1" 200 309 "http://asjudinet.com/val_prov.php" "Mozilla/5.0 (Windows NT 10.0; Win64; x64) AppleWebKit/537.36 (KHTML, like Gecko) Chrome/150.0.0.0 Safari/537.36 Edg/150.0.0.0"
190.85.191.209 - - [14/Jul/2026:20:20:36 +0000] "GET /apostventas/validar_reserva_vacacional.php HTTP/1.1" 200 7823 "http://asjudinet.com/menu_admin.php" "Mozilla/5.0 (Windows NT 10.0; Win64; x64) AppleWebKit/537.36 (KHTML, like Gecko) Chrome/150.0.0.0 Safari/537.36 Edg/150.0.0.0"
190.85.191.209 - - [14/Jul/2026:20:20:37 +0000] "GET /consulta_cartera.php HTTP/1.1" 200 4668 "http://www.asjudinet.com/cartera_consulta_titu_usuario.php?ced2=71385546&numcon=4285" "Mozilla/5.0 (Windows NT 10.0; Win64; x64) AppleWebKit/537.36 (KHTML, like Gecko) Chrome/150.0.0.0 Safari/537.36"
190.85.191.209 - - [14/Jul/2026:20:20:38 +0000] "GET /consulta_ced_info_servi.php HTTP/1.1" 200 4523 "http://www.asjudinet.com/consulta_cartera.php" "Mozilla/5.0 (Windows NT 10.0; Win64; x64) AppleWebKit/537.36 (KHTML, like Gecko) Chrome/150.0.0.0 Safari/537.36"
190.85.87.250 - - [14/Jul/2026:20:20:40 +0000] "POST /afinanciera/cartera_cargar_manual_deb.php?ced2=1090390704&numcon=26641 HTTP/1.1" 200 220686 "http://www.asjudinet.com/afinanciera/cartera_cargar_manual_deb.php?ced2=1090390704&numcon=26641" "Mozilla/5.0 (Windows NT 10.0; Win64; x64) AppleWebKit/537.36 (KHTML, like Gecko) Chrome/150.0.0.0 Safari/537.36"
190.85.191.209 - - [14/Jul/2026:20:20:46 +0000] "GET /apostventas/validar_reserva_vacacional.php HTTP/1.1" 200 7823 "http://asjudinet.com/menu_admin.php" "Mozilla/5.0 (Windows NT 10.0; Win64; x64) AppleWebKit/537.36 (KHTML, like Gecko) Chrome/150.0.0.0 Safari/537.36 Edg/150.0.0.0"
190.85.87.250 - - [14/Jul/2026:20:20:48 +0000] "POST /acobranzas/consulta_ced_cob_estado_1da.php HTTP/1.1" 200 6782 "http://www.asjudinet.com/acobranzas/consulta_ced_cob_estado_1da.php" "Mozilla/5.0 (Windows NT 10.0; Win64; x64) AppleWebKit/537.36 (KHTML, like Gecko) Chrome/150.0.0.0 Safari/537.36"
190.85.87.250 - - [14/Jul/2026:20:20:49 +0000] "GET /acobranzas/consultar_cobranzas_vigentes.php?id=80560376&carpeta=20550&tipo=SJ01 HTTP/1.1" 200 16369 "http://www.asjudinet.com/acobranzas/consulta_ced_cob_estado_1da.php" "Mozilla/5.0 (Windows NT 10.0; Win64; x64) AppleWebKit/537.36 (KHTML, like Gecko) Chrome/150.0.0.0 Safari/537.36"
190.85.191.209 - - [14/Jul/2026:20:20:51 +0000] "POST /consulta_ced_info_servi.php HTTP/1.1" 200 6148 "http://www.asjudinet.com/consulta_ced_info_servi.php" "Mozilla/5.0 (Windows NT 10.0; Win64; x64) AppleWebKit/537.36 (KHTML, like Gecko) Chrome/150.0.0.0 Safari/537.36"
190.85.87.250 - - [14/Jul/2026:20:20:53 +0000] "POST /afinanciera/cartera_consultar_cargar_deb.php HTTP/1.1" 200 6477 "http://www.asjudinet.com/afinanciera/cartera_consultar_cargar_deb.php" "Mozilla/5.0 (Windows NT 10.0; Win64; x64) AppleWebKit/537.36 (KHTML, like Gecko) Chrome/150.0.0.0 Safari/537.36"
190.85.87.250 - - [14/Jul/2026:20:20:55 +0000] "GET /afinanciera/cartera_cargar_manual_deb.php?ced2=88311687&numcon=29812A HTTP/1.1" 200 49820 "http://www.asjudinet.com/afinanciera/cartera_consultar_cargar_deb.php" "Mozilla/5.0 (Windows NT 10.0; Win64; x64) AppleWebKit/537.36 (KHTML, like Gecko) Chrome/150.0.0.0 Safari/537.36"
190.85.191.209 - - [14/Jul/2026:20:20:55 +0000] "GET /cartera_consulta_titu_usuario.php?ced2=98641066&numcon=23832 HTTP/1.1" 200 269585 "http://www.asjudinet.com/consulta_ced_info_servi.php" "Mozilla/5.0 (Windows NT 10.0; Win64; x64) AppleWebKit/537.36 (KHTML, like Gecko) Chrome/150.0.0.0 Safari/537.36"
190.85.191.209 - - [14/Jul/2026:20:20:59 +0000] "POST /apostventas/validar_reserva_vacacional.php HTTP/1.1" 500 170 "http://asjudinet.com/apostventas/validar_reserva_vacacional.php" "Mozilla/5.0 (Windows NT 10.0; Win64; x64) AppleWebKit/537.36 (KHTML, like Gecko) Chrome/150.0.0.0 Safari/537.36 Edg/150.0.0.0"
190.85.191.209 - - [14/Jul/2026:20:21:00 +0000] "GET /apostventas/validar_reserva_vacacional.php HTTP/1.1" 200 7823 "http://asjudinet.com/apostventas/validar_reserva_vacacional.php" "Mozilla/5.0 (Windows NT 10.0; Win64; x64) AppleWebKit/537.36 (KHTML, like Gecko) Chrome/150.0.0.0 Safari/537.36 Edg/150.0.0.0"
190.85.87.250 - - [14/Jul/2026:20:21:01 +0000] "POST /acobranzas/cobranzas_consulta_cartera1.php HTTP/1.1" 200 5952 "http://www.asjudinet.com/acobranzas/cobranzas_consulta_cartera1.php" "Mozilla/5.0 (Windows NT 10.0; Win64; x64) AppleWebKit/537.36 (KHTML, like Gecko) Chrome/150.0.0.0 Safari/537.36"
190.85.87.250 - - [14/Jul/2026:20:21:02 +0000] "GET /acobranzas/cobranzas_serviasju1.php?ced2=1096926089&numcon=1057 HTTP/1.1" 200 16873 "http://www.asjudinet.com/acobranzas/cobranzas_consulta_cartera1.php" "Mozilla/5.0 (Windows NT 10.0; Win64; x64) AppleWebKit/537.36 (KHTML, like Gecko) Chrome/150.0.0.0 Safari/537.36"
190.85.87.250 - - [14/Jul/2026:20:21:03 +0000] "GET /acobranzas/cobranzas_serviasju1.php?ced2=1096926089&numcon=1057 HTTP/1.1" 200 405443 "http://www.asjudinet.com/acobranzas/cobranzas_consulta_cartera1.php" "Mozilla/5.0 (Windows NT 10.0; Win64; x64) AppleWebKit/537.36 (KHTML, like Gecko) Chrome/150.0.0.0 Safari/537.36"
190.85.87.250 - - [14/Jul/2026:20:21:14 +0000] "POST /acobranzas/cobranzas_consulta_cartera1.php HTTP/1.1" 200 6421 "http://www.asjudinet.com/acobranzas/cobranzas_consulta_cartera1.php" "Mozilla/5.0 (Windows NT 10.0; Win64; x64) AppleWebKit/537.36 (KHTML, like Gecko) Chrome/150.0.0.0 Safari/537.36"
190.85.87.250 - - [14/Jul/2026:20:21:16 +0000] "GET /acobranzas/cobranzas_serviasju1.php?ced2=1075213690&numcon=46234 HTTP/1.1" 200 16880 "http://www.asjudinet.com/acobranzas/cobranzas_consulta_cartera1.php" "Mozilla/5.0 (Windows NT 10.0; Win64; x64) AppleWebKit/537.36 (KHTML, like Gecko) Chrome/150.0.0.0 Safari/537.36"
190.85.87.250 - - [14/Jul/2026:20:21:16 +0000] "GET /acobranzas/cobranzas_serviasju1.php?ced2=1075213690&numcon=46234 HTTP/1.1" 200 96935 "http://www.asjudinet.com/acobranzas/cobranzas_consulta_cartera1.php" "Mozilla/5.0 (Windows NT 10.0; Win64; x64) AppleWebKit/537.36 (KHTML, like Gecko) Chrome/150.0.0.0 Safari/537.36"
190.85.87.250 - - [14/Jul/2026:20:21:21 +0000] "POST /acobranzas/consulta_ced_cob_estado_1da.php HTTP/1.1" 200 6781 "http://www.asjudinet.com/acobranzas/consulta_ced_cob_estado_1da.php" "Mozilla/5.0 (Windows NT 10.0; Win64; x64) AppleWebKit/537.36 (KHTML, like Gecko) Chrome/150.0.0.0 Safari/537.36"
190.85.87.250 - - [14/Jul/2026:20:21:22 +0000] "GET /acobranzas/consultar_cobranzas_vigentes.php?id=1075213690&carpeta=20237&tipo=INT01 HTTP/1.1" 200 17231 "http://www.asjudinet.com/acobranzas/consulta_ced_cob_estado_1da.php" "Mozilla/5.0 (Windows NT 10.0; Win64; x64) AppleWebKit/537.36 (KHTML, like Gecko) Chrome/150.0.0.0 Safari/537.36"
190.85.87.250 - - [14/Jul/2026:20:21:33 +0000] "GET /acobranzas/seguimiento_cobranza_captura_vigentes.php?id=1075213690&tipo=INT01&carpeta=20237 HTTP/1.1" 200 13972 "http://www.asjudinet.com/acobranzas/consultar_cobranzas_vigentes.php?id=1075213690&carpeta=20237&tipo=INT01" "Mozilla/5.0 (Windows NT 10.0; Win64; x64) AppleWebKit/537.36 (KHTML, like Gecko) Chrome/150.0.0.0 Safari/537.36"
190.85.87.250 - - [14/Jul/2026:20:21:37 +0000] "POST /acobranzas/seguimiento_cobranza_captura_vigentes.php?id=1075213690&tipo=INT01&carpeta=20237 HTTP/1.1" 200 14095 "http://www.asjudinet.com/acobranzas/seguimiento_cobranza_captura_vigentes.php?id=1075213690&tipo=INT01&carpeta=20237" "Mozilla/5.0 (Windows NT 10.0; Win64; x64) AppleWebKit/537.36 (KHTML, like Gecko) Chrome/150.0.0.0 Safari/537.36"
190.85.87.250 - - [14/Jul/2026:20:21:37 +0000] "GET /acobranzas/consultar_cobranzas_vigentes.php?ced2=1075213690&numcon=46234 HTTP/1.1" 200 27417 "http://www.asjudinet.com/acobranzas/seguimiento_cobranza_captura_vigentes.php?id=1075213690&tipo=INT01&carpeta=20237" "Mozilla/5.0 (Windows NT 10.0; Win64; x64) AppleWebKit/537.36 (KHTML, like Gecko) Chrome/150.0.0.0 Safari/537.36"
114.119.137.103 - - [14/Jul/2026:20:21:55 +0000] "GET /index.php/zzztvsa/39aayzpksh_liqzne72382/pages/principal/principal/pages/pages/pages/principal/casos_exito.php HTTP/1.1" 200 54693 "http://www.asjudinet.com/index.php/zzztvsa/39aayzpksh_liqzne72382/pages/principal/principal/pages/pages/pages/val_usuarios_IURIS.php" "Mozilla/5.0 (Linux; Android 7.0;) AppleWebKit/537.36 (HTML, like Gecko) Mobile Safari/537.36 (compatible; PetalBot;+https://webmaster.petalsearch.com/site/petalbot)"
190.85.87.250 - - [14/Jul/2026:20:21:55 +0000] "POST /afinanciera/cartera_consultar_cargar_deb.php HTTP/1.1" 200 6055 "http://www.asjudinet.com/afinanciera/cartera_consultar_cargar_deb.php" "Mozilla/5.0 (Windows NT 10.0; Win64; x64) AppleWebKit/537.36 (KHTML, like Gecko) Chrome/150.0.0.0 Safari/537.36"
190.85.87.250 - - [14/Jul/2026:20:21:57 +0000] "GET /afinanciera/cartera_cargar_manual_deb.php?ced2=80224926&numcon=11500 HTTP/1.1" 200 426355 "http://www.asjudinet.com/afinanciera/cartera_consultar_cargar_deb.php" "Mozilla/5.0 (Windows NT 10.0; Win64; x64) AppleWebKit/537.36 (KHTML, like Gecko) Chrome/150.0.0.0 Safari/537.36"
190.85.87.250 - - [14/Jul/2026:20:22:11 +0000] "POST /acobranzas/cobranzas_consulta_cartera1.php HTTP/1.1" 200 5957 "http://www.asjudinet.com/acobranzas/cobranzas_consulta_cartera1.php" "Mozilla/5.0 (Windows NT 10.0; Win64; x64) AppleWebKit/537.36 (KHTML, like Gecko) Chrome/150.0.0.0 Safari/537.36"
190.85.87.250 - - [14/Jul/2026:20:22:12 +0000] "GET /acobranzas/cobranzas_serviasju1.php?ced2=1032376374&numcon=33879 HTTP/1.1" 200 16860 "http://www.asjudinet.com/acobranzas/cobranzas_consulta_cartera1.php" "Mozilla/5.0 (Windows NT 10.0; Win64; x64) AppleWebKit/537.36 (KHTML, like Gecko) Chrome/150.0.0.0 Safari/537.36"
190.85.87.250 - - [14/Jul/2026:20:22:12 +0000] "GET /acobranzas/cobranzas_serviasju1.php?ced2=1032376374&numcon=33879 HTTP/1.1" 200 137793 "http://www.asjudinet.com/acobranzas/cobranzas_consulta_cartera1.php" "Mozilla/5.0 (Windows NT 10.0; Win64; x64) AppleWebKit/537.36 (KHTML, like Gecko) Chrome/150.0.0.0 Safari/537.36"
190.85.87.250 - - [14/Jul/2026:20:22:18 +0000] "POST /acobranzas/consulta_ced_cob_estado_1da.php HTTP/1.1" 200 6791 "http://www.asjudinet.com/acobranzas/consulta_ced_cob_estado_1da.php" "Mozilla/5.0 (Windows NT 10.0; Win64; x64) AppleWebKit/537.36 (KHTML, like Gecko) Chrome/150.0.0.0 Safari/537.36"
190.85.87.250 - - [14/Jul/2026:20:22:18 +0000] "GET /consulta_ced_info_servi.php HTTP/1.1" 200 4523 "-" "Mozilla/5.0 (Windows NT 10.0; Win64; x64) AppleWebKit/537.36 (KHTML, like Gecko) Chrome/150.0.0.0 Safari/537.36"
190.85.87.250 - - [14/Jul/2026:20:22:19 +0000] "GET /acobranzas/consultar_cobranzas_vigentes.php?id=1032376374&carpeta=14140&tipo=INT01 HTTP/1.1" 200 18070 "http://www.asjudinet.com/acobranzas/consulta_ced_cob_estado_1da.php" "Mozilla/5.0 (Windows NT 10.0; Win64; x64) AppleWebKit/537.36 (KHTML, like Gecko) Chrome/150.0.0.0 Safari/537.36"
190.85.87.250 - - [14/Jul/2026:20:22:24 +0000] "GET /acobranzas/seguimiento_cobranza_captura_vigentes.php?id=1032376374&tipo=INT01&carpeta=14140 HTTP/1.1" 200 13986 "http://www.asjudinet.com/acobranzas/consultar_cobranzas_vigentes.php?id=1032376374&carpeta=14140&tipo=INT01" "Mozilla/5.0 (Windows NT 10.0; Win64; x64) AppleWebKit/537.36 (KHTML, like Gecko) Chrome/150.0.0.0 Safari/537.36"
190.85.87.250 - - [14/Jul/2026:20:22:27 +0000] "POST /acobranzas/seguimiento_cobranza_captura_vigentes.php?id=1032376374&tipo=INT01&carpeta=14140 HTTP/1.1" 200 14109 "http://www.asjudinet.com/acobranzas/seguimiento_cobranza_captura_vigentes.php?id=1032376374&tipo=INT01&carpeta=14140" "Mozilla/5.0 (Windows NT 10.0; Win64; x64) AppleWebKit/537.36 (KHTML, like Gecko) Chrome/150.0.0.0 Safari/537.36"
190.85.87.250 - - [14/Jul/2026:20:22:27 +0000] "GET /acobranzas/consultar_cobranzas_vigentes.php?ced2=1032376374&numcon=33879 HTTP/1.1" 200 27417 "http://www.asjudinet.com/acobranzas/seguimiento_cobranza_captura_vigentes.php?id=1032376374&tipo=INT01&carpeta=14140" "Mozilla/5.0 (Windows NT 10.0; Win64; x64) AppleWebKit/537.36 (KHTML, like Gecko) Chrome/150.0.0.0 Safari/537.36"
185.104.164.179 - - [14/Jul/2026:20:22:29 +0000] "GET / HTTP/1.1" 200 54693 "-" "Mozilla/5.0 (Windows NT 10.0; Win64; x64) AppleWebKit/537.36 (KHTML, like Gecko) Chrome/150.0.0.0 Safari/537.36"
190.85.87.250 - - [14/Jul/2026:20:22:28 +0000] "POST /afinanciera/cartera_cargar_manual_deb.php?ced2=80224926&numcon=11500 HTTP/1.1" 200 428107 "http://www.asjudinet.com/afinanciera/cartera_cargar_manual_deb.php?ced2=80224926&numcon=11500" "Mozilla/5.0 (Windows NT 10.0; Win64; x64) AppleWebKit/537.36 (KHTML, like Gecko) Chrome/150.0.0.0 Safari/537.36"
114.119.156.102 - - [14/Jul/2026:20:22:32 +0000] "GET /index.php/zzztvsa/39aayzpksh_liqzne72382/pages/principal/principal/pages/menu_procesos_todos.php HTTP/1.1" 200 54693 "http://www.asjudinet.com/index.php/zzztvsa/39aayzpksh_liqzne72382/pages/principal/principal/pages/menu_procesos_todos.php" "Mozilla/5.0 (Linux; Android 7.0;) AppleWebKit/537.36 (HTML, like Gecko) Mobile Safari/537.36 (compatible; PetalBot;+https://webmaster.petalsearch.com/site/petalbot)"
190.85.87.250 - - [14/Jul/2026:20:22:39 +0000] "POST /consulta_ced_info_servi.php HTTP/1.1" 200 6138 "http://www.asjudinet.com/consulta_ced_info_servi.php" "Mozilla/5.0 (Windows NT 10.0; Win64; x64) AppleWebKit/537.36 (KHTML, like Gecko) Chrome/150.0.0.0 Safari/537.36"
190.25.99.119 - - [14/Jul/2026:20:22:41 +0000] "GET /val_usuarios.php HTTP/1.1" 200 7808 "http://www.asjudinet.com/" "Mozilla/5.0 (Windows NT 10.0; Win64; x64) AppleWebKit/537.36 (KHTML, like Gecko) Chrome/150.0.0.0 Safari/537.36"
190.85.87.250 - - [14/Jul/2026:20:22:41 +0000] "POST /afinanciera/cartera_consultar_cargar_deb.php HTTP/1.1" 200 6060 "http://www.asjudinet.com/afinanciera/cartera_consultar_cargar_deb.php" "Mozilla/5.0 (Windows NT 10.0; Win64; x64) AppleWebKit/537.36 (KHTML, like Gecko) Chrome/150.0.0.0 Safari/537.36"
190.85.87.250 - - [14/Jul/2026:20:22:45 +0000] "GET /afinanciera/cartera_cargar_manual_deb.php?ced2=1066724905&numcon=31713 HTTP/1.1" 200 78540 "http://www.asjudinet.com/afinanciera/cartera_consultar_cargar_deb.php" "Mozilla/5.0 (Windows NT 10.0; Win64; x64) AppleWebKit/537.36 (KHTML, like Gecko) Chrome/150.0.0.0 Safari/537.36"
190.25.99.119 - - [14/Jul/2026:20:22:51 +0000] "POST /val_usuarios.php HTTP/1.1" 200 152 "http://www.asjudinet.com/val_usuarios.php" "Mozilla/5.0 (Windows NT 10.0; Win64; x64) AppleWebKit/537.36 (KHTML, like Gecko) Chrome/150.0.0.0 Safari/537.36"
190.25.99.119 - - [14/Jul/2026:20:22:51 +0000] "GET /menu_admin.php?ced=39584936&nom=HIGUERA%20CAVIEDES%20YENI%20PAOLA&aaa=2113&cargo=2113 HTTP/1.1" 200 55572 "http://www.asjudinet.com/val_usuarios.php" "Mozilla/5.0 (Windows NT 10.0; Win64; x64) AppleWebKit/537.36 (KHTML, like Gecko) Chrome/150.0.0.0 Safari/537.36"
190.85.87.250 - - [14/Jul/2026:20:22:58 +0000] "POST /acobranzas/cobranzas_consulta_cartera1.php HTTP/1.1" 200 5955 "http://www.asjudinet.com/acobranzas/cobranzas_consulta_cartera1.php" "Mozilla/5.0 (Windows NT 10.0; Win64; x64) AppleWebKit/537.36 (KHTML, like Gecko) Chrome/150.0.0.0 Safari/537.36"
190.85.87.250 - - [14/Jul/2026:20:22:59 +0000] "GET /acobranzas/cobranzas_serviasju1.php?ced2=1048014074&numcon=14344 HTTP/1.1" 200 16812 "http://www.asjudinet.com/acobranzas/cobranzas_consulta_cartera1.php" "Mozilla/5.0 (Windows NT 10.0; Win64; x64) AppleWebKit/537.36 (KHTML, like Gecko) Chrome/150.0.0.0 Safari/537.36"
190.85.87.250 - - [14/Jul/2026:20:22:59 +0000] "GET /acobranzas/cobranzas_serviasju1.php?ced2=1048014074&numcon=14344 HTTP/1.1" 200 305045 "http://www.asjudinet.com/acobranzas/cobranzas_consulta_cartera1.php" "Mozilla/5.0 (Windows NT 10.0; Win64; x64) AppleWebKit/537.36 (KHTML, like Gecko) Chrome/150.0.0.0 Safari/537.36"
190.85.87.250 - - [14/Jul/2026:20:23:03 +0000] "GET /cartera_consulta_titu_usuario.php?ced2=1077431844&numcon=26474 HTTP/1.1" 200 228265 "http://www.asjudinet.com/consulta_ced_info_servi.php" "Mozilla/5.0 (Windows NT 10.0; Win64; x64) AppleWebKit/537.36 (KHTML, like Gecko) Chrome/150.0.0.0 Safari/537.36"
190.85.87.250 - - [14/Jul/2026:20:23:03 +0000] "POST /afinanciera/cartera_cargar_manual_deb.php?ced2=1066724905&numcon=31713 HTTP/1.1" 200 80293 "http://www.asjudinet.com/afinanciera/cartera_cargar_manual_deb.php?ced2=1066724905&numcon=31713" "Mozilla/5.0 (Windows NT 10.0; Win64; x64) AppleWebKit/537.36 (KHTML, like Gecko) Chrome/150.0.0.0 Safari/537.36"
190.85.195.125 - - [14/Jul/2026:20:23:11 +0000] "GET /index.php HTTP/1.1" 200 54693 "https://www.google.com/" "Mozilla/5.0 (Windows NT 10.0; Win64; x64) AppleWebKit/537.36 (KHTML, like Gecko) Chrome/150.0.0.0 Safari/537.36"
190.25.99.119 - - [14/Jul/2026:20:23:12 +0000] "GET /callcenter/validar_callcenter.php HTTP/1.1" 200 7839 "http://www.asjudinet.com/menu_admin.php?ced=39584936&nom=HIGUERA%20CAVIEDES%20YENI%20PAOLA&aaa=2113&cargo=2113" "Mozilla/5.0 (Windows NT 10.0; Win64; x64) AppleWebKit/537.36 (KHTML, like Gecko) Chrome/150.0.0.0 Safari/537.36"
190.85.87.250 - - [14/Jul/2026:20:23:12 +0000] "POST /acobranzas/consulta_ced_cob_estado_1da.php HTTP/1.1" 200 6789 "http://www.asjudinet.com/acobranzas/consulta_ced_cob_estado_1da.php" "Mozilla/5.0 (Windows NT 10.0; Win64; x64) AppleWebKit/537.36 (KHTML, like Gecko) Chrome/150.0.0.0 Safari/537.36"
190.85.87.250 - - [14/Jul/2026:20:23:13 +0000] "GET /acobranzas/consultar_cobranzas_vigentes.php?id=1048014074&carpeta=20553&tipo=SJ01 HTTP/1.1" 200 17732 "http://www.asjudinet.com/acobranzas/consulta_ced_cob_estado_1da.php" "Mozilla/5.0 (Windows NT 10.0; Win64; x64) AppleWebKit/537.36 (KHTML, like Gecko) Chrome/150.0.0.0 Safari/537.36"
190.85.195.125 - - [14/Jul/2026:20:23:14 +0000] "GET /favicon.ico HTTP/1.1" 200 9036 "http://www.asjudinet.com/index.php" "Mozilla/5.0 (Windows NT 10.0; Win64; x64) AppleWebKit/537.36 (KHTML, like Gecko) Chrome/150.0.0.0 Safari/537.36"
190.85.87.250 - - [14/Jul/2026:20:23:15 +0000] "GET /afinanciera/cartera_consul_titu_nom.php HTTP/1.1" 200 5244 "http://www.asjudinet.com/afinanciera/menu_cartera_nomina.php" "Mozilla/5.0 (Windows NT 10.0; Win64; x64) AppleWebKit/537.36 (KHTML, like Gecko) Chrome/150.0.0.0 Safari/537.36"
190.85.87.250 - - [14/Jul/2026:20:23:22 +0000] "GET /acobranzas/seguimiento_cobranza_captura_vigentes.php?id=1048014074&tipo=SJ01&carpeta=20553 HTTP/1.1" 200 13978 "http://www.asjudinet.com/acobranzas/consultar_cobranzas_vigentes.php?id=1048014074&carpeta=20553&tipo=SJ01" "Mozilla/5.0 (Windows NT 10.0; Win64; x64) AppleWebKit/537.36 (KHTML, like Gecko) Chrome/150.0.0.0 Safari/537.36"
190.85.87.250 - - [14/Jul/2026:20:23:22 +0000] "POST /afinanciera/cartera_consultar_cargar_deb.php HTTP/1.1" 200 6505 "http://www.asjudinet.com/afinanciera/cartera_consultar_cargar_deb.php" "Mozilla/5.0 (Windows NT 10.0; Win64; x64) AppleWebKit/537.36 (KHTML, like Gecko) Chrome/150.0.0.0 Safari/537.36"
190.85.87.250 - - [14/Jul/2026:20:23:28 +0000] "POST /acobranzas/seguimiento_cobranza_captura_vigentes.php?id=1048014074&tipo=SJ01&carpeta=20553 HTTP/1.1" 200 14101 "http://www.asjudinet.com/acobranzas/seguimiento_cobranza_captura_vigentes.php?id=1048014074&tipo=SJ01&carpeta=20553" "Mozilla/5.0 (Windows NT 10.0; Win64; x64) AppleWebKit/537.36 (KHTML, like Gecko) Chrome/150.0.0.0 Safari/537.36"
190.85.87.250 - - [14/Jul/2026:20:23:28 +0000] "GET /acobranzas/consultar_cobranzas_vigentes.php?ced2=1048014074&numcon=14344 HTTP/1.1" 200 27417 "http://www.asjudinet.com/acobranzas/seguimiento_cobranza_captura_vigentes.php?id=1048014074&tipo=SJ01&carpeta=20553" "Mozilla/5.0 (Windows NT 10.0; Win64; x64) AppleWebKit/537.36 (KHTML, like Gecko) Chrome/150.0.0.0 Safari/537.36"
190.85.87.250 - - [14/Jul/2026:20:23:27 +0000] "POST /afinanciera/cartera_consul_titu_nom.php HTTP/1.1" 200 6118 "http://www.asjudinet.com/afinanciera/cartera_consul_titu_nom.php" "Mozilla/5.0 (Windows NT 10.0; Win64; x64) AppleWebKit/537.36 (KHTML, like Gecko) Chrome/150.0.0.0 Safari/537.36"
190.85.87.250 - - [14/Jul/2026:20:23:33 +0000] "GET /afinanciera/cartera_consulta_titular_nom.php?ced2=80134637&numcon=20892&tipo=COA02 HTTP/1.1" 200 56475 "http://www.asjudinet.com/afinanciera/cartera_consul_titu_nom.php" "Mozilla/5.0 (Windows NT 10.0; Win64; x64) AppleWebKit/537.36 (KHTML, like Gecko) Chrome/150.0.0.0 Safari/537.36"
190.85.87.250 - - [14/Jul/2026:20:23:41 +0000] "GET /afinanciera/consulta_titu_benefi_nom.php?ced2=80134637&cedb=24716321&numcon=20892 HTTP/1.1" 200 7838 "http://www.asjudinet.com/afinanciera/cartera_consulta_titular_nom.php?ced2=80134637&numcon=20892&tipo=COA02" "Mozilla/5.0 (Windows NT 10.0; Win64; x64) AppleWebKit/537.36 (KHTML, like Gecko) Chrome/150.0.0.0 Safari/537.36"
190.85.87.250 - - [14/Jul/2026:20:23:40 +0000] "POST /afinanciera/cartera_consulta_titular_nom.php?ced2=80134637&numcon=20892&tipo=COA02 HTTP/1.1" 200 56606 "http://www.asjudinet.com/afinanciera/cartera_consulta_titular_nom.php?ced2=80134637&numcon=20892&tipo=COA02" "Mozilla/5.0 (Windows NT 10.0; Win64; x64) AppleWebKit/537.36 (KHTML, like Gecko) Chrome/150.0.0.0 Safari/537.36"
190.85.87.250 - - [14/Jul/2026:20:23:43 +0000] "GET /afinanciera/cartera_cargar_manual_deb.php?ced2=1064710213&numcon=30152A HTTP/1.1" 200 87359 "http://www.asjudinet.com/afinanciera/cartera_consultar_cargar_deb.php" "Mozilla/5.0 (Windows NT 10.0; Win64; x64) AppleWebKit/537.36 (KHTML, like Gecko) Chrome/150.0.0.0 Safari/537.36"
190.25.99.119 - - [14/Jul/2026:20:23:50 +0000] "POST /callcenter/validar_callcenter.php HTTP/1.1" 200 7965 "http://www.asjudinet.com/callcenter/validar_callcenter.php" "Mozilla/5.0 (Windows NT 10.0; Win64; x64) AppleWebKit/537.36 (KHTML, like Gecko) Chrome/150.0.0.0 Safari/537.36"
190.85.87.250 - - [14/Jul/2026:20:23:50 +0000] "POST /afinanciera/consulta_titu_benefi_nom.php?ced2=80134637&cedb=24716321&numcon=20892 HTTP/1.1" 200 7959 "http://www.asjudinet.com/afinanciera/consulta_titu_benefi_nom.php?ced2=80134637&cedb=24716321&numcon=20892" "Mozilla/5.0 (Windows NT 10.0; Win64; x64) AppleWebKit/537.36 (KHTML, like Gecko) Chrome/150.0.0.0 Safari/537.36"
190.25.99.119 - - [14/Jul/2026:20:23:51 +0000] "GET /callcenter/menu_callcenter.php?ced=39584936&nom=HIGUERA%20CAVIEDES%20YENI%20PAOLA HTTP/1.1" 200 11612 "http://www.asjudinet.com/callcenter/validar_callcenter.php" "Mozilla/5.0 (Windows NT 10.0; Win64; x64) AppleWebKit/537.36 (KHTML, like Gecko) Chrome/150.0.0.0 Safari/537.36"
190.85.87.250 - - [14/Jul/2026:20:23:51 +0000] "GET /afinanciera/cartera_consulta_titular_nom.php?ced2=80134637&numcon=20892 HTTP/1.1" 200 56465 "http://www.asjudinet.com/afinanciera/consulta_titu_benefi_nom.php?ced2=80134637&cedb=24716321&numcon=20892" "Mozilla/5.0 (Windows NT 10.0; Win64; x64) AppleWebKit/537.36 (KHTML, like Gecko) Chrome/150.0.0.0 Safari/537.36"
190.25.99.119 - - [14/Jul/2026:20:23:52 +0000] "GET /callcenter/validar_abogado.php?ced=39584936&nom=HIGUERA%20CAVIEDES%20YENI%20PAOLA HTTP/1.1" 200 7946 "http://www.asjudinet.com/callcenter/menu_callcenter.php?ced=39584936&nom=HIGUERA%20CAVIEDES%20YENI%20PAOLA" "Mozilla/5.0 (Windows NT 10.0; Win64; x64) AppleWebKit/537.36 (KHTML, like Gecko) Chrome/150.0.0.0 Safari/537.36"
114.119.128.77 - - [14/Jul/2026:20:23:56 +0000] "GET /index.php/zzztvsa/39aayzpksh_liqzne72382/pages/principal/principal/pages/ELEMENTS/principal/principal/contactenos.php HTTP/1.1" 200 54693 "http://www.asjudinet.com/index.php/zzztvsa/39aayzpksh_liqzne72382/pages/principal/principal/pages/ELEMENTS/principal/val_usuarios.php" "Mozilla/5.0 (Linux; Android 7.0;) AppleWebKit/537.36 (HTML, like Gecko) Mobile Safari/537.36 (compatible; PetalBot;+https://webmaster.petalsearch.com/site/petalbot)"
190.25.99.119 - - [14/Jul/2026:20:24:04 +0000] "POST /callcenter/validar_abogado.php HTTP/1.1" 200 8035 "http://www.asjudinet.com/callcenter/validar_abogado.php?ced=39584936&nom=HIGUERA%20CAVIEDES%20YENI%20PAOLA" "Mozilla/5.0 (Windows NT 10.0; Win64; x64) AppleWebKit/537.36 (KHTML, like Gecko) Chrome/150.0.0.0 Safari/537.36"
190.25.99.119 - - [14/Jul/2026:20:24:04 +0000] "GET /callcenter/menu_abogados.php?ced=39584936&nom=HIGUERA%20CAVIEDES%20YENI%20PAOLA HTTP/1.1" 200 3526 "http://www.asjudinet.com/callcenter/validar_abogado.php" "Mozilla/5.0 (Windows NT 10.0; Win64; x64) AppleWebKit/537.36 (KHTML, like Gecko) Chrome/150.0.0.0 Safari/537.36"
190.25.99.119 - - [14/Jul/2026:20:24:06 +0000] "GET /callcenter/listado_por_abogado.php?ced=39584936&nom=HIGUERA%20CAVIEDES%20YENI%20PAOLA HTTP/1.1" 200 17916 "http://www.asjudinet.com/callcenter/menu_abogados.php?ced=39584936&nom=HIGUERA%20CAVIEDES%20YENI%20PAOLA" "Mozilla/5.0 (Windows NT 10.0; Win64; x64) AppleWebKit/537.36 (KHTML, like Gecko) Chrome/150.0.0.0 Safari/537.36"
190.25.99.119 - - [14/Jul/2026:20:24:12 +0000] "GET /callcenter/respuesta_abogado.php?cedulita=1069852321&numcon=15018A&atencion=107073&funcionario=39584936 HTTP/1.1" 200 16076 "http://www.asjudinet.com/callcenter/listado_por_abogado.php?ced=39584936&nom=HIGUERA%20CAVIEDES%20YENI%20PAOLA" "Mozilla/5.0 (Windows NT 10.0; Win64; x64) AppleWebKit/537.36 (KHTML, like Gecko) Chrome/150.0.0.0 Safari/537.36"
190.85.87.250 - - [14/Jul/2026:20:24:18 +0000] "POST /afinanciera/cartera_cargar_manual_deb.php?ced2=1064710213&numcon=30152A HTTP/1.1" 200 89111 "http://www.asjudinet.com/afinanciera/cartera_cargar_manual_deb.php?ced2=1064710213&numcon=30152A" "Mozilla/5.0 (Windows NT 10.0; Win64; x64) AppleWebKit/537.36 (KHTML, like Gecko) Chrome/150.0.0.0 Safari/537.36"
190.85.87.250 - - [14/Jul/2026:20:24:35 +0000] "POST /acobranzas/cobranzas_consulta_cartera1.php HTTP/1.1" 200 5945 "http://www.asjudinet.com/acobranzas/cobranzas_consulta_cartera1.php" "Mozilla/5.0 (Windows NT 10.0; Win64; x64) AppleWebKit/537.36 (KHTML, like Gecko) Chrome/150.0.0.0 Safari/537.36"
190.85.87.250 - - [14/Jul/2026:20:24:36 +0000] "GET /acobranzas/cobranzas_serviasju1.php?ced2=1077431844&numcon=26474 HTTP/1.1" 200 16880 "http://www.asjudinet.com/acobranzas/cobranzas_consulta_cartera1.php" "Mozilla/5.0 (Windows NT 10.0; Win64; x64) AppleWebKit/537.36 (KHTML, like Gecko) Chrome/150.0.0.0 Safari/537.36"
190.85.87.250 - - [14/Jul/2026:20:24:37 +0000] "GET /acobranzas/cobranzas_serviasju1.php?ced2=1077431844&numcon=26474 HTTP/1.1" 200 220423 "http://www.asjudinet.com/acobranzas/cobranzas_consulta_cartera1.php" "Mozilla/5.0 (Windows NT 10.0; Win64; x64) AppleWebKit/537.36 (KHTML, like Gecko) Chrome/150.0.0.0 Safari/537.36"
190.85.87.250 - - [14/Jul/2026:20:24:42 +0000] "POST /acobranzas/consulta_ced_cob_estado_1da.php HTTP/1.1" 200 6780 "http://www.asjudinet.com/acobranzas/consulta_ced_cob_estado_1da.php" "Mozilla/5.0 (Windows NT 10.0; Win64; x64) AppleWebKit/537.36 (KHTML, like Gecko) Chrome/150.0.0.0 Safari/537.36"
190.85.87.250 - - [14/Jul/2026:20:24:42 +0000] "GET /acobranzas/consultar_cobranzas_vigentes.php?id=1077431844&carpeta=20542&tipo=COA01 HTTP/1.1" 200 15703 "http://www.asjudinet.com/acobranzas/consulta_ced_cob_estado_1da.php" "Mozilla/5.0 (Windows NT 10.0; Win64; x64) AppleWebKit/537.36 (KHTML, like Gecko) Chrome/150.0.0.0 Safari/537.36"
190.85.87.250 - - [14/Jul/2026:20:24:45 +0000] "POST /afinanciera/cartera_consultar_cargar_deb.php HTTP/1.1" 200 6049 "http://www.asjudinet.com/afinanciera/cartera_consultar_cargar_deb.php" "Mozilla/5.0 (Windows NT 10.0; Win64; x64) AppleWebKit/537.36 (KHTML, like Gecko) Chrome/150.0.0.0 Safari/537.36"
190.85.87.250 - - [14/Jul/2026:20:24:50 +0000] "GET /acobranzas/seguimiento_cobranza_captura_vigentes.php?id=1077431844&tipo=COA01&carpeta=20542 HTTP/1.1" 200 13970 "http://www.asjudinet.com/acobranzas/consultar_cobranzas_vigentes.php?id=1077431844&carpeta=20542&tipo=COA01" "Mozilla/5.0 (Windows NT 10.0; Win64; x64) AppleWebKit/537.36 (KHTML, like Gecko) Chrome/150.0.0.0 Safari/537.36"
190.85.87.250 - - [14/Jul/2026:20:24:47 +0000] "GET /afinanciera/cartera_cargar_manual_deb.php?ced2=45538916&numcon=24050 HTTP/1.1" 200 246377 "http://www.asjudinet.com/afinanciera/cartera_consultar_cargar_deb.php" "Mozilla/5.0 (Windows NT 10.0; Win64; x64) AppleWebKit/537.36 (KHTML, like Gecko) Chrome/150.0.0.0 Safari/537.36"
190.85.87.250 - - [14/Jul/2026:20:24:56 +0000] "POST /acobranzas/seguimiento_cobranza_captura_vigentes.php?id=1077431844&tipo=COA01&carpeta=20542 HTTP/1.1" 200 14093 "http://www.asjudinet.com/acobranzas/seguimiento_cobranza_captura_vigentes.php?id=1077431844&tipo=COA01&carpeta=20542" "Mozilla/5.0 (Windows NT 10.0; Win64; x64) AppleWebKit/537.36 (KHTML, like Gecko) Chrome/150.0.0.0 Safari/537.36"
190.85.87.250 - - [14/Jul/2026:20:24:56 +0000] "GET /acobranzas/consultar_cobranzas_vigentes.php?ced2=1077431844&numcon=26474 HTTP/1.1" 200 27417 "http://www.asjudinet.com/acobranzas/seguimiento_cobranza_captura_vigentes.php?id=1077431844&tipo=COA01&carpeta=20542" "Mozilla/5.0 (Windows NT 10.0; Win64; x64) AppleWebKit/537.36 (KHTML, like Gecko) Chrome/150.0.0.0 Safari/537.36"
114.119.150.5 - - [14/Jul/2026:20:25:19 +0000] "GET /index.php/zzztvsa/39aayzpksh_liqzne72382/pages/principal/principal/pages/ELEMENTS/principal/principal/casos_exito.php HTTP/1.1" 200 54693 "http://www.asjudinet.com/index.php/zzztvsa/39aayzpksh_liqzne72382/pages/principal/principal/pages/ELEMENTS/principal/val_usuarios.php" "Mozilla/5.0 (Linux; Android 7.0;) AppleWebKit/537.36 (HTML, like Gecko) Mobile Safari/537.36 (compatible; PetalBot;+https://webmaster.petalsearch.com/site/petalbot)"
190.85.87.250 - - [14/Jul/2026:20:25:50 +0000] "POST /afinanciera/cartera_cargar_manual_deb.php?ced2=45538916&numcon=24050 HTTP/1.1" 200 248130 "http://www.asjudinet.com/afinanciera/cartera_cargar_manual_deb.php?ced2=45538916&numcon=24050" "Mozilla/5.0 (Windows NT 10.0; Win64; x64) AppleWebKit/537.36 (KHTML, like Gecko) Chrome/150.0.0.0 Safari/537.36"
190.85.87.250 - - [14/Jul/2026:20:26:12 +0000] "POST /afinanciera/cartera_consultar_cargar_deb.php HTTP/1.1" 200 6504 "http://www.asjudinet.com/afinanciera/cartera_consultar_cargar_deb.php" "Mozilla/5.0 (Windows NT 10.0; Win64; x64) AppleWebKit/537.36 (KHTML, like Gecko) Chrome/150.0.0.0 Safari/537.36"
190.85.87.250 - - [14/Jul/2026:20:26:14 +0000] "GET /afinanciera/cartera_cargar_manual_deb.php?ced2=1004611128&numcon=48987 HTTP/1.1" 200 65077 "http://www.asjudinet.com/afinanciera/cartera_consultar_cargar_deb.php" "Mozilla/5.0 (Windows NT 10.0; Win64; x64) AppleWebKit/537.36 (KHTML, like Gecko) Chrome/150.0.0.0 Safari/537.36"
190.85.87.250 - - [14/Jul/2026:20:26:29 +0000] "POST /afinanciera/cartera_cargar_manual_deb.php?ced2=1004611128&numcon=48987 HTTP/1.1" 200 66830 "http://www.asjudinet.com/afinanciera/cartera_cargar_manual_deb.php?ced2=1004611128&numcon=48987" "Mozilla/5.0 (Windows NT 10.0; Win64; x64) AppleWebKit/537.36 (KHTML, like Gecko) Chrome/150.0.0.0 Safari/537.36"
190.85.87.250 - - [14/Jul/2026:20:26:41 +0000] "POST /afinanciera/cartera_consultar_cargar_deb.php HTTP/1.1" 200 6494 "http://www.asjudinet.com/afinanciera/cartera_consultar_cargar_deb.php" "Mozilla/5.0 (Windows NT 10.0; Win64; x64) AppleWebKit/537.36 (KHTML, like Gecko) Chrome/150.0.0.0 Safari/537.36"
114.119.142.179 - - [14/Jul/2026:20:26:43 +0000] "GET /index.php/zzztvsa/39aayzpksh_liqzne72382/pages/principal/principal/pages/ELEMENTS/otros/principal/avigilajudicial/principal/testimonios.php HTTP/1.1" 200 54693 "http://www.asjudinet.com/index.php/zzztvsa/39aayzpksh_liqzne72382/pages/principal/principal/pages/ELEMENTS/otros/principal/avigilajudicial/val_usuarios_IURIS.php" "Mozilla/5.0 (Linux; Android 7.0;) AppleWebKit/537.36 (HTML, like Gecko) Mobile Safari/537.36 (compatible; PetalBot;+https://webmaster.petalsearch.com/site/petalbot)"
190.85.87.250 - - [14/Jul/2026:20:26:44 +0000] "GET /afinanciera/cartera_cargar_manual_deb.php?ced2=1063482080&numcon=6714A HTTP/1.1" 200 159104 "http://www.asjudinet.com/afinanciera/cartera_consultar_cargar_deb.php" "Mozilla/5.0 (Windows NT 10.0; Win64; x64) AppleWebKit/537.36 (KHTML, like Gecko) Chrome/150.0.0.0 Safari/537.36"
190.85.87.250 - - [14/Jul/2026:20:27:16 +0000] "POST /afinanciera/cartera_cargar_manual_deb.php?ced2=1063482080&numcon=6714A HTTP/1.1" 200 160856 "http://www.asjudinet.com/afinanciera/cartera_cargar_manual_deb.php?ced2=1063482080&numcon=6714A" "Mozilla/5.0 (Windows NT 10.0; Win64; x64) AppleWebKit/537.36 (KHTML, like Gecko) Chrome/150.0.0.0 Safari/537.36"
190.85.87.250 - - [14/Jul/2026:20:27:32 +0000] "POST /afinanciera/cartera_consultar_cargar_deb.php HTTP/1.1" 200 6054 "http://www.asjudinet.com/afinanciera/cartera_consultar_cargar_deb.php" "Mozilla/5.0 (Windows NT 10.0; Win64; x64) AppleWebKit/537.36 (KHTML, like Gecko) Chrome/150.0.0.0 Safari/537.36"
190.85.87.250 - - [14/Jul/2026:20:27:34 +0000] "GET /afinanciera/cartera_cargar_manual_deb.php?ced2=1147686952&numcon=38566 HTTP/1.1" 200 111603 "http://www.asjudinet.com/afinanciera/cartera_consultar_cargar_deb.php" "Mozilla/5.0 (Windows NT 10.0; Win64; x64) AppleWebKit/537.36 (KHTML, like Gecko) Chrome/150.0.0.0 Safari/537.36"
200.118.18.12 - - [14/Jul/2026:20:27:43 +0000] "GET /callcenter/respuesta_tickets.php?cedulita=71222553&numcon=15706&fecha=2024-04-22&atencion=83775 HTTP/1.1" 200 15815 "http://www.asjudinet.com/listado_tickets_callcenter.php" "Mozilla/5.0 (Windows NT 10.0; Win64; x64) AppleWebKit/537.36 (KHTML, like Gecko) Chrome/150.0.0.0 Safari/537.36 Edg/150.0.0.0"
190.85.87.250 - - [14/Jul/2026:20:27:49 +0000] "POST /afinanciera/cartera_cargar_manual_deb.php?ced2=1147686952&numcon=38566 HTTP/1.1" 200 113355 "http://www.asjudinet.com/afinanciera/cartera_cargar_manual_deb.php?ced2=1147686952&numcon=38566" "Mozilla/5.0 (Windows NT 10.0; Win64; x64) AppleWebKit/537.36 (KHTML, like Gecko) Chrome/150.0.0.0 Safari/537.36"
114.119.136.100 - - [14/Jul/2026:20:28:06 +0000] "GET /index.php/zzztvsa/39aayzpksh_liqzne72382/pages/principal/principal/pages/ELEMENTS/otros/principal/avigilajudicial/principal/consultar_contratos_escaneados_correo.php HTTP/1.1" 200 54693 "http://www.asjudinet.com/index.php/zzztvsa/39aayzpksh_liqzne72382/pages/principal/principal/pages/ELEMENTS/otros/principal/avigilajudicial/val_usuarios_IURIS.php" "Mozilla/5.0 (Linux; Android 7.0;) AppleWebKit/537.36 (HTML, like Gecko) Mobile Safari/537.36 (compatible; PetalBot;+https://webmaster.petalsearch.com/site/petalbot)"
200.118.18.12 - - [14/Jul/2026:20:28:08 +0000] "GET /callcenter/respuesta_tickets.php?cedulita=71222553&numcon=15706&fecha=2024-06-11&atencion=86433 HTTP/1.1" 200 22415 "http://www.asjudinet.com/listado_tickets_callcenter.php" "Mozilla/5.0 (Windows NT 10.0; Win64; x64) AppleWebKit/537.36 (KHTML, like Gecko) Chrome/150.0.0.0 Safari/537.36 Edg/150.0.0.0"
190.85.87.250 - - [14/Jul/2026:20:28:10 +0000] "POST /afinanciera/cartera_consultar_cargar_deb.php HTTP/1.1" 200 6058 "http://www.asjudinet.com/afinanciera/cartera_consultar_cargar_deb.php" "Mozilla/5.0 (Windows NT 10.0; Win64; x64) AppleWebKit/537.36 (KHTML, like Gecko) Chrome/150.0.0.0 Safari/537.36"
190.85.87.250 - - [14/Jul/2026:20:28:14 +0000] "GET /afinanciera/cartera_cargar_manual_deb.php?ced2=1047374667&numcon=14242 HTTP/1.1" 200 279557 "http://www.asjudinet.com/afinanciera/cartera_consultar_cargar_deb.php" "Mozilla/5.0 (Windows NT 10.0; Win64; x64) AppleWebKit/537.36 (KHTML, like Gecko) Chrome/150.0.0.0 Safari/537.36"
190.85.87.250 - - [14/Jul/2026:20:28:34 +0000] "POST /afinanciera/cartera_cargar_manual_deb.php?ced2=1047374667&numcon=14242 HTTP/1.1" 200 281310 "http://www.asjudinet.com/afinanciera/cartera_cargar_manual_deb.php?ced2=1047374667&numcon=14242" "Mozilla/5.0 (Windows NT 10.0; Win64; x64) AppleWebKit/537.36 (KHTML, like Gecko) Chrome/150.0.0.0 Safari/537.36"
