51.68.32.135 - - [14/Jul/2026:20:46:40 +0000] "GET /index.php/20/8op9a7i2/925048/avigilajudicial/avigilajudicial/avigilajudicial/avigilajudicial/avigilajudicial/avigilajudicial/avigilajudicial/avigilajudicial/avigilajudicial/avigilajudicial/avigilajudicial/avigilajudicial/avigilajudicial/avigilajudicial/avigilajudicial/avigilajudicial/avigilajudicial/principal/avigilajudicial/avigilajudicial/principal/avigilajudicial/pages/pages/principal/principal/pages/pages/pages/pages/pages/pages/principal/principal/principal/soporteacademico.php HTTP/1.1" 200 54693 "-" "Mozilla/5.0 (compatible; MJ12bot/v1.4.8; http://mj12bot.com/)"
51.68.32.135 - - [14/Jul/2026:20:46:42 +0000] "GET /index.php/20/8op9a7i2/925048/avigilajudicial/avigilajudicial/avigilajudicial/avigilajudicial/avigilajudicial/avigilajudicial/avigilajudicial/avigilajudicial/avigilajudicial/avigilajudicial/avigilajudicial/avigilajudicial/avigilajudicial/avigilajudicial/avigilajudicial/avigilajudicial/avigilajudicial/principal/avigilajudicial/avigilajudicial/principal/avigilajudicial/pages/pages/principal/principal/pages/pages/pages/pages/pages/pages/principal/principal/principal/sucursales.php HTTP/1.1" 200 54693 "-" "Mozilla/5.0 (compatible; MJ12bot/v1.4.8; http://mj12bot.com/)"
51.68.32.135 - - [14/Jul/2026:20:46:44 +0000] "GET /index.php/20/8op9a7i2/925048/avigilajudicial/avigilajudicial/avigilajudicial/avigilajudicial/avigilajudicial/avigilajudicial/avigilajudicial/avigilajudicial/avigilajudicial/avigilajudicial/avigilajudicial/avigilajudicial/avigilajudicial/avigilajudicial/avigilajudicial/avigilajudicial/avigilajudicial/principal/avigilajudicial/avigilajudicial/principal/avigilajudicial/pages/pages/principal/principal/pages/pages/pages/pages/pages/pages/principal/principal/principal/testimonios.php HTTP/1.1" 200 54693 "-" "Mozilla/5.0 (compatible; MJ12bot/v1.4.8; http://mj12bot.com/)"
190.85.87.250 - - [14/Jul/2026:20:46:45 +0000] "POST /afinanciera/cartera_consultar_cargar_deb.php HTTP/1.1" 200 6052 "http://www.asjudinet.com/afinanciera/cartera_consultar_cargar_deb.php" "Mozilla/5.0 (Windows NT 10.0; Win64; x64) AppleWebKit/537.36 (KHTML, like Gecko) Chrome/150.0.0.0 Safari/537.36"
51.68.32.135 - - [14/Jul/2026:20:46:46 +0000] "GET /index.php/20/8op9a7i2/925048/avigilajudicial/avigilajudicial/avigilajudicial/avigilajudicial/avigilajudicial/avigilajudicial/avigilajudicial/avigilajudicial/avigilajudicial/avigilajudicial/avigilajudicial/avigilajudicial/avigilajudicial/avigilajudicial/avigilajudicial/avigilajudicial/avigilajudicial/principal/avigilajudicial/avigilajudicial/principal/avigilajudicial/pages/pages/principal/principal/pages/pages/pages/pages/pages/pages/principal/principal/principal/trayectoria.php HTTP/1.1" 200 54693 "-" "Mozilla/5.0 (compatible; MJ12bot/v1.4.8; http://mj12bot.com/)"
51.68.32.135 - - [14/Jul/2026:20:46:48 +0000] "GET /index.php/20/8op9a7i2/925048/avigilajudicial/avigilajudicial/avigilajudicial/avigilajudicial/avigilajudicial/avigilajudicial/avigilajudicial/avigilajudicial/avigilajudicial/avigilajudicial/avigilajudicial/avigilajudicial/avigilajudicial/avigilajudicial/avigilajudicial/avigilajudicial/avigilajudicial/principal/avigilajudicial/avigilajudicial/principal/avigilajudicial/pages/pages/principal/principal/pages/pages/pages/pages/pages/pages/principal/principal/principal/ventajas.php HTTP/1.1" 200 54693 "-" "Mozilla/5.0 (compatible; MJ12bot/v1.4.8; http://mj12bot.com/)"
190.85.87.250 - - [14/Jul/2026:20:46:46 +0000] "GET /afinanciera/cartera_cargar_manual_deb.php?ced2=93235819&numcon=28062 HTTP/1.1" 200 191990 "http://www.asjudinet.com/afinanciera/cartera_consultar_cargar_deb.php" "Mozilla/5.0 (Windows NT 10.0; Win64; x64) AppleWebKit/537.36 (KHTML, like Gecko) Chrome/150.0.0.0 Safari/537.36"
51.68.32.135 - - [14/Jul/2026:20:46:49 +0000] "GET /index.php/20/8op9a7i2/925048/avigilajudicial/avigilajudicial/avigilajudicial/avigilajudicial/avigilajudicial/avigilajudicial/avigilajudicial/avigilajudicial/avigilajudicial/avigilajudicial/avigilajudicial/avigilajudicial/avigilajudicial/avigilajudicial/avigilajudicial/avigilajudicial/avigilajudicial/principal/avigilajudicial/avigilajudicial/principal/avigilajudicial/pages/pages/principal/principal/pages/pages/pages/pages/pages/pages/principal/principal/principal/video_empresa.php HTTP/1.1" 200 54693 "-" "Mozilla/5.0 (compatible; MJ12bot/v1.4.8; http://mj12bot.com/)"
51.68.32.135 - - [14/Jul/2026:20:46:51 +0000] "GET /index.php/20/8op9a7i2/925048/avigilajudicial/avigilajudicial/avigilajudicial/avigilajudicial/avigilajudicial/avigilajudicial/avigilajudicial/avigilajudicial/avigilajudicial/avigilajudicial/avigilajudicial/avigilajudicial/avigilajudicial/avigilajudicial/avigilajudicial/avigilajudicial/avigilajudicial/principal/avigilajudicial/avigilajudicial/principal/avigilajudicial/pages/pages/principal/principal/pages/pages/pages/pages/pages/pages/principal/principal/quienes.php HTTP/1.1" 200 54693 "-" "Mozilla/5.0 (compatible; MJ12bot/v1.4.8; http://mj12bot.com/)"
51.68.32.135 - - [14/Jul/2026:20:46:53 +0000] "GET /index.php/20/8op9a7i2/925048/avigilajudicial/avigilajudicial/avigilajudicial/avigilajudicial/avigilajudicial/avigilajudicial/avigilajudicial/avigilajudicial/avigilajudicial/avigilajudicial/avigilajudicial/avigilajudicial/avigilajudicial/avigilajudicial/avigilajudicial/avigilajudicial/avigilajudicial/principal/avigilajudicial/avigilajudicial/principal/avigilajudicial/pages/pages/principal/principal/pages/pages/pages/pages/pages/pages/principal/principal/soporteacademico.php HTTP/1.1" 200 54693 "-" "Mozilla/5.0 (compatible; MJ12bot/v1.4.8; http://mj12bot.com/)"
51.68.32.135 - - [14/Jul/2026:20:46:55 +0000] "GET /index.php/20/8op9a7i2/925048/avigilajudicial/avigilajudicial/avigilajudicial/avigilajudicial/avigilajudicial/avigilajudicial/avigilajudicial/avigilajudicial/avigilajudicial/avigilajudicial/avigilajudicial/avigilajudicial/avigilajudicial/avigilajudicial/avigilajudicial/avigilajudicial/avigilajudicial/principal/avigilajudicial/avigilajudicial/principal/avigilajudicial/pages/pages/principal/principal/pages/pages/pages/pages/pages/pages/principal/principal/sucursales_satelites.php HTTP/1.1" 200 54693 "-" "Mozilla/5.0 (compatible; MJ12bot/v1.4.8; http://mj12bot.com/)"
51.68.32.135 - - [14/Jul/2026:20:46:57 +0000] "GET /index.php/20/8op9a7i2/925048/avigilajudicial/avigilajudicial/avigilajudicial/avigilajudicial/avigilajudicial/avigilajudicial/avigilajudicial/avigilajudicial/avigilajudicial/avigilajudicial/avigilajudicial/avigilajudicial/avigilajudicial/avigilajudicial/avigilajudicial/avigilajudicial/avigilajudicial/principal/avigilajudicial/avigilajudicial/principal/avigilajudicial/pages/pages/principal/principal/pages/pages/pages/pages/pages/pages/principal/principal/val_usuarios.php HTTP/1.1" 200 54693 "-" "Mozilla/5.0 (compatible; MJ12bot/v1.4.8; http://mj12bot.com/)"
51.68.32.135 - - [14/Jul/2026:20:46:58 +0000] "GET /index.php/20/8op9a7i2/925048/avigilajudicial/avigilajudicial/avigilajudicial/avigilajudicial/avigilajudicial/avigilajudicial/avigilajudicial/avigilajudicial/avigilajudicial/avigilajudicial/avigilajudicial/avigilajudicial/avigilajudicial/avigilajudicial/avigilajudicial/avigilajudicial/avigilajudicial/principal/avigilajudicial/avigilajudicial/principal/avigilajudicial/pages/pages/principal/principal/pages/pages/pages/pages/pages/pages/principal/principal/validar_usuarios_pagina.php HTTP/1.1" 200 54693 "-" "Mozilla/5.0 (compatible; MJ12bot/v1.4.8; http://mj12bot.com/)"
51.68.32.135 - - [14/Jul/2026:20:47:00 +0000] "GET /index.php/20/8op9a7i2/925048/avigilajudicial/avigilajudicial/avigilajudicial/avigilajudicial/avigilajudicial/avigilajudicial/avigilajudicial/avigilajudicial/avigilajudicial/avigilajudicial/avigilajudicial/avigilajudicial/avigilajudicial/avigilajudicial/avigilajudicial/avigilajudicial/avigilajudicial/principal/avigilajudicial/avigilajudicial/principal/avigilajudicial/pages/pages/principal/principal/pages/pages/pages/pages/pages/pages/principal/principal/ventajas.php HTTP/1.1" 200 54693 "-" "Mozilla/5.0 (compatible; MJ12bot/v1.4.8; http://mj12bot.com/)"
51.68.32.135 - - [14/Jul/2026:20:47:02 +0000] "GET /index.php/20/8op9a7i2/925048/avigilajudicial/avigilajudicial/avigilajudicial/avigilajudicial/avigilajudicial/avigilajudicial/avigilajudicial/avigilajudicial/avigilajudicial/avigilajudicial/avigilajudicial/avigilajudicial/avigilajudicial/avigilajudicial/avigilajudicial/avigilajudicial/avigilajudicial/principal/avigilajudicial/avigilajudicial/principal/avigilajudicial/pages/pages/principal/principal/pages/pages/pages/pages/pages/principal/avigilajudicial/pages/principal/index.php HTTP/1.1" 200 54693 "-" "Mozilla/5.0 (compatible; MJ12bot/v1.4.8; http://mj12bot.com/)"
51.68.32.135 - - [14/Jul/2026:20:47:04 +0000] "GET /index.php/20/8op9a7i2/925048/avigilajudicial/avigilajudicial/avigilajudicial/avigilajudicial/avigilajudicial/avigilajudicial/avigilajudicial/avigilajudicial/avigilajudicial/avigilajudicial/avigilajudicial/avigilajudicial/avigilajudicial/avigilajudicial/avigilajudicial/avigilajudicial/avigilajudicial/principal/avigilajudicial/avigilajudicial/principal/avigilajudicial/pages/pages/principal/principal/pages/pages/pages/pages/pages/principal/pages/pages/formulario_seminario_dih.php HTTP/1.1" 200 54693 "-" "Mozilla/5.0 (compatible; MJ12bot/v1.4.8; http://mj12bot.com/)"
51.68.32.135 - - [14/Jul/2026:20:47:06 +0000] "GET /index.php/20/8op9a7i2/925048/avigilajudicial/avigilajudicial/avigilajudicial/avigilajudicial/avigilajudicial/avigilajudicial/avigilajudicial/avigilajudicial/avigilajudicial/avigilajudicial/avigilajudicial/avigilajudicial/avigilajudicial/avigilajudicial/avigilajudicial/avigilajudicial/avigilajudicial/principal/avigilajudicial/avigilajudicial/principal/avigilajudicial/pages/pages/principal/principal/pages/pages/pages/pages/pages/principal/pages/pages/index.php HTTP/1.1" 200 54693 "-" "Mozilla/5.0 (compatible; MJ12bot/v1.4.8; http://mj12bot.com/)"
51.68.32.135 - - [14/Jul/2026:20:47:07 +0000] "GET /index.php/20/8op9a7i2/925048/avigilajudicial/avigilajudicial/avigilajudicial/avigilajudicial/avigilajudicial/avigilajudicial/avigilajudicial/avigilajudicial/avigilajudicial/avigilajudicial/avigilajudicial/avigilajudicial/avigilajudicial/avigilajudicial/avigilajudicial/avigilajudicial/avigilajudicial/principal/avigilajudicial/avigilajudicial/principal/avigilajudicial/pages/pages/principal/principal/pages/pages/pages/pages/pages/principal/pages/pages/pages/menu_creditos_rotativos.php HTTP/1.1" 200 54693 "-" "Mozilla/5.0 (compatible; MJ12bot/v1.4.8; http://mj12bot.com/)"
51.68.32.135 - - [14/Jul/2026:20:47:09 +0000] "GET /index.php/20/8op9a7i2/925048/avigilajudicial/avigilajudicial/avigilajudicial/avigilajudicial/avigilajudicial/avigilajudicial/avigilajudicial/avigilajudicial/avigilajudicial/avigilajudicial/avigilajudicial/avigilajudicial/avigilajudicial/avigilajudicial/avigilajudicial/avigilajudicial/avigilajudicial/principal/avigilajudicial/avigilajudicial/principal/avigilajudicial/pages/pages/principal/principal/pages/pages/pages/pages/pages/principal/pages/pages/pages/menu_procesos_todos.php HTTP/1.1" 200 54693 "-" "Mozilla/5.0 (compatible; MJ12bot/v1.4.8; http://mj12bot.com/)"
51.68.32.135 - - [14/Jul/2026:20:47:11 +0000] "GET /index.php/20/8op9a7i2/925048/avigilajudicial/avigilajudicial/avigilajudicial/avigilajudicial/avigilajudicial/avigilajudicial/avigilajudicial/avigilajudicial/avigilajudicial/avigilajudicial/avigilajudicial/avigilajudicial/avigilajudicial/avigilajudicial/avigilajudicial/avigilajudicial/avigilajudicial/principal/avigilajudicial/avigilajudicial/principal/avigilajudicial/pages/pages/principal/principal/pages/pages/pages/pages/pages/principal/pages/pages/principal/NoticiasImportantes.php HTTP/1.1" 200 54693 "-" "Mozilla/5.0 (compatible; MJ12bot/v1.4.8; http://mj12bot.com/)"
190.85.87.250 - - [14/Jul/2026:20:47:10 +0000] "POST /afinanciera/cartera_cargar_manual_deb.php?ced2=93235819&numcon=28062 HTTP/1.1" 200 193742 "http://www.asjudinet.com/afinanciera/cartera_cargar_manual_deb.php?ced2=93235819&numcon=28062" "Mozilla/5.0 (Windows NT 10.0; Win64; x64) AppleWebKit/537.36 (KHTML, like Gecko) Chrome/150.0.0.0 Safari/537.36"
51.68.32.135 - - [14/Jul/2026:20:47:13 +0000] "GET /index.php/20/8op9a7i2/925048/avigilajudicial/avigilajudicial/avigilajudicial/avigilajudicial/avigilajudicial/avigilajudicial/avigilajudicial/avigilajudicial/avigilajudicial/avigilajudicial/avigilajudicial/avigilajudicial/avigilajudicial/avigilajudicial/avigilajudicial/avigilajudicial/avigilajudicial/principal/avigilajudicial/avigilajudicial/principal/avigilajudicial/pages/pages/principal/principal/pages/pages/pages/pages/pages/principal/pages/pages/principal/asesoria.php HTTP/1.1" 200 54693 "-" "Mozilla/5.0 (compatible; MJ12bot/v1.4.8; http://mj12bot.com/)"
51.68.32.135 - - [14/Jul/2026:20:47:15 +0000] "GET /index.php/20/8op9a7i2/925048/avigilajudicial/avigilajudicial/avigilajudicial/avigilajudicial/avigilajudicial/avigilajudicial/avigilajudicial/avigilajudicial/avigilajudicial/avigilajudicial/avigilajudicial/avigilajudicial/avigilajudicial/avigilajudicial/avigilajudicial/avigilajudicial/avigilajudicial/principal/avigilajudicial/avigilajudicial/principal/avigilajudicial/pages/pages/principal/principal/pages/pages/pages/pages/pages/principal/pages/pages/principal/casos_exito.php HTTP/1.1" 200 54693 "-" "Mozilla/5.0 (compatible; MJ12bot/v1.4.8; http://mj12bot.com/)"
51.68.32.135 - - [14/Jul/2026:20:47:17 +0000] "GET /index.php/20/8op9a7i2/925048/avigilajudicial/avigilajudicial/avigilajudicial/avigilajudicial/avigilajudicial/avigilajudicial/avigilajudicial/avigilajudicial/avigilajudicial/avigilajudicial/avigilajudicial/avigilajudicial/avigilajudicial/avigilajudicial/avigilajudicial/avigilajudicial/avigilajudicial/principal/avigilajudicial/avigilajudicial/principal/avigilajudicial/pages/pages/principal/principal/pages/pages/pages/pages/pages/principal/pages/pages/principal/contactenos.php HTTP/1.1" 200 54693 "-" "Mozilla/5.0 (compatible; MJ12bot/v1.4.8; http://mj12bot.com/)"
51.68.32.135 - - [14/Jul/2026:20:47:18 +0000] "GET /index.php/20/8op9a7i2/925048/avigilajudicial/avigilajudicial/avigilajudicial/avigilajudicial/avigilajudicial/avigilajudicial/avigilajudicial/avigilajudicial/avigilajudicial/avigilajudicial/avigilajudicial/avigilajudicial/avigilajudicial/avigilajudicial/avigilajudicial/avigilajudicial/avigilajudicial/principal/avigilajudicial/avigilajudicial/principal/avigilajudicial/pages/pages/principal/principal/pages/pages/pages/pages/pages/principal/pages/pages/principal/contratopersonas.php HTTP/1.1" 200 54693 "-" "Mozilla/5.0 (compatible; MJ12bot/v1.4.8; http://mj12bot.com/)"
51.68.32.135 - - [14/Jul/2026:20:47:20 +0000] "GET /index.php/20/8op9a7i2/925048/avigilajudicial/avigilajudicial/avigilajudicial/avigilajudicial/avigilajudicial/avigilajudicial/avigilajudicial/avigilajudicial/avigilajudicial/avigilajudicial/avigilajudicial/avigilajudicial/avigilajudicial/avigilajudicial/avigilajudicial/avigilajudicial/avigilajudicial/principal/avigilajudicial/avigilajudicial/principal/avigilajudicial/pages/pages/principal/principal/pages/pages/pages/pages/pages/principal/pages/pages/principal/enlaces.php HTTP/1.1" 200 54693 "-" "Mozilla/5.0 (compatible; MJ12bot/v1.4.8; http://mj12bot.com/)"
51.68.32.135 - - [14/Jul/2026:20:47:22 +0000] "GET /index.php/20/8op9a7i2/925048/avigilajudicial/avigilajudicial/avigilajudicial/avigilajudicial/avigilajudicial/avigilajudicial/avigilajudicial/avigilajudicial/avigilajudicial/avigilajudicial/avigilajudicial/avigilajudicial/avigilajudicial/avigilajudicial/avigilajudicial/avigilajudicial/avigilajudicial/principal/avigilajudicial/avigilajudicial/principal/avigilajudicial/pages/pages/principal/principal/pages/pages/pages/pages/pages/principal/pages/pages/principal/lista_email.php HTTP/1.1" 200 54693 "-" "Mozilla/5.0 (compatible; MJ12bot/v1.4.8; http://mj12bot.com/)"
51.68.32.135 - - [14/Jul/2026:20:47:24 +0000] "GET /index.php/20/8op9a7i2/925048/avigilajudicial/avigilajudicial/avigilajudicial/avigilajudicial/avigilajudicial/avigilajudicial/avigilajudicial/avigilajudicial/avigilajudicial/avigilajudicial/avigilajudicial/avigilajudicial/avigilajudicial/avigilajudicial/avigilajudicial/avigilajudicial/avigilajudicial/principal/avigilajudicial/avigilajudicial/principal/avigilajudicial/pages/pages/principal/principal/pages/pages/pages/pages/pages/principal/pages/pages/principal/menu_comunicados.php HTTP/1.1" 200 54693 "-" "Mozilla/5.0 (compatible; MJ12bot/v1.4.8; http://mj12bot.com/)"
190.85.87.250 - - [14/Jul/2026:20:47:24 +0000] "POST /acobranzas/cobranzas_consulta_cartera1.php HTTP/1.1" 200 5968 "http://www.asjudinet.com/acobranzas/cobranzas_consulta_cartera1.php" "Mozilla/5.0 (Windows NT 10.0; Win64; x64) AppleWebKit/537.36 (KHTML, like Gecko) Chrome/150.0.0.0 Safari/537.36"
51.68.32.135 - - [14/Jul/2026:20:47:26 +0000] "GET /index.php/20/8op9a7i2/925048/avigilajudicial/avigilajudicial/avigilajudicial/avigilajudicial/avigilajudicial/avigilajudicial/avigilajudicial/avigilajudicial/avigilajudicial/avigilajudicial/avigilajudicial/avigilajudicial/avigilajudicial/avigilajudicial/avigilajudicial/avigilajudicial/avigilajudicial/principal/avigilajudicial/avigilajudicial/principal/avigilajudicial/pages/pages/principal/principal/pages/pages/pages/pages/pages/principal/pages/pages/principal/misionvision.php HTTP/1.1" 200 54693 "-" "Mozilla/5.0 (compatible; MJ12bot/v1.4.8; http://mj12bot.com/)"
190.85.87.250 - - [14/Jul/2026:20:47:27 +0000] "POST /afinanciera/cartera_consultar_cargar_deb.php HTTP/1.1" 200 6055 "http://www.asjudinet.com/afinanciera/cartera_consultar_cargar_deb.php" "Mozilla/5.0 (Windows NT 10.0; Win64; x64) AppleWebKit/537.36 (KHTML, like Gecko) Chrome/150.0.0.0 Safari/537.36"
51.68.32.135 - - [14/Jul/2026:20:47:27 +0000] "GET /index.php/20/8op9a7i2/925048/avigilajudicial/avigilajudicial/avigilajudicial/avigilajudicial/avigilajudicial/avigilajudicial/avigilajudicial/avigilajudicial/avigilajudicial/avigilajudicial/avigilajudicial/avigilajudicial/avigilajudicial/avigilajudicial/avigilajudicial/avigilajudicial/avigilajudicial/principal/avigilajudicial/avigilajudicial/principal/avigilajudicial/pages/pages/principal/principal/pages/pages/pages/pages/pages/principal/pages/pages/principal/prepago.php HTTP/1.1" 200 54693 "-" "Mozilla/5.0 (compatible; MJ12bot/v1.4.8; http://mj12bot.com/)"
190.85.87.250 - - [14/Jul/2026:20:47:26 +0000] "GET /acobranzas/cobranzas_serviasju1.php?ced2=1049412033&numcon=24844 HTTP/1.1" 200 242117 "http://www.asjudinet.com/acobranzas/cobranzas_consulta_cartera1.php" "Mozilla/5.0 (Windows NT 10.0; Win64; x64) AppleWebKit/537.36 (KHTML, like Gecko) Chrome/150.0.0.0 Safari/537.36"
190.85.87.250 - - [14/Jul/2026:20:47:26 +0000] "GET /acobranzas/cobranzas_serviasju1.php?ced2=1049412033&numcon=24844 HTTP/1.1" 200 16847 "http://www.asjudinet.com/acobranzas/cobranzas_consulta_cartera1.php" "Mozilla/5.0 (Windows NT 10.0; Win64; x64) AppleWebKit/537.36 (KHTML, like Gecko) Chrome/150.0.0.0 Safari/537.36"
51.68.32.135 - - [14/Jul/2026:20:47:29 +0000] "GET /index.php/20/8op9a7i2/925048/avigilajudicial/avigilajudicial/avigilajudicial/avigilajudicial/avigilajudicial/avigilajudicial/avigilajudicial/avigilajudicial/avigilajudicial/avigilajudicial/avigilajudicial/avigilajudicial/avigilajudicial/avigilajudicial/avigilajudicial/avigilajudicial/avigilajudicial/principal/avigilajudicial/avigilajudicial/principal/avigilajudicial/pages/pages/principal/principal/pages/pages/pages/pages/pages/principal/pages/pages/principal/quienes.php HTTP/1.1" 200 54693 "-" "Mozilla/5.0 (compatible; MJ12bot/v1.4.8; http://mj12bot.com/)"
190.85.87.250 - - [14/Jul/2026:20:47:28 +0000] "GET /afinanciera/cartera_cargar_manual_deb.php?ced2=1062778983&numcon=27920 HTTP/1.1" 200 183514 "http://www.asjudinet.com/afinanciera/cartera_consultar_cargar_deb.php" "Mozilla/5.0 (Windows NT 10.0; Win64; x64) AppleWebKit/537.36 (KHTML, like Gecko) Chrome/150.0.0.0 Safari/537.36"
51.68.32.135 - - [14/Jul/2026:20:47:31 +0000] "GET /index.php/20/8op9a7i2/925048/avigilajudicial/avigilajudicial/avigilajudicial/avigilajudicial/avigilajudicial/avigilajudicial/avigilajudicial/avigilajudicial/avigilajudicial/avigilajudicial/avigilajudicial/avigilajudicial/avigilajudicial/avigilajudicial/avigilajudicial/avigilajudicial/avigilajudicial/principal/avigilajudicial/avigilajudicial/principal/avigilajudicial/pages/pages/principal/principal/pages/pages/pages/pages/pages/principal/pages/pages/principal/soporteacademico.php HTTP/1.1" 200 54693 "-" "Mozilla/5.0 (compatible; MJ12bot/v1.4.8; http://mj12bot.com/)"
51.68.32.135 - - [14/Jul/2026:20:47:33 +0000] "GET /index.php/20/8op9a7i2/925048/avigilajudicial/avigilajudicial/avigilajudicial/avigilajudicial/avigilajudicial/avigilajudicial/avigilajudicial/avigilajudicial/avigilajudicial/avigilajudicial/avigilajudicial/avigilajudicial/avigilajudicial/avigilajudicial/avigilajudicial/avigilajudicial/avigilajudicial/principal/avigilajudicial/avigilajudicial/principal/avigilajudicial/pages/pages/principal/principal/pages/pages/pages/pages/pages/principal/pages/pages/principal/sucursales.php HTTP/1.1" 200 54693 "-" "Mozilla/5.0 (compatible; MJ12bot/v1.4.8; http://mj12bot.com/)"
51.68.32.135 - - [14/Jul/2026:20:47:35 +0000] "GET /index.php/20/8op9a7i2/925048/avigilajudicial/avigilajudicial/avigilajudicial/avigilajudicial/avigilajudicial/avigilajudicial/avigilajudicial/avigilajudicial/avigilajudicial/avigilajudicial/avigilajudicial/avigilajudicial/avigilajudicial/avigilajudicial/avigilajudicial/avigilajudicial/avigilajudicial/principal/avigilajudicial/avigilajudicial/principal/avigilajudicial/pages/pages/principal/principal/pages/pages/pages/pages/pages/principal/pages/pages/principal/sucursales_satelites.php HTTP/1.1" 200 54693 "-" "Mozilla/5.0 (compatible; MJ12bot/v1.4.8; http://mj12bot.com/)"
114.119.128.77 - - [14/Jul/2026:20:47:35 +0000] "GET /index.php/zzztvsa/39aayzpksh_liqzne72382/pages/principal/pages/principal/principal/pages/principal/contactenos.php HTTP/1.1" 200 54693 "http://www.asjudinet.com/index.php/zzztvsa/39aayzpksh_liqzne72382/pages/principal/pages/principal/principal/pages/val_usuarios.php" "Mozilla/5.0 (Linux; Android 7.0;) AppleWebKit/537.36 (HTML, like Gecko) Mobile Safari/537.36 (compatible; PetalBot;+https://webmaster.petalsearch.com/site/petalbot)"
51.68.32.135 - - [14/Jul/2026:20:47:36 +0000] "GET /index.php/20/8op9a7i2/925048/avigilajudicial/avigilajudicial/avigilajudicial/avigilajudicial/avigilajudicial/avigilajudicial/avigilajudicial/avigilajudicial/avigilajudicial/avigilajudicial/avigilajudicial/avigilajudicial/avigilajudicial/avigilajudicial/avigilajudicial/avigilajudicial/avigilajudicial/principal/avigilajudicial/avigilajudicial/principal/avigilajudicial/pages/pages/principal/principal/pages/pages/pages/pages/pages/principal/pages/pages/principal/testimonios.php HTTP/1.1" 200 54693 "-" "Mozilla/5.0 (compatible; MJ12bot/v1.4.8; http://mj12bot.com/)"
51.68.32.135 - - [14/Jul/2026:20:47:38 +0000] "GET /index.php/20/8op9a7i2/925048/avigilajudicial/avigilajudicial/avigilajudicial/avigilajudicial/avigilajudicial/avigilajudicial/avigilajudicial/avigilajudicial/avigilajudicial/avigilajudicial/avigilajudicial/avigilajudicial/avigilajudicial/avigilajudicial/avigilajudicial/avigilajudicial/avigilajudicial/principal/avigilajudicial/avigilajudicial/principal/avigilajudicial/pages/pages/principal/principal/pages/pages/pages/pages/pages/principal/pages/pages/principal/trayectoria.php HTTP/1.1" 200 54693 "-" "Mozilla/5.0 (compatible; MJ12bot/v1.4.8; http://mj12bot.com/)"
51.68.32.135 - - [14/Jul/2026:20:47:40 +0000] "GET /index.php/20/8op9a7i2/925048/avigilajudicial/avigilajudicial/avigilajudicial/avigilajudicial/avigilajudicial/avigilajudicial/avigilajudicial/avigilajudicial/avigilajudicial/avigilajudicial/avigilajudicial/avigilajudicial/avigilajudicial/avigilajudicial/avigilajudicial/avigilajudicial/avigilajudicial/principal/avigilajudicial/avigilajudicial/principal/avigilajudicial/pages/pages/principal/principal/pages/pages/pages/pages/pages/principal/pages/pages/principal/ventajas.php HTTP/1.1" 200 54693 "-" "Mozilla/5.0 (compatible; MJ12bot/v1.4.8; http://mj12bot.com/)"
51.68.32.135 - - [14/Jul/2026:20:47:42 +0000] "GET /index.php/20/8op9a7i2/925048/avigilajudicial/avigilajudicial/avigilajudicial/avigilajudicial/avigilajudicial/avigilajudicial/avigilajudicial/avigilajudicial/avigilajudicial/avigilajudicial/avigilajudicial/avigilajudicial/avigilajudicial/avigilajudicial/avigilajudicial/avigilajudicial/avigilajudicial/principal/avigilajudicial/avigilajudicial/principal/avigilajudicial/pages/pages/principal/principal/pages/pages/pages/pages/pages/principal/pages/pages/principal/video_empresa.php HTTP/1.1" 200 54693 "-" "Mozilla/5.0 (compatible; MJ12bot/v1.4.8; http://mj12bot.com/)"
51.68.32.135 - - [14/Jul/2026:20:47:44 +0000] "GET /index.php/20/8op9a7i2/925048/avigilajudicial/avigilajudicial/avigilajudicial/avigilajudicial/avigilajudicial/avigilajudicial/avigilajudicial/avigilajudicial/avigilajudicial/avigilajudicial/avigilajudicial/avigilajudicial/avigilajudicial/avigilajudicial/avigilajudicial/avigilajudicial/avigilajudicial/principal/avigilajudicial/avigilajudicial/principal/avigilajudicial/pages/pages/principal/principal/pages/pages/pages/pages/pages/principal/pages/pages/val_usuarios.php HTTP/1.1" 200 54693 "-" "Mozilla/5.0 (compatible; MJ12bot/v1.4.8; http://mj12bot.com/)"
190.85.87.250 - - [14/Jul/2026:20:47:43 +0000] "POST /ingresar_atencion_histoser_func.php?atencion=138636&id=79253848&cedf=1013657865 HTTP/1.1" 200 18850 "http://www.asjudinet.com/ingresar_atencion_histoser_func.php?atencion=138636&id=79253848&cedf=1013657865" "Mozilla/5.0 (Windows NT 10.0; Win64; x64) AppleWebKit/537.36 (KHTML, like Gecko) Chrome/125.0.0.0 Safari/537.36"
51.68.32.135 - - [14/Jul/2026:20:47:45 +0000] "GET /index.php/20/8op9a7i2/925048/avigilajudicial/avigilajudicial/avigilajudicial/avigilajudicial/avigilajudicial/avigilajudicial/avigilajudicial/avigilajudicial/avigilajudicial/avigilajudicial/avigilajudicial/avigilajudicial/avigilajudicial/avigilajudicial/avigilajudicial/avigilajudicial/avigilajudicial/principal/avigilajudicial/avigilajudicial/principal/avigilajudicial/pages/pages/principal/principal/pages/pages/pages/pages/pages/principal/pages/pages/val_usuarios_IURIS.php HTTP/1.1" 200 54693 "-" "Mozilla/5.0 (compatible; MJ12bot/v1.4.8; http://mj12bot.com/)"
51.68.32.135 - - [14/Jul/2026:20:47:47 +0000] "GET /index.php/20/8op9a7i2/925048/avigilajudicial/avigilajudicial/avigilajudicial/avigilajudicial/avigilajudicial/avigilajudicial/avigilajudicial/avigilajudicial/avigilajudicial/avigilajudicial/avigilajudicial/avigilajudicial/avigilajudicial/avigilajudicial/avigilajudicial/avigilajudicial/avigilajudicial/principal/avigilajudicial/avigilajudicial/principal/avigilajudicial/pages/pages/principal/principal/pages/pages/pages/pages/pages/principal/pages/pages/validar_usuarios_pagina.php HTTP/1.1" 200 54693 "-" "Mozilla/5.0 (compatible; MJ12bot/v1.4.8; http://mj12bot.com/)"
190.85.87.250 - - [14/Jul/2026:20:47:46 +0000] "POST /afinanciera/cartera_cargar_manual_deb.php?ced2=1062778983&numcon=27920 HTTP/1.1" 200 185268 "http://www.asjudinet.com/afinanciera/cartera_cargar_manual_deb.php?ced2=1062778983&numcon=27920" "Mozilla/5.0 (Windows NT 10.0; Win64; x64) AppleWebKit/537.36 (KHTML, like Gecko) Chrome/150.0.0.0 Safari/537.36"
51.68.32.135 - - [14/Jul/2026:20:47:49 +0000] "GET /index.php/20/8op9a7i2/925048/avigilajudicial/avigilajudicial/avigilajudicial/avigilajudicial/avigilajudicial/avigilajudicial/avigilajudicial/avigilajudicial/avigilajudicial/avigilajudicial/avigilajudicial/avigilajudicial/avigilajudicial/avigilajudicial/avigilajudicial/avigilajudicial/avigilajudicial/principal/avigilajudicial/avigilajudicial/principal/avigilajudicial/pages/pages/principal/principal/pages/pages/pages/pages/pages/principal/pages/principal/formulario_seminario_dih.php HTTP/1.1" 200 54693 "-" "Mozilla/5.0 (compatible; MJ12bot/v1.4.8; http://mj12bot.com/)"
51.68.32.135 - - [14/Jul/2026:20:47:51 +0000] "GET /index.php/20/8op9a7i2/925048/avigilajudicial/avigilajudicial/avigilajudicial/avigilajudicial/avigilajudicial/avigilajudicial/avigilajudicial/avigilajudicial/avigilajudicial/avigilajudicial/avigilajudicial/avigilajudicial/avigilajudicial/avigilajudicial/avigilajudicial/avigilajudicial/avigilajudicial/principal/avigilajudicial/avigilajudicial/principal/avigilajudicial/pages/pages/principal/principal/pages/pages/pages/pages/pages/principal/pages/principal/index.php HTTP/1.1" 200 54693 "-" "Mozilla/5.0 (compatible; MJ12bot/v1.4.8; http://mj12bot.com/)"
51.68.32.135 - - [14/Jul/2026:20:47:53 +0000] "GET /index.php/20/8op9a7i2/925048/avigilajudicial/avigilajudicial/avigilajudicial/avigilajudicial/avigilajudicial/avigilajudicial/avigilajudicial/avigilajudicial/avigilajudicial/avigilajudicial/avigilajudicial/avigilajudicial/avigilajudicial/avigilajudicial/avigilajudicial/avigilajudicial/avigilajudicial/principal/avigilajudicial/avigilajudicial/principal/avigilajudicial/pages/pages/principal/principal/pages/pages/pages/pages/pages/principal/pages/principal/pages/menu_procesos_todos.php HTTP/1.1" 200 54693 "-" "Mozilla/5.0 (compatible; MJ12bot/v1.4.8; http://mj12bot.com/)"
51.68.32.135 - - [14/Jul/2026:20:47:54 +0000] "GET /index.php/20/8op9a7i2/925048/avigilajudicial/avigilajudicial/avigilajudicial/avigilajudicial/avigilajudicial/avigilajudicial/avigilajudicial/avigilajudicial/avigilajudicial/avigilajudicial/avigilajudicial/avigilajudicial/avigilajudicial/avigilajudicial/avigilajudicial/avigilajudicial/avigilajudicial/principal/avigilajudicial/avigilajudicial/principal/avigilajudicial/pages/pages/principal/principal/pages/pages/pages/pages/pages/principal/pages/principal/principal/asesoria.php HTTP/1.1" 200 54693 "-" "Mozilla/5.0 (compatible; MJ12bot/v1.4.8; http://mj12bot.com/)"
190.85.87.250 - - [14/Jul/2026:20:47:55 +0000] "GET /consulta_ced_accion_tomada.php HTTP/1.1" 200 4463 "-" "Mozilla/5.0 (Windows NT 10.0; Win64; x64) AppleWebKit/537.36 (KHTML, like Gecko) Chrome/125.0.0.0 Safari/537.36"
51.68.32.135 - - [14/Jul/2026:20:47:56 +0000] "GET /index.php/20/8op9a7i2/925048/avigilajudicial/avigilajudicial/avigilajudicial/avigilajudicial/avigilajudicial/avigilajudicial/avigilajudicial/avigilajudicial/avigilajudicial/avigilajudicial/avigilajudicial/avigilajudicial/avigilajudicial/avigilajudicial/avigilajudicial/avigilajudicial/avigilajudicial/principal/avigilajudicial/avigilajudicial/principal/avigilajudicial/pages/pages/principal/principal/pages/pages/pages/pages/pages/principal/pages/principal/principal/casos_exito.php HTTP/1.1" 200 54693 "-" "Mozilla/5.0 (compatible; MJ12bot/v1.4.8; http://mj12bot.com/)"
51.68.32.135 - - [14/Jul/2026:20:47:58 +0000] "GET /index.php/20/8op9a7i2/925048/avigilajudicial/avigilajudicial/avigilajudicial/avigilajudicial/avigilajudicial/avigilajudicial/avigilajudicial/avigilajudicial/avigilajudicial/avigilajudicial/avigilajudicial/avigilajudicial/avigilajudicial/avigilajudicial/avigilajudicial/avigilajudicial/avigilajudicial/principal/avigilajudicial/avigilajudicial/principal/avigilajudicial/pages/pages/principal/principal/pages/pages/pages/pages/pages/principal/pages/principal/principal/contactenos.php HTTP/1.1" 200 54693 "-" "Mozilla/5.0 (compatible; MJ12bot/v1.4.8; http://mj12bot.com/)"
51.68.32.135 - - [14/Jul/2026:20:48:00 +0000] "GET /index.php/20/8op9a7i2/925048/avigilajudicial/avigilajudicial/avigilajudicial/avigilajudicial/avigilajudicial/avigilajudicial/avigilajudicial/avigilajudicial/avigilajudicial/avigilajudicial/avigilajudicial/avigilajudicial/avigilajudicial/avigilajudicial/avigilajudicial/avigilajudicial/avigilajudicial/principal/avigilajudicial/avigilajudicial/principal/avigilajudicial/pages/pages/principal/principal/pages/pages/pages/pages/pages/principal/pages/principal/principal/contratopersonas.php HTTP/1.1" 200 54693 "-" "Mozilla/5.0 (compatible; MJ12bot/v1.4.8; http://mj12bot.com/)"
190.85.87.250 - - [14/Jul/2026:20:48:01 +0000] "POST /consulta_ced_accion_tomada.php HTTP/1.1" 200 6667 "http://www.asjudinet.com/consulta_ced_accion_tomada.php" "Mozilla/5.0 (Windows NT 10.0; Win64; x64) AppleWebKit/537.36 (KHTML, like Gecko) Chrome/125.0.0.0 Safari/537.36"
190.85.87.250 - - [14/Jul/2026:20:48:01 +0000] "POST /afinanciera/cartera_consultar_cargar_deb.php HTTP/1.1" 200 6057 "http://www.asjudinet.com/afinanciera/cartera_consultar_cargar_deb.php" "Mozilla/5.0 (Windows NT 10.0; Win64; x64) AppleWebKit/537.36 (KHTML, like Gecko) Chrome/150.0.0.0 Safari/537.36"
51.68.32.135 - - [14/Jul/2026:20:48:02 +0000] "GET /index.php/20/8op9a7i2/925048/avigilajudicial/avigilajudicial/avigilajudicial/avigilajudicial/avigilajudicial/avigilajudicial/avigilajudicial/avigilajudicial/avigilajudicial/avigilajudicial/avigilajudicial/avigilajudicial/avigilajudicial/avigilajudicial/avigilajudicial/avigilajudicial/avigilajudicial/principal/avigilajudicial/avigilajudicial/principal/avigilajudicial/pages/pages/principal/principal/pages/pages/pages/pages/pages/principal/pages/principal/principal/enlaces.php HTTP/1.1" 200 54693 "-" "Mozilla/5.0 (compatible; MJ12bot/v1.4.8; http://mj12bot.com/)"
51.68.32.135 - - [14/Jul/2026:20:48:04 +0000] "GET /index.php/20/8op9a7i2/925048/avigilajudicial/avigilajudicial/avigilajudicial/avigilajudicial/avigilajudicial/avigilajudicial/avigilajudicial/avigilajudicial/avigilajudicial/avigilajudicial/avigilajudicial/avigilajudicial/avigilajudicial/avigilajudicial/avigilajudicial/avigilajudicial/avigilajudicial/principal/avigilajudicial/avigilajudicial/principal/avigilajudicial/pages/pages/principal/principal/pages/pages/pages/pages/pages/principal/pages/principal/principal/lista_email.php HTTP/1.1" 200 54693 "-" "Mozilla/5.0 (compatible; MJ12bot/v1.4.8; http://mj12bot.com/)"
51.68.32.135 - - [14/Jul/2026:20:48:05 +0000] "GET /index.php/20/8op9a7i2/925048/avigilajudicial/avigilajudicial/avigilajudicial/avigilajudicial/avigilajudicial/avigilajudicial/avigilajudicial/avigilajudicial/avigilajudicial/avigilajudicial/avigilajudicial/avigilajudicial/avigilajudicial/avigilajudicial/avigilajudicial/avigilajudicial/avigilajudicial/principal/avigilajudicial/avigilajudicial/principal/avigilajudicial/pages/pages/principal/principal/pages/pages/pages/pages/pages/principal/pages/principal/principal/menu_comunicados.php HTTP/1.1" 200 54693 "-" "Mozilla/5.0 (compatible; MJ12bot/v1.4.8; http://mj12bot.com/)"
190.85.87.250 - - [14/Jul/2026:20:48:04 +0000] "GET /afinanciera/cartera_cargar_manual_deb.php?ced2=1038807888&numcon=33675 HTTP/1.1" 200 149246 "http://www.asjudinet.com/afinanciera/cartera_consultar_cargar_deb.php" "Mozilla/5.0 (Windows NT 10.0; Win64; x64) AppleWebKit/537.36 (KHTML, like Gecko) Chrome/150.0.0.0 Safari/537.36"
190.85.87.250 - - [14/Jul/2026:20:48:07 +0000] "GET /ingresar_accion_tomada.php?cedul=79253848&atencion=138636&fechase=2026-07-14&esta=5 HTTP/1.1" 200 17079 "http://www.asjudinet.com/consulta_ced_accion_tomada.php" "Mozilla/5.0 (Windows NT 10.0; Win64; x64) AppleWebKit/537.36 (KHTML, like Gecko) Chrome/125.0.0.0 Safari/537.36"
51.68.32.135 - - [14/Jul/2026:20:48:07 +0000] "GET /index.php/20/8op9a7i2/925048/avigilajudicial/avigilajudicial/avigilajudicial/avigilajudicial/avigilajudicial/avigilajudicial/avigilajudicial/avigilajudicial/avigilajudicial/avigilajudicial/avigilajudicial/avigilajudicial/avigilajudicial/avigilajudicial/avigilajudicial/avigilajudicial/avigilajudicial/principal/avigilajudicial/avigilajudicial/principal/avigilajudicial/pages/pages/principal/principal/pages/pages/pages/pages/pages/principal/pages/principal/principal/misionvision.php HTTP/1.1" 200 54693 "-" "Mozilla/5.0 (compatible; MJ12bot/v1.4.8; http://mj12bot.com/)"
51.68.32.135 - - [14/Jul/2026:20:48:09 +0000] "GET /index.php/20/8op9a7i2/925048/avigilajudicial/avigilajudicial/avigilajudicial/avigilajudicial/avigilajudicial/avigilajudicial/avigilajudicial/avigilajudicial/avigilajudicial/avigilajudicial/avigilajudicial/avigilajudicial/avigilajudicial/avigilajudicial/avigilajudicial/avigilajudicial/avigilajudicial/principal/avigilajudicial/avigilajudicial/principal/avigilajudicial/pages/pages/principal/principal/pages/pages/pages/pages/pages/principal/pages/principal/principal/prepago.php HTTP/1.1" 200 54693 "-" "Mozilla/5.0 (compatible; MJ12bot/v1.4.8; http://mj12bot.com/)"
51.68.32.135 - - [14/Jul/2026:20:48:11 +0000] "GET /index.php/20/8op9a7i2/925048/avigilajudicial/avigilajudicial/avigilajudicial/avigilajudicial/avigilajudicial/avigilajudicial/avigilajudicial/avigilajudicial/avigilajudicial/avigilajudicial/avigilajudicial/avigilajudicial/avigilajudicial/avigilajudicial/avigilajudicial/avigilajudicial/avigilajudicial/principal/avigilajudicial/avigilajudicial/principal/avigilajudicial/pages/pages/principal/principal/pages/pages/pages/pages/pages/principal/pages/principal/principal/quienes.php HTTP/1.1" 200 54693 "-" "Mozilla/5.0 (compatible; MJ12bot/v1.4.8; http://mj12bot.com/)"
51.68.32.135 - - [14/Jul/2026:20:48:13 +0000] "GET /index.php/20/8op9a7i2/925048/avigilajudicial/avigilajudicial/avigilajudicial/avigilajudicial/avigilajudicial/avigilajudicial/avigilajudicial/avigilajudicial/avigilajudicial/avigilajudicial/avigilajudicial/avigilajudicial/avigilajudicial/avigilajudicial/avigilajudicial/avigilajudicial/avigilajudicial/principal/avigilajudicial/avigilajudicial/principal/principal/pages/pages/avigilajudicial/pages/pages/principal/pages/pages/principal/avigilajudicial/formulario_seminario_dih.php HTTP/1.1" 200 54693 "-" "Mozilla/5.0 (compatible; MJ12bot/v1.4.8; http://mj12bot.com/)"
51.68.32.135 - - [14/Jul/2026:20:48:14 +0000] "GET /index.php/20/8op9a7i2/925048/avigilajudicial/avigilajudicial/avigilajudicial/avigilajudicial/avigilajudicial/avigilajudicial/avigilajudicial/avigilajudicial/avigilajudicial/avigilajudicial/avigilajudicial/avigilajudicial/avigilajudicial/avigilajudicial/avigilajudicial/avigilajudicial/avigilajudicial/principal/avigilajudicial/avigilajudicial/principal/principal/pages/pages/avigilajudicial/pages/pages/principal/pages/pages/principal/avigilajudicial/principal/principal/misionvision.php HTTP/1.1" 200 54693 "-" "Mozilla/5.0 (compatible; MJ12bot/v1.4.8; http://mj12bot.com/)"
51.68.32.135 - - [14/Jul/2026:20:48:16 +0000] "GET /index.php/20/8op9a7i2/925048/avigilajudicial/avigilajudicial/avigilajudicial/avigilajudicial/avigilajudicial/avigilajudicial/avigilajudicial/avigilajudicial/avigilajudicial/avigilajudicial/avigilajudicial/avigilajudicial/avigilajudicial/avigilajudicial/avigilajudicial/avigilajudicial/avigilajudicial/principal/avigilajudicial/avigilajudicial/principal/principal/pages/pages/avigilajudicial/pages/pages/principal/pages/pages/principal/enlaces.php HTTP/1.1" 200 54693 "-" "Mozilla/5.0 (compatible; MJ12bot/v1.4.8; http://mj12bot.com/)"
51.68.32.135 - - [14/Jul/2026:20:48:18 +0000] "GET /index.php/20/8op9a7i2/925048/avigilajudicial/avigilajudicial/avigilajudicial/avigilajudicial/avigilajudicial/avigilajudicial/avigilajudicial/avigilajudicial/avigilajudicial/avigilajudicial/avigilajudicial/avigilajudicial/avigilajudicial/avigilajudicial/avigilajudicial/avigilajudicial/avigilajudicial/principal/avigilajudicial/avigilajudicial/principal/principal/pages/pages/avigilajudicial/pages/pages/principal/pages/pages/principal/pages/avigilajudicial/pages/principal/prepago.php HTTP/1.1" 200 54693 "-" "Mozilla/5.0 (compatible; MJ12bot/v1.4.8; http://mj12bot.com/)"
190.85.87.250 - - [14/Jul/2026:20:48:22 +0000] "POST /afinanciera/cartera_cargar_manual_deb.php?ced2=1038807888&numcon=33675 HTTP/1.1" 200 150998 "http://www.asjudinet.com/afinanciera/cartera_cargar_manual_deb.php?ced2=1038807888&numcon=33675" "Mozilla/5.0 (Windows NT 10.0; Win64; x64) AppleWebKit/537.36 (KHTML, like Gecko) Chrome/150.0.0.0 Safari/537.36"
190.85.87.250 - - [14/Jul/2026:20:48:51 +0000] "POST /afinanciera/cartera_consultar_cargar_deb.php HTTP/1.1" 200 6059 "http://www.asjudinet.com/afinanciera/cartera_consultar_cargar_deb.php" "Mozilla/5.0 (Windows NT 10.0; Win64; x64) AppleWebKit/537.36 (KHTML, like Gecko) Chrome/150.0.0.0 Safari/537.36"
190.85.87.250 - - [14/Jul/2026:20:48:52 +0000] "GET /afinanciera/cartera_cargar_manual_deb.php?ced2=1062875482&numcon=28680 HTTP/1.1" 200 210644 "http://www.asjudinet.com/afinanciera/cartera_consultar_cargar_deb.php" "Mozilla/5.0 (Windows NT 10.0; Win64; x64) AppleWebKit/537.36 (KHTML, like Gecko) Chrome/150.0.0.0 Safari/537.36"
114.119.150.5 - - [14/Jul/2026:20:49:01 +0000] "GET /index.php/zzztvsa/39aayzpksh_liqzne72382/pages/principal/pages/principal/principal/avigilajudicial/principal/misionvision.php HTTP/1.1" 200 54693 "http://www.asjudinet.com/index.php/zzztvsa/39aayzpksh_liqzne72382/pages/principal/pages/principal/principal/avigilajudicial/principal/misionvision.php" "Mozilla/5.0 (Linux; Android 7.0;) AppleWebKit/537.36 (HTML, like Gecko) Mobile Safari/537.36 (compatible; PetalBot;+https://webmaster.petalsearch.com/site/petalbot)"
190.85.87.250 - - [14/Jul/2026:20:49:09 +0000] "POST /afinanciera/cartera_cargar_manual_deb.php?ced2=1062875482&numcon=28680 HTTP/1.1" 200 212397 "http://www.asjudinet.com/afinanciera/cartera_cargar_manual_deb.php?ced2=1062875482&numcon=28680" "Mozilla/5.0 (Windows NT 10.0; Win64; x64) AppleWebKit/537.36 (KHTML, like Gecko) Chrome/150.0.0.0 Safari/537.36"
190.85.87.250 - - [14/Jul/2026:20:50:15 +0000] "POST /ingresar_accion_tomada.php?cedul=79253848&atencion=138636&fechase=2026-07-14&esta=5 HTTP/1.1" 200 17216 "http://www.asjudinet.com/ingresar_accion_tomada.php?cedul=79253848&atencion=138636&fechase=2026-07-14&esta=5" "Mozilla/5.0 (Windows NT 10.0; Win64; x64) AppleWebKit/537.36 (KHTML, like Gecko) Chrome/125.0.0.0 Safari/537.36"
114.119.150.5 - - [14/Jul/2026:20:50:22 +0000] "GET /index.php/zzztvsa/39aayzpksh_liqzne72382/pages/principal/pages/principal/pages/principal/NoticiasImportantes.php HTTP/1.1" 200 54693 "http://www.asjudinet.com/index.php/zzztvsa/39aayzpksh_liqzne72382/pages/principal/pages/principal/pages/principal/NoticiasImportantes.php" "Mozilla/5.0 (Linux; Android 7.0;) AppleWebKit/537.36 (HTML, like Gecko) Mobile Safari/537.36 (compatible; PetalBot;+https://webmaster.petalsearch.com/site/petalbot)"
190.85.87.250 - - [14/Jul/2026:20:51:04 +0000] "POST /afinanciera/cartera_consultar_cargar_deb.php HTTP/1.1" 200 6056 "http://www.asjudinet.com/afinanciera/cartera_consultar_cargar_deb.php" "Mozilla/5.0 (Windows NT 10.0; Win64; x64) AppleWebKit/537.36 (KHTML, like Gecko) Chrome/150.0.0.0 Safari/537.36"
190.85.87.250 - - [14/Jul/2026:20:51:05 +0000] "GET /ingresar_accion_tomada.php?cedul=79253848&atencion=138636&fechase=2026-07-14&esta=5 HTTP/1.1" 200 17079 "http://www.asjudinet.com/consulta_ced_accion_tomada.php" "Mozilla/5.0 (Windows NT 10.0; Win64; x64) AppleWebKit/537.36 (KHTML, like Gecko) Chrome/125.0.0.0 Safari/537.36"
190.85.87.250 - - [14/Jul/2026:20:51:06 +0000] "GET /afinanciera/cartera_cargar_manual_deb.php?ced2=1038798062&numcon=28613 HTTP/1.1" 200 186908 "http://www.asjudinet.com/afinanciera/cartera_consultar_cargar_deb.php" "Mozilla/5.0 (Windows NT 10.0; Win64; x64) AppleWebKit/537.36 (KHTML, like Gecko) Chrome/150.0.0.0 Safari/537.36"
190.85.87.250 - - [14/Jul/2026:20:51:07 +0000] "POST /consulta_ced_info_servi.php HTTP/1.1" 200 6938 "http://www.asjudinet.com/consulta_ced_info_servi.php" "Mozilla/5.0 (Windows NT 10.0; Win64; x64) AppleWebKit/537.36 (KHTML, like Gecko) Chrome/150.0.0.0 Safari/537.36"
190.85.87.250 - - [14/Jul/2026:20:51:11 +0000] "GET /consulta_ced_histoser1.php?cf=&nf= HTTP/1.1" 200 4572 "-" "Mozilla/5.0 (Windows NT 10.0; Win64; x64) AppleWebKit/537.36 (KHTML, like Gecko) Chrome/125.0.0.0 Safari/537.36"
190.85.87.250 - - [14/Jul/2026:20:51:12 +0000] "GET /cartera_consulta_titu_usuario.php?ced2=63302681&numcon=1519 HTTP/1.1" 200 489880 "http://www.asjudinet.com/consulta_ced_info_servi.php" "Mozilla/5.0 (Windows NT 10.0; Win64; x64) AppleWebKit/537.36 (KHTML, like Gecko) Chrome/150.0.0.0 Safari/537.36"
190.85.87.250 - - [14/Jul/2026:20:51:21 +0000] "POST /consulta_ced_histoser1.php?cf=&nf= HTTP/1.1" 200 6389 "http://www.asjudinet.com/consulta_ced_histoser1.php?cf=&nf=" "Mozilla/5.0 (Windows NT 10.0; Win64; x64) AppleWebKit/537.36 (KHTML, like Gecko) Chrome/125.0.0.0 Safari/537.36"
190.85.87.250 - - [14/Jul/2026:20:51:21 +0000] "POST /afinanciera/cartera_cargar_manual_deb.php?ced2=1038798062&numcon=28613 HTTP/1.1" 200 188660 "http://www.asjudinet.com/afinanciera/cartera_cargar_manual_deb.php?ced2=1038798062&numcon=28613" "Mozilla/5.0 (Windows NT 10.0; Win64; x64) AppleWebKit/537.36 (KHTML, like Gecko) Chrome/150.0.0.0 Safari/537.36"
190.85.87.250 - - [14/Jul/2026:20:51:22 +0000] "GET /consulta_atencion.php?atencion=138636&id=79253848 HTTP/1.1" 200 11112 "http://www.asjudinet.com/consulta_ced_histoser1.php?cf=&nf=" "Mozilla/5.0 (Windows NT 10.0; Win64; x64) AppleWebKit/537.36 (KHTML, like Gecko) Chrome/125.0.0.0 Safari/537.36"
190.85.87.250 - - [14/Jul/2026:20:51:23 +0000] "GET /fondo_argollado.gif HTTP/1.1" 404 - "http://www.asjudinet.com/consulta_atencion.php?atencion=138636&id=79253848" "Mozilla/5.0 (Windows NT 10.0; Win64; x64) AppleWebKit/537.36 (KHTML, like Gecko) Chrome/125.0.0.0 Safari/537.36"
190.85.87.250 - - [14/Jul/2026:20:51:30 +0000] "GET /callcenter_consulta_tickets.php?ced=63302681 HTTP/1.1" 200 21985 "http://www.asjudinet.com/cartera_consulta_titu_usuario.php?ced2=63302681&numcon=1519" "Mozilla/5.0 (Windows NT 10.0; Win64; x64) AppleWebKit/537.36 (KHTML, like Gecko) Chrome/150.0.0.0 Safari/537.36"
190.85.87.250 - - [14/Jul/2026:20:51:34 +0000] "POST /afinanciera/cartera_consultar_cargar_deb.php HTTP/1.1" 200 6057 "http://www.asjudinet.com/afinanciera/cartera_consultar_cargar_deb.php" "Mozilla/5.0 (Windows NT 10.0; Win64; x64) AppleWebKit/537.36 (KHTML, like Gecko) Chrome/150.0.0.0 Safari/537.36"
190.85.87.250 - - [14/Jul/2026:20:51:34 +0000] "GET /callcenter/respuesta_tickets.php?cedulita=63302681&numcon=1519&fecha=2026-05-08&atencion=106191&funcionario= HTTP/1.1" 200 21041 "http://www.asjudinet.com/callcenter_consulta_tickets.php?ced=63302681" "Mozilla/5.0 (Windows NT 10.0; Win64; x64) AppleWebKit/537.36 (KHTML, like Gecko) Chrome/150.0.0.0 Safari/537.36"
190.85.87.250 - - [14/Jul/2026:20:51:37 +0000] "GET /afinanciera/cartera_cargar_manual_deb.php?ced2=1069728007&numcon=28612 HTTP/1.1" 200 188607 "http://www.asjudinet.com/afinanciera/cartera_consultar_cargar_deb.php" "Mozilla/5.0 (Windows NT 10.0; Win64; x64) AppleWebKit/537.36 (KHTML, like Gecko) Chrome/150.0.0.0 Safari/537.36"
114.119.136.100 - - [14/Jul/2026:20:51:46 +0000] "GET /index.php/zzztvsa/39aayzpksh_liqzne72382/principal/principal/pages/ELEMENTS/principal/avigilajudicial/pages/principal/contactenos.php HTTP/1.1" 200 54693 "http://www.asjudinet.com/index.php/zzztvsa/39aayzpksh_liqzne72382/principal/principal/pages/ELEMENTS/principal/avigilajudicial/pages/principal/contactenos.php" "Mozilla/5.0 (Linux; Android 7.0;) AppleWebKit/537.36 (HTML, like Gecko) Mobile Safari/537.36 (compatible; PetalBot;+https://webmaster.petalsearch.com/site/petalbot)"
190.85.191.209 - - [14/Jul/2026:20:51:45 +0000] "POST /afinanciera/cartera_cargar_manual_deb.php?ced2=1049412033&numcon=24844 HTTP/1.1" 200 242986 "http://www.asjudinet.com/afinanciera/cartera_cargar_manual_deb.php?ced2=1049412033&numcon=24844" "Mozilla/5.0 (Windows NT 10.0; Win64; x64) AppleWebKit/537.36 (KHTML, like Gecko) Chrome/150.0.0.0 Safari/537.36"
190.85.87.250 - - [14/Jul/2026:20:52:04 +0000] "GET /callcenter_consulta_tickets.php?ced=63302681 HTTP/1.1" 200 21985 "http://www.asjudinet.com/cartera_consulta_titu_usuario.php?ced2=63302681&numcon=1519" "Mozilla/5.0 (Windows NT 10.0; Win64; x64) AppleWebKit/537.36 (KHTML, like Gecko) Chrome/150.0.0.0 Safari/537.36"
190.85.87.250 - - [14/Jul/2026:20:52:07 +0000] "GET /callcenter/respuesta_tickets.php?cedulita=63302681&numcon=1519&fecha=2026-05-08&atencion=106191&funcionario= HTTP/1.1" 200 21041 "http://www.asjudinet.com/callcenter_consulta_tickets.php?ced=63302681" "Mozilla/5.0 (Windows NT 10.0; Win64; x64) AppleWebKit/537.36 (KHTML, like Gecko) Chrome/150.0.0.0 Safari/537.36"
190.85.87.250 - - [14/Jul/2026:20:52:12 +0000] "POST /afinanciera/cartera_cargar_manual_deb.php?ced2=1069728007&numcon=28612 HTTP/1.1" 200 190360 "http://www.asjudinet.com/afinanciera/cartera_cargar_manual_deb.php?ced2=1069728007&numcon=28612" "Mozilla/5.0 (Windows NT 10.0; Win64; x64) AppleWebKit/537.36 (KHTML, like Gecko) Chrome/150.0.0.0 Safari/537.36"
190.85.87.250 - - [14/Jul/2026:20:52:21 +0000] "GET /callcenter/solicitud_cita_ingreso.php?numcon=1519&cedulita=63302681&funcionario=1000505297 HTTP/1.1" 200 49100 "http://www.asjudinet.com/callcenter/solicitud_cita.php?ced=1000505297&nom=CORTAZAR%20HERRERA%20SERGIO%20ALEJANDRO" "Mozilla/5.0 (Windows NT 10.0; Win64; x64) AppleWebKit/537.36 (KHTML, like Gecko) Chrome/150.0.0.0 Safari/537.36"
190.85.87.250 - - [14/Jul/2026:20:52:25 +0000] "POST /afinanciera/cartera_consultar_cargar_deb.php HTTP/1.1" 200 6060 "http://www.asjudinet.com/afinanciera/cartera_consultar_cargar_deb.php" "Mozilla/5.0 (Windows NT 10.0; Win64; x64) AppleWebKit/537.36 (KHTML, like Gecko) Chrome/150.0.0.0 Safari/537.36"
190.85.87.250 - - [14/Jul/2026:20:51:27 +0000] "POST /callcenter/solicitud_cita.php?ced=1000505297&nom=CORTAZAR%20HERRERA%20SERGIO%20ALEJANDRO HTTP/1.1" 200 29609 "http://www.asjudinet.com/callcenter/solicitud_cita.php?ced=1000505297&nom=CORTAZAR%20HERRERA%20SERGIO%20ALEJANDRO" "Mozilla/5.0 (Windows NT 10.0; Win64; x64) AppleWebKit/537.36 (KHTML, like Gecko) Chrome/150.0.0.0 Safari/537.36"
190.85.87.250 - - [14/Jul/2026:20:52:27 +0000] "GET /afinanciera/cartera_cargar_manual_deb.php?ced2=1020727963&numcon=50088 HTTP/1.1" 200 88839 "http://www.asjudinet.com/afinanciera/cartera_consultar_cargar_deb.php" "Mozilla/5.0 (Windows NT 10.0; Win64; x64) AppleWebKit/537.36 (KHTML, like Gecko) Chrome/150.0.0.0 Safari/537.36"
