217.182.195.181 - - [14/Jul/2026:19:41:20 +0000] "GET /index.php/20/8op9a7i2/925048/avigilajudicial/avigilajudicial/avigilajudicial/avigilajudicial/avigilajudicial/avigilajudicial/avigilajudicial/avigilajudicial/avigilajudicial/avigilajudicial/avigilajudicial/avigilajudicial/avigilajudicial/avigilajudicial/avigilajudicial/avigilajudicial/avigilajudicial/principal/avigilajudicial/avigilajudicial/principal/avigilajudicial/pages/pages/principal/principal/pages/pages/pages/pages/avigilajudicial/principal/contratopersonas.php HTTP/1.1" 200 54693 "-" "Mozilla/5.0 (compatible; MJ12bot/v1.4.8; http://mj12bot.com/)"
185.104.164.179 - - [14/Jul/2026:19:41:20 +0000] "GET /callcenter/listado_zona_bogota_cerrar_ticket.php?ced=34973320&nom=JALAL%20JULIO%20YAMILE&prevMes=2 HTTP/1.1" 200 4829 "http://www.asjudinet.com/callcenter/menu_cerrar_tickets.php?ced=34973320&nom=JALAL%20JULIO%20YAMILE" "Mozilla/5.0 (Windows NT 10.0; Win64; x64) AppleWebKit/537.36 (KHTML, like Gecko) Chrome/150.0.0.0 Safari/537.36"
217.182.195.181 - - [14/Jul/2026:19:41:22 +0000] "GET /index.php/20/8op9a7i2/925048/avigilajudicial/avigilajudicial/avigilajudicial/avigilajudicial/avigilajudicial/avigilajudicial/avigilajudicial/avigilajudicial/avigilajudicial/avigilajudicial/avigilajudicial/avigilajudicial/avigilajudicial/avigilajudicial/avigilajudicial/avigilajudicial/avigilajudicial/principal/avigilajudicial/avigilajudicial/principal/avigilajudicial/pages/pages/principal/principal/pages/pages/pages/pages/avigilajudicial/principal/formulario_seminario_dih.php HTTP/1.1" 200 54693 "-" "Mozilla/5.0 (compatible; MJ12bot/v1.4.8; http://mj12bot.com/)"
185.104.164.179 - - [14/Jul/2026:19:41:20 +0000] "POST /callcenter/php/listado_zona_bogota_cerrar_ticket.php?prevMes=%202 HTTP/1.1" 200 59986 "http://www.asjudinet.com/callcenter/listado_zona_bogota_cerrar_ticket.php?ced=34973320&nom=JALAL%20JULIO%20YAMILE&prevMes=2" "Mozilla/5.0 (Windows NT 10.0; Win64; x64) AppleWebKit/537.36 (KHTML, like Gecko) Chrome/150.0.0.0 Safari/537.36"
217.182.195.181 - - [14/Jul/2026:19:41:23 +0000] "GET /index.php/20/8op9a7i2/925048/avigilajudicial/avigilajudicial/avigilajudicial/avigilajudicial/avigilajudicial/avigilajudicial/avigilajudicial/avigilajudicial/avigilajudicial/avigilajudicial/avigilajudicial/avigilajudicial/avigilajudicial/avigilajudicial/avigilajudicial/avigilajudicial/avigilajudicial/principal/avigilajudicial/avigilajudicial/principal/avigilajudicial/pages/pages/principal/principal/pages/pages/pages/pages/avigilajudicial/principal/index.php HTTP/1.1" 200 54693 "-" "Mozilla/5.0 (compatible; MJ12bot/v1.4.8; http://mj12bot.com/)"
190.85.87.250 - - [14/Jul/2026:19:41:21 +0000] "POST /afinanciera/cartera_cargar_manual_deb.php?ced2=8126663&numcon=24025 HTTP/1.1" 200 245901 "http://www.asjudinet.com/afinanciera/cartera_cargar_manual_deb.php?ced2=8126663&numcon=24025" "Mozilla/5.0 (Windows NT 10.0; Win64; x64) AppleWebKit/537.36 (KHTML, like Gecko) Chrome/150.0.0.0 Safari/537.36"
217.182.195.181 - - [14/Jul/2026:19:41:25 +0000] "GET /index.php/20/8op9a7i2/925048/avigilajudicial/avigilajudicial/avigilajudicial/avigilajudicial/avigilajudicial/avigilajudicial/avigilajudicial/avigilajudicial/avigilajudicial/avigilajudicial/avigilajudicial/avigilajudicial/avigilajudicial/avigilajudicial/avigilajudicial/avigilajudicial/avigilajudicial/principal/avigilajudicial/avigilajudicial/principal/avigilajudicial/pages/pages/principal/principal/pages/pages/pages/pages/avigilajudicial/principal/menu_comunicados.php HTTP/1.1" 200 54693 "-" "Mozilla/5.0 (compatible; MJ12bot/v1.4.8; http://mj12bot.com/)"
217.182.195.181 - - [14/Jul/2026:19:41:27 +0000] "GET /index.php/20/8op9a7i2/925048/avigilajudicial/avigilajudicial/avigilajudicial/avigilajudicial/avigilajudicial/avigilajudicial/avigilajudicial/avigilajudicial/avigilajudicial/avigilajudicial/avigilajudicial/avigilajudicial/avigilajudicial/avigilajudicial/avigilajudicial/avigilajudicial/avigilajudicial/principal/avigilajudicial/avigilajudicial/principal/avigilajudicial/pages/pages/principal/principal/pages/pages/pages/pages/avigilajudicial/principal/misionvision.php HTTP/1.1" 200 54693 "-" "Mozilla/5.0 (compatible; MJ12bot/v1.4.8; http://mj12bot.com/)"
185.104.164.179 - - [14/Jul/2026:19:41:26 +0000] "GET /callcenter/respuesta_contacto_afiliado_cerrar_ticket.php?cedulita=1111789118&numcon=100011&fecha=2026-07-02&atencion=106912&funcionario=34973320 HTTP/1.1" 200 18417 "http://www.asjudinet.com/callcenter/listado_zona_bogota_cerrar_ticket.php?ced=34973320&nom=JALAL%20JULIO%20YAMILE&prevMes=2" "Mozilla/5.0 (Windows NT 10.0; Win64; x64) AppleWebKit/537.36 (KHTML, like Gecko) Chrome/150.0.0.0 Safari/537.36"
217.182.195.181 - - [14/Jul/2026:19:41:29 +0000] "GET /index.php/20/8op9a7i2/925048/avigilajudicial/avigilajudicial/avigilajudicial/avigilajudicial/avigilajudicial/avigilajudicial/avigilajudicial/avigilajudicial/avigilajudicial/avigilajudicial/avigilajudicial/avigilajudicial/avigilajudicial/avigilajudicial/avigilajudicial/avigilajudicial/avigilajudicial/principal/avigilajudicial/avigilajudicial/principal/avigilajudicial/pages/pages/principal/principal/pages/pages/pages/pages/avigilajudicial/principal/pages/menu_creditos_rotativos.php HTTP/1.1" 200 54693 "-" "Mozilla/5.0 (compatible; MJ12bot/v1.4.8; http://mj12bot.com/)"
217.182.195.181 - - [14/Jul/2026:19:41:31 +0000] "GET /index.php/20/8op9a7i2/925048/avigilajudicial/avigilajudicial/avigilajudicial/avigilajudicial/avigilajudicial/avigilajudicial/avigilajudicial/avigilajudicial/avigilajudicial/avigilajudicial/avigilajudicial/avigilajudicial/avigilajudicial/avigilajudicial/avigilajudicial/avigilajudicial/avigilajudicial/principal/avigilajudicial/avigilajudicial/principal/avigilajudicial/pages/pages/principal/principal/pages/pages/pages/pages/avigilajudicial/principal/pages/menu_procesos_todos.php HTTP/1.1" 200 54693 "-" "Mozilla/5.0 (compatible; MJ12bot/v1.4.8; http://mj12bot.com/)"
217.182.195.181 - - [14/Jul/2026:19:41:32 +0000] "GET /index.php/20/8op9a7i2/925048/avigilajudicial/avigilajudicial/avigilajudicial/avigilajudicial/avigilajudicial/avigilajudicial/avigilajudicial/avigilajudicial/avigilajudicial/avigilajudicial/avigilajudicial/avigilajudicial/avigilajudicial/avigilajudicial/avigilajudicial/avigilajudicial/avigilajudicial/principal/avigilajudicial/avigilajudicial/principal/avigilajudicial/pages/pages/principal/principal/pages/pages/pages/pages/avigilajudicial/principal/prepago.php HTTP/1.1" 200 54693 "-" "Mozilla/5.0 (compatible; MJ12bot/v1.4.8; http://mj12bot.com/)"
217.182.195.181 - - [14/Jul/2026:19:41:34 +0000] "GET /index.php/20/8op9a7i2/925048/avigilajudicial/avigilajudicial/avigilajudicial/avigilajudicial/avigilajudicial/avigilajudicial/avigilajudicial/avigilajudicial/avigilajudicial/avigilajudicial/avigilajudicial/avigilajudicial/avigilajudicial/avigilajudicial/avigilajudicial/avigilajudicial/avigilajudicial/principal/avigilajudicial/avigilajudicial/principal/avigilajudicial/pages/pages/principal/principal/pages/pages/pages/pages/avigilajudicial/principal/principal/NoticiasImportantes.php HTTP/1.1" 200 54693 "-" "Mozilla/5.0 (compatible; MJ12bot/v1.4.8; http://mj12bot.com/)"
186.154.33.68 - - [14/Jul/2026:19:41:35 +0000] "GET /val_usuarios.php HTTP/1.1" 200 7808 "http://www.asjudinet.com/" "Mozilla/5.0 (Windows NT 10.0; Win64; x64) AppleWebKit/537.36 (KHTML, like Gecko) Chrome/109.0.0.0 Safari/537.36"
217.182.195.181 - - [14/Jul/2026:19:41:36 +0000] "GET /index.php/20/8op9a7i2/925048/avigilajudicial/avigilajudicial/avigilajudicial/avigilajudicial/avigilajudicial/avigilajudicial/avigilajudicial/avigilajudicial/avigilajudicial/avigilajudicial/avigilajudicial/avigilajudicial/avigilajudicial/avigilajudicial/avigilajudicial/avigilajudicial/avigilajudicial/principal/avigilajudicial/avigilajudicial/principal/avigilajudicial/pages/pages/principal/principal/pages/pages/pages/pages/avigilajudicial/principal/principal/asesoria.php HTTP/1.1" 200 54693 "-" "Mozilla/5.0 (compatible; MJ12bot/v1.4.8; http://mj12bot.com/)"
217.182.195.181 - - [14/Jul/2026:19:41:38 +0000] "GET /index.php/20/8op9a7i2/925048/avigilajudicial/avigilajudicial/avigilajudicial/avigilajudicial/avigilajudicial/avigilajudicial/avigilajudicial/avigilajudicial/avigilajudicial/avigilajudicial/avigilajudicial/avigilajudicial/avigilajudicial/avigilajudicial/avigilajudicial/avigilajudicial/avigilajudicial/principal/avigilajudicial/avigilajudicial/principal/avigilajudicial/pages/pages/principal/principal/pages/pages/pages/pages/avigilajudicial/principal/principal/casos_exito.php HTTP/1.1" 200 54693 "-" "Mozilla/5.0 (compatible; MJ12bot/v1.4.8; http://mj12bot.com/)"
186.154.33.68 - - [14/Jul/2026:19:41:38 +0000] "POST /val_usuarios.php HTTP/1.1" 200 147 "http://www.asjudinet.com/val_usuarios.php" "Mozilla/5.0 (Windows NT 10.0; Win64; x64) AppleWebKit/537.36 (KHTML, like Gecko) Chrome/109.0.0.0 Safari/537.36"
186.154.33.68 - - [14/Jul/2026:19:41:38 +0000] "GET /menu_admin.php?ced=1031183811&nom=SISTEMAS%20JULIO%20GERARDO&aaa=980&cargo=980 HTTP/1.1" 200 55572 "http://www.asjudinet.com/val_usuarios.php" "Mozilla/5.0 (Windows NT 10.0; Win64; x64) AppleWebKit/537.36 (KHTML, like Gecko) Chrome/109.0.0.0 Safari/537.36"
190.85.87.250 - - [14/Jul/2026:19:41:39 +0000] "POST /afinanciera/cartera_consultar_cargar_deb.php HTTP/1.1" 200 6053 "http://www.asjudinet.com/afinanciera/cartera_consultar_cargar_deb.php" "Mozilla/5.0 (Windows NT 10.0; Win64; x64) AppleWebKit/537.36 (KHTML, like Gecko) Chrome/150.0.0.0 Safari/537.36"
217.182.195.181 - - [14/Jul/2026:19:41:40 +0000] "GET /index.php/20/8op9a7i2/925048/avigilajudicial/avigilajudicial/avigilajudicial/avigilajudicial/avigilajudicial/avigilajudicial/avigilajudicial/avigilajudicial/avigilajudicial/avigilajudicial/avigilajudicial/avigilajudicial/avigilajudicial/avigilajudicial/avigilajudicial/avigilajudicial/avigilajudicial/principal/avigilajudicial/avigilajudicial/principal/avigilajudicial/pages/pages/principal/principal/pages/pages/pages/pages/avigilajudicial/principal/principal/contactenos.php HTTP/1.1" 200 54693 "-" "Mozilla/5.0 (compatible; MJ12bot/v1.4.8; http://mj12bot.com/)"
185.104.164.179 - - [14/Jul/2026:19:41:38 +0000] "POST /callcenter/respuesta_contacto_afiliado_cerrar_ticket.php?cedulita=1111789118&numcon=100011&fecha=2026-07-02&atencion=106912&funcionario=34973320 HTTP/1.1" 200 18825 "http://www.asjudinet.com/callcenter/respuesta_contacto_afiliado_cerrar_ticket.php?cedulita=1111789118&numcon=100011&fecha=2026-07-02&atencion=106912&funcionario=34973320" "Mozilla/5.0 (Windows NT 10.0; Win64; x64) AppleWebKit/537.36 (KHTML, like Gecko) Chrome/150.0.0.0 Safari/537.36"
217.182.195.181 - - [14/Jul/2026:19:41:41 +0000] "GET /index.php/20/8op9a7i2/925048/avigilajudicial/avigilajudicial/avigilajudicial/avigilajudicial/avigilajudicial/avigilajudicial/avigilajudicial/avigilajudicial/avigilajudicial/avigilajudicial/avigilajudicial/avigilajudicial/avigilajudicial/avigilajudicial/avigilajudicial/avigilajudicial/avigilajudicial/principal/avigilajudicial/avigilajudicial/principal/avigilajudicial/pages/pages/principal/principal/pages/pages/pages/pages/avigilajudicial/principal/principal/contratopersonas.php HTTP/1.1" 200 54693 "-" "Mozilla/5.0 (compatible; MJ12bot/v1.4.8; http://mj12bot.com/)"
217.182.195.181 - - [14/Jul/2026:19:41:43 +0000] "GET /index.php/20/8op9a7i2/925048/avigilajudicial/avigilajudicial/avigilajudicial/avigilajudicial/avigilajudicial/avigilajudicial/avigilajudicial/avigilajudicial/avigilajudicial/avigilajudicial/avigilajudicial/avigilajudicial/avigilajudicial/avigilajudicial/avigilajudicial/avigilajudicial/avigilajudicial/principal/avigilajudicial/avigilajudicial/principal/avigilajudicial/pages/pages/principal/principal/pages/pages/pages/pages/avigilajudicial/principal/principal/enlaces.php HTTP/1.1" 200 54693 "-" "Mozilla/5.0 (compatible; MJ12bot/v1.4.8; http://mj12bot.com/)"
185.104.164.179 - - [14/Jul/2026:19:41:43 +0000] "GET /callcenter/listado_zona_bogota_cerrar_ticket.php?ced=34973320&nom=JALAL%20JULIO%20YAMILE&prevMes=2 HTTP/1.1" 200 4829 "http://www.asjudinet.com/callcenter/menu_cerrar_tickets.php?ced=34973320&nom=JALAL%20JULIO%20YAMILE" "Mozilla/5.0 (Windows NT 10.0; Win64; x64) AppleWebKit/537.36 (KHTML, like Gecko) Chrome/150.0.0.0 Safari/537.36"
190.85.87.250 - - [14/Jul/2026:19:41:43 +0000] "GET /afinanciera/cartera_cargar_manual_deb.php?ced2=1093764411&numcon=27401 HTTP/1.1" 200 195172 "http://www.asjudinet.com/afinanciera/cartera_consultar_cargar_deb.php" "Mozilla/5.0 (Windows NT 10.0; Win64; x64) AppleWebKit/537.36 (KHTML, like Gecko) Chrome/150.0.0.0 Safari/537.36"
186.154.33.68 - - [14/Jul/2026:19:41:45 +0000] "GET /val_usuarios.php HTTP/1.1" 200 7808 "http://www.asjudinet.com/" "Mozilla/5.0 (Windows NT 10.0; Win64; x64) AppleWebKit/537.36 (KHTML, like Gecko) Chrome/109.0.0.0 Safari/537.36"
217.182.195.181 - - [14/Jul/2026:19:41:45 +0000] "GET /index.php/20/8op9a7i2/925048/avigilajudicial/avigilajudicial/avigilajudicial/avigilajudicial/avigilajudicial/avigilajudicial/avigilajudicial/avigilajudicial/avigilajudicial/avigilajudicial/avigilajudicial/avigilajudicial/avigilajudicial/avigilajudicial/avigilajudicial/avigilajudicial/avigilajudicial/principal/avigilajudicial/avigilajudicial/principal/avigilajudicial/pages/pages/principal/principal/pages/pages/pages/pages/avigilajudicial/principal/principal/index.php HTTP/1.1" 200 54693 "-" "Mozilla/5.0 (compatible; MJ12bot/v1.4.8; http://mj12bot.com/)"
185.104.164.179 - - [14/Jul/2026:19:41:44 +0000] "POST /callcenter/php/listado_zona_bogota_cerrar_ticket.php?prevMes=%202 HTTP/1.1" 200 59244 "http://www.asjudinet.com/callcenter/listado_zona_bogota_cerrar_ticket.php?ced=34973320&nom=JALAL%20JULIO%20YAMILE&prevMes=2" "Mozilla/5.0 (Windows NT 10.0; Win64; x64) AppleWebKit/537.36 (KHTML, like Gecko) Chrome/150.0.0.0 Safari/537.36"
217.182.195.181 - - [14/Jul/2026:19:41:47 +0000] "GET /index.php/20/8op9a7i2/925048/avigilajudicial/avigilajudicial/avigilajudicial/avigilajudicial/avigilajudicial/avigilajudicial/avigilajudicial/avigilajudicial/avigilajudicial/avigilajudicial/avigilajudicial/avigilajudicial/avigilajudicial/avigilajudicial/avigilajudicial/avigilajudicial/avigilajudicial/principal/avigilajudicial/avigilajudicial/principal/avigilajudicial/pages/pages/principal/principal/pages/pages/pages/pages/avigilajudicial/principal/principal/lista_email.php HTTP/1.1" 200 54693 "-" "Mozilla/5.0 (compatible; MJ12bot/v1.4.8; http://mj12bot.com/)"
186.154.33.68 - - [14/Jul/2026:19:41:47 +0000] "GET /index.php HTTP/1.1" 200 54693 "http://www.asjudinet.com/val_usuarios.php" "Mozilla/5.0 (Windows NT 10.0; Win64; x64) AppleWebKit/537.36 (KHTML, like Gecko) Chrome/109.0.0.0 Safari/537.36"
217.182.195.181 - - [14/Jul/2026:19:41:49 +0000] "GET /index.php/20/8op9a7i2/925048/avigilajudicial/avigilajudicial/avigilajudicial/avigilajudicial/avigilajudicial/avigilajudicial/avigilajudicial/avigilajudicial/avigilajudicial/avigilajudicial/avigilajudicial/avigilajudicial/avigilajudicial/avigilajudicial/avigilajudicial/avigilajudicial/avigilajudicial/principal/avigilajudicial/avigilajudicial/principal/avigilajudicial/pages/pages/principal/principal/pages/pages/pages/pages/avigilajudicial/principal/principal/menu_comunicados.php HTTP/1.1" 200 54693 "-" "Mozilla/5.0 (compatible; MJ12bot/v1.4.8; http://mj12bot.com/)"
186.154.33.68 - - [14/Jul/2026:19:41:49 +0000] "GET /validar_usuarios_pagina.php HTTP/1.1" 200 3665 "http://www.asjudinet.com/index.php" "Mozilla/5.0 (Windows NT 10.0; Win64; x64) AppleWebKit/537.36 (KHTML, like Gecko) Chrome/109.0.0.0 Safari/537.36"
217.182.195.181 - - [14/Jul/2026:19:41:50 +0000] "GET /index.php/20/8op9a7i2/925048/avigilajudicial/avigilajudicial/avigilajudicial/avigilajudicial/avigilajudicial/avigilajudicial/avigilajudicial/avigilajudicial/avigilajudicial/avigilajudicial/avigilajudicial/avigilajudicial/avigilajudicial/avigilajudicial/avigilajudicial/avigilajudicial/avigilajudicial/principal/avigilajudicial/avigilajudicial/principal/avigilajudicial/pages/pages/principal/principal/pages/pages/pages/pages/avigilajudicial/principal/principal/misionvision.php HTTP/1.1" 200 54693 "-" "Mozilla/5.0 (compatible; MJ12bot/v1.4.8; http://mj12bot.com/)"
185.104.164.179 - - [14/Jul/2026:19:41:49 +0000] "GET /callcenter/respuesta_contacto_afiliado_cerrar_ticket.php?cedulita=1111789118&numcon=100011&fecha=2026-07-02&atencion=106913&funcionario=34973320 HTTP/1.1" 200 18277 "http://www.asjudinet.com/callcenter/listado_zona_bogota_cerrar_ticket.php?ced=34973320&nom=JALAL%20JULIO%20YAMILE&prevMes=2" "Mozilla/5.0 (Windows NT 10.0; Win64; x64) AppleWebKit/537.36 (KHTML, like Gecko) Chrome/150.0.0.0 Safari/537.36"
217.182.195.181 - - [14/Jul/2026:19:41:52 +0000] "GET /index.php/20/8op9a7i2/925048/avigilajudicial/avigilajudicial/avigilajudicial/avigilajudicial/avigilajudicial/avigilajudicial/avigilajudicial/avigilajudicial/avigilajudicial/avigilajudicial/avigilajudicial/avigilajudicial/avigilajudicial/avigilajudicial/avigilajudicial/avigilajudicial/avigilajudicial/principal/avigilajudicial/avigilajudicial/principal/avigilajudicial/pages/pages/principal/principal/pages/pages/pages/pages/avigilajudicial/principal/principal/prepago.php HTTP/1.1" 200 54693 "-" "Mozilla/5.0 (compatible; MJ12bot/v1.4.8; http://mj12bot.com/)"
217.182.195.181 - - [14/Jul/2026:19:41:54 +0000] "GET /index.php/20/8op9a7i2/925048/avigilajudicial/avigilajudicial/avigilajudicial/avigilajudicial/avigilajudicial/avigilajudicial/avigilajudicial/avigilajudicial/avigilajudicial/avigilajudicial/avigilajudicial/avigilajudicial/avigilajudicial/avigilajudicial/avigilajudicial/avigilajudicial/avigilajudicial/principal/avigilajudicial/avigilajudicial/principal/avigilajudicial/pages/pages/principal/principal/pages/pages/pages/pages/avigilajudicial/principal/principal/principal/asesoria.php HTTP/1.1" 200 54693 "-" "Mozilla/5.0 (compatible; MJ12bot/v1.4.8; http://mj12bot.com/)"
217.182.195.181 - - [14/Jul/2026:19:41:56 +0000] "GET /index.php/20/8op9a7i2/925048/avigilajudicial/avigilajudicial/avigilajudicial/avigilajudicial/avigilajudicial/avigilajudicial/avigilajudicial/avigilajudicial/avigilajudicial/avigilajudicial/avigilajudicial/avigilajudicial/avigilajudicial/avigilajudicial/avigilajudicial/avigilajudicial/avigilajudicial/principal/avigilajudicial/avigilajudicial/principal/avigilajudicial/pages/pages/principal/principal/pages/pages/pages/pages/avigilajudicial/principal/principal/principal/casos_exito.php HTTP/1.1" 200 54693 "-" "Mozilla/5.0 (compatible; MJ12bot/v1.4.8; http://mj12bot.com/)"
217.182.195.181 - - [14/Jul/2026:19:41:58 +0000] "GET /index.php/20/8op9a7i2/925048/avigilajudicial/avigilajudicial/avigilajudicial/avigilajudicial/avigilajudicial/avigilajudicial/avigilajudicial/avigilajudicial/avigilajudicial/avigilajudicial/avigilajudicial/avigilajudicial/avigilajudicial/avigilajudicial/avigilajudicial/avigilajudicial/avigilajudicial/principal/avigilajudicial/avigilajudicial/principal/avigilajudicial/pages/pages/principal/principal/pages/pages/pages/pages/avigilajudicial/principal/principal/principal/contactenos.php HTTP/1.1" 200 54693 "-" "Mozilla/5.0 (compatible; MJ12bot/v1.4.8; http://mj12bot.com/)"
217.182.195.181 - - [14/Jul/2026:19:41:59 +0000] "GET /index.php/20/8op9a7i2/925048/avigilajudicial/avigilajudicial/avigilajudicial/avigilajudicial/avigilajudicial/avigilajudicial/avigilajudicial/avigilajudicial/avigilajudicial/avigilajudicial/avigilajudicial/avigilajudicial/avigilajudicial/avigilajudicial/avigilajudicial/avigilajudicial/avigilajudicial/principal/avigilajudicial/avigilajudicial/principal/avigilajudicial/pages/pages/principal/principal/pages/pages/pages/pages/avigilajudicial/principal/principal/principal/enlaces.php HTTP/1.1" 200 54693 "-" "Mozilla/5.0 (compatible; MJ12bot/v1.4.8; http://mj12bot.com/)"
185.104.164.179 - - [14/Jul/2026:19:41:58 +0000] "POST /callcenter/respuesta_contacto_afiliado_cerrar_ticket.php?cedulita=1111789118&numcon=100011&fecha=2026-07-02&atencion=106913&funcionario=34973320 HTTP/1.1" 200 18685 "http://www.asjudinet.com/callcenter/respuesta_contacto_afiliado_cerrar_ticket.php?cedulita=1111789118&numcon=100011&fecha=2026-07-02&atencion=106913&funcionario=34973320" "Mozilla/5.0 (Windows NT 10.0; Win64; x64) AppleWebKit/537.36 (KHTML, like Gecko) Chrome/150.0.0.0 Safari/537.36"
217.182.195.181 - - [14/Jul/2026:19:42:01 +0000] "GET /index.php/20/8op9a7i2/925048/avigilajudicial/avigilajudicial/avigilajudicial/avigilajudicial/avigilajudicial/avigilajudicial/avigilajudicial/avigilajudicial/avigilajudicial/avigilajudicial/avigilajudicial/avigilajudicial/avigilajudicial/avigilajudicial/avigilajudicial/avigilajudicial/avigilajudicial/principal/avigilajudicial/avigilajudicial/principal/avigilajudicial/pages/pages/principal/principal/pages/pages/pages/pages/avigilajudicial/principal/principal/principal/index.php HTTP/1.1" 200 54693 "-" "Mozilla/5.0 (compatible; MJ12bot/v1.4.8; http://mj12bot.com/)"
217.182.195.181 - - [14/Jul/2026:19:42:03 +0000] "GET /index.php/20/8op9a7i2/925048/avigilajudicial/avigilajudicial/avigilajudicial/avigilajudicial/avigilajudicial/avigilajudicial/avigilajudicial/avigilajudicial/avigilajudicial/avigilajudicial/avigilajudicial/avigilajudicial/avigilajudicial/avigilajudicial/avigilajudicial/avigilajudicial/avigilajudicial/principal/avigilajudicial/avigilajudicial/principal/avigilajudicial/pages/pages/principal/principal/pages/pages/pages/pages/avigilajudicial/principal/principal/principal/lista_email.php HTTP/1.1" 200 54693 "-" "Mozilla/5.0 (compatible; MJ12bot/v1.4.8; http://mj12bot.com/)"
185.104.164.179 - - [14/Jul/2026:19:42:03 +0000] "GET /callcenter/listado_zona_bogota_cerrar_ticket.php?ced=34973320&nom=JALAL%20JULIO%20YAMILE&prevMes=2 HTTP/1.1" 200 4829 "http://www.asjudinet.com/callcenter/menu_cerrar_tickets.php?ced=34973320&nom=JALAL%20JULIO%20YAMILE" "Mozilla/5.0 (Windows NT 10.0; Win64; x64) AppleWebKit/537.36 (KHTML, like Gecko) Chrome/150.0.0.0 Safari/537.36"
217.182.195.181 - - [14/Jul/2026:19:42:05 +0000] "GET /index.php/20/8op9a7i2/925048/avigilajudicial/avigilajudicial/avigilajudicial/avigilajudicial/avigilajudicial/avigilajudicial/avigilajudicial/avigilajudicial/avigilajudicial/avigilajudicial/avigilajudicial/avigilajudicial/avigilajudicial/avigilajudicial/avigilajudicial/avigilajudicial/avigilajudicial/principal/avigilajudicial/avigilajudicial/principal/avigilajudicial/pages/pages/principal/principal/pages/pages/pages/pages/avigilajudicial/principal/principal/principal/prepago.php HTTP/1.1" 200 54693 "-" "Mozilla/5.0 (compatible; MJ12bot/v1.4.8; http://mj12bot.com/)"
185.104.164.179 - - [14/Jul/2026:19:42:04 +0000] "POST /callcenter/php/listado_zona_bogota_cerrar_ticket.php?prevMes=%202 HTTP/1.1" 200 58502 "http://www.asjudinet.com/callcenter/listado_zona_bogota_cerrar_ticket.php?ced=34973320&nom=JALAL%20JULIO%20YAMILE&prevMes=2" "Mozilla/5.0 (Windows NT 10.0; Win64; x64) AppleWebKit/537.36 (KHTML, like Gecko) Chrome/150.0.0.0 Safari/537.36"
217.182.195.181 - - [14/Jul/2026:19:42:07 +0000] "GET /index.php/20/8op9a7i2/925048/avigilajudicial/avigilajudicial/avigilajudicial/avigilajudicial/avigilajudicial/avigilajudicial/avigilajudicial/avigilajudicial/avigilajudicial/avigilajudicial/avigilajudicial/avigilajudicial/avigilajudicial/avigilajudicial/avigilajudicial/avigilajudicial/avigilajudicial/principal/avigilajudicial/avigilajudicial/principal/avigilajudicial/pages/pages/principal/principal/pages/pages/pages/pages/avigilajudicial/principal/principal/principal/quienes.php HTTP/1.1" 200 54693 "-" "Mozilla/5.0 (compatible; MJ12bot/v1.4.8; http://mj12bot.com/)"
217.182.195.181 - - [14/Jul/2026:19:42:08 +0000] "GET /index.php/20/8op9a7i2/925048/avigilajudicial/avigilajudicial/avigilajudicial/avigilajudicial/avigilajudicial/avigilajudicial/avigilajudicial/avigilajudicial/avigilajudicial/avigilajudicial/avigilajudicial/avigilajudicial/avigilajudicial/avigilajudicial/avigilajudicial/avigilajudicial/avigilajudicial/principal/avigilajudicial/avigilajudicial/principal/avigilajudicial/pages/pages/principal/principal/pages/pages/pages/pages/avigilajudicial/principal/principal/principal/testimonios.php HTTP/1.1" 200 54693 "-" "Mozilla/5.0 (compatible; MJ12bot/v1.4.8; http://mj12bot.com/)"
114.119.142.179 - - [14/Jul/2026:19:42:10 +0000] "GET /index.php/zzztvsa/39aayzpksh_liqzne72382/principal/Assets/principal/pages/pages/avigilajudicial/avigilajudicial/avigilajudicial/val_usuarios.php HTTP/1.1" 200 54693 "http://www.asjudinet.com/index.php/zzztvsa/39aayzpksh_liqzne72382/principal/Assets/principal/pages/pages/avigilajudicial/avigilajudicial/avigilajudicial/formulario_seminario_dih.php" "Mozilla/5.0 (Linux; Android 7.0;) AppleWebKit/537.36 (HTML, like Gecko) Mobile Safari/537.36 (compatible; PetalBot;+https://webmaster.petalsearch.com/site/petalbot)"
217.182.195.181 - - [14/Jul/2026:19:42:10 +0000] "GET /index.php/20/8op9a7i2/925048/avigilajudicial/avigilajudicial/avigilajudicial/avigilajudicial/avigilajudicial/avigilajudicial/avigilajudicial/avigilajudicial/avigilajudicial/avigilajudicial/avigilajudicial/avigilajudicial/avigilajudicial/avigilajudicial/avigilajudicial/avigilajudicial/avigilajudicial/principal/avigilajudicial/avigilajudicial/principal/avigilajudicial/pages/pages/principal/principal/pages/pages/pages/pages/avigilajudicial/principal/principal/principal/trayectoria.php HTTP/1.1" 200 54693 "-" "Mozilla/5.0 (compatible; MJ12bot/v1.4.8; http://mj12bot.com/)"
185.104.164.179 - - [14/Jul/2026:19:42:09 +0000] "GET /callcenter/respuesta_contacto_afiliado_cerrar_ticket.php?cedulita=1064434316&numcon=I1346&fecha=2026-07-02&atencion=106916&funcionario=34973320 HTTP/1.1" 200 18165 "http://www.asjudinet.com/callcenter/listado_zona_bogota_cerrar_ticket.php?ced=34973320&nom=JALAL%20JULIO%20YAMILE&prevMes=2" "Mozilla/5.0 (Windows NT 10.0; Win64; x64) AppleWebKit/537.36 (KHTML, like Gecko) Chrome/150.0.0.0 Safari/537.36"
217.182.195.181 - - [14/Jul/2026:19:42:12 +0000] "GET /index.php/20/8op9a7i2/925048/avigilajudicial/avigilajudicial/avigilajudicial/avigilajudicial/avigilajudicial/avigilajudicial/avigilajudicial/avigilajudicial/avigilajudicial/avigilajudicial/avigilajudicial/avigilajudicial/avigilajudicial/avigilajudicial/avigilajudicial/avigilajudicial/avigilajudicial/principal/avigilajudicial/avigilajudicial/principal/avigilajudicial/pages/pages/principal/principal/pages/pages/pages/pages/avigilajudicial/principal/principal/principal/val_usuarios.php HTTP/1.1" 200 54693 "-" "Mozilla/5.0 (compatible; MJ12bot/v1.4.8; http://mj12bot.com/)"
217.182.195.181 - - [14/Jul/2026:19:42:14 +0000] "GET /index.php/20/8op9a7i2/925048/avigilajudicial/avigilajudicial/avigilajudicial/avigilajudicial/avigilajudicial/avigilajudicial/avigilajudicial/avigilajudicial/avigilajudicial/avigilajudicial/avigilajudicial/avigilajudicial/avigilajudicial/avigilajudicial/avigilajudicial/avigilajudicial/avigilajudicial/principal/avigilajudicial/avigilajudicial/principal/avigilajudicial/pages/pages/principal/principal/pages/pages/pages/pages/avigilajudicial/principal/principal/principal/ventajas.php HTTP/1.1" 200 54693 "-" "Mozilla/5.0 (compatible; MJ12bot/v1.4.8; http://mj12bot.com/)"
186.154.33.68 - - [14/Jul/2026:19:42:14 +0000] "POST /validar_usuarios_pagina.php? HTTP/1.1" 200 150 "http://www.asjudinet.com/validar_usuarios_pagina.php" "Mozilla/5.0 (Windows NT 10.0; Win64; x64) AppleWebKit/537.36 (KHTML, like Gecko) Chrome/109.0.0.0 Safari/537.36"
186.154.33.68 - - [14/Jul/2026:19:42:15 +0000] "GET /servicio_cliente.php?cedula=13539670&nom=%20CARVAJAL%20MERCHAN%20RUBEN%20DAVID&estado=EN%20CARTERA HTTP/1.1" 200 29250 "http://www.asjudinet.com/validar_usuarios_pagina.php?" "Mozilla/5.0 (Windows NT 10.0; Win64; x64) AppleWebKit/537.36 (KHTML, like Gecko) Chrome/109.0.0.0 Safari/537.36"
186.154.33.68 - - [14/Jul/2026:19:42:15 +0000] "GET /themes//style/style.css HTTP/1.1" 404 - "http://www.asjudinet.com/servicio_cliente.php?cedula=13539670&nom=%20CARVAJAL%20MERCHAN%20RUBEN%20DAVID&estado=EN%20CARTERA" "Mozilla/5.0 (Windows NT 10.0; Win64; x64) AppleWebKit/537.36 (KHTML, like Gecko) Chrome/109.0.0.0 Safari/537.36"
217.182.195.181 - - [14/Jul/2026:19:42:16 +0000] "GET /index.php/20/8op9a7i2/925048/avigilajudicial/avigilajudicial/avigilajudicial/avigilajudicial/avigilajudicial/avigilajudicial/avigilajudicial/avigilajudicial/avigilajudicial/avigilajudicial/avigilajudicial/avigilajudicial/avigilajudicial/avigilajudicial/avigilajudicial/avigilajudicial/avigilajudicial/principal/avigilajudicial/avigilajudicial/principal/avigilajudicial/pages/pages/principal/principal/pages/pages/pages/pages/avigilajudicial/principal/principal/quienes.php HTTP/1.1" 200 54693 "-" "Mozilla/5.0 (compatible; MJ12bot/v1.4.8; http://mj12bot.com/)"
186.154.33.68 - - [14/Jul/2026:19:42:17 +0000] "GET /Consultar_Respuestas_afiliados.php HTTP/1.1" 200 4374 "http://www.asjudinet.com/servicio_cliente.php?cedula=13539670&nom=%20CARVAJAL%20MERCHAN%20RUBEN%20DAVID&estado=EN%20CARTERA" "Mozilla/5.0 (Windows NT 10.0; Win64; x64) AppleWebKit/537.36 (KHTML, like Gecko) Chrome/109.0.0.0 Safari/537.36"
217.182.195.181 - - [14/Jul/2026:19:42:17 +0000] "GET /index.php/20/8op9a7i2/925048/avigilajudicial/avigilajudicial/avigilajudicial/avigilajudicial/avigilajudicial/avigilajudicial/avigilajudicial/avigilajudicial/avigilajudicial/avigilajudicial/avigilajudicial/avigilajudicial/avigilajudicial/avigilajudicial/avigilajudicial/avigilajudicial/avigilajudicial/principal/avigilajudicial/avigilajudicial/principal/avigilajudicial/pages/pages/principal/principal/pages/pages/pages/pages/avigilajudicial/principal/principal/soporteacademico.php HTTP/1.1" 200 54693 "-" "Mozilla/5.0 (compatible; MJ12bot/v1.4.8; http://mj12bot.com/)"
186.154.33.68 - - [14/Jul/2026:19:42:18 +0000] "GET /Consultar_Respuestas_afiliados.php HTTP/1.1" 200 4374 "http://www.asjudinet.com/Consultar_Respuestas_afiliados.php" "Mozilla/5.0 (Windows NT 10.0; Win64; x64) AppleWebKit/537.36 (KHTML, like Gecko) Chrome/109.0.0.0 Safari/537.36"
217.182.195.181 - - [14/Jul/2026:19:42:19 +0000] "GET /index.php/20/8op9a7i2/925048/avigilajudicial/avigilajudicial/avigilajudicial/avigilajudicial/avigilajudicial/avigilajudicial/avigilajudicial/avigilajudicial/avigilajudicial/avigilajudicial/avigilajudicial/avigilajudicial/avigilajudicial/avigilajudicial/avigilajudicial/avigilajudicial/avigilajudicial/principal/avigilajudicial/avigilajudicial/principal/principal/pages/pages/avigilajudicial/pages/pages/pages/principal/principal/principal/principal/pages/principal/enlaces.php HTTP/1.1" 200 54693 "-" "Mozilla/5.0 (compatible; MJ12bot/v1.4.8; http://mj12bot.com/)"
217.182.195.181 - - [14/Jul/2026:19:42:21 +0000] "GET /index.php/20/8op9a7i2/925048/avigilajudicial/avigilajudicial/avigilajudicial/avigilajudicial/avigilajudicial/avigilajudicial/avigilajudicial/avigilajudicial/avigilajudicial/avigilajudicial/avigilajudicial/avigilajudicial/avigilajudicial/avigilajudicial/avigilajudicial/avigilajudicial/avigilajudicial/principal/avigilajudicial/avigilajudicial/principal/principal/pages/pages/avigilajudicial/pages/pages/principal/contactenos.php HTTP/1.1" 200 54693 "-" "Mozilla/5.0 (compatible; MJ12bot/v1.4.8; http://mj12bot.com/)"
186.154.33.68 - - [14/Jul/2026:19:42:22 +0000] "GET /servicio_cliente.php HTTP/1.1" 200 29176 "http://www.asjudinet.com/Consultar_Respuestas_afiliados.php" "Mozilla/5.0 (Windows NT 10.0; Win64; x64) AppleWebKit/537.36 (KHTML, like Gecko) Chrome/109.0.0.0 Safari/537.36"
186.154.33.68 - - [14/Jul/2026:19:42:22 +0000] "GET /themes//style/style.css HTTP/1.1" 404 - "http://www.asjudinet.com/servicio_cliente.php" "Mozilla/5.0 (Windows NT 10.0; Win64; x64) AppleWebKit/537.36 (KHTML, like Gecko) Chrome/109.0.0.0 Safari/537.36"
217.182.195.181 - - [14/Jul/2026:19:42:23 +0000] "GET /index.php/20/8op9a7i2/925048/avigilajudicial/avigilajudicial/avigilajudicial/avigilajudicial/avigilajudicial/avigilajudicial/avigilajudicial/avigilajudicial/avigilajudicial/avigilajudicial/avigilajudicial/avigilajudicial/avigilajudicial/avigilajudicial/avigilajudicial/avigilajudicial/avigilajudicial/principal/avigilajudicial/avigilajudicial/principal/principal/pages/pages/avigilajudicial/pages/pages/principal/pages/pages/pages/principal/principal/principal/casos_exito.php HTTP/1.1" 200 54693 "-" "Mozilla/5.0 (compatible; MJ12bot/v1.4.8; http://mj12bot.com/)"
217.182.195.181 - - [14/Jul/2026:19:42:25 +0000] "GET /index.php/20/8op9a7i2/925048/avigilajudicial/avigilajudicial/avigilajudicial/avigilajudicial/avigilajudicial/avigilajudicial/avigilajudicial/avigilajudicial/avigilajudicial/avigilajudicial/avigilajudicial/avigilajudicial/avigilajudicial/avigilajudicial/avigilajudicial/avigilajudicial/avigilajudicial/principal/avigilajudicial/avigilajudicial/principal/principal/pages/pages/avigilajudicial/pages/pages/principal/pages/pages/pages/principal/principal/principal/contratopersonas.php HTTP/1.1" 200 54693 "-" "Mozilla/5.0 (compatible; MJ12bot/v1.4.8; http://mj12bot.com/)"
186.154.33.68 - - [14/Jul/2026:19:42:26 +0000] "GET /Consultar_Respuestas_afiliados.php HTTP/1.1" 200 4374 "http://www.asjudinet.com/servicio_cliente.php" "Mozilla/5.0 (Windows NT 10.0; Win64; x64) AppleWebKit/537.36 (KHTML, like Gecko) Chrome/109.0.0.0 Safari/537.36"
186.154.33.68 - - [14/Jul/2026:19:42:26 +0000] "GET /Consultar_Respuestas_afiliados.php HTTP/1.1" 200 4374 "http://www.asjudinet.com/Consultar_Respuestas_afiliados.php" "Mozilla/5.0 (Windows NT 10.0; Win64; x64) AppleWebKit/537.36 (KHTML, like Gecko) Chrome/109.0.0.0 Safari/537.36"
217.182.195.181 - - [14/Jul/2026:19:42:26 +0000] "GET /index.php/20/8op9a7i2/925048/avigilajudicial/avigilajudicial/avigilajudicial/avigilajudicial/avigilajudicial/avigilajudicial/avigilajudicial/avigilajudicial/avigilajudicial/avigilajudicial/avigilajudicial/avigilajudicial/avigilajudicial/avigilajudicial/avigilajudicial/avigilajudicial/avigilajudicial/principal/avigilajudicial/avigilajudicial/principal/principal/pages/pages/avigilajudicial/pages/pages/principal/pages/pages/pages/principal/principal/principal/enlaces.php HTTP/1.1" 200 54693 "-" "Mozilla/5.0 (compatible; MJ12bot/v1.4.8; http://mj12bot.com/)"
217.182.195.181 - - [14/Jul/2026:19:42:28 +0000] "GET /index.php/20/8op9a7i2/925048/avigilajudicial/avigilajudicial/avigilajudicial/avigilajudicial/avigilajudicial/avigilajudicial/avigilajudicial/avigilajudicial/avigilajudicial/avigilajudicial/avigilajudicial/avigilajudicial/avigilajudicial/avigilajudicial/avigilajudicial/avigilajudicial/avigilajudicial/principal/avigilajudicial/avigilajudicial/principal/principal/pages/pages/avigilajudicial/pages/pages/principal/pages/pages/pages/principal/principal/principal/menu_comunicados.php HTTP/1.1" 200 54693 "-" "Mozilla/5.0 (compatible; MJ12bot/v1.4.8; http://mj12bot.com/)"
217.182.195.181 - - [14/Jul/2026:19:42:30 +0000] "GET /index.php/20/8op9a7i2/925048/avigilajudicial/avigilajudicial/avigilajudicial/avigilajudicial/avigilajudicial/avigilajudicial/avigilajudicial/avigilajudicial/avigilajudicial/avigilajudicial/avigilajudicial/avigilajudicial/avigilajudicial/avigilajudicial/avigilajudicial/avigilajudicial/avigilajudicial/principal/avigilajudicial/avigilajudicial/principal/principal/pages/pages/avigilajudicial/pages/pages/principal/pages/pages/pages/principal/principal/principal/misionvision.php HTTP/1.1" 200 54693 "-" "Mozilla/5.0 (compatible; MJ12bot/v1.4.8; http://mj12bot.com/)"
186.154.33.68 - - [14/Jul/2026:19:42:31 +0000] "GET /Consultar_Respuestas_afiliados.php?Identificacion=13539670&submit=CONSULTAR HTTP/1.1" 200 6330 "http://www.asjudinet.com/Consultar_Respuestas_afiliados.php" "Mozilla/5.0 (Windows NT 10.0; Win64; x64) AppleWebKit/537.36 (KHTML, like Gecko) Chrome/109.0.0.0 Safari/537.36"
186.154.33.68 - - [14/Jul/2026:19:42:31 +0000] "GET /Consultar_Respuestas_afiliados.php?Identificacion=13539670&submit=CONSULTAR HTTP/1.1" 200 6330 "http://www.asjudinet.com/Consultar_Respuestas_afiliados.php?Identificacion=13539670&submit=CONSULTAR" "Mozilla/5.0 (Windows NT 10.0; Win64; x64) AppleWebKit/537.36 (KHTML, like Gecko) Chrome/109.0.0.0 Safari/537.36"
217.182.195.181 - - [14/Jul/2026:19:42:32 +0000] "GET /index.php/20/8op9a7i2/925048/avigilajudicial/avigilajudicial/avigilajudicial/avigilajudicial/avigilajudicial/avigilajudicial/avigilajudicial/avigilajudicial/avigilajudicial/avigilajudicial/avigilajudicial/avigilajudicial/avigilajudicial/avigilajudicial/avigilajudicial/avigilajudicial/avigilajudicial/principal/avigilajudicial/avigilajudicial/principal/principal/pages/pages/avigilajudicial/pages/pages/principal/pages/pages/pages/principal/principal/principal/principal/asesoria.php HTTP/1.1" 200 54693 "-" "Mozilla/5.0 (compatible; MJ12bot/v1.4.8; http://mj12bot.com/)"
217.182.195.181 - - [14/Jul/2026:19:42:34 +0000] "GET /index.php/20/8op9a7i2/925048/avigilajudicial/avigilajudicial/avigilajudicial/avigilajudicial/avigilajudicial/avigilajudicial/avigilajudicial/avigilajudicial/avigilajudicial/avigilajudicial/avigilajudicial/avigilajudicial/avigilajudicial/avigilajudicial/avigilajudicial/avigilajudicial/avigilajudicial/principal/avigilajudicial/avigilajudicial/principal/principal/pages/pages/avigilajudicial/pages/pages/principal/pages/pages/pages/principal/principal/principal/principal/casos_exito.php HTTP/1.1" 200 54693 "-" "Mozilla/5.0 (compatible; MJ12bot/v1.4.8; http://mj12bot.com/)"
217.182.195.181 - - [14/Jul/2026:19:42:36 +0000] "GET /index.php/20/8op9a7i2/925048/avigilajudicial/avigilajudicial/avigilajudicial/avigilajudicial/avigilajudicial/avigilajudicial/avigilajudicial/avigilajudicial/avigilajudicial/avigilajudicial/avigilajudicial/avigilajudicial/avigilajudicial/avigilajudicial/avigilajudicial/avigilajudicial/avigilajudicial/principal/avigilajudicial/avigilajudicial/principal/principal/pages/pages/avigilajudicial/pages/pages/principal/pages/pages/pages/principal/principal/principal/principal/contactenos.php HTTP/1.1" 200 54693 "-" "Mozilla/5.0 (compatible; MJ12bot/v1.4.8; http://mj12bot.com/)"
186.154.33.68 - - [14/Jul/2026:19:42:34 +0000] "GET /Visualizar_Mensajes.php?numra=0-034&Id=128692&Identificacion=13539670 HTTP/1.1" 200 6692 "http://www.asjudinet.com/Consultar_Respuestas_afiliados.php?Identificacion=13539670&submit=CONSULTAR" "Mozilla/5.0 (Windows NT 10.0; Win64; x64) AppleWebKit/537.36 (KHTML, like Gecko) Chrome/109.0.0.0 Safari/537.36"
217.182.195.181 - - [14/Jul/2026:19:42:37 +0000] "GET /index.php/20/8op9a7i2/925048/avigilajudicial/avigilajudicial/avigilajudicial/avigilajudicial/avigilajudicial/avigilajudicial/avigilajudicial/avigilajudicial/avigilajudicial/avigilajudicial/avigilajudicial/avigilajudicial/avigilajudicial/avigilajudicial/avigilajudicial/avigilajudicial/avigilajudicial/principal/avigilajudicial/avigilajudicial/principal/principal/pages/pages/avigilajudicial/pages/pages/principal/pages/pages/pages/principal/principal/principal/principal/enlaces.php HTTP/1.1" 200 54693 "-" "Mozilla/5.0 (compatible; MJ12bot/v1.4.8; http://mj12bot.com/)"
217.182.195.181 - - [14/Jul/2026:19:42:39 +0000] "GET /index.php/20/8op9a7i2/925048/avigilajudicial/avigilajudicial/avigilajudicial/avigilajudicial/avigilajudicial/avigilajudicial/avigilajudicial/avigilajudicial/avigilajudicial/avigilajudicial/avigilajudicial/avigilajudicial/avigilajudicial/avigilajudicial/avigilajudicial/avigilajudicial/avigilajudicial/principal/avigilajudicial/avigilajudicial/principal/principal/pages/pages/avigilajudicial/pages/pages/principal/pages/pages/pages/principal/principal/principal/principal/lista_email.php HTTP/1.1" 200 54693 "-" "Mozilla/5.0 (compatible; MJ12bot/v1.4.8; http://mj12bot.com/)"
186.154.33.68 - - [14/Jul/2026:19:42:40 +0000] "GET /descargar_archivos.php?Id=65574 HTTP/1.1" 200 227619 "http://www.asjudinet.com/Visualizar_Mensajes.php?numra=0-034&Id=128692&Identificacion=13539670" "Mozilla/5.0 (Windows NT 10.0; Win64; x64) AppleWebKit/537.36 (KHTML, like Gecko) Chrome/109.0.0.0 Safari/537.36"
217.182.195.181 - - [14/Jul/2026:19:42:41 +0000] "GET /index.php/20/8op9a7i2/925048/avigilajudicial/avigilajudicial/avigilajudicial/avigilajudicial/avigilajudicial/avigilajudicial/avigilajudicial/avigilajudicial/avigilajudicial/avigilajudicial/avigilajudicial/avigilajudicial/avigilajudicial/avigilajudicial/avigilajudicial/avigilajudicial/avigilajudicial/principal/avigilajudicial/avigilajudicial/principal/principal/pages/pages/avigilajudicial/pages/pages/principal/pages/pages/pages/principal/principal/principal/principal/prepago.php HTTP/1.1" 200 54693 "-" "Mozilla/5.0 (compatible; MJ12bot/v1.4.8; http://mj12bot.com/)"
217.182.195.181 - - [14/Jul/2026:19:42:43 +0000] "GET /index.php/20/8op9a7i2/925048/avigilajudicial/avigilajudicial/avigilajudicial/avigilajudicial/avigilajudicial/avigilajudicial/avigilajudicial/avigilajudicial/avigilajudicial/avigilajudicial/avigilajudicial/avigilajudicial/avigilajudicial/avigilajudicial/avigilajudicial/avigilajudicial/avigilajudicial/principal/avigilajudicial/avigilajudicial/principal/principal/pages/pages/avigilajudicial/pages/pages/principal/pages/pages/pages/principal/principal/principal/principal/quienes.php HTTP/1.1" 200 54693 "-" "Mozilla/5.0 (compatible; MJ12bot/v1.4.8; http://mj12bot.com/)"
190.85.87.250 - - [14/Jul/2026:19:42:42 +0000] "POST /afinanciera/cartera_cargar_manual_deb.php?ced2=1093764411&numcon=27401 HTTP/1.1" 200 196926 "http://www.asjudinet.com/afinanciera/cartera_cargar_manual_deb.php?ced2=1093764411&numcon=27401" "Mozilla/5.0 (Windows NT 10.0; Win64; x64) AppleWebKit/537.36 (KHTML, like Gecko) Chrome/150.0.0.0 Safari/537.36"
217.182.195.181 - - [14/Jul/2026:19:42:45 +0000] "GET /index.php/20/8op9a7i2/925048/avigilajudicial/avigilajudicial/avigilajudicial/avigilajudicial/avigilajudicial/avigilajudicial/avigilajudicial/avigilajudicial/avigilajudicial/avigilajudicial/avigilajudicial/avigilajudicial/avigilajudicial/avigilajudicial/avigilajudicial/avigilajudicial/avigilajudicial/principal/avigilajudicial/avigilajudicial/principal/principal/pages/pages/avigilajudicial/pages/pages/principal/pages/pages/pages/principal/principal/principal/principal/testimonios.php HTTP/1.1" 200 54693 "-" "Mozilla/5.0 (compatible; MJ12bot/v1.4.8; http://mj12bot.com/)"
217.182.195.181 - - [14/Jul/2026:19:42:46 +0000] "GET /index.php/20/8op9a7i2/925048/avigilajudicial/avigilajudicial/avigilajudicial/avigilajudicial/avigilajudicial/avigilajudicial/avigilajudicial/avigilajudicial/avigilajudicial/avigilajudicial/avigilajudicial/avigilajudicial/avigilajudicial/avigilajudicial/avigilajudicial/avigilajudicial/avigilajudicial/principal/avigilajudicial/avigilajudicial/principal/principal/pages/pages/avigilajudicial/pages/pages/principal/pages/pages/pages/principal/principal/principal/principal/trayectoria.php HTTP/1.1" 200 54693 "-" "Mozilla/5.0 (compatible; MJ12bot/v1.4.8; http://mj12bot.com/)"
217.182.195.181 - - [14/Jul/2026:19:42:48 +0000] "GET /index.php/20/8op9a7i2/925048/avigilajudicial/avigilajudicial/avigilajudicial/avigilajudicial/avigilajudicial/avigilajudicial/avigilajudicial/avigilajudicial/avigilajudicial/avigilajudicial/avigilajudicial/avigilajudicial/avigilajudicial/avigilajudicial/avigilajudicial/avigilajudicial/avigilajudicial/principal/avigilajudicial/avigilajudicial/principal/principal/pages/pages/avigilajudicial/pages/pages/principal/pages/pages/pages/principal/principal/principal/quienes.php HTTP/1.1" 200 54693 "-" "Mozilla/5.0 (compatible; MJ12bot/v1.4.8; http://mj12bot.com/)"
217.182.195.181 - - [14/Jul/2026:19:42:50 +0000] "GET /index.php/20/8op9a7i2/925048/avigilajudicial/avigilajudicial/avigilajudicial/avigilajudicial/avigilajudicial/avigilajudicial/avigilajudicial/avigilajudicial/avigilajudicial/avigilajudicial/avigilajudicial/avigilajudicial/avigilajudicial/avigilajudicial/avigilajudicial/avigilajudicial/avigilajudicial/principal/avigilajudicial/avigilajudicial/principal/principal/pages/pages/avigilajudicial/pages/pages/principal/pages/pages/pages/principal/principal/principal/sucursales.php HTTP/1.1" 200 54693 "-" "Mozilla/5.0 (compatible; MJ12bot/v1.4.8; http://mj12bot.com/)"
217.182.195.181 - - [14/Jul/2026:19:42:52 +0000] "GET /index.php/20/8op9a7i2/925048/avigilajudicial/avigilajudicial/avigilajudicial/avigilajudicial/avigilajudicial/avigilajudicial/avigilajudicial/avigilajudicial/avigilajudicial/avigilajudicial/avigilajudicial/avigilajudicial/avigilajudicial/avigilajudicial/avigilajudicial/avigilajudicial/avigilajudicial/principal/avigilajudicial/avigilajudicial/principal/principal/pages/pages/avigilajudicial/pages/pages/principal/pages/pages/pages/principal/principal/principal/video_empresa.php HTTP/1.1" 200 54693 "-" "Mozilla/5.0 (compatible; MJ12bot/v1.4.8; http://mj12bot.com/)"
185.104.164.179 - - [14/Jul/2026:19:42:50 +0000] "POST /callcenter/respuesta_contacto_afiliado_cerrar_ticket.php?cedulita=1064434316&numcon=I1346&fecha=2026-07-02&atencion=106916&funcionario=34973320 HTTP/1.1" 200 18573 "http://www.asjudinet.com/callcenter/respuesta_contacto_afiliado_cerrar_ticket.php?cedulita=1064434316&numcon=I1346&fecha=2026-07-02&atencion=106916&funcionario=34973320" "Mozilla/5.0 (Windows NT 10.0; Win64; x64) AppleWebKit/537.36 (KHTML, like Gecko) Chrome/150.0.0.0 Safari/537.36"
217.182.195.181 - - [14/Jul/2026:19:42:54 +0000] "GET /index.php/20/8op9a7i2/925048/avigilajudicial/avigilajudicial/avigilajudicial/avigilajudicial/avigilajudicial/avigilajudicial/avigilajudicial/avigilajudicial/avigilajudicial/avigilajudicial/avigilajudicial/avigilajudicial/avigilajudicial/avigilajudicial/avigilajudicial/avigilajudicial/avigilajudicial/principal/avigilajudicial/avigilajudicial/principal/principal/pages/pages/avigilajudicial/pages/pages/principal/pages/pages/pages/principal/principal/quienes.php HTTP/1.1" 200 54693 "-" "Mozilla/5.0 (compatible; MJ12bot/v1.4.8; http://mj12bot.com/)"
185.104.164.179 - - [14/Jul/2026:19:42:55 +0000] "GET /callcenter/listado_zona_bogota_cerrar_ticket.php?ced=34973320&nom=JALAL%20JULIO%20YAMILE&prevMes=2 HTTP/1.1" 200 4829 "http://www.asjudinet.com/callcenter/menu_cerrar_tickets.php?ced=34973320&nom=JALAL%20JULIO%20YAMILE" "Mozilla/5.0 (Windows NT 10.0; Win64; x64) AppleWebKit/537.36 (KHTML, like Gecko) Chrome/150.0.0.0 Safari/537.36"
217.182.195.181 - - [14/Jul/2026:19:42:56 +0000] "GET /index.php/20/8op9a7i2/925048/avigilajudicial/avigilajudicial/avigilajudicial/avigilajudicial/avigilajudicial/avigilajudicial/avigilajudicial/avigilajudicial/avigilajudicial/avigilajudicial/avigilajudicial/avigilajudicial/avigilajudicial/avigilajudicial/avigilajudicial/avigilajudicial/avigilajudicial/principal/avigilajudicial/avigilajudicial/principal/principal/pages/pages/avigilajudicial/pages/pages/principal/pages/pages/pages/principal/principal/soporteacademico.php HTTP/1.1" 200 54693 "-" "Mozilla/5.0 (compatible; MJ12bot/v1.4.8; http://mj12bot.com/)"
217.182.195.181 - - [14/Jul/2026:19:42:57 +0000] "GET /index.php/20/8op9a7i2/925048/avigilajudicial/avigilajudicial/avigilajudicial/avigilajudicial/avigilajudicial/avigilajudicial/avigilajudicial/avigilajudicial/avigilajudicial/avigilajudicial/avigilajudicial/avigilajudicial/avigilajudicial/avigilajudicial/avigilajudicial/avigilajudicial/avigilajudicial/principal/avigilajudicial/avigilajudicial/principal/principal/pages/pages/avigilajudicial/pages/pages/principal/pages/pages/pages/principal/principal/sucursales_satelites.php HTTP/1.1" 200 54693 "-" "Mozilla/5.0 (compatible; MJ12bot/v1.4.8; http://mj12bot.com/)"
185.104.164.179 - - [14/Jul/2026:19:42:55 +0000] "POST /callcenter/php/listado_zona_bogota_cerrar_ticket.php?prevMes=%202 HTTP/1.1" 200 57755 "http://www.asjudinet.com/callcenter/listado_zona_bogota_cerrar_ticket.php?ced=34973320&nom=JALAL%20JULIO%20YAMILE&prevMes=2" "Mozilla/5.0 (Windows NT 10.0; Win64; x64) AppleWebKit/537.36 (KHTML, like Gecko) Chrome/150.0.0.0 Safari/537.36"
217.182.195.181 - - [14/Jul/2026:19:42:59 +0000] "GET /index.php/20/8op9a7i2/925048/avigilajudicial/avigilajudicial/avigilajudicial/avigilajudicial/avigilajudicial/avigilajudicial/avigilajudicial/avigilajudicial/avigilajudicial/avigilajudicial/avigilajudicial/avigilajudicial/avigilajudicial/avigilajudicial/avigilajudicial/avigilajudicial/avigilajudicial/principal/avigilajudicial/avigilajudicial/principal/principal/pages/pages/avigilajudicial/pages/pages/principal/pages/pages/pages/principal/principal/testimonios.php HTTP/1.1" 200 54693 "-" "Mozilla/5.0 (compatible; MJ12bot/v1.4.8; http://mj12bot.com/)"
217.182.195.181 - - [14/Jul/2026:19:43:01 +0000] "GET /index.php/20/8op9a7i2/925048/avigilajudicial/avigilajudicial/avigilajudicial/avigilajudicial/avigilajudicial/avigilajudicial/avigilajudicial/avigilajudicial/avigilajudicial/avigilajudicial/avigilajudicial/avigilajudicial/avigilajudicial/avigilajudicial/avigilajudicial/avigilajudicial/avigilajudicial/principal/avigilajudicial/avigilajudicial/principal/principal/pages/pages/avigilajudicial/pages/pages/principal/pages/pages/pages/principal/principal/trayectoria.php HTTP/1.1" 200 54693 "-" "Mozilla/5.0 (compatible; MJ12bot/v1.4.8; http://mj12bot.com/)"
217.182.195.181 - - [14/Jul/2026:19:43:03 +0000] "GET /index.php/20/8op9a7i2/925048/avigilajudicial/avigilajudicial/avigilajudicial/avigilajudicial/avigilajudicial/avigilajudicial/avigilajudicial/avigilajudicial/avigilajudicial/avigilajudicial/avigilajudicial/avigilajudicial/avigilajudicial/avigilajudicial/avigilajudicial/avigilajudicial/avigilajudicial/principal/avigilajudicial/avigilajudicial/principal/principal/pages/pages/avigilajudicial/pages/pages/principal/pages/pages/pages/principal/principal/val_usuarios.php HTTP/1.1" 200 54693 "-" "Mozilla/5.0 (compatible; MJ12bot/v1.4.8; http://mj12bot.com/)"
