217.182.195.181 - - [14/Jul/2026:19:37:14 +0000] "GET /index.php/20/8op9a7i2/925048/avigilajudicial/avigilajudicial/avigilajudicial/avigilajudicial/avigilajudicial/avigilajudicial/avigilajudicial/avigilajudicial/avigilajudicial/avigilajudicial/avigilajudicial/avigilajudicial/avigilajudicial/avigilajudicial/avigilajudicial/avigilajudicial/avigilajudicial/principal/avigilajudicial/avigilajudicial/principal/avigilajudicial/pages/pages/principal/principal/pages/pages/pages/avigilajudicial/avigilajudicial/principal/enlaces.php HTTP/1.1" 200 54693 "-" "Mozilla/5.0 (compatible; MJ12bot/v1.4.8; http://mj12bot.com/)"
217.182.195.181 - - [14/Jul/2026:19:37:16 +0000] "GET /index.php/20/8op9a7i2/925048/avigilajudicial/avigilajudicial/avigilajudicial/avigilajudicial/avigilajudicial/avigilajudicial/avigilajudicial/avigilajudicial/avigilajudicial/avigilajudicial/avigilajudicial/avigilajudicial/avigilajudicial/avigilajudicial/avigilajudicial/avigilajudicial/avigilajudicial/principal/avigilajudicial/avigilajudicial/principal/avigilajudicial/pages/pages/principal/principal/pages/pages/pages/avigilajudicial/avigilajudicial/principal/lista_email.php HTTP/1.1" 200 54693 "-" "Mozilla/5.0 (compatible; MJ12bot/v1.4.8; http://mj12bot.com/)"
217.182.195.181 - - [14/Jul/2026:19:37:18 +0000] "GET /index.php/20/8op9a7i2/925048/avigilajudicial/avigilajudicial/avigilajudicial/avigilajudicial/avigilajudicial/avigilajudicial/avigilajudicial/avigilajudicial/avigilajudicial/avigilajudicial/avigilajudicial/avigilajudicial/avigilajudicial/avigilajudicial/avigilajudicial/avigilajudicial/avigilajudicial/principal/avigilajudicial/avigilajudicial/principal/avigilajudicial/pages/pages/principal/principal/pages/pages/pages/avigilajudicial/avigilajudicial/principal/menu_comunicados.php HTTP/1.1" 200 54693 "-" "Mozilla/5.0 (compatible; MJ12bot/v1.4.8; http://mj12bot.com/)"
217.182.195.181 - - [14/Jul/2026:19:37:20 +0000] "GET /index.php/20/8op9a7i2/925048/avigilajudicial/avigilajudicial/avigilajudicial/avigilajudicial/avigilajudicial/avigilajudicial/avigilajudicial/avigilajudicial/avigilajudicial/avigilajudicial/avigilajudicial/avigilajudicial/avigilajudicial/avigilajudicial/avigilajudicial/avigilajudicial/avigilajudicial/principal/avigilajudicial/avigilajudicial/principal/avigilajudicial/pages/pages/principal/principal/pages/pages/pages/avigilajudicial/avigilajudicial/principal/misionvision.php HTTP/1.1" 200 54693 "-" "Mozilla/5.0 (compatible; MJ12bot/v1.4.8; http://mj12bot.com/)"
217.182.195.181 - - [14/Jul/2026:19:37:21 +0000] "GET /index.php/20/8op9a7i2/925048/avigilajudicial/avigilajudicial/avigilajudicial/avigilajudicial/avigilajudicial/avigilajudicial/avigilajudicial/avigilajudicial/avigilajudicial/avigilajudicial/avigilajudicial/avigilajudicial/avigilajudicial/avigilajudicial/avigilajudicial/avigilajudicial/avigilajudicial/principal/avigilajudicial/avigilajudicial/principal/avigilajudicial/pages/pages/principal/principal/pages/pages/pages/avigilajudicial/avigilajudicial/principal/prepago.php HTTP/1.1" 200 54693 "-" "Mozilla/5.0 (compatible; MJ12bot/v1.4.8; http://mj12bot.com/)"
217.182.195.181 - - [14/Jul/2026:19:37:23 +0000] "GET /index.php/20/8op9a7i2/925048/avigilajudicial/avigilajudicial/avigilajudicial/avigilajudicial/avigilajudicial/avigilajudicial/avigilajudicial/avigilajudicial/avigilajudicial/avigilajudicial/avigilajudicial/avigilajudicial/avigilajudicial/avigilajudicial/avigilajudicial/avigilajudicial/avigilajudicial/principal/avigilajudicial/avigilajudicial/principal/avigilajudicial/pages/pages/principal/principal/pages/pages/pages/avigilajudicial/avigilajudicial/principal/quienes.php HTTP/1.1" 200 54693 "-" "Mozilla/5.0 (compatible; MJ12bot/v1.4.8; http://mj12bot.com/)"
185.104.164.179 - - [14/Jul/2026:19:37:21 +0000] "POST /callcenter/respuesta_contacto_afiliado_cerrar_ticket.php?cedulita=42113871&numcon=7269&fecha=2026-06-26&atencion=106829&funcionario=34973320 HTTP/1.1" 200 19902 "http://www.asjudinet.com/callcenter/respuesta_contacto_afiliado_cerrar_ticket.php?cedulita=42113871&numcon=7269&fecha=2026-06-26&atencion=106829&funcionario=34973320" "Mozilla/5.0 (Windows NT 10.0; Win64; x64) AppleWebKit/537.36 (KHTML, like Gecko) Chrome/150.0.0.0 Safari/537.36"
217.182.195.181 - - [14/Jul/2026:19:37:25 +0000] "GET /index.php/20/8op9a7i2/925048/avigilajudicial/avigilajudicial/avigilajudicial/avigilajudicial/avigilajudicial/avigilajudicial/avigilajudicial/avigilajudicial/avigilajudicial/avigilajudicial/avigilajudicial/avigilajudicial/avigilajudicial/avigilajudicial/avigilajudicial/avigilajudicial/avigilajudicial/principal/avigilajudicial/avigilajudicial/principal/avigilajudicial/pages/pages/principal/principal/pages/pages/pages/avigilajudicial/avigilajudicial/principal/soporteacademico.php HTTP/1.1" 200 54693 "-" "Mozilla/5.0 (compatible; MJ12bot/v1.4.8; http://mj12bot.com/)"
217.182.195.181 - - [14/Jul/2026:19:37:27 +0000] "GET /index.php/20/8op9a7i2/925048/avigilajudicial/avigilajudicial/avigilajudicial/avigilajudicial/avigilajudicial/avigilajudicial/avigilajudicial/avigilajudicial/avigilajudicial/avigilajudicial/avigilajudicial/avigilajudicial/avigilajudicial/avigilajudicial/avigilajudicial/avigilajudicial/avigilajudicial/principal/avigilajudicial/avigilajudicial/principal/avigilajudicial/pages/pages/principal/principal/pages/pages/pages/avigilajudicial/avigilajudicial/principal/sucursales.php HTTP/1.1" 200 54693 "-" "Mozilla/5.0 (compatible; MJ12bot/v1.4.8; http://mj12bot.com/)"
185.104.164.179 - - [14/Jul/2026:19:37:28 +0000] "GET /callcenter/listado_zona_bogota_cerrar_ticket.php?ced=34973320&nom=JALAL%20JULIO%20YAMILE&prevMes=2 HTTP/1.1" 200 4829 "http://www.asjudinet.com/callcenter/menu_cerrar_tickets.php?ced=34973320&nom=JALAL%20JULIO%20YAMILE" "Mozilla/5.0 (Windows NT 10.0; Win64; x64) AppleWebKit/537.36 (KHTML, like Gecko) Chrome/150.0.0.0 Safari/537.36"
217.182.195.181 - - [14/Jul/2026:19:37:29 +0000] "GET /index.php/20/8op9a7i2/925048/avigilajudicial/avigilajudicial/avigilajudicial/avigilajudicial/avigilajudicial/avigilajudicial/avigilajudicial/avigilajudicial/avigilajudicial/avigilajudicial/avigilajudicial/avigilajudicial/avigilajudicial/avigilajudicial/avigilajudicial/avigilajudicial/avigilajudicial/principal/avigilajudicial/avigilajudicial/principal/avigilajudicial/pages/pages/principal/principal/pages/pages/pages/avigilajudicial/avigilajudicial/principal/sucursales_satelites.php HTTP/1.1" 200 54693 "-" "Mozilla/5.0 (compatible; MJ12bot/v1.4.8; http://mj12bot.com/)"
185.104.164.179 - - [14/Jul/2026:19:37:28 +0000] "POST /callcenter/php/listado_zona_bogota_cerrar_ticket.php?prevMes=%202 HTTP/1.1" 200 63702 "http://www.asjudinet.com/callcenter/listado_zona_bogota_cerrar_ticket.php?ced=34973320&nom=JALAL%20JULIO%20YAMILE&prevMes=2" "Mozilla/5.0 (Windows NT 10.0; Win64; x64) AppleWebKit/537.36 (KHTML, like Gecko) Chrome/150.0.0.0 Safari/537.36"
217.182.195.181 - - [14/Jul/2026:19:37:30 +0000] "GET /index.php/20/8op9a7i2/925048/avigilajudicial/avigilajudicial/avigilajudicial/avigilajudicial/avigilajudicial/avigilajudicial/avigilajudicial/avigilajudicial/avigilajudicial/avigilajudicial/avigilajudicial/avigilajudicial/avigilajudicial/avigilajudicial/avigilajudicial/avigilajudicial/avigilajudicial/principal/avigilajudicial/avigilajudicial/principal/avigilajudicial/pages/pages/principal/principal/pages/pages/pages/avigilajudicial/avigilajudicial/principal/testimonios.php HTTP/1.1" 200 54693 "-" "Mozilla/5.0 (compatible; MJ12bot/v1.4.8; http://mj12bot.com/)"
217.182.195.181 - - [14/Jul/2026:19:37:32 +0000] "GET /index.php/20/8op9a7i2/925048/avigilajudicial/avigilajudicial/avigilajudicial/avigilajudicial/avigilajudicial/avigilajudicial/avigilajudicial/avigilajudicial/avigilajudicial/avigilajudicial/avigilajudicial/avigilajudicial/avigilajudicial/avigilajudicial/avigilajudicial/avigilajudicial/avigilajudicial/principal/avigilajudicial/avigilajudicial/principal/avigilajudicial/pages/pages/principal/principal/pages/pages/pages/avigilajudicial/avigilajudicial/principal/trayectoria.php HTTP/1.1" 200 54693 "-" "Mozilla/5.0 (compatible; MJ12bot/v1.4.8; http://mj12bot.com/)"
217.182.195.181 - - [14/Jul/2026:19:37:34 +0000] "GET /index.php/20/8op9a7i2/925048/avigilajudicial/avigilajudicial/avigilajudicial/avigilajudicial/avigilajudicial/avigilajudicial/avigilajudicial/avigilajudicial/avigilajudicial/avigilajudicial/avigilajudicial/avigilajudicial/avigilajudicial/avigilajudicial/avigilajudicial/avigilajudicial/avigilajudicial/principal/avigilajudicial/avigilajudicial/principal/avigilajudicial/pages/pages/principal/principal/pages/pages/pages/avigilajudicial/avigilajudicial/principal/ventajas.php HTTP/1.1" 200 54693 "-" "Mozilla/5.0 (compatible; MJ12bot/v1.4.8; http://mj12bot.com/)"
217.182.195.181 - - [14/Jul/2026:19:37:36 +0000] "GET /index.php/20/8op9a7i2/925048/avigilajudicial/avigilajudicial/avigilajudicial/avigilajudicial/avigilajudicial/avigilajudicial/avigilajudicial/avigilajudicial/avigilajudicial/avigilajudicial/avigilajudicial/avigilajudicial/avigilajudicial/avigilajudicial/avigilajudicial/avigilajudicial/avigilajudicial/principal/avigilajudicial/avigilajudicial/principal/avigilajudicial/pages/pages/principal/principal/pages/pages/pages/avigilajudicial/avigilajudicial/principal/video_empresa.php HTTP/1.1" 200 54693 "-" "Mozilla/5.0 (compatible; MJ12bot/v1.4.8; http://mj12bot.com/)"
217.182.195.181 - - [14/Jul/2026:19:37:38 +0000] "GET /index.php/20/8op9a7i2/925048/avigilajudicial/avigilajudicial/avigilajudicial/avigilajudicial/avigilajudicial/avigilajudicial/avigilajudicial/avigilajudicial/avigilajudicial/avigilajudicial/avigilajudicial/avigilajudicial/avigilajudicial/avigilajudicial/avigilajudicial/avigilajudicial/avigilajudicial/principal/avigilajudicial/avigilajudicial/principal/avigilajudicial/pages/pages/principal/principal/pages/pages/pages/avigilajudicial/avigilajudicial/val_usuarios.php HTTP/1.1" 200 54693 "-" "Mozilla/5.0 (compatible; MJ12bot/v1.4.8; http://mj12bot.com/)"
217.182.195.181 - - [14/Jul/2026:19:37:40 +0000] "GET /index.php/20/8op9a7i2/925048/avigilajudicial/avigilajudicial/avigilajudicial/avigilajudicial/avigilajudicial/avigilajudicial/avigilajudicial/avigilajudicial/avigilajudicial/avigilajudicial/avigilajudicial/avigilajudicial/avigilajudicial/avigilajudicial/avigilajudicial/avigilajudicial/avigilajudicial/principal/avigilajudicial/avigilajudicial/principal/avigilajudicial/pages/pages/principal/principal/pages/pages/pages/avigilajudicial/avigilajudicial/val_usuarios_IURIS.php HTTP/1.1" 200 54693 "-" "Mozilla/5.0 (compatible; MJ12bot/v1.4.8; http://mj12bot.com/)"
185.104.164.179 - - [14/Jul/2026:19:37:39 +0000] "GET /callcenter/respuesta_contacto_afiliado_cerrar_ticket.php?cedulita=14012383&numcon=6953&fecha=2026-07-01&atencion=106884&funcionario=34973320 HTTP/1.1" 200 18859 "http://www.asjudinet.com/callcenter/listado_zona_bogota_cerrar_ticket.php?ced=34973320&nom=JALAL%20JULIO%20YAMILE&prevMes=2" "Mozilla/5.0 (Windows NT 10.0; Win64; x64) AppleWebKit/537.36 (KHTML, like Gecko) Chrome/150.0.0.0 Safari/537.36"
217.182.195.181 - - [14/Jul/2026:19:37:41 +0000] "GET /index.php/20/8op9a7i2/925048/avigilajudicial/avigilajudicial/avigilajudicial/avigilajudicial/avigilajudicial/avigilajudicial/avigilajudicial/avigilajudicial/avigilajudicial/avigilajudicial/avigilajudicial/avigilajudicial/avigilajudicial/avigilajudicial/avigilajudicial/avigilajudicial/avigilajudicial/principal/avigilajudicial/avigilajudicial/principal/avigilajudicial/pages/pages/principal/principal/pages/pages/pages/avigilajudicial/avigilajudicial/validar_usuarios_pagina.php HTTP/1.1" 200 54693 "-" "Mozilla/5.0 (compatible; MJ12bot/v1.4.8; http://mj12bot.com/)"
190.85.87.250 - - [14/Jul/2026:19:37:41 +0000] "POST /afinanciera/cartera_cargar_manual_deb.php?ced2=10697350&numcon=11232A HTTP/1.1" 200 235566 "http://www.asjudinet.com/afinanciera/cartera_cargar_manual_deb.php?ced2=10697350&numcon=11232A" "Mozilla/5.0 (Windows NT 10.0; Win64; x64) AppleWebKit/537.36 (KHTML, like Gecko) Chrome/150.0.0.0 Safari/537.36"
217.182.195.181 - - [14/Jul/2026:19:37:43 +0000] "GET /index.php/20/8op9a7i2/925048/avigilajudicial/avigilajudicial/avigilajudicial/avigilajudicial/avigilajudicial/avigilajudicial/avigilajudicial/avigilajudicial/avigilajudicial/avigilajudicial/avigilajudicial/avigilajudicial/avigilajudicial/avigilajudicial/avigilajudicial/avigilajudicial/avigilajudicial/principal/avigilajudicial/avigilajudicial/principal/avigilajudicial/pages/pages/principal/principal/pages/pages/pages/avigilajudicial/pages/avigilajudicial/validar_vigi_judicial.php HTTP/1.1" 200 54693 "-" "Mozilla/5.0 (compatible; MJ12bot/v1.4.8; http://mj12bot.com/)"
217.182.195.181 - - [14/Jul/2026:19:37:45 +0000] "GET /index.php/20/8op9a7i2/925048/avigilajudicial/avigilajudicial/avigilajudicial/avigilajudicial/avigilajudicial/avigilajudicial/avigilajudicial/avigilajudicial/avigilajudicial/avigilajudicial/avigilajudicial/avigilajudicial/avigilajudicial/avigilajudicial/avigilajudicial/avigilajudicial/avigilajudicial/principal/avigilajudicial/avigilajudicial/principal/avigilajudicial/pages/pages/principal/principal/pages/pages/pages/avigilajudicial/pages/formulario_seminario_dih.php HTTP/1.1" 200 54693 "-" "Mozilla/5.0 (compatible; MJ12bot/v1.4.8; http://mj12bot.com/)"
217.182.195.181 - - [14/Jul/2026:19:37:47 +0000] "GET /index.php/20/8op9a7i2/925048/avigilajudicial/avigilajudicial/avigilajudicial/avigilajudicial/avigilajudicial/avigilajudicial/avigilajudicial/avigilajudicial/avigilajudicial/avigilajudicial/avigilajudicial/avigilajudicial/avigilajudicial/avigilajudicial/avigilajudicial/avigilajudicial/avigilajudicial/principal/avigilajudicial/avigilajudicial/principal/avigilajudicial/pages/pages/principal/principal/pages/pages/pages/avigilajudicial/pages/index.php HTTP/1.1" 200 54693 "-" "Mozilla/5.0 (compatible; MJ12bot/v1.4.8; http://mj12bot.com/)"
217.182.195.181 - - [14/Jul/2026:19:37:48 +0000] "GET /index.php/20/8op9a7i2/925048/avigilajudicial/avigilajudicial/avigilajudicial/avigilajudicial/avigilajudicial/avigilajudicial/avigilajudicial/avigilajudicial/avigilajudicial/avigilajudicial/avigilajudicial/avigilajudicial/avigilajudicial/avigilajudicial/avigilajudicial/avigilajudicial/avigilajudicial/principal/avigilajudicial/avigilajudicial/principal/avigilajudicial/pages/pages/principal/principal/pages/pages/pages/avigilajudicial/pages/pages/menu_creditos_rotativos.php HTTP/1.1" 200 54693 "-" "Mozilla/5.0 (compatible; MJ12bot/v1.4.8; http://mj12bot.com/)"
217.182.195.181 - - [14/Jul/2026:19:37:50 +0000] "GET /index.php/20/8op9a7i2/925048/avigilajudicial/avigilajudicial/avigilajudicial/avigilajudicial/avigilajudicial/avigilajudicial/avigilajudicial/avigilajudicial/avigilajudicial/avigilajudicial/avigilajudicial/avigilajudicial/avigilajudicial/avigilajudicial/avigilajudicial/avigilajudicial/avigilajudicial/principal/avigilajudicial/avigilajudicial/principal/avigilajudicial/pages/pages/principal/principal/pages/pages/pages/avigilajudicial/pages/pages/menu_procesos_todos.php HTTP/1.1" 200 54693 "-" "Mozilla/5.0 (compatible; MJ12bot/v1.4.8; http://mj12bot.com/)"
217.182.195.181 - - [14/Jul/2026:19:37:52 +0000] "GET /index.php/20/8op9a7i2/925048/avigilajudicial/avigilajudicial/avigilajudicial/avigilajudicial/avigilajudicial/avigilajudicial/avigilajudicial/avigilajudicial/avigilajudicial/avigilajudicial/avigilajudicial/avigilajudicial/avigilajudicial/avigilajudicial/avigilajudicial/avigilajudicial/avigilajudicial/principal/avigilajudicial/avigilajudicial/principal/avigilajudicial/pages/pages/principal/principal/pages/pages/pages/avigilajudicial/pages/principal/NoticiasImportantes.php HTTP/1.1" 200 54693 "-" "Mozilla/5.0 (compatible; MJ12bot/v1.4.8; http://mj12bot.com/)"
190.85.87.250 - - [14/Jul/2026:19:37:52 +0000] "GET /consulta_titu_benefi_sus.php?ced2=1090476896&cedb=37398974&numcon=31582 HTTP/1.1" 200 6172 "http://www.asjudinet.com/cartera_consulta_titu_usuario.php?ced2=1090476896&numcon=31582" "Mozilla/5.0 (Windows NT 10.0; Win64; x64) AppleWebKit/537.36 (KHTML, like Gecko) Chrome/125.0.0.0 Safari/537.36"
190.85.87.250 - - [14/Jul/2026:19:37:51 +0000] "POST /cartera_consulta_titu_usuario.php?ced2=1090476896&numcon=31582 HTTP/1.1" 200 160958 "http://www.asjudinet.com/cartera_consulta_titu_usuario.php?ced2=1090476896&numcon=31582" "Mozilla/5.0 (Windows NT 10.0; Win64; x64) AppleWebKit/537.36 (KHTML, like Gecko) Chrome/125.0.0.0 Safari/537.36"
217.182.195.181 - - [14/Jul/2026:19:37:57 +0000] "GET /index.php/20/8op9a7i2/925048/avigilajudicial/avigilajudicial/avigilajudicial/avigilajudicial/avigilajudicial/avigilajudicial/avigilajudicial/avigilajudicial/avigilajudicial/avigilajudicial/avigilajudicial/avigilajudicial/avigilajudicial/avigilajudicial/avigilajudicial/avigilajudicial/avigilajudicial/principal/avigilajudicial/avigilajudicial/principal/avigilajudicial/pages/pages/principal/principal/pages/pages/pages/avigilajudicial/pages/principal/asesoria.php HTTP/1.1" 200 54693 "-" "Mozilla/5.0 (compatible; MJ12bot/v1.4.8; http://mj12bot.com/)"
190.85.87.250 - - [14/Jul/2026:19:37:58 +0000] "POST /afinanciera/cartera_consultar_cargar_deb.php HTTP/1.1" 200 6057 "http://www.asjudinet.com/afinanciera/cartera_consultar_cargar_deb.php" "Mozilla/5.0 (Windows NT 10.0; Win64; x64) AppleWebKit/537.36 (KHTML, like Gecko) Chrome/150.0.0.0 Safari/537.36"
217.182.195.181 - - [14/Jul/2026:19:37:58 +0000] "GET /index.php/20/8op9a7i2/925048/avigilajudicial/avigilajudicial/avigilajudicial/avigilajudicial/avigilajudicial/avigilajudicial/avigilajudicial/avigilajudicial/avigilajudicial/avigilajudicial/avigilajudicial/avigilajudicial/avigilajudicial/avigilajudicial/avigilajudicial/avigilajudicial/avigilajudicial/principal/avigilajudicial/avigilajudicial/principal/avigilajudicial/pages/pages/principal/principal/pages/pages/pages/avigilajudicial/pages/principal/casos_exito.php HTTP/1.1" 200 54693 "-" "Mozilla/5.0 (compatible; MJ12bot/v1.4.8; http://mj12bot.com/)"
114.119.142.135 - - [14/Jul/2026:19:37:59 +0000] "GET /index.php/zzztvsa/39aayzpksh_liqzne72382/principal/Assets/principal/pages/pages/avigilajudicial/avigilajudicial/pages/validar_usuarios_pagina.php HTTP/1.1" 200 54693 "http://www.asjudinet.com/index.php/zzztvsa/39aayzpksh_liqzne72382/principal/Assets/principal/pages/pages/avigilajudicial/avigilajudicial/pages/menu_procesos_todos.php" "Mozilla/5.0 (Linux; Android 7.0;) AppleWebKit/537.36 (HTML, like Gecko) Mobile Safari/537.36 (compatible; PetalBot;+https://webmaster.petalsearch.com/site/petalbot)"
217.182.195.181 - - [14/Jul/2026:19:38:00 +0000] "GET /index.php/20/8op9a7i2/925048/avigilajudicial/avigilajudicial/avigilajudicial/avigilajudicial/avigilajudicial/avigilajudicial/avigilajudicial/avigilajudicial/avigilajudicial/avigilajudicial/avigilajudicial/avigilajudicial/avigilajudicial/avigilajudicial/avigilajudicial/avigilajudicial/avigilajudicial/principal/avigilajudicial/avigilajudicial/principal/avigilajudicial/pages/pages/principal/principal/pages/pages/pages/avigilajudicial/pages/principal/contactenos.php HTTP/1.1" 200 54693 "-" "Mozilla/5.0 (compatible; MJ12bot/v1.4.8; http://mj12bot.com/)"
185.104.164.179 - - [14/Jul/2026:19:37:59 +0000] "POST /callcenter/respuesta_contacto_afiliado_cerrar_ticket.php?cedulita=14012383&numcon=6953&fecha=2026-07-01&atencion=106884&funcionario=34973320 HTTP/1.1" 200 19267 "http://www.asjudinet.com/callcenter/respuesta_contacto_afiliado_cerrar_ticket.php?cedulita=14012383&numcon=6953&fecha=2026-07-01&atencion=106884&funcionario=34973320" "Mozilla/5.0 (Windows NT 10.0; Win64; x64) AppleWebKit/537.36 (KHTML, like Gecko) Chrome/150.0.0.0 Safari/537.36"
217.182.195.181 - - [14/Jul/2026:19:38:02 +0000] "GET /index.php/20/8op9a7i2/925048/avigilajudicial/avigilajudicial/avigilajudicial/avigilajudicial/avigilajudicial/avigilajudicial/avigilajudicial/avigilajudicial/avigilajudicial/avigilajudicial/avigilajudicial/avigilajudicial/avigilajudicial/avigilajudicial/avigilajudicial/avigilajudicial/avigilajudicial/principal/avigilajudicial/avigilajudicial/principal/avigilajudicial/pages/pages/principal/principal/pages/pages/pages/avigilajudicial/pages/principal/contratopersonas.php HTTP/1.1" 200 54693 "-" "Mozilla/5.0 (compatible; MJ12bot/v1.4.8; http://mj12bot.com/)"
217.182.195.181 - - [14/Jul/2026:19:38:04 +0000] "GET /index.php/20/8op9a7i2/925048/avigilajudicial/avigilajudicial/avigilajudicial/avigilajudicial/avigilajudicial/avigilajudicial/avigilajudicial/avigilajudicial/avigilajudicial/avigilajudicial/avigilajudicial/avigilajudicial/avigilajudicial/avigilajudicial/avigilajudicial/avigilajudicial/avigilajudicial/principal/avigilajudicial/avigilajudicial/principal/avigilajudicial/pages/pages/principal/principal/pages/pages/pages/avigilajudicial/pages/principal/enlaces.php HTTP/1.1" 200 54693 "-" "Mozilla/5.0 (compatible; MJ12bot/v1.4.8; http://mj12bot.com/)"
185.104.164.179 - - [14/Jul/2026:19:38:04 +0000] "GET /callcenter/listado_zona_bogota_cerrar_ticket.php?ced=34973320&nom=JALAL%20JULIO%20YAMILE&prevMes=2 HTTP/1.1" 200 4829 "http://www.asjudinet.com/callcenter/menu_cerrar_tickets.php?ced=34973320&nom=JALAL%20JULIO%20YAMILE" "Mozilla/5.0 (Windows NT 10.0; Win64; x64) AppleWebKit/537.36 (KHTML, like Gecko) Chrome/150.0.0.0 Safari/537.36"
190.85.87.250 - - [14/Jul/2026:19:38:03 +0000] "GET /afinanciera/cartera_cargar_manual_deb.php?ced2=84082976&numcon=7711 HTTP/1.1" 200 323828 "http://www.asjudinet.com/afinanciera/cartera_consultar_cargar_deb.php" "Mozilla/5.0 (Windows NT 10.0; Win64; x64) AppleWebKit/537.36 (KHTML, like Gecko) Chrome/150.0.0.0 Safari/537.36"
217.182.195.181 - - [14/Jul/2026:19:38:05 +0000] "GET /index.php/20/8op9a7i2/925048/avigilajudicial/avigilajudicial/avigilajudicial/avigilajudicial/avigilajudicial/avigilajudicial/avigilajudicial/avigilajudicial/avigilajudicial/avigilajudicial/avigilajudicial/avigilajudicial/avigilajudicial/avigilajudicial/avigilajudicial/avigilajudicial/avigilajudicial/principal/avigilajudicial/avigilajudicial/principal/avigilajudicial/pages/pages/principal/principal/pages/pages/pages/avigilajudicial/pages/principal/lista_email.php HTTP/1.1" 200 54693 "-" "Mozilla/5.0 (compatible; MJ12bot/v1.4.8; http://mj12bot.com/)"
185.104.164.179 - - [14/Jul/2026:19:38:04 +0000] "POST /callcenter/php/listado_zona_bogota_cerrar_ticket.php?prevMes=%202 HTTP/1.1" 200 62959 "http://www.asjudinet.com/callcenter/listado_zona_bogota_cerrar_ticket.php?ced=34973320&nom=JALAL%20JULIO%20YAMILE&prevMes=2" "Mozilla/5.0 (Windows NT 10.0; Win64; x64) AppleWebKit/537.36 (KHTML, like Gecko) Chrome/150.0.0.0 Safari/537.36"
217.182.195.181 - - [14/Jul/2026:19:38:07 +0000] "GET /index.php/20/8op9a7i2/925048/avigilajudicial/avigilajudicial/avigilajudicial/avigilajudicial/avigilajudicial/avigilajudicial/avigilajudicial/avigilajudicial/avigilajudicial/avigilajudicial/avigilajudicial/avigilajudicial/avigilajudicial/avigilajudicial/avigilajudicial/avigilajudicial/avigilajudicial/principal/avigilajudicial/avigilajudicial/principal/avigilajudicial/pages/pages/principal/principal/pages/pages/pages/avigilajudicial/pages/principal/menu_comunicados.php HTTP/1.1" 200 54693 "-" "Mozilla/5.0 (compatible; MJ12bot/v1.4.8; http://mj12bot.com/)"
217.182.195.181 - - [14/Jul/2026:19:38:09 +0000] "GET /index.php/20/8op9a7i2/925048/avigilajudicial/avigilajudicial/avigilajudicial/avigilajudicial/avigilajudicial/avigilajudicial/avigilajudicial/avigilajudicial/avigilajudicial/avigilajudicial/avigilajudicial/avigilajudicial/avigilajudicial/avigilajudicial/avigilajudicial/avigilajudicial/avigilajudicial/principal/avigilajudicial/avigilajudicial/principal/avigilajudicial/pages/pages/principal/principal/pages/pages/pages/avigilajudicial/pages/principal/misionvision.php HTTP/1.1" 200 54693 "-" "Mozilla/5.0 (compatible; MJ12bot/v1.4.8; http://mj12bot.com/)"
217.182.195.181 - - [14/Jul/2026:19:38:11 +0000] "GET /index.php/20/8op9a7i2/925048/avigilajudicial/avigilajudicial/avigilajudicial/avigilajudicial/avigilajudicial/avigilajudicial/avigilajudicial/avigilajudicial/avigilajudicial/avigilajudicial/avigilajudicial/avigilajudicial/avigilajudicial/avigilajudicial/avigilajudicial/avigilajudicial/avigilajudicial/principal/avigilajudicial/avigilajudicial/principal/avigilajudicial/pages/pages/principal/principal/pages/pages/pages/avigilajudicial/pages/principal/prepago.php HTTP/1.1" 200 54693 "-" "Mozilla/5.0 (compatible; MJ12bot/v1.4.8; http://mj12bot.com/)"
185.104.164.179 - - [14/Jul/2026:19:38:10 +0000] "GET /callcenter/respuesta_contacto_afiliado_cerrar_ticket.php?cedulita=15679318&numcon=2191&fecha=2026-07-01&atencion=106890&funcionario=34973320 HTTP/1.1" 200 18052 "http://www.asjudinet.com/callcenter/listado_zona_bogota_cerrar_ticket.php?ced=34973320&nom=JALAL%20JULIO%20YAMILE&prevMes=2" "Mozilla/5.0 (Windows NT 10.0; Win64; x64) AppleWebKit/537.36 (KHTML, like Gecko) Chrome/150.0.0.0 Safari/537.36"
217.182.195.181 - - [14/Jul/2026:19:38:13 +0000] "GET /index.php/20/8op9a7i2/925048/avigilajudicial/avigilajudicial/avigilajudicial/avigilajudicial/avigilajudicial/avigilajudicial/avigilajudicial/avigilajudicial/avigilajudicial/avigilajudicial/avigilajudicial/avigilajudicial/avigilajudicial/avigilajudicial/avigilajudicial/avigilajudicial/avigilajudicial/principal/avigilajudicial/avigilajudicial/principal/avigilajudicial/pages/pages/principal/principal/pages/pages/pages/avigilajudicial/pages/principal/quienes.php HTTP/1.1" 200 54693 "-" "Mozilla/5.0 (compatible; MJ12bot/v1.4.8; http://mj12bot.com/)"
217.182.195.181 - - [14/Jul/2026:19:38:15 +0000] "GET /index.php/20/8op9a7i2/925048/avigilajudicial/avigilajudicial/avigilajudicial/avigilajudicial/avigilajudicial/avigilajudicial/avigilajudicial/avigilajudicial/avigilajudicial/avigilajudicial/avigilajudicial/avigilajudicial/avigilajudicial/avigilajudicial/avigilajudicial/avigilajudicial/avigilajudicial/principal/avigilajudicial/avigilajudicial/principal/avigilajudicial/pages/pages/principal/principal/pages/pages/pages/avigilajudicial/pages/principal/soporteacademico.php HTTP/1.1" 200 54693 "-" "Mozilla/5.0 (compatible; MJ12bot/v1.4.8; http://mj12bot.com/)"
217.182.195.181 - - [14/Jul/2026:19:38:17 +0000] "GET /index.php/20/8op9a7i2/925048/avigilajudicial/avigilajudicial/avigilajudicial/avigilajudicial/avigilajudicial/avigilajudicial/avigilajudicial/avigilajudicial/avigilajudicial/avigilajudicial/avigilajudicial/avigilajudicial/avigilajudicial/avigilajudicial/avigilajudicial/avigilajudicial/avigilajudicial/principal/avigilajudicial/avigilajudicial/principal/avigilajudicial/pages/pages/principal/principal/pages/pages/pages/avigilajudicial/pages/principal/sucursales.php HTTP/1.1" 200 54693 "-" "Mozilla/5.0 (compatible; MJ12bot/v1.4.8; http://mj12bot.com/)"
217.182.195.181 - - [14/Jul/2026:19:38:18 +0000] "GET /index.php/20/8op9a7i2/925048/avigilajudicial/avigilajudicial/avigilajudicial/avigilajudicial/avigilajudicial/avigilajudicial/avigilajudicial/avigilajudicial/avigilajudicial/avigilajudicial/avigilajudicial/avigilajudicial/avigilajudicial/avigilajudicial/avigilajudicial/avigilajudicial/avigilajudicial/principal/avigilajudicial/avigilajudicial/principal/avigilajudicial/pages/pages/principal/principal/pages/pages/pages/avigilajudicial/pages/principal/sucursales_satelites.php HTTP/1.1" 200 54693 "-" "Mozilla/5.0 (compatible; MJ12bot/v1.4.8; http://mj12bot.com/)"
217.182.195.181 - - [14/Jul/2026:19:38:20 +0000] "GET /index.php/20/8op9a7i2/925048/avigilajudicial/avigilajudicial/avigilajudicial/avigilajudicial/avigilajudicial/avigilajudicial/avigilajudicial/avigilajudicial/avigilajudicial/avigilajudicial/avigilajudicial/avigilajudicial/avigilajudicial/avigilajudicial/avigilajudicial/avigilajudicial/avigilajudicial/principal/avigilajudicial/avigilajudicial/principal/avigilajudicial/pages/pages/principal/principal/pages/pages/pages/avigilajudicial/pages/principal/testimonios.php HTTP/1.1" 200 54693 "-" "Mozilla/5.0 (compatible; MJ12bot/v1.4.8; http://mj12bot.com/)"
217.182.195.181 - - [14/Jul/2026:19:38:22 +0000] "GET /index.php/20/8op9a7i2/925048/avigilajudicial/avigilajudicial/avigilajudicial/avigilajudicial/avigilajudicial/avigilajudicial/avigilajudicial/avigilajudicial/avigilajudicial/avigilajudicial/avigilajudicial/avigilajudicial/avigilajudicial/avigilajudicial/avigilajudicial/avigilajudicial/avigilajudicial/principal/avigilajudicial/avigilajudicial/principal/avigilajudicial/pages/pages/principal/principal/pages/pages/pages/avigilajudicial/pages/principal/trayectoria.php HTTP/1.1" 200 54693 "-" "Mozilla/5.0 (compatible; MJ12bot/v1.4.8; http://mj12bot.com/)"
185.104.164.179 - - [14/Jul/2026:19:38:21 +0000] "POST /callcenter/respuesta_contacto_afiliado_cerrar_ticket.php?cedulita=15679318&numcon=2191&fecha=2026-07-01&atencion=106890&funcionario=34973320 HTTP/1.1" 200 18460 "http://www.asjudinet.com/callcenter/respuesta_contacto_afiliado_cerrar_ticket.php?cedulita=15679318&numcon=2191&fecha=2026-07-01&atencion=106890&funcionario=34973320" "Mozilla/5.0 (Windows NT 10.0; Win64; x64) AppleWebKit/537.36 (KHTML, like Gecko) Chrome/150.0.0.0 Safari/537.36"
217.182.195.181 - - [14/Jul/2026:19:38:23 +0000] "GET /index.php/20/8op9a7i2/925048/avigilajudicial/avigilajudicial/avigilajudicial/avigilajudicial/avigilajudicial/avigilajudicial/avigilajudicial/avigilajudicial/avigilajudicial/avigilajudicial/avigilajudicial/avigilajudicial/avigilajudicial/avigilajudicial/avigilajudicial/avigilajudicial/avigilajudicial/principal/avigilajudicial/avigilajudicial/principal/avigilajudicial/pages/pages/principal/principal/pages/pages/pages/avigilajudicial/pages/principal/ventajas.php HTTP/1.1" 200 54693 "-" "Mozilla/5.0 (compatible; MJ12bot/v1.4.8; http://mj12bot.com/)"
217.182.195.181 - - [14/Jul/2026:19:38:25 +0000] "GET /index.php/20/8op9a7i2/925048/avigilajudicial/avigilajudicial/avigilajudicial/avigilajudicial/avigilajudicial/avigilajudicial/avigilajudicial/avigilajudicial/avigilajudicial/avigilajudicial/avigilajudicial/avigilajudicial/avigilajudicial/avigilajudicial/avigilajudicial/avigilajudicial/avigilajudicial/principal/avigilajudicial/avigilajudicial/principal/avigilajudicial/pages/pages/principal/principal/pages/pages/pages/avigilajudicial/pages/principal/video_empresa.php HTTP/1.1" 200 54693 "-" "Mozilla/5.0 (compatible; MJ12bot/v1.4.8; http://mj12bot.com/)"
185.104.164.179 - - [14/Jul/2026:19:38:26 +0000] "GET /callcenter/listado_zona_bogota_cerrar_ticket.php?ced=34973320&nom=JALAL%20JULIO%20YAMILE&prevMes=2 HTTP/1.1" 200 4829 "http://www.asjudinet.com/callcenter/menu_cerrar_tickets.php?ced=34973320&nom=JALAL%20JULIO%20YAMILE" "Mozilla/5.0 (Windows NT 10.0; Win64; x64) AppleWebKit/537.36 (KHTML, like Gecko) Chrome/150.0.0.0 Safari/537.36"
217.182.195.181 - - [14/Jul/2026:19:38:27 +0000] "GET /index.php/20/8op9a7i2/925048/avigilajudicial/avigilajudicial/avigilajudicial/avigilajudicial/avigilajudicial/avigilajudicial/avigilajudicial/avigilajudicial/avigilajudicial/avigilajudicial/avigilajudicial/avigilajudicial/avigilajudicial/avigilajudicial/avigilajudicial/avigilajudicial/avigilajudicial/principal/avigilajudicial/avigilajudicial/principal/avigilajudicial/pages/pages/principal/principal/pages/pages/pages/avigilajudicial/pages/val_usuarios.php HTTP/1.1" 200 54693 "-" "Mozilla/5.0 (compatible; MJ12bot/v1.4.8; http://mj12bot.com/)"
217.182.195.181 - - [14/Jul/2026:19:38:28 +0000] "GET /index.php/20/8op9a7i2/925048/avigilajudicial/avigilajudicial/avigilajudicial/avigilajudicial/avigilajudicial/avigilajudicial/avigilajudicial/avigilajudicial/avigilajudicial/avigilajudicial/avigilajudicial/avigilajudicial/avigilajudicial/avigilajudicial/avigilajudicial/avigilajudicial/avigilajudicial/principal/avigilajudicial/avigilajudicial/principal/avigilajudicial/pages/pages/principal/principal/pages/pages/pages/avigilajudicial/pages/val_usuarios_IURIS.php HTTP/1.1" 200 54693 "-" "Mozilla/5.0 (compatible; MJ12bot/v1.4.8; http://mj12bot.com/)"
185.104.164.179 - - [14/Jul/2026:19:38:26 +0000] "POST /callcenter/php/listado_zona_bogota_cerrar_ticket.php?prevMes=%202 HTTP/1.1" 200 62222 "http://www.asjudinet.com/callcenter/listado_zona_bogota_cerrar_ticket.php?ced=34973320&nom=JALAL%20JULIO%20YAMILE&prevMes=2" "Mozilla/5.0 (Windows NT 10.0; Win64; x64) AppleWebKit/537.36 (KHTML, like Gecko) Chrome/150.0.0.0 Safari/537.36"
217.182.195.181 - - [14/Jul/2026:19:38:30 +0000] "GET /index.php/20/8op9a7i2/925048/avigilajudicial/avigilajudicial/avigilajudicial/avigilajudicial/avigilajudicial/avigilajudicial/avigilajudicial/avigilajudicial/avigilajudicial/avigilajudicial/avigilajudicial/avigilajudicial/avigilajudicial/avigilajudicial/avigilajudicial/avigilajudicial/avigilajudicial/principal/avigilajudicial/avigilajudicial/principal/avigilajudicial/pages/pages/principal/principal/pages/pages/pages/avigilajudicial/pages/validar_usuarios_pagina.php HTTP/1.1" 200 54693 "-" "Mozilla/5.0 (compatible; MJ12bot/v1.4.8; http://mj12bot.com/)"
217.182.195.181 - - [14/Jul/2026:19:38:32 +0000] "GET /index.php/20/8op9a7i2/925048/avigilajudicial/avigilajudicial/avigilajudicial/avigilajudicial/avigilajudicial/avigilajudicial/avigilajudicial/avigilajudicial/avigilajudicial/avigilajudicial/avigilajudicial/avigilajudicial/avigilajudicial/avigilajudicial/avigilajudicial/avigilajudicial/avigilajudicial/principal/avigilajudicial/avigilajudicial/principal/avigilajudicial/pages/pages/principal/principal/pages/pages/pages/avigilajudicial/principal/avigilajudicial/index.php HTTP/1.1" 200 54693 "-" "Mozilla/5.0 (compatible; MJ12bot/v1.4.8; http://mj12bot.com/)"
217.182.195.181 - - [14/Jul/2026:19:38:34 +0000] "GET /index.php/20/8op9a7i2/925048/avigilajudicial/avigilajudicial/avigilajudicial/avigilajudicial/avigilajudicial/avigilajudicial/avigilajudicial/avigilajudicial/avigilajudicial/avigilajudicial/avigilajudicial/avigilajudicial/avigilajudicial/avigilajudicial/avigilajudicial/avigilajudicial/avigilajudicial/principal/avigilajudicial/avigilajudicial/principal/avigilajudicial/pages/pages/principal/principal/pages/pages/pages/avigilajudicial/principal/avigilajudicial/principal/asesoria.php HTTP/1.1" 200 54693 "-" "Mozilla/5.0 (compatible; MJ12bot/v1.4.8; http://mj12bot.com/)"
217.182.195.181 - - [14/Jul/2026:19:38:36 +0000] "GET /index.php/20/8op9a7i2/925048/avigilajudicial/avigilajudicial/avigilajudicial/avigilajudicial/avigilajudicial/avigilajudicial/avigilajudicial/avigilajudicial/avigilajudicial/avigilajudicial/avigilajudicial/avigilajudicial/avigilajudicial/avigilajudicial/avigilajudicial/avigilajudicial/avigilajudicial/principal/avigilajudicial/avigilajudicial/principal/avigilajudicial/pages/pages/principal/principal/pages/pages/pages/avigilajudicial/principal/avigilajudicial/principal/casos_exito.php HTTP/1.1" 200 54693 "-" "Mozilla/5.0 (compatible; MJ12bot/v1.4.8; http://mj12bot.com/)"
185.104.164.179 - - [14/Jul/2026:19:38:33 +0000] "GET /callcenter/respuesta_contacto_afiliado_cerrar_ticket.php?cedulita=16661533&numcon=I0961A&fecha=2026-07-01&atencion=106899&funcionario=34973320 HTTP/1.1" 200 18805 "http://www.asjudinet.com/callcenter/listado_zona_bogota_cerrar_ticket.php?ced=34973320&nom=JALAL%20JULIO%20YAMILE&prevMes=2" "Mozilla/5.0 (Windows NT 10.0; Win64; x64) AppleWebKit/537.36 (KHTML, like Gecko) Chrome/150.0.0.0 Safari/537.36"
217.182.195.181 - - [14/Jul/2026:19:38:37 +0000] "GET /index.php/20/8op9a7i2/925048/avigilajudicial/avigilajudicial/avigilajudicial/avigilajudicial/avigilajudicial/avigilajudicial/avigilajudicial/avigilajudicial/avigilajudicial/avigilajudicial/avigilajudicial/avigilajudicial/avigilajudicial/avigilajudicial/avigilajudicial/avigilajudicial/avigilajudicial/principal/avigilajudicial/avigilajudicial/principal/avigilajudicial/pages/pages/principal/principal/pages/pages/pages/avigilajudicial/principal/avigilajudicial/principal/contactenos.php HTTP/1.1" 200 54693 "-" "Mozilla/5.0 (compatible; MJ12bot/v1.4.8; http://mj12bot.com/)"
217.182.195.181 - - [14/Jul/2026:19:38:39 +0000] "GET /index.php/20/8op9a7i2/925048/avigilajudicial/avigilajudicial/avigilajudicial/avigilajudicial/avigilajudicial/avigilajudicial/avigilajudicial/avigilajudicial/avigilajudicial/avigilajudicial/avigilajudicial/avigilajudicial/avigilajudicial/avigilajudicial/avigilajudicial/avigilajudicial/avigilajudicial/principal/avigilajudicial/avigilajudicial/principal/avigilajudicial/pages/pages/principal/principal/pages/pages/pages/avigilajudicial/principal/avigilajudicial/principal/enlaces.php HTTP/1.1" 200 54693 "-" "Mozilla/5.0 (compatible; MJ12bot/v1.4.8; http://mj12bot.com/)"
217.182.195.181 - - [14/Jul/2026:19:38:41 +0000] "GET /index.php/20/8op9a7i2/925048/avigilajudicial/avigilajudicial/avigilajudicial/avigilajudicial/avigilajudicial/avigilajudicial/avigilajudicial/avigilajudicial/avigilajudicial/avigilajudicial/avigilajudicial/avigilajudicial/avigilajudicial/avigilajudicial/avigilajudicial/avigilajudicial/avigilajudicial/principal/avigilajudicial/avigilajudicial/principal/avigilajudicial/pages/pages/principal/principal/pages/pages/pages/avigilajudicial/principal/avigilajudicial/principal/lista_email.php HTTP/1.1" 200 54693 "-" "Mozilla/5.0 (compatible; MJ12bot/v1.4.8; http://mj12bot.com/)"
217.182.195.181 - - [14/Jul/2026:19:38:43 +0000] "GET /index.php/20/8op9a7i2/925048/avigilajudicial/avigilajudicial/avigilajudicial/avigilajudicial/avigilajudicial/avigilajudicial/avigilajudicial/avigilajudicial/avigilajudicial/avigilajudicial/avigilajudicial/avigilajudicial/avigilajudicial/avigilajudicial/avigilajudicial/avigilajudicial/avigilajudicial/principal/avigilajudicial/avigilajudicial/principal/avigilajudicial/pages/pages/principal/principal/pages/pages/pages/avigilajudicial/principal/avigilajudicial/principal/misionvision.php HTTP/1.1" 200 54693 "-" "Mozilla/5.0 (compatible; MJ12bot/v1.4.8; http://mj12bot.com/)"
217.182.195.181 - - [14/Jul/2026:19:38:45 +0000] "GET /index.php/20/8op9a7i2/925048/avigilajudicial/avigilajudicial/avigilajudicial/avigilajudicial/avigilajudicial/avigilajudicial/avigilajudicial/avigilajudicial/avigilajudicial/avigilajudicial/avigilajudicial/avigilajudicial/avigilajudicial/avigilajudicial/avigilajudicial/avigilajudicial/avigilajudicial/principal/avigilajudicial/avigilajudicial/principal/avigilajudicial/pages/pages/principal/principal/pages/pages/pages/avigilajudicial/principal/avigilajudicial/principal/prepago.php HTTP/1.1" 200 54693 "-" "Mozilla/5.0 (compatible; MJ12bot/v1.4.8; http://mj12bot.com/)"
217.182.195.181 - - [14/Jul/2026:19:38:46 +0000] "GET /index.php/20/8op9a7i2/925048/avigilajudicial/avigilajudicial/avigilajudicial/avigilajudicial/avigilajudicial/avigilajudicial/avigilajudicial/avigilajudicial/avigilajudicial/avigilajudicial/avigilajudicial/avigilajudicial/avigilajudicial/avigilajudicial/avigilajudicial/avigilajudicial/avigilajudicial/principal/avigilajudicial/avigilajudicial/principal/avigilajudicial/pages/pages/principal/principal/pages/pages/pages/avigilajudicial/principal/avigilajudicial/principal/quienes.php HTTP/1.1" 200 54693 "-" "Mozilla/5.0 (compatible; MJ12bot/v1.4.8; http://mj12bot.com/)"
217.182.195.181 - - [14/Jul/2026:19:38:48 +0000] "GET /index.php/20/8op9a7i2/925048/avigilajudicial/avigilajudicial/avigilajudicial/avigilajudicial/avigilajudicial/avigilajudicial/avigilajudicial/avigilajudicial/avigilajudicial/avigilajudicial/avigilajudicial/avigilajudicial/avigilajudicial/avigilajudicial/avigilajudicial/avigilajudicial/avigilajudicial/principal/avigilajudicial/avigilajudicial/principal/avigilajudicial/pages/pages/principal/principal/pages/pages/pages/avigilajudicial/principal/avigilajudicial/principal/sucursales.php HTTP/1.1" 200 54693 "-" "Mozilla/5.0 (compatible; MJ12bot/v1.4.8; http://mj12bot.com/)"
217.182.195.181 - - [14/Jul/2026:19:38:50 +0000] "GET /index.php/20/8op9a7i2/925048/avigilajudicial/avigilajudicial/avigilajudicial/avigilajudicial/avigilajudicial/avigilajudicial/avigilajudicial/avigilajudicial/avigilajudicial/avigilajudicial/avigilajudicial/avigilajudicial/avigilajudicial/avigilajudicial/avigilajudicial/avigilajudicial/avigilajudicial/principal/avigilajudicial/avigilajudicial/principal/avigilajudicial/pages/pages/principal/principal/pages/pages/pages/avigilajudicial/principal/avigilajudicial/principal/testimonios.php HTTP/1.1" 200 54693 "-" "Mozilla/5.0 (compatible; MJ12bot/v1.4.8; http://mj12bot.com/)"
190.85.87.250 - - [14/Jul/2026:19:38:49 +0000] "POST /afinanciera/cartera_cargar_manual_deb.php?ced2=84082976&numcon=7711 HTTP/1.1" 200 325581 "http://www.asjudinet.com/afinanciera/cartera_cargar_manual_deb.php?ced2=84082976&numcon=7711" "Mozilla/5.0 (Windows NT 10.0; Win64; x64) AppleWebKit/537.36 (KHTML, like Gecko) Chrome/150.0.0.0 Safari/537.36"
217.182.195.181 - - [14/Jul/2026:19:38:52 +0000] "GET /index.php/20/8op9a7i2/925048/avigilajudicial/avigilajudicial/avigilajudicial/avigilajudicial/avigilajudicial/avigilajudicial/avigilajudicial/avigilajudicial/avigilajudicial/avigilajudicial/avigilajudicial/avigilajudicial/avigilajudicial/avigilajudicial/avigilajudicial/avigilajudicial/avigilajudicial/principal/avigilajudicial/avigilajudicial/principal/avigilajudicial/pages/pages/principal/principal/pages/pages/pages/avigilajudicial/principal/avigilajudicial/principal/trayectoria.php HTTP/1.1" 200 54693 "-" "Mozilla/5.0 (compatible; MJ12bot/v1.4.8; http://mj12bot.com/)"
217.182.195.181 - - [14/Jul/2026:19:38:54 +0000] "GET /index.php/20/8op9a7i2/925048/avigilajudicial/avigilajudicial/avigilajudicial/avigilajudicial/avigilajudicial/avigilajudicial/avigilajudicial/avigilajudicial/avigilajudicial/avigilajudicial/avigilajudicial/avigilajudicial/avigilajudicial/avigilajudicial/avigilajudicial/avigilajudicial/avigilajudicial/principal/avigilajudicial/avigilajudicial/principal/avigilajudicial/pages/pages/principal/principal/pages/pages/pages/avigilajudicial/principal/avigilajudicial/principal/ventajas.php HTTP/1.1" 200 54693 "-" "Mozilla/5.0 (compatible; MJ12bot/v1.4.8; http://mj12bot.com/)"
217.182.195.181 - - [14/Jul/2026:19:38:55 +0000] "GET /index.php/20/8op9a7i2/925048/avigilajudicial/avigilajudicial/avigilajudicial/avigilajudicial/avigilajudicial/avigilajudicial/avigilajudicial/avigilajudicial/avigilajudicial/avigilajudicial/avigilajudicial/avigilajudicial/avigilajudicial/avigilajudicial/avigilajudicial/avigilajudicial/avigilajudicial/principal/avigilajudicial/avigilajudicial/principal/avigilajudicial/pages/pages/principal/principal/pages/pages/pages/avigilajudicial/principal/avigilajudicial/val_usuarios.php HTTP/1.1" 200 54693 "-" "Mozilla/5.0 (compatible; MJ12bot/v1.4.8; http://mj12bot.com/)"
217.182.195.181 - - [14/Jul/2026:19:38:57 +0000] "GET /index.php/20/8op9a7i2/925048/avigilajudicial/avigilajudicial/avigilajudicial/avigilajudicial/avigilajudicial/avigilajudicial/avigilajudicial/avigilajudicial/avigilajudicial/avigilajudicial/avigilajudicial/avigilajudicial/avigilajudicial/avigilajudicial/avigilajudicial/avigilajudicial/avigilajudicial/principal/avigilajudicial/avigilajudicial/principal/avigilajudicial/pages/pages/principal/principal/pages/pages/pages/avigilajudicial/principal/avigilajudicial/val_usuarios_IURIS.php HTTP/1.1" 200 54693 "-" "Mozilla/5.0 (compatible; MJ12bot/v1.4.8; http://mj12bot.com/)"
217.182.195.181 - - [14/Jul/2026:19:38:59 +0000] "GET /index.php/20/8op9a7i2/925048/avigilajudicial/avigilajudicial/avigilajudicial/avigilajudicial/avigilajudicial/avigilajudicial/avigilajudicial/avigilajudicial/avigilajudicial/avigilajudicial/avigilajudicial/avigilajudicial/avigilajudicial/avigilajudicial/avigilajudicial/avigilajudicial/avigilajudicial/principal/avigilajudicial/avigilajudicial/principal/avigilajudicial/pages/pages/principal/principal/pages/pages/pages/avigilajudicial/principal/pages/formulario_seminario_dih.php HTTP/1.1" 200 54693 "-" "Mozilla/5.0 (compatible; MJ12bot/v1.4.8; http://mj12bot.com/)"
217.182.195.181 - - [14/Jul/2026:19:39:01 +0000] "GET /index.php/20/8op9a7i2/925048/avigilajudicial/avigilajudicial/avigilajudicial/avigilajudicial/avigilajudicial/avigilajudicial/avigilajudicial/avigilajudicial/avigilajudicial/avigilajudicial/avigilajudicial/avigilajudicial/avigilajudicial/avigilajudicial/avigilajudicial/avigilajudicial/avigilajudicial/principal/avigilajudicial/avigilajudicial/principal/avigilajudicial/pages/pages/principal/principal/pages/pages/pages/avigilajudicial/principal/pages/index.php HTTP/1.1" 200 54693 "-" "Mozilla/5.0 (compatible; MJ12bot/v1.4.8; http://mj12bot.com/)"
217.182.195.181 - - [14/Jul/2026:19:39:03 +0000] "GET /index.php/20/8op9a7i2/925048/avigilajudicial/avigilajudicial/avigilajudicial/avigilajudicial/avigilajudicial/avigilajudicial/avigilajudicial/avigilajudicial/avigilajudicial/avigilajudicial/avigilajudicial/avigilajudicial/avigilajudicial/avigilajudicial/avigilajudicial/avigilajudicial/avigilajudicial/principal/avigilajudicial/avigilajudicial/principal/avigilajudicial/pages/pages/principal/principal/pages/pages/pages/avigilajudicial/principal/pages/pages/menu_creditos_rotativos.php HTTP/1.1" 200 54693 "-" "Mozilla/5.0 (compatible; MJ12bot/v1.4.8; http://mj12bot.com/)"
217.182.195.181 - - [14/Jul/2026:19:39:04 +0000] "GET /index.php/20/8op9a7i2/925048/avigilajudicial/avigilajudicial/avigilajudicial/avigilajudicial/avigilajudicial/avigilajudicial/avigilajudicial/avigilajudicial/avigilajudicial/avigilajudicial/avigilajudicial/avigilajudicial/avigilajudicial/avigilajudicial/avigilajudicial/avigilajudicial/avigilajudicial/principal/avigilajudicial/avigilajudicial/principal/avigilajudicial/pages/pages/principal/principal/pages/pages/pages/avigilajudicial/principal/pages/pages/menu_procesos_todos.php HTTP/1.1" 200 54693 "-" "Mozilla/5.0 (compatible; MJ12bot/v1.4.8; http://mj12bot.com/)"
190.85.87.250 - - [14/Jul/2026:19:39:04 +0000] "POST /afinanciera/cartera_consultar_cargar_deb.php HTTP/1.1" 200 6044 "http://www.asjudinet.com/afinanciera/cartera_consultar_cargar_deb.php" "Mozilla/5.0 (Windows NT 10.0; Win64; x64) AppleWebKit/537.36 (KHTML, like Gecko) Chrome/150.0.0.0 Safari/537.36"
217.182.195.181 - - [14/Jul/2026:19:39:06 +0000] "GET /index.php/20/8op9a7i2/925048/avigilajudicial/avigilajudicial/avigilajudicial/avigilajudicial/avigilajudicial/avigilajudicial/avigilajudicial/avigilajudicial/avigilajudicial/avigilajudicial/avigilajudicial/avigilajudicial/avigilajudicial/avigilajudicial/avigilajudicial/avigilajudicial/avigilajudicial/principal/avigilajudicial/avigilajudicial/principal/avigilajudicial/pages/pages/principal/principal/pages/pages/pages/avigilajudicial/principal/pages/principal/NoticiasImportantes.php HTTP/1.1" 200 54693 "-" "Mozilla/5.0 (compatible; MJ12bot/v1.4.8; http://mj12bot.com/)"
190.85.87.250 - - [14/Jul/2026:19:39:06 +0000] "GET /afinanciera/cartera_cargar_manual_deb.php?ced2=3104164&numcon=10067 HTTP/1.1" 200 463211 "http://www.asjudinet.com/afinanciera/cartera_consultar_cargar_deb.php" "Mozilla/5.0 (Windows NT 10.0; Win64; x64) AppleWebKit/537.36 (KHTML, like Gecko) Chrome/150.0.0.0 Safari/537.36"
217.182.195.181 - - [14/Jul/2026:19:39:08 +0000] "GET /index.php/20/8op9a7i2/925048/avigilajudicial/avigilajudicial/avigilajudicial/avigilajudicial/avigilajudicial/avigilajudicial/avigilajudicial/avigilajudicial/avigilajudicial/avigilajudicial/avigilajudicial/avigilajudicial/avigilajudicial/avigilajudicial/avigilajudicial/avigilajudicial/avigilajudicial/principal/avigilajudicial/avigilajudicial/principal/avigilajudicial/pages/pages/principal/principal/pages/pages/pages/avigilajudicial/principal/pages/principal/asesoria.php HTTP/1.1" 200 54693 "-" "Mozilla/5.0 (compatible; MJ12bot/v1.4.8; http://mj12bot.com/)"
217.182.195.181 - - [14/Jul/2026:19:39:10 +0000] "GET /index.php/20/8op9a7i2/925048/avigilajudicial/avigilajudicial/avigilajudicial/avigilajudicial/avigilajudicial/avigilajudicial/avigilajudicial/avigilajudicial/avigilajudicial/avigilajudicial/avigilajudicial/avigilajudicial/avigilajudicial/avigilajudicial/avigilajudicial/avigilajudicial/avigilajudicial/principal/avigilajudicial/avigilajudicial/principal/avigilajudicial/pages/pages/principal/principal/pages/pages/pages/avigilajudicial/principal/pages/principal/casos_exito.php HTTP/1.1" 200 54693 "-" "Mozilla/5.0 (compatible; MJ12bot/v1.4.8; http://mj12bot.com/)"
217.182.195.181 - - [14/Jul/2026:19:39:12 +0000] "GET /index.php/20/8op9a7i2/925048/avigilajudicial/avigilajudicial/avigilajudicial/avigilajudicial/avigilajudicial/avigilajudicial/avigilajudicial/avigilajudicial/avigilajudicial/avigilajudicial/avigilajudicial/avigilajudicial/avigilajudicial/avigilajudicial/avigilajudicial/avigilajudicial/avigilajudicial/principal/avigilajudicial/avigilajudicial/principal/avigilajudicial/pages/pages/principal/principal/pages/pages/pages/avigilajudicial/principal/pages/principal/contactenos.php HTTP/1.1" 200 54693 "-" "Mozilla/5.0 (compatible; MJ12bot/v1.4.8; http://mj12bot.com/)"
217.182.195.181 - - [14/Jul/2026:19:39:14 +0000] "GET /index.php/20/8op9a7i2/925048/avigilajudicial/avigilajudicial/avigilajudicial/avigilajudicial/avigilajudicial/avigilajudicial/avigilajudicial/avigilajudicial/avigilajudicial/avigilajudicial/avigilajudicial/avigilajudicial/avigilajudicial/avigilajudicial/avigilajudicial/avigilajudicial/avigilajudicial/principal/avigilajudicial/avigilajudicial/principal/avigilajudicial/pages/pages/principal/principal/pages/pages/pages/avigilajudicial/principal/pages/principal/contratopersonas.php HTTP/1.1" 200 54693 "-" "Mozilla/5.0 (compatible; MJ12bot/v1.4.8; http://mj12bot.com/)"
217.182.195.181 - - [14/Jul/2026:19:39:15 +0000] "GET /index.php/20/8op9a7i2/925048/avigilajudicial/avigilajudicial/avigilajudicial/avigilajudicial/avigilajudicial/avigilajudicial/avigilajudicial/avigilajudicial/avigilajudicial/avigilajudicial/avigilajudicial/avigilajudicial/avigilajudicial/avigilajudicial/avigilajudicial/avigilajudicial/avigilajudicial/principal/avigilajudicial/avigilajudicial/principal/avigilajudicial/pages/pages/principal/principal/pages/pages/pages/avigilajudicial/principal/pages/principal/enlaces.php HTTP/1.1" 200 54693 "-" "Mozilla/5.0 (compatible; MJ12bot/v1.4.8; http://mj12bot.com/)"
