190.85.87.250 - - [14/Jul/2026:12:37:12 +0000] "GET /ELEMENTS/principal/multas1.png HTTP/1.1" 200 39231 "http://www.asjudinet.com/" "Mozilla/5.0 (Windows NT 10.0; Win64; x64) AppleWebKit/537.36 (KHTML, like Gecko) Chrome/150.0.0.0 Safari/537.36"
190.85.87.250 - - [14/Jul/2026:12:37:12 +0000] "GET /ELEMENTS/principal/multas2.png HTTP/1.1" 200 70544 "http://www.asjudinet.com/" "Mozilla/5.0 (Windows NT 10.0; Win64; x64) AppleWebKit/537.36 (KHTML, like Gecko) Chrome/150.0.0.0 Safari/537.36"
190.85.87.250 - - [14/Jul/2026:12:37:12 +0000] "GET /ELEMENTS/principal/LoginIuris.jpg HTTP/1.1" 200 39706 "http://www.asjudinet.com/" "Mozilla/5.0 (Windows NT 10.0; Win64; x64) AppleWebKit/537.36 (KHTML, like Gecko) Chrome/150.0.0.0 Safari/537.36"
190.85.87.250 - - [14/Jul/2026:12:37:12 +0000] "GET /ELEMENTS/blanco.jpg HTTP/1.1" 200 28580 "http://www.asjudinet.com/css/asjudinet.css" "Mozilla/5.0 (Windows NT 10.0; Win64; x64) AppleWebKit/537.36 (KHTML, like Gecko) Chrome/150.0.0.0 Safari/537.36"
190.85.87.250 - - [14/Jul/2026:12:37:12 +0000] "GET /css/images/marker-icon.png HTTP/1.1" 200 1466 "http://www.asjudinet.com/css/leaflet.css" "Mozilla/5.0 (Windows NT 10.0; Win64; x64) AppleWebKit/537.36 (KHTML, like Gecko) Chrome/150.0.0.0 Safari/537.36"
190.85.87.250 - - [14/Jul/2026:12:37:12 +0000] "GET /css/images/marker-shadow.png HTTP/1.1" 200 618 "http://www.asjudinet.com/" "Mozilla/5.0 (Windows NT 10.0; Win64; x64) AppleWebKit/537.36 (KHTML, like Gecko) Chrome/150.0.0.0 Safari/537.36"
190.85.87.250 - - [14/Jul/2026:12:37:13 +0000] "GET /val_usuarios.php HTTP/1.1" 200 7808 "http://www.asjudinet.com/" "Mozilla/5.0 (Windows NT 10.0; Win64; x64) AppleWebKit/537.36 (KHTML, like Gecko) Chrome/150.0.0.0 Safari/537.36"
190.85.87.250 - - [14/Jul/2026:12:37:13 +0000] "GET /ELEMENTS/bannerInterasjudinet.png HTTP/1.1" 200 286717 "http://www.asjudinet.com/val_usuarios.php" "Mozilla/5.0 (Windows NT 10.0; Win64; x64) AppleWebKit/537.36 (KHTML, like Gecko) Chrome/150.0.0.0 Safari/537.36"
190.85.87.250 - - [14/Jul/2026:12:37:15 +0000] "POST /val_usuarios.php HTTP/1.1" 200 160 "http://www.asjudinet.com/val_usuarios.php" "Mozilla/5.0 (Windows NT 10.0; Win64; x64) AppleWebKit/537.36 (KHTML, like Gecko) Chrome/150.0.0.0 Safari/537.36"
190.85.87.250 - - [14/Jul/2026:12:37:15 +0000] "GET /menu_admin.php?ced=1000505297&nom=CORTAZAR%20HERRERA%20SERGIO%20ALEJANDRO&aaa=1010&cargo=1010 HTTP/1.1" 200 55572 "http://www.asjudinet.com/val_usuarios.php" "Mozilla/5.0 (Windows NT 10.0; Win64; x64) AppleWebKit/537.36 (KHTML, like Gecko) Chrome/150.0.0.0 Safari/537.36"
190.85.87.250 - - [14/Jul/2026:12:37:15 +0000] "GET /css/menu_admin.css HTTP/1.1" 200 2437 "http://www.asjudinet.com/menu_admin.php?ced=1000505297&nom=CORTAZAR%20HERRERA%20SERGIO%20ALEJANDRO&aaa=1010&cargo=1010" "Mozilla/5.0 (Windows NT 10.0; Win64; x64) AppleWebKit/537.36 (KHTML, like Gecko) Chrome/150.0.0.0 Safari/537.36"
190.85.87.250 - - [14/Jul/2026:12:37:15 +0000] "GET /callcenter/respuesta_acciones_constitucional.php?cedulita=39546969&numcon=8197&fecha=2026-07-09&atencion=107037&funcionario=1000940633 HTTP/1.1" 200 22039 "http://www.asjudinet.com/callcenter/listado_acciones_constitucionales.php?ced=1000940633&nom=ROA%20PEDRAZA%20DANIEL" "Mozilla/5.0 (Windows NT 10.0; Win64; x64) AppleWebKit/537.36 (KHTML, like Gecko) Chrome/150.0.0.0 Safari/537.36"
190.85.87.250 - - [14/Jul/2026:12:37:16 +0000] "GET /ELEMENTS/fondolaw.jpg HTTP/1.1" 200 56543 "http://www.asjudinet.com/css/menu_admin.css" "Mozilla/5.0 (Windows NT 10.0; Win64; x64) AppleWebKit/537.36 (KHTML, like Gecko) Chrome/150.0.0.0 Safari/537.36"
114.119.150.5 - - [14/Jul/2026:12:37:22 +0000] "GET /index.php/zzztvsa/39aayzpksh_liqzne72382/principal/ELEMENTS/principal/pages/avigilajudicial/principal/avigilajudicial/avigilajudicial/val_usuarios.php HTTP/1.1" 200 54693 "http://www.asjudinet.com/index.php/zzztvsa/39aayzpksh_liqzne72382/principal/ELEMENTS/principal/pages/avigilajudicial/principal/avigilajudicial/avigilajudicial/val_usuarios.php" "Mozilla/5.0 (Linux; Android 7.0;) AppleWebKit/537.36 (HTML, like Gecko) Mobile Safari/537.36 (compatible; PetalBot;+https://webmaster.petalsearch.com/site/petalbot)"
190.85.87.250 - - [14/Jul/2026:12:37:23 +0000] "GET /consulta_cartera.php HTTP/1.1" 200 4668 "http://www.asjudinet.com/menu_admin.php?ced=1000505297&nom=CORTAZAR%20HERRERA%20SERGIO%20ALEJANDRO&aaa=1010&cargo=1010" "Mozilla/5.0 (Windows NT 10.0; Win64; x64) AppleWebKit/537.36 (KHTML, like Gecko) Chrome/150.0.0.0 Safari/537.36"
190.85.87.250 - - [14/Jul/2026:12:37:25 +0000] "GET /consulta_ced_info_servi.php HTTP/1.1" 200 4523 "http://www.asjudinet.com/consulta_cartera.php" "Mozilla/5.0 (Windows NT 10.0; Win64; x64) AppleWebKit/537.36 (KHTML, like Gecko) Chrome/150.0.0.0 Safari/537.36"
190.85.87.250 - - [14/Jul/2026:12:37:29 +0000] "GET /listado_tickets_callcenter.php HTTP/1.1" 200 5664 "-" "Mozilla/5.0 (Windows NT 10.0; Win64; x64) AppleWebKit/537.36 (KHTML, like Gecko) Chrome/150.0.0.0 Safari/537.36"
190.85.87.250 - - [14/Jul/2026:12:37:32 +0000] "GET /callcenter/solicitud_cita.php?ced=1022986300&nom=NI%D1O%20GUERRERO%20CRISTIAN%20FELIPE HTTP/1.1" 200 5682 "-" "Mozilla/5.0 (Windows NT 10.0; Win64; x64) AppleWebKit/537.36 (KHTML, like Gecko) Chrome/150.0.0.0 Safari/537.36"
190.85.87.250 - - [14/Jul/2026:12:37:41 +0000] "GET /callcenter/respuesta_acciones_constitucional.php?cedulita=4086146&numcon=21970&fecha=2026-07-10&atencion=107059&funcionario=1000940633 HTTP/1.1" 200 22152 "http://www.asjudinet.com/callcenter/listado_acciones_constitucionales.php?ced=1000940633&nom=ROA%20PEDRAZA%20DANIEL" "Mozilla/5.0 (Windows NT 10.0; Win64; x64) AppleWebKit/537.36 (KHTML, like Gecko) Chrome/150.0.0.0 Safari/537.36"
190.85.87.250 - - [14/Jul/2026:12:37:51 +0000] "GET /callcenter/menu_acciones_constitucionales.php?ced=1000940633&nom=ROA%20PEDRAZA%20DANIEL HTTP/1.1" 200 3294 "http://www.asjudinet.com/callcenter/listado_acciones_constitucionales.php?ced=1000940633&nom=ROA%20PEDRAZA%20DANIEL" "Mozilla/5.0 (Windows NT 10.0; Win64; x64) AppleWebKit/537.36 (KHTML, like Gecko) Chrome/150.0.0.0 Safari/537.36"
190.85.87.250 - - [14/Jul/2026:12:37:52 +0000] "GET /callcenter/listado_acciones_constitucionales_pendientes.php?ced=1000940633&nom=ROA%20PEDRAZA%20DANIEL HTTP/1.1" 200 5105 "http://www.asjudinet.com/callcenter/menu_acciones_constitucionales.php?ced=1000940633&nom=ROA%20PEDRAZA%20DANIEL" "Mozilla/5.0 (Windows NT 10.0; Win64; x64) AppleWebKit/537.36 (KHTML, like Gecko) Chrome/150.0.0.0 Safari/537.36"
190.85.87.250 - - [14/Jul/2026:12:37:54 +0000] "GET /callcenter/respuesta_trabajo_pendiente.php?cedulita=1082244069&numcon=0193&fecha=2026-07-01&atencion=106887&funcionario=1000940633 HTTP/1.1" 200 18336 "http://www.asjudinet.com/callcenter/listado_acciones_constitucionales_pendientes.php?ced=1000940633&nom=ROA%20PEDRAZA%20DANIEL" "Mozilla/5.0 (Windows NT 10.0; Win64; x64) AppleWebKit/537.36 (KHTML, like Gecko) Chrome/150.0.0.0 Safari/537.36"
190.85.87.250 - - [14/Jul/2026:12:38:12 +0000] "GET /callcenter/respuesta_trabajo_pendiente.php?cedulita=94482263&numcon=11926&fecha=2026-07-02&atencion=106933&funcionario=1000940633 HTTP/1.1" 200 17789 "http://www.asjudinet.com/callcenter/listado_acciones_constitucionales_pendientes.php?ced=1000940633&nom=ROA%20PEDRAZA%20DANIEL" "Mozilla/5.0 (Windows NT 10.0; Win64; x64) AppleWebKit/537.36 (KHTML, like Gecko) Chrome/150.0.0.0 Safari/537.36"
114.119.150.5 - - [14/Jul/2026:12:38:46 +0000] "GET /index.php/zzztvsa/39aayzpksh_liqzne72382/principal/ELEMENTS/principal/pages/avigilajudicial/pages/principal/principal/val_usuarios.php HTTP/1.1" 200 54693 "http://www.asjudinet.com/index.php/zzztvsa/39aayzpksh_liqzne72382/principal/ELEMENTS/principal/pages/avigilajudicial/pages/principal/principal/contratopersonas.php" "Mozilla/5.0 (Linux; Android 8.0.0; SM-G955U Build/R16NW) AppleWebKit/537.36 (KHTML, like Gecko) Chrome/148.0.0.0 Mobile Safari/537.36"
216.244.66.232 - - [14/Jul/2026:12:38:49 +0000] "GET /index.php/12/z4olkplv/468988/ELEMENTOS/ELEMENTOS/principal/pages/menu_creditos_rotativos.php HTTP/1.1" 200 54693 "-" "Mozilla/5.0 (compatible; DotBot/1.2; +https://opensiteexplorer.org/dotbot; help@moz.com)"
216.244.66.232 - - [14/Jul/2026:12:38:53 +0000] "GET /index.php/12/z4olkplv/468988/ELEMENTS/ELEMENTS/principal/principal/contratopersonas.php HTTP/1.1" 200 54693 "-" "Mozilla/5.0 (compatible; DotBot/1.2; +https://opensiteexplorer.org/dotbot; help@moz.com)"
216.244.66.232 - - [14/Jul/2026:12:39:00 +0000] "GET /index.php/ELEMENTOS/ELEMENTOS/ELEMENTOS/ELEMENTS/avigilajudicial/principal/principal/enlaces.php HTTP/1.1" 200 54693 "-" "Mozilla/5.0 (compatible; DotBot/1.2; +https://opensiteexplorer.org/dotbot; help@moz.com)"
216.244.66.232 - - [14/Jul/2026:12:39:04 +0000] "GET /index.php/fvhzkzvt11/6270765/ELEMENTOS/ELEMENTOS/ELEMENTS/principal/principal/video_empresa.php HTTP/1.1" 200 54693 "-" "Mozilla/5.0 (compatible; DotBot/1.2; +https://opensiteexplorer.org/dotbot; help@moz.com)"
216.244.66.232 - - [14/Jul/2026:12:39:07 +0000] "GET /index.php/hvvfqvls11/3354371/ELEMENTOS/ELEMENTOS/ELEMENTS/principal/principal/enlaces.php HTTP/1.1" 200 54693 "-" "Mozilla/5.0 (compatible; DotBot/1.2; +https://opensiteexplorer.org/dotbot; help@moz.com)"
216.244.66.232 - - [14/Jul/2026:12:39:09 +0000] "GET /index.php/oknvswq/11phtkicvh_czvtih61709/pages/principal/principal/principal/lista_email.php HTTP/1.1" 200 54693 "-" "Mozilla/5.0 (compatible; DotBot/1.2; +https://opensiteexplorer.org/dotbot; help@moz.com)"
216.244.66.232 - - [14/Jul/2026:12:39:11 +0000] "GET /index.php/vssiwk10/zz9964/pages/principal/principal/principal/NoticiasImportantes.php HTTP/1.1" 200 54693 "-" "Mozilla/5.0 (compatible; DotBot/1.2; +https://opensiteexplorer.org/dotbot; help@moz.com)"
216.244.66.232 - - [14/Jul/2026:12:39:18 +0000] "GET /index.php/11z4004302-a17l1/qtyqf9/190_ljfct283e11207/ELEMENTOS/avigilajudicial/principal/principal/validar_usuarios_pagina.php HTTP/1.1" 200 54693 "-" "Mozilla/5.0 (compatible; DotBot/1.2; +https://opensiteexplorer.org/dotbot; help@moz.com)"
216.244.66.232 - - [14/Jul/2026:12:39:20 +0000] "GET /index.php/zwynnt11/co9448/ELEMENTOS/ELEMENTOS/ELEMENTS/principal/principal/principal/sucursales_satelites.php HTTP/1.1" 200 54693 "-" "Mozilla/5.0 (compatible; DotBot/1.2; +https://opensiteexplorer.org/dotbot; help@moz.com)"
190.85.87.250 - - [14/Jul/2026:12:39:27 +0000] "GET /consulta_ced_info_servi.php HTTP/1.1" 200 4523 "-" "Mozilla/5.0 (Windows NT 10.0; Win64; x64) AppleWebKit/537.36 (KHTML, like Gecko) Chrome/150.0.0.0 Safari/537.36"
190.85.87.250 - - [14/Jul/2026:12:39:29 +0000] "GET /callcenter/menu_callcenter.php?ced=1026592166&nom=CAMPOS%20REYES%20CRISTHIAN%20CAMILO HTTP/1.1" 200 11744 "-" "Mozilla/5.0 (Windows NT 10.0; Win64; x64) AppleWebKit/537.36 (KHTML, like Gecko) Chrome/150.0.0.0 Safari/537.36"
190.85.87.250 - - [14/Jul/2026:12:39:30 +0000] "GET /callcenter/solicitud_cita.php?ced=1022986300&nom=NI%D1O%20GUERRERO%20CRISTIAN%20FELIPE HTTP/1.1" 200 5682 "-" "Mozilla/5.0 (Windows NT 10.0; Win64; x64) AppleWebKit/537.36 (KHTML, like Gecko) Chrome/150.0.0.0 Safari/537.36"
190.85.87.250 - - [14/Jul/2026:12:39:30 +0000] "GET /index.php HTTP/1.1" 200 54693 "-" "Mozilla/5.0 (Windows NT 10.0; Win64; x64) AppleWebKit/537.36 (KHTML, like Gecko) Chrome/150.0.0.0 Safari/537.36"
190.85.87.250 - - [14/Jul/2026:12:39:30 +0000] "GET /css/all.min.css HTTP/1.1" 200 53592 "http://www.asjudinet.com/index.php" "Mozilla/5.0 (Windows NT 10.0; Win64; x64) AppleWebKit/537.36 (KHTML, like Gecko) Chrome/150.0.0.0 Safari/537.36"
190.85.87.250 - - [14/Jul/2026:12:39:30 +0000] "GET /css/leaflet.css HTTP/1.1" 200 13471 "http://www.asjudinet.com/index.php" "Mozilla/5.0 (Windows NT 10.0; Win64; x64) AppleWebKit/537.36 (KHTML, like Gecko) Chrome/150.0.0.0 Safari/537.36"
190.85.87.250 - - [14/Jul/2026:12:39:30 +0000] "GET /css/menu_prueba.css HTTP/1.1" 200 7408 "http://www.asjudinet.com/index.php" "Mozilla/5.0 (Windows NT 10.0; Win64; x64) AppleWebKit/537.36 (KHTML, like Gecko) Chrome/150.0.0.0 Safari/537.36"
190.85.87.250 - - [14/Jul/2026:12:39:30 +0000] "GET /css/asjudinet.css HTTP/1.1" 200 21269 "http://www.asjudinet.com/index.php" "Mozilla/5.0 (Windows NT 10.0; Win64; x64) AppleWebKit/537.36 (KHTML, like Gecko) Chrome/150.0.0.0 Safari/537.36"
190.85.87.250 - - [14/Jul/2026:12:39:30 +0000] "GET /js/jquery_3.3.1.js HTTP/1.1" 200 86926 "http://www.asjudinet.com/index.php" "Mozilla/5.0 (Windows NT 10.0; Win64; x64) AppleWebKit/537.36 (KHTML, like Gecko) Chrome/150.0.0.0 Safari/537.36"
190.85.87.250 - - [14/Jul/2026:12:39:30 +0000] "GET /ELEMENTS/otros/sesion.png HTTP/1.1" 200 4344 "http://www.asjudinet.com/index.php" "Mozilla/5.0 (Windows NT 10.0; Win64; x64) AppleWebKit/537.36 (KHTML, like Gecko) Chrome/150.0.0.0 Safari/537.36"
190.85.87.250 - - [14/Jul/2026:12:39:30 +0000] "GET /images/pse-logo.png HTTP/1.1" 200 57808 "http://www.asjudinet.com/index.php" "Mozilla/5.0 (Windows NT 10.0; Win64; x64) AppleWebKit/537.36 (KHTML, like Gecko) Chrome/150.0.0.0 Safari/537.36"
190.85.87.250 - - [14/Jul/2026:12:39:30 +0000] "GET /ELEMENTS/principal/atenea.jpg HTTP/1.1" 200 168483 "http://www.asjudinet.com/index.php" "Mozilla/5.0 (Windows NT 10.0; Win64; x64) AppleWebKit/537.36 (KHTML, like Gecko) Chrome/150.0.0.0 Safari/537.36"
190.85.87.250 - - [14/Jul/2026:12:39:30 +0000] "GET /ELEMENTS/principal/suscri_contrato.jpg HTTP/1.1" 200 61301 "http://www.asjudinet.com/index.php" "Mozilla/5.0 (Windows NT 10.0; Win64; x64) AppleWebKit/537.36 (KHTML, like Gecko) Chrome/150.0.0.0 Safari/537.36"
190.85.87.250 - - [14/Jul/2026:12:39:31 +0000] "GET /ELEMENTS/principal/login.png HTTP/1.1" 200 8013 "http://www.asjudinet.com/index.php" "Mozilla/5.0 (Windows NT 10.0; Win64; x64) AppleWebKit/537.36 (KHTML, like Gecko) Chrome/150.0.0.0 Safari/537.36"
190.85.87.250 - - [14/Jul/2026:12:39:31 +0000] "GET /js/leaflet.js HTTP/1.1" 200 141125 "http://www.asjudinet.com/index.php" "Mozilla/5.0 (Windows NT 10.0; Win64; x64) AppleWebKit/537.36 (KHTML, like Gecko) Chrome/150.0.0.0 Safari/537.36"
190.85.87.250 - - [14/Jul/2026:12:39:31 +0000] "GET /ELEMENTS/principal/dinero1.jpg HTTP/1.1" 200 57035 "http://www.asjudinet.com/index.php" "Mozilla/5.0 (Windows NT 10.0; Win64; x64) AppleWebKit/537.36 (KHTML, like Gecko) Chrome/150.0.0.0 Safari/537.36"
190.85.87.250 - - [14/Jul/2026:12:39:31 +0000] "GET /ELEMENTS/principal/agendarse.png HTTP/1.1" 200 72950 "http://www.asjudinet.com/index.php" "Mozilla/5.0 (Windows NT 10.0; Win64; x64) AppleWebKit/537.36 (KHTML, like Gecko) Chrome/150.0.0.0 Safari/537.36"
190.85.87.250 - - [14/Jul/2026:12:39:31 +0000] "GET /ELEMENTS/principal/iuris.png HTTP/1.1" 200 165644 "http://www.asjudinet.com/index.php" "Mozilla/5.0 (Windows NT 10.0; Win64; x64) AppleWebKit/537.36 (KHTML, like Gecko) Chrome/150.0.0.0 Safari/537.36"
190.85.87.250 - - [14/Jul/2026:12:39:31 +0000] "GET /ELEMENTS/principal/callcenter1.png HTTP/1.1" 200 127656 "http://www.asjudinet.com/index.php" "Mozilla/5.0 (Windows NT 10.0; Win64; x64) AppleWebKit/537.36 (KHTML, like Gecko) Chrome/150.0.0.0 Safari/537.36"
190.85.87.250 - - [14/Jul/2026:12:39:31 +0000] "GET /ELEMENTS/principal/proceso22.jpg HTTP/1.1" 200 53746 "http://www.asjudinet.com/index.php" "Mozilla/5.0 (Windows NT 10.0; Win64; x64) AppleWebKit/537.36 (KHTML, like Gecko) Chrome/150.0.0.0 Safari/537.36"
190.85.87.250 - - [14/Jul/2026:12:39:31 +0000] "GET /ELEMENTS/principal/ServicioCliente.jpg HTTP/1.1" 200 29935 "http://www.asjudinet.com/index.php" "Mozilla/5.0 (Windows NT 10.0; Win64; x64) AppleWebKit/537.36 (KHTML, like Gecko) Chrome/150.0.0.0 Safari/537.36"
190.85.87.250 - - [14/Jul/2026:12:39:31 +0000] "GET /ELEMENTS/principal/1.png HTTP/1.1" 200 97076 "http://www.asjudinet.com/index.php" "Mozilla/5.0 (Windows NT 10.0; Win64; x64) AppleWebKit/537.36 (KHTML, like Gecko) Chrome/150.0.0.0 Safari/537.36"
190.85.87.250 - - [14/Jul/2026:12:39:31 +0000] "GET /webfonts/fa-brands-400.woff2 HTTP/1.1" 200 74288 "http://www.asjudinet.com/css/all.min.css" "Mozilla/5.0 (Windows NT 10.0; Win64; x64) AppleWebKit/537.36 (KHTML, like Gecko) Chrome/150.0.0.0 Safari/537.36"
190.85.87.250 - - [14/Jul/2026:12:39:31 +0000] "GET /ELEMENTS/fondos/blanco.jpg HTTP/1.1" 200 28580 "http://www.asjudinet.com/css/asjudinet.css" "Mozilla/5.0 (Windows NT 10.0; Win64; x64) AppleWebKit/537.36 (KHTML, like Gecko) Chrome/150.0.0.0 Safari/537.36"
190.85.87.250 - - [14/Jul/2026:12:39:31 +0000] "GET /ELEMENTS/principal/icallcenter4.jpg HTTP/1.1" 200 226303 "http://www.asjudinet.com/css/asjudinet.css" "Mozilla/5.0 (Windows NT 10.0; Win64; x64) AppleWebKit/537.36 (KHTML, like Gecko) Chrome/150.0.0.0 Safari/537.36"
190.85.87.250 - - [14/Jul/2026:12:39:31 +0000] "GET /ELEMENTS/principal/2.png HTTP/1.1" 200 92941 "http://www.asjudinet.com/index.php" "Mozilla/5.0 (Windows NT 10.0; Win64; x64) AppleWebKit/537.36 (KHTML, like Gecko) Chrome/150.0.0.0 Safari/537.36"
190.85.87.250 - - [14/Jul/2026:12:39:31 +0000] "GET /ELEMENTS/bannerInterasjudinet.jpg HTTP/1.1" 200 286717 "http://www.asjudinet.com/css/asjudinet.css" "Mozilla/5.0 (Windows NT 10.0; Win64; x64) AppleWebKit/537.36 (KHTML, like Gecko) Chrome/150.0.0.0 Safari/537.36"
190.85.87.250 - - [14/Jul/2026:12:39:36 +0000] "GET /ELEMENTS/principal/i1.jpg HTTP/1.1" 200 60192 "http://www.asjudinet.com/css/asjudinet.css" "Mozilla/5.0 (Windows NT 10.0; Win64; x64) AppleWebKit/537.36 (KHTML, like Gecko) Chrome/150.0.0.0 Safari/537.36"
190.85.87.250 - - [14/Jul/2026:12:39:55 +0000] "POST /callcenter/solicitud_cita_ingreso.php?numcon=24744&cedulita=91185027&funcionario=1124077740 HTTP/1.1" 200 49317 "http://www.asjudinet.com/callcenter/solicitud_cita_ingreso.php?numcon=24744&cedulita=91185027&funcionario=1124077740" "Mozilla/5.0 (Windows NT 10.0; Win64; x64) AppleWebKit/537.36 (KHTML, like Gecko) Chrome/150.0.0.0 Safari/537.36"
190.85.87.250 - - [14/Jul/2026:12:39:56 +0000] "GET /callcenter/menu_callcenter.php?ced=1124077740&nom=ORTIZ%20SUAREZ%20YUSNEHIDI HTTP/1.1" 200 11513 "http://www.asjudinet.com/callcenter/solicitud_cita_ingreso.php?numcon=24744&cedulita=91185027&funcionario=1124077740" "Mozilla/5.0 (Windows NT 10.0; Win64; x64) AppleWebKit/537.36 (KHTML, like Gecko) Chrome/150.0.0.0 Safari/537.36"
190.85.87.250 - - [14/Jul/2026:12:39:59 +0000] "GET /callcenter/solicitud_cita.php?ced=1124077740&nom=ORTIZ%20YUSNEHIDI HTTP/1.1" 200 5654 "-" "Mozilla/5.0 (Windows NT 10.0; Win64; x64) AppleWebKit/537.36 (KHTML, like Gecko) Chrome/150.0.0.0 Safari/537.36"
190.85.87.250 - - [14/Jul/2026:12:40:02 +0000] "GET /consulta_ced_info_servi.php HTTP/1.1" 200 4523 "-" "Mozilla/5.0 (Windows NT 10.0; Win64; x64) AppleWebKit/537.36 (KHTML, like Gecko) Chrome/150.0.0.0 Safari/537.36"
190.85.87.250 - - [14/Jul/2026:12:40:06 +0000] "GET /menu_admin.php HTTP/1.1" 302 55572 "http://www.asjudinet.com/afinanciera/cartera_consultar_cargar_deb.php" "Mozilla/5.0 (Windows NT 10.0; Win64; x64) AppleWebKit/537.36 (KHTML, like Gecko) Chrome/150.0.0.0 Safari/537.36"
190.85.87.250 - - [14/Jul/2026:12:40:07 +0000] "GET / HTTP/1.1" 200 54693 "http://www.asjudinet.com/afinanciera/cartera_consultar_cargar_deb.php" "Mozilla/5.0 (Windows NT 10.0; Win64; x64) AppleWebKit/537.36 (KHTML, like Gecko) Chrome/150.0.0.0 Safari/537.36"
114.119.137.103 - - [14/Jul/2026:12:40:09 +0000] "GET /index.php/zzztvsa/39aayzpksh_liqzne72382/principal/ELEMENTS/principal/pages/avigilajudicial/avigilajudicial/principal/testimonios.php HTTP/1.1" 200 54693 "http://www.asjudinet.com/index.php/zzztvsa/39aayzpksh_liqzne72382/principal/ELEMENTS/principal/pages/avigilajudicial/avigilajudicial/validar_usuarios_pagina.php" "Mozilla/5.0 (Linux; Android 7.0;) AppleWebKit/537.36 (HTML, like Gecko) Mobile Safari/537.36 (compatible; PetalBot;+https://webmaster.petalsearch.com/site/petalbot)"
190.85.87.250 - - [14/Jul/2026:12:40:19 +0000] "POST /consulta_ced_info_servi.php HTTP/1.1" 200 6004 "http://www.asjudinet.com/consulta_ced_info_servi.php" "Mozilla/5.0 (Windows NT 10.0; Win64; x64) AppleWebKit/537.36 (KHTML, like Gecko) Chrome/150.0.0.0 Safari/537.36"
190.85.87.250 - - [14/Jul/2026:12:40:27 +0000] "GET /cartera_consul_bene_usuario.php?ced2=1106895115&numcon=11859A HTTP/1.1" 200 19401 "http://www.asjudinet.com/consulta_ced_info_servi.php" "Mozilla/5.0 (Windows NT 10.0; Win64; x64) AppleWebKit/537.36 (KHTML, like Gecko) Chrome/150.0.0.0 Safari/537.36"
190.85.87.250 - - [14/Jul/2026:12:40:48 +0000] "GET /callcenter/solicitud_cita_ingreso.php?numcon=11859A&cedulita=79672548&funcionario=1124077740 HTTP/1.1" 200 49111 "http://www.asjudinet.com/callcenter/solicitud_cita.php?ced=1124077740&nom=ORTIZ%20YUSNEHIDI" "Mozilla/5.0 (Windows NT 10.0; Win64; x64) AppleWebKit/537.36 (KHTML, like Gecko) Chrome/150.0.0.0 Safari/537.36"
190.85.191.209 - - [14/Jul/2026:12:40:57 +0000] "POST /solicitud_viaticosga.php?solicitud=1606161 HTTP/1.1" 200 13659 "http://www.asjudinet.com/solicitud_viaticosga.php?solicitud=1606161" "Mozilla/5.0 (Windows NT 10.0; Win64; x64) AppleWebKit/537.36 (KHTML, like Gecko) Chrome/150.0.0.0 Safari/537.36"
190.85.191.209 - - [14/Jul/2026:12:41:03 +0000] "GET /solicitud_viaticosga.php?solicitud=1606161 HTTP/1.1" 200 13600 "http://www.asjudinet.com/revision_viaticosga.php?ced=41738943&nom=RODRIGUEZ%20%20MONTOYA%20ESPERANZA" "Mozilla/5.0 (Windows NT 10.0; Win64; x64) AppleWebKit/537.36 (KHTML, like Gecko) Chrome/150.0.0.0 Safari/537.36"
190.85.191.209 - - [14/Jul/2026:12:41:30 +0000] "GET /solicitud_viaticosga.php?solicitud=1606159 HTTP/1.1" 200 13588 "http://www.asjudinet.com/revision_viaticosga.php?ced=41738943&nom=RODRIGUEZ%20%20MONTOYA%20ESPERANZA" "Mozilla/5.0 (Windows NT 10.0; Win64; x64) AppleWebKit/537.36 (KHTML, like Gecko) Chrome/150.0.0.0 Safari/537.36"
114.119.128.77 - - [14/Jul/2026:12:41:33 +0000] "GET /index.php/zzztvsa/39aayzpksh_liqzne72382/principal/ELEMENTS/principal/pages/avigilajudicial/avigilajudicial/principal/quienes.php HTTP/1.1" 200 54693 "http://www.asjudinet.com/index.php/zzztvsa/39aayzpksh_liqzne72382/principal/ELEMENTS/principal/pages/avigilajudicial/avigilajudicial/validar_usuarios_pagina.php" "Mozilla/5.0 (Linux; Android 7.0;) AppleWebKit/537.36 (HTML, like Gecko) Mobile Safari/537.36 (compatible; PetalBot;+https://webmaster.petalsearch.com/site/petalbot)"
190.85.87.250 - - [14/Jul/2026:12:40:46 +0000] "POST /callcenter/solicitud_cita.php?ced=1124077740&nom=ORTIZ%20YUSNEHIDI HTTP/1.1" 200 25584 "http://www.asjudinet.com/callcenter/solicitud_cita.php?ced=1124077740&nom=ORTIZ%20YUSNEHIDI" "Mozilla/5.0 (Windows NT 10.0; Win64; x64) AppleWebKit/537.36 (KHTML, like Gecko) Chrome/150.0.0.0 Safari/537.36"
190.85.87.250 - - [14/Jul/2026:12:41:58 +0000] "GET /acobranzas/consulta_ced_cob_estado_1da.php HTTP/1.1" 200 5365 "-" "Mozilla/5.0 (Windows NT 10.0; Win64; x64) AppleWebKit/537.36 (KHTML, like Gecko) Chrome/150.0.0.0 Safari/537.36"
190.85.87.250 - - [14/Jul/2026:12:42:33 +0000] "GET /afinanciera/menu_cartera_debito.php?ced=1031124581&nom=PALOMA%20LINARES%20ANYI%20CATERIN HTTP/1.1" 200 38627 "-" "Mozilla/5.0 (Windows NT 10.0; Win64; x64) AppleWebKit/537.36 (KHTML, like Gecko) Chrome/150.0.0.0 Safari/537.36"
190.85.87.250 - - [14/Jul/2026:12:42:43 +0000] "GET /afinanciera/cartera_consultar_cargar_deb.php HTTP/1.1" 200 5266 "http://www.asjudinet.com/afinanciera/menu_cartera_debito.php?ced=1031124581&nom=PALOMA%20LINARES%20ANYI%20CATERIN" "Mozilla/5.0 (Windows NT 10.0; Win64; x64) AppleWebKit/537.36 (KHTML, like Gecko) Chrome/150.0.0.0 Safari/537.36"
190.85.87.250 - - [14/Jul/2026:12:42:48 +0000] "POST /afinanciera/cartera_consultar_cargar_deb.php HTTP/1.1" 200 6054 "http://www.asjudinet.com/afinanciera/cartera_consultar_cargar_deb.php" "Mozilla/5.0 (Windows NT 10.0; Win64; x64) AppleWebKit/537.36 (KHTML, like Gecko) Chrome/150.0.0.0 Safari/537.36"
190.85.87.250 - - [14/Jul/2026:12:42:50 +0000] "GET /afinanciera/cartera_cargar_manual_deb.php?ced2=1121886572&numcon=18299 HTTP/1.1" 200 252882 "http://www.asjudinet.com/afinanciera/cartera_consultar_cargar_deb.php" "Mozilla/5.0 (Windows NT 10.0; Win64; x64) AppleWebKit/537.36 (KHTML, like Gecko) Chrome/150.0.0.0 Safari/537.36"
114.119.128.77 - - [14/Jul/2026:12:42:56 +0000] "GET /index.php/zzztvsa/39aayzpksh_liqzne72382/principal/ELEMENTS/principal/pages/avigilajudicial/avigilajudicial/principal/principal/val_usuarios_IURIS.php HTTP/1.1" 200 54693 "http://www.asjudinet.com/index.php/zzztvsa/39aayzpksh_liqzne72382/principal/ELEMENTS/principal/pages/avigilajudicial/avigilajudicial/principal/principal/prepago.php" "Mozilla/5.0 (Linux; Android 7.0;) AppleWebKit/537.36 (HTML, like Gecko) Mobile Safari/537.36 (compatible; PetalBot;+https://webmaster.petalsearch.com/site/petalbot)"
190.85.87.250 - - [14/Jul/2026:12:43:08 +0000] "POST /callcenter/solicitud_cita_ingreso.php?numcon=11859A&cedulita=79672548&funcionario=1124077740 HTTP/1.1" 200 49330 "http://www.asjudinet.com/callcenter/solicitud_cita_ingreso.php?numcon=11859A&cedulita=79672548&funcionario=1124077740" "Mozilla/5.0 (Windows NT 10.0; Win64; x64) AppleWebKit/537.36 (KHTML, like Gecko) Chrome/150.0.0.0 Safari/537.36"
190.85.87.250 - - [14/Jul/2026:12:43:10 +0000] "GET /callcenter/menu_callcenter.php?ced=1124077740&nom=ORTIZ%20SUAREZ%20YUSNEHIDI HTTP/1.1" 200 11513 "http://www.asjudinet.com/callcenter/solicitud_cita_ingreso.php?numcon=11859A&cedulita=79672548&funcionario=1124077740" "Mozilla/5.0 (Windows NT 10.0; Win64; x64) AppleWebKit/537.36 (KHTML, like Gecko) Chrome/150.0.0.0 Safari/537.36"
114.119.156.102 - - [14/Jul/2026:12:44:20 +0000] "GET /index.php/zzztvsa/39aayzpksh_liqzne72382/principal/ELEMENTS/principal/pages/avigilajudicial/avigilajudicial/avigilajudicial/principal/validar_usuarios_pagina.php HTTP/1.1" 200 54693 "http://www.asjudinet.com/index.php/zzztvsa/39aayzpksh_liqzne72382/principal/ELEMENTS/principal/pages/avigilajudicial/avigilajudicial/avigilajudicial/principal/lista_email.php" "Mozilla/5.0 (Linux; Android 7.0;) AppleWebKit/537.36 (HTML, like Gecko) Mobile Safari/537.36 (compatible; PetalBot;+https://webmaster.petalsearch.com/site/petalbot)"
190.85.87.250 - - [14/Jul/2026:12:44:29 +0000] "POST /afinanciera/cartera_consultar_cargar_deb.php HTTP/1.1" 200 6046 "http://www.asjudinet.com/afinanciera/cartera_consultar_cargar_deb.php" "Mozilla/5.0 (Windows NT 10.0; Win64; x64) AppleWebKit/537.36 (KHTML, like Gecko) Chrome/150.0.0.0 Safari/537.36"
190.85.87.250 - - [14/Jul/2026:12:44:30 +0000] "GET /afinanciera/cartera_cargar_manual_deb.php?ced2=9116835&numcon=27533 HTTP/1.1" 200 191487 "http://www.asjudinet.com/afinanciera/cartera_consultar_cargar_deb.php" "Mozilla/5.0 (Windows NT 10.0; Win64; x64) AppleWebKit/537.36 (KHTML, like Gecko) Chrome/150.0.0.0 Safari/537.36"
190.85.87.250 - - [14/Jul/2026:12:44:46 +0000] "POST /afinanciera/cartera_consultar_cargar_deb.php HTTP/1.1" 200 6046 "http://www.asjudinet.com/afinanciera/cartera_consultar_cargar_deb.php" "Mozilla/5.0 (Windows NT 10.0; Win64; x64) AppleWebKit/537.36 (KHTML, like Gecko) Chrome/150.0.0.0 Safari/537.36"
190.85.87.250 - - [14/Jul/2026:12:44:48 +0000] "GET /afinanciera/cartera_cargar_manual_deb.php?ced2=9116835&numcon=27533 HTTP/1.1" 200 191487 "http://www.asjudinet.com/afinanciera/cartera_consultar_cargar_deb.php" "Mozilla/5.0 (Windows NT 10.0; Win64; x64) AppleWebKit/537.36 (KHTML, like Gecko) Chrome/150.0.0.0 Safari/537.36"
190.85.87.250 - - [14/Jul/2026:12:45:40 +0000] "POST /consulta_ced_info_servi.php HTTP/1.1" 200 8565 "http://www.asjudinet.com/consulta_ced_info_servi.php" "Mozilla/5.0 (Windows NT 10.0; Win64; x64) AppleWebKit/537.36 (KHTML, like Gecko) Chrome/150.0.0.0 Safari/537.36"
114.119.128.77 - - [14/Jul/2026:12:45:43 +0000] "GET /index.php/zzztvsa/39aayzpksh_liqzne72382/principal/ELEMENTS/otros/principal/principal/principal/principal/pages/formulario_seminario_dih.php HTTP/1.1" 200 54693 "http://www.asjudinet.com/index.php/zzztvsa/39aayzpksh_liqzne72382/principal/ELEMENTS/otros/principal/principal/principal/principal/pages/menu_creditos_rotativos.php" "Mozilla/5.0 (Linux; Android 7.0;) AppleWebKit/537.36 (HTML, like Gecko) Mobile Safari/537.36 (compatible; PetalBot;+https://webmaster.petalsearch.com/site/petalbot)"
190.85.87.250 - - [14/Jul/2026:12:45:45 +0000] "GET /agendarse/cartera_consulta_titu_usuario.php?ced2=88175147&numcon=A1475 HTTP/1.1" 200 34593 "http://www.asjudinet.com/consulta_ced_info_servi.php" "Mozilla/5.0 (Windows NT 10.0; Win64; x64) AppleWebKit/537.36 (KHTML, like Gecko) Chrome/150.0.0.0 Safari/537.36"
190.85.87.250 - - [14/Jul/2026:12:46:43 +0000] "GET /consulta_cartera.php HTTP/1.1" 200 4668 "http://www.asjudinet.com/agendarse/cartera_consulta_titu_usuario.php?ced2=88175147&numcon=A1475" "Mozilla/5.0 (Windows NT 10.0; Win64; x64) AppleWebKit/537.36 (KHTML, like Gecko) Chrome/150.0.0.0 Safari/537.36"
190.85.87.250 - - [14/Jul/2026:12:46:44 +0000] "GET /consulta_ced_info_servi.php HTTP/1.1" 200 4523 "http://www.asjudinet.com/consulta_cartera.php" "Mozilla/5.0 (Windows NT 10.0; Win64; x64) AppleWebKit/537.36 (KHTML, like Gecko) Chrome/150.0.0.0 Safari/537.36"
190.85.87.250 - - [14/Jul/2026:12:46:46 +0000] "POST /afinanciera/cartera_cargar_manual_deb.php?ced2=9116835&numcon=27533 HTTP/1.1" 200 193239 "http://www.asjudinet.com/afinanciera/cartera_cargar_manual_deb.php?ced2=9116835&numcon=27533" "Mozilla/5.0 (Windows NT 10.0; Win64; x64) AppleWebKit/537.36 (KHTML, like Gecko) Chrome/150.0.0.0 Safari/537.36"
190.85.87.250 - - [14/Jul/2026:12:46:56 +0000] "GET /callcenter/respuesta_tickets.php?cedulita=88175147&numcon=I1209&fecha=2025-08-29&atencion=101514 HTTP/1.1" 200 19590 "http://www.asjudinet.com/callcenter/solicitud_cita.php?ced=1022986300&nom=NI%D1O%20GUERRERO%20CRISTIAN%20FELIPE" "Mozilla/5.0 (Windows NT 10.0; Win64; x64) AppleWebKit/537.36 (KHTML, like Gecko) Chrome/150.0.0.0 Safari/537.36"
190.85.87.250 - - [14/Jul/2026:12:46:59 +0000] "POST /afinanciera/cartera_consultar_cargar_deb.php HTTP/1.1" 200 6062 "http://www.asjudinet.com/afinanciera/cartera_consultar_cargar_deb.php" "Mozilla/5.0 (Windows NT 10.0; Win64; x64) AppleWebKit/537.36 (KHTML, like Gecko) Chrome/150.0.0.0 Safari/537.36"
114.119.142.135 - - [14/Jul/2026:12:47:07 +0000] "GET /index.php/zzztvsa/39aayzpksh_liqzne72382/principal/ELEMENTS/otros/principal/principal/principal/principal/consultar_contratos_escaneados_correo.php HTTP/1.1" 200 54693 "http://www.asjudinet.com/index.php/zzztvsa/39aayzpksh_liqzne72382/principal/ELEMENTS/otros/principal/principal/principal/misionvision.php" "Mozilla/5.0 (Linux; Android 7.0;) AppleWebKit/537.36 (HTML, like Gecko) Mobile Safari/537.36 (compatible; PetalBot;+https://webmaster.petalsearch.com/site/petalbot)"
190.85.87.250 - - [14/Jul/2026:12:47:25 +0000] "GET /afinanciera/cartera_cargar_manual_deb.php?ced2=1143354532&numcon=30582 HTTP/1.1" 200 152031 "http://www.asjudinet.com/afinanciera/cartera_consultar_cargar_deb.php" "Mozilla/5.0 (Windows NT 10.0; Win64; x64) AppleWebKit/537.36 (KHTML, like Gecko) Chrome/150.0.0.0 Safari/537.36"
190.85.87.250 - - [14/Jul/2026:12:46:52 +0000] "POST /callcenter/solicitud_cita.php?ced=1022986300&nom=NI%D1O%20GUERRERO%20CRISTIAN%20FELIPE HTTP/1.1" 200 39150 "http://www.asjudinet.com/callcenter/solicitud_cita.php?ced=1022986300&nom=NI%D1O%20GUERRERO%20CRISTIAN%20FELIPE" "Mozilla/5.0 (Windows NT 10.0; Win64; x64) AppleWebKit/537.36 (KHTML, like Gecko) Chrome/150.0.0.0 Safari/537.36"
114.119.150.5 - - [14/Jul/2026:12:48:31 +0000] "GET /index.php/zzztvsa/39aayzpksh_liqzne72382/principal/ELEMENTS/otros/principal/principal/principal/pages/principal/sucursales.php HTTP/1.1" 200 54693 "http://www.asjudinet.com/index.php/zzztvsa/39aayzpksh_liqzne72382/principal/ELEMENTS/otros/principal/principal/principal/pages/validar_usuarios_pagina.php" "Mozilla/5.0 (Linux; Android 7.0;) AppleWebKit/537.36 (HTML, like Gecko) Mobile Safari/537.36 (compatible; PetalBot;+https://webmaster.petalsearch.com/site/petalbot)"
43.157.188.74 - - [14/Jul/2026:12:48:40 +0000] "GET / HTTP/1.1" 200 54693 "-" "Mozilla/5.0 (iPhone; CPU iPhone OS 13_2_3 like Mac OS X) AppleWebKit/605.1.15 (KHTML, like Gecko) Version/13.0.3 Mobile/15E148 Safari/604.1"
114.119.142.135 - - [14/Jul/2026:12:49:54 +0000] "GET /index.php/zzztvsa/39aayzpksh_liqzne72382/principal/principal/Assets/principal/principal/pages/pages/menu_procesos_todos.php HTTP/1.1" 200 54693 "http://www.asjudinet.com/index.php/zzztvsa/39aayzpksh_liqzne72382/principal/principal/Assets/principal/principal/pages/validar_usuarios_pagina.php" "Mozilla/5.0 (Linux; Android 7.0;) AppleWebKit/537.36 (HTML, like Gecko) Mobile Safari/537.36 (compatible; PetalBot;+https://webmaster.petalsearch.com/site/petalbot)"
190.85.87.250 - - [14/Jul/2026:12:50:14 +0000] "POST /afinanciera/cartera_cargar_manual_deb.php?ced2=1143354532&numcon=30582 HTTP/1.1" 200 153781 "http://www.asjudinet.com/afinanciera/cartera_cargar_manual_deb.php?ced2=1143354532&numcon=30582" "Mozilla/5.0 (Windows NT 10.0; Win64; x64) AppleWebKit/537.36 (KHTML, like Gecko) Chrome/150.0.0.0 Safari/537.36"
190.85.87.250 - - [14/Jul/2026:12:50:24 +0000] "POST /afinanciera/cartera_consultar_cargar_deb.php HTTP/1.1" 200 6937 "http://www.asjudinet.com/afinanciera/cartera_consultar_cargar_deb.php" "Mozilla/5.0 (Windows NT 10.0; Win64; x64) AppleWebKit/537.36 (KHTML, like Gecko) Chrome/150.0.0.0 Safari/537.36"
190.85.87.250 - - [14/Jul/2026:12:50:49 +0000] "GET /afinanciera/cartera_cargar_manual_deb.php?ced2=1125180421&numcon=34362 HTTP/1.1" 200 162301 "http://www.asjudinet.com/afinanciera/cartera_consultar_cargar_deb.php" "Mozilla/5.0 (Windows NT 10.0; Win64; x64) AppleWebKit/537.36 (KHTML, like Gecko) Chrome/150.0.0.0 Safari/537.36"
114.119.136.100 - - [14/Jul/2026:12:51:18 +0000] "GET /index.php/zzztvsa/39aayzpksh_liqzne72382/principal/ELEMENTS/principal/pages/principal/principal/trayectoria.php HTTP/1.1" 200 54693 "http://www.asjudinet.com/index.php/zzztvsa/39aayzpksh_liqzne72382/principal/ELEMENTS/principal/pages/principal/soporteacademico.php" "Mozilla/5.0 (Linux; Android 7.0;) AppleWebKit/537.36 (HTML, like Gecko) Mobile Safari/537.36 (compatible; PetalBot;+https://webmaster.petalsearch.com/site/petalbot)"
190.85.87.250 - - [14/Jul/2026:12:52:00 +0000] "POST /afinanciera/cartera_cargar_manual_deb.php?ced2=1125180421&numcon=34362 HTTP/1.1" 200 164049 "http://www.asjudinet.com/afinanciera/cartera_cargar_manual_deb.php?ced2=1125180421&numcon=34362" "Mozilla/5.0 (Windows NT 10.0; Win64; x64) AppleWebKit/537.36 (KHTML, like Gecko) Chrome/150.0.0.0 Safari/537.36"
190.85.87.250 - - [14/Jul/2026:12:52:26 +0000] "POST /afinanciera/cartera_consultar_cargar_deb.php HTTP/1.1" 200 6059 "http://www.asjudinet.com/afinanciera/cartera_consultar_cargar_deb.php" "Mozilla/5.0 (Windows NT 10.0; Win64; x64) AppleWebKit/537.36 (KHTML, like Gecko) Chrome/150.0.0.0 Safari/537.36"
114.119.137.103 - - [14/Jul/2026:12:52:41 +0000] "GET /index.php/zzztvsa/39aayzpksh_liqzne72382/principal/ELEMENTS/principal/pages/avigilajudicial/principal/avigilajudicial/principal/casos_exito.php HTTP/1.1" 200 54693 "http://www.asjudinet.com/index.php/zzztvsa/39aayzpksh_liqzne72382/principal/ELEMENTS/principal/pages/avigilajudicial/principal/avigilajudicial/principal/casos_exito.php" "Mozilla/5.0 (Linux; Android 7.0;) AppleWebKit/537.36 (HTML, like Gecko) Mobile Safari/537.36 (compatible; PetalBot;+https://webmaster.petalsearch.com/site/petalbot)"
190.85.87.250 - - [14/Jul/2026:12:52:43 +0000] "GET /afinanciera/cartera_cargar_manual_deb.php?ced2=1085288068&numcon=13348 HTTP/1.1" 200 319426 "http://www.asjudinet.com/afinanciera/cartera_consultar_cargar_deb.php" "Mozilla/5.0 (Windows NT 10.0; Win64; x64) AppleWebKit/537.36 (KHTML, like Gecko) Chrome/150.0.0.0 Safari/537.36"
190.85.87.250 - - [14/Jul/2026:12:53:18 +0000] "POST /afinanciera/cartera_consultar_cargar_deb.php HTTP/1.1" 200 6062 "http://www.asjudinet.com/afinanciera/cartera_consultar_cargar_deb.php" "Mozilla/5.0 (Windows NT 10.0; Win64; x64) AppleWebKit/537.36 (KHTML, like Gecko) Chrome/150.0.0.0 Safari/537.36"
190.85.87.250 - - [14/Jul/2026:12:53:19 +0000] "GET /afinanciera/cartera_cargar_manual_deb.php?ced2=1006359922&numcon=44422 HTTP/1.1" 200 71757 "http://www.asjudinet.com/afinanciera/cartera_consultar_cargar_deb.php" "Mozilla/5.0 (Windows NT 10.0; Win64; x64) AppleWebKit/537.36 (KHTML, like Gecko) Chrome/150.0.0.0 Safari/537.36"
190.85.87.250 - - [14/Jul/2026:12:53:59 +0000] "POST /afinanciera/cartera_cargar_manual_deb.php?ced2=1006359922&numcon=44422 HTTP/1.1" 200 73506 "http://www.asjudinet.com/afinanciera/cartera_cargar_manual_deb.php?ced2=1006359922&numcon=44422" "Mozilla/5.0 (Windows NT 10.0; Win64; x64) AppleWebKit/537.36 (KHTML, like Gecko) Chrome/150.0.0.0 Safari/537.36"
114.119.136.100 - - [14/Jul/2026:12:54:04 +0000] "GET /index.php/zzztvsa/39aayzpksh_liqzne72382/principal/ELEMENTS/otros/principal/principal/principal/pages/principal/asesoria.php HTTP/1.1" 200 54693 "http://www.asjudinet.com/index.php/zzztvsa/39aayzpksh_liqzne72382/principal/ELEMENTS/otros/principal/principal/principal/pages/validar_usuarios_pagina.php" "Mozilla/5.0 (Linux; Android 7.0;) AppleWebKit/537.36 (HTML, like Gecko) Mobile Safari/537.36 (compatible; PetalBot;+https://webmaster.petalsearch.com/site/petalbot)"
186.116.68.71 - - [14/Jul/2026:12:54:05 +0000] "GET /callcenter/listado_por_abogado.php?ced=1047397948&nom=VARGAS%20CUESTA%20FABIAN%20ELIS HTTP/1.1" 200 19855 "http://www.asjudinet.com/callcenter/menu_abogados.php?ced=1047397948&nom=VARGAS%20CUESTA%20FABIAN%20ELIS" "Mozilla/5.0 (Windows NT 10.0; Win64; x64) AppleWebKit/537.36 (KHTML, like Gecko) Chrome/149.0.0.0 Safari/537.36 OPR/133.0.0.0"
190.85.87.250 - - [14/Jul/2026:12:54:08 +0000] "POST /afinanciera/cartera_consultar_cargar_deb.php HTTP/1.1" 200 6061 "http://www.asjudinet.com/afinanciera/cartera_consultar_cargar_deb.php" "Mozilla/5.0 (Windows NT 10.0; Win64; x64) AppleWebKit/537.36 (KHTML, like Gecko) Chrome/150.0.0.0 Safari/537.36"
190.85.87.250 - - [14/Jul/2026:12:54:09 +0000] "GET /afinanciera/cartera_cargar_manual_deb.php?ced2=1112773180&numcon=34272 HTTP/1.1" 200 162759 "http://www.asjudinet.com/afinanciera/cartera_consultar_cargar_deb.php" "Mozilla/5.0 (Windows NT 10.0; Win64; x64) AppleWebKit/537.36 (KHTML, like Gecko) Chrome/150.0.0.0 Safari/537.36"
186.116.68.71 - - [14/Jul/2026:12:54:13 +0000] "GET /callcenter/menu_abogados.php?ced=1047397948&nom=VARGAS%20CUESTA%20FABIAN%20ELIS HTTP/1.1" 200 3526 "http://www.asjudinet.com/callcenter/listado_por_abogado.php?ced=1047397948&nom=VARGAS%20CUESTA%20FABIAN%20ELIS" "Mozilla/5.0 (Windows NT 10.0; Win64; x64) AppleWebKit/537.36 (KHTML, like Gecko) Chrome/149.0.0.0 Safari/537.36 OPR/133.0.0.0"
186.116.68.71 - - [14/Jul/2026:12:54:16 +0000] "GET /callcenter/listado_por_abogado_trabajos.php?ced=1047397948&nom=VARGAS%20CUESTA%20FABIAN%20ELIS HTTP/1.1" 200 16979 "http://www.asjudinet.com/callcenter/menu_abogados.php?ced=1047397948&nom=VARGAS%20CUESTA%20FABIAN%20ELIS" "Mozilla/5.0 (Windows NT 10.0; Win64; x64) AppleWebKit/537.36 (KHTML, like Gecko) Chrome/149.0.0.0 Safari/537.36 OPR/133.0.0.0"
186.116.68.71 - - [14/Jul/2026:12:54:20 +0000] "GET /callcenter/menu_abogados.php?ced=1047397948&nom=VARGAS%20CUESTA%20FABIAN%20ELIS HTTP/1.1" 200 3526 "http://www.asjudinet.com/callcenter/listado_por_abogado_trabajos.php?ced=1047397948&nom=VARGAS%20CUESTA%20FABIAN%20ELIS" "Mozilla/5.0 (Windows NT 10.0; Win64; x64) AppleWebKit/537.36 (KHTML, like Gecko) Chrome/149.0.0.0 Safari/537.36 OPR/133.0.0.0"
186.116.68.71 - - [14/Jul/2026:12:54:22 +0000] "GET /callcenter/listado_por_abogado.php?ced=1047397948&nom=VARGAS%20CUESTA%20FABIAN%20ELIS HTTP/1.1" 200 19855 "http://www.asjudinet.com/callcenter/menu_abogados.php?ced=1047397948&nom=VARGAS%20CUESTA%20FABIAN%20ELIS" "Mozilla/5.0 (Windows NT 10.0; Win64; x64) AppleWebKit/537.36 (KHTML, like Gecko) Chrome/149.0.0.0 Safari/537.36 OPR/133.0.0.0"
186.116.68.71 - - [14/Jul/2026:12:54:26 +0000] "GET /callcenter/menu_abogados.php?ced=1047397948&nom=VARGAS%20CUESTA%20FABIAN%20ELIS HTTP/1.1" 200 3526 "http://www.asjudinet.com/callcenter/listado_por_abogado.php?ced=1047397948&nom=VARGAS%20CUESTA%20FABIAN%20ELIS" "Mozilla/5.0 (Windows NT 10.0; Win64; x64) AppleWebKit/537.36 (KHTML, like Gecko) Chrome/149.0.0.0 Safari/537.36 OPR/133.0.0.0"
190.85.87.250 - - [14/Jul/2026:12:54:28 +0000] "GET /callcenter/listado_acciones_constitucionales_pendientes.php?ced=1000940633&nom=ROA%20PEDRAZA%20DANIEL HTTP/1.1" 200 5105 "http://www.asjudinet.com/callcenter/menu_acciones_constitucionales.php?ced=1000940633&nom=ROA%20PEDRAZA%20DANIEL" "Mozilla/5.0 (Windows NT 10.0; Win64; x64) AppleWebKit/537.36 (KHTML, like Gecko) Chrome/150.0.0.0 Safari/537.36"
190.85.87.250 - - [14/Jul/2026:12:54:28 +0000] "GET /favicon.ico HTTP/1.1" 200 9036 "http://www.asjudinet.com/callcenter/listado_acciones_constitucionales_pendientes.php?ced=1000940633&nom=ROA%20PEDRAZA%20DANIEL" "Mozilla/5.0 (Windows NT 10.0; Win64; x64) AppleWebKit/537.36 (KHTML, like Gecko) Chrome/150.0.0.0 Safari/537.36"
190.85.87.250 - - [14/Jul/2026:12:54:28 +0000] "POST /afinanciera/cartera_cargar_manual_deb.php?ced2=1112773180&numcon=34272 HTTP/1.1" 200 164509 "http://www.asjudinet.com/afinanciera/cartera_cargar_manual_deb.php?ced2=1112773180&numcon=34272" "Mozilla/5.0 (Windows NT 10.0; Win64; x64) AppleWebKit/537.36 (KHTML, like Gecko) Chrome/150.0.0.0 Safari/537.36"
186.116.68.71 - - [14/Jul/2026:12:54:53 +0000] "GET /callcenter/listado_por_abogado.php?ced=1047397948&nom=VARGAS%20CUESTA%20FABIAN%20ELIS HTTP/1.1" 200 19855 "http://www.asjudinet.com/callcenter/menu_abogados.php?ced=1047397948&nom=VARGAS%20CUESTA%20FABIAN%20ELIS" "Mozilla/5.0 (Windows NT 10.0; Win64; x64) AppleWebKit/537.36 (KHTML, like Gecko) Chrome/149.0.0.0 Safari/537.36 OPR/133.0.0.0"
186.116.68.71 - - [14/Jul/2026:12:54:55 +0000] "GET /callcenter/menu_abogados.php?ced=1047397948&nom=VARGAS%20CUESTA%20FABIAN%20ELIS HTTP/1.1" 200 3526 "http://www.asjudinet.com/callcenter/listado_por_abogado.php?ced=1047397948&nom=VARGAS%20CUESTA%20FABIAN%20ELIS" "Mozilla/5.0 (Windows NT 10.0; Win64; x64) AppleWebKit/537.36 (KHTML, like Gecko) Chrome/149.0.0.0 Safari/537.36 OPR/133.0.0.0"
186.116.68.71 - - [14/Jul/2026:12:54:58 +0000] "GET /callcenter/listado_por_abogado_trabajos.php?ced=1047397948&nom=VARGAS%20CUESTA%20FABIAN%20ELIS HTTP/1.1" 200 16979 "http://www.asjudinet.com/callcenter/menu_abogados.php?ced=1047397948&nom=VARGAS%20CUESTA%20FABIAN%20ELIS" "Mozilla/5.0 (Windows NT 10.0; Win64; x64) AppleWebKit/537.36 (KHTML, like Gecko) Chrome/149.0.0.0 Safari/537.36 OPR/133.0.0.0"
186.116.68.71 - - [14/Jul/2026:12:55:03 +0000] "GET /callcenter/menu_abogados.php?ced=1047397948&nom=VARGAS%20CUESTA%20FABIAN%20ELIS HTTP/1.1" 200 3526 "http://www.asjudinet.com/callcenter/listado_por_abogado_trabajos.php?ced=1047397948&nom=VARGAS%20CUESTA%20FABIAN%20ELIS" "Mozilla/5.0 (Windows NT 10.0; Win64; x64) AppleWebKit/537.36 (KHTML, like Gecko) Chrome/149.0.0.0 Safari/537.36 OPR/133.0.0.0"
190.85.87.250 - - [14/Jul/2026:12:55:07 +0000] "GET /callcenter/menu_acciones_constitucionales.php?ced=1000940633&nom=ROA%20PEDRAZA%20DANIEL HTTP/1.1" 200 3294 "http://www.asjudinet.com/callcenter/listado_acciones_constitucionales_pendientes.php?ced=1000940633&nom=ROA%20PEDRAZA%20DANIEL" "Mozilla/5.0 (Windows NT 10.0; Win64; x64) AppleWebKit/537.36 (KHTML, like Gecko) Chrome/150.0.0.0 Safari/537.36"
190.85.87.250 - - [14/Jul/2026:12:55:08 +0000] "GET /callcenter/listado_acciones_constitucionales.php?ced=1000940633&nom=ROA%20PEDRAZA%20DANIEL HTTP/1.1" 200 4950 "http://www.asjudinet.com/callcenter/menu_acciones_constitucionales.php?ced=1000940633&nom=ROA%20PEDRAZA%20DANIEL" "Mozilla/5.0 (Windows NT 10.0; Win64; x64) AppleWebKit/537.36 (KHTML, like Gecko) Chrome/150.0.0.0 Safari/537.36"
190.85.87.250 - - [14/Jul/2026:12:55:11 +0000] "GET /callcenter/respuesta_acciones_constitucional.php?cedulita=39546969&numcon=8197&fecha=2026-07-09&atencion=107037&funcionario=1000940633 HTTP/1.1" 200 22039 "http://www.asjudinet.com/callcenter/listado_acciones_constitucionales.php?ced=1000940633&nom=ROA%20PEDRAZA%20DANIEL" "Mozilla/5.0 (Windows NT 10.0; Win64; x64) AppleWebKit/537.36 (KHTML, like Gecko) Chrome/150.0.0.0 Safari/537.36"
114.119.137.103 - - [14/Jul/2026:12:55:28 +0000] "GET /index.php/zzztvsa/39aayzpksh_liqzne72382/principal/ELEMENTS/otros/principal/principal/principal/pages/avigilajudicial/principal/asesoria.php HTTP/1.1" 200 54693 "http://www.asjudinet.com/index.php/zzztvsa/39aayzpksh_liqzne72382/principal/ELEMENTS/otros/principal/principal/principal/pages/avigilajudicial/index.php" "Mozilla/5.0 (Linux; Android 7.0;) AppleWebKit/537.36 (HTML, like Gecko) Mobile Safari/537.36 (compatible; PetalBot;+https://webmaster.petalsearch.com/site/petalbot)"
114.119.128.77 - - [14/Jul/2026:12:56:52 +0000] "GET /index.php/zzztvsa/39aayzpksh_liqzne72382/principal/ELEMENTS/otros/principal/principal/principal/pages/avigilajudicial/pages/formulario_seminario_dih.php HTTP/1.1" 200 54693 "http://www.asjudinet.com/index.php/zzztvsa/39aayzpksh_liqzne72382/principal/ELEMENTS/otros/principal/principal/principal/pages/avigilajudicial/pages/menu_creditos_rotativos.php" "Mozilla/5.0 (Linux; Android 7.0;) AppleWebKit/537.36 (HTML, like Gecko) Mobile Safari/537.36 (compatible; PetalBot;+https://webmaster.petalsearch.com/site/petalbot)"
190.85.87.250 - - [14/Jul/2026:12:57:03 +0000] "GET /callcenter/menu_acciones_constitucionales.php?ced=1000940633&nom=ROA%20PEDRAZA%20DANIEL HTTP/1.1" 200 3294 "http://www.asjudinet.com/callcenter/listado_acciones_constitucionales.php?ced=1000940633&nom=ROA%20PEDRAZA%20DANIEL" "Mozilla/5.0 (Windows NT 10.0; Win64; x64) AppleWebKit/537.36 (KHTML, like Gecko) Chrome/150.0.0.0 Safari/537.36"
190.85.87.250 - - [14/Jul/2026:12:57:04 +0000] "GET /callcenter/listado_acciones_constitucionales.php?ced=1000940633&nom=ROA%20PEDRAZA%20DANIEL HTTP/1.1" 200 4950 "http://www.asjudinet.com/callcenter/menu_acciones_constitucionales.php?ced=1000940633&nom=ROA%20PEDRAZA%20DANIEL" "Mozilla/5.0 (Windows NT 10.0; Win64; x64) AppleWebKit/537.36 (KHTML, like Gecko) Chrome/150.0.0.0 Safari/537.36"
190.85.87.250 - - [14/Jul/2026:12:57:13 +0000] "GET /callcenter/respuesta_acciones_constitucional.php?cedulita=39546969&numcon=8197&fecha=2026-07-09&atencion=107037&funcionario=1000940633 HTTP/1.1" 200 22039 "http://www.asjudinet.com/callcenter/listado_acciones_constitucionales.php?ced=1000940633&nom=ROA%20PEDRAZA%20DANIEL" "Mozilla/5.0 (Windows NT 10.0; Win64; x64) AppleWebKit/537.36 (KHTML, like Gecko) Chrome/150.0.0.0 Safari/537.36"
190.85.87.250 - - [14/Jul/2026:12:57:16 +0000] "POST /afinanciera/cartera_consultar_cargar_deb.php HTTP/1.1" 200 6057 "http://www.asjudinet.com/afinanciera/cartera_consultar_cargar_deb.php" "Mozilla/5.0 (Windows NT 10.0; Win64; x64) AppleWebKit/537.36 (KHTML, like Gecko) Chrome/150.0.0.0 Safari/537.36"
190.85.87.250 - - [14/Jul/2026:12:57:17 +0000] "GET /callcenter/respuesta_acciones_constitucional.php?cedulita=4086146&numcon=21970&fecha=2026-07-10&atencion=107059&funcionario=1000940633 HTTP/1.1" 200 22152 "http://www.asjudinet.com/callcenter/listado_acciones_constitucionales.php?ced=1000940633&nom=ROA%20PEDRAZA%20DANIEL" "Mozilla/5.0 (Windows NT 10.0; Win64; x64) AppleWebKit/537.36 (KHTML, like Gecko) Chrome/150.0.0.0 Safari/537.36"
190.85.87.250 - - [14/Jul/2026:12:57:21 +0000] "GET /afinanciera/cartera_cargar_manual_deb.php?ced2=1087803424&numcon=46408 HTTP/1.1" 200 68655 "http://www.asjudinet.com/afinanciera/cartera_consultar_cargar_deb.php" "Mozilla/5.0 (Windows NT 10.0; Win64; x64) AppleWebKit/537.36 (KHTML, like Gecko) Chrome/150.0.0.0 Safari/537.36"
190.85.87.250 - - [14/Jul/2026:12:57:59 +0000] "GET /menu_admin.php HTTP/1.1" 302 55572 "http://www.asjudinet.com/afinanciera/cartera_consultar_cargar_deb.php" "Mozilla/5.0 (Windows NT 10.0; Win64; x64) AppleWebKit/537.36 (KHTML, like Gecko) Chrome/150.0.0.0 Safari/537.36"
190.85.87.250 - - [14/Jul/2026:12:57:59 +0000] "GET / HTTP/1.1" 200 54693 "http://www.asjudinet.com/afinanciera/cartera_consultar_cargar_deb.php" "Mozilla/5.0 (Windows NT 10.0; Win64; x64) AppleWebKit/537.36 (KHTML, like Gecko) Chrome/150.0.0.0 Safari/537.36"
190.85.87.250 - - [14/Jul/2026:12:58:01 +0000] "GET /afinanciera/menu_cartera_debito.php?ced=1031124581&nom=PALOMA%20LINARES%20ANYI%20CATERIN HTTP/1.1" 200 38627 "-" "Mozilla/5.0 (Windows NT 10.0; Win64; x64) AppleWebKit/537.36 (KHTML, like Gecko) Chrome/150.0.0.0 Safari/537.36"
190.85.87.250 - - [14/Jul/2026:12:58:04 +0000] "GET /afinanciera/cartera_consultar_cargar_deb.php HTTP/1.1" 200 5266 "http://www.asjudinet.com/afinanciera/menu_cartera_debito.php?ced=1031124581&nom=PALOMA%20LINARES%20ANYI%20CATERIN" "Mozilla/5.0 (Windows NT 10.0; Win64; x64) AppleWebKit/537.36 (KHTML, like Gecko) Chrome/150.0.0.0 Safari/537.36"
190.85.87.250 - - [14/Jul/2026:12:58:08 +0000] "POST /afinanciera/cartera_consultar_cargar_deb.php HTTP/1.1" 200 6058 "http://www.asjudinet.com/afinanciera/cartera_consultar_cargar_deb.php" "Mozilla/5.0 (Windows NT 10.0; Win64; x64) AppleWebKit/537.36 (KHTML, like Gecko) Chrome/150.0.0.0 Safari/537.36"
190.85.87.250 - - [14/Jul/2026:12:58:09 +0000] "GET /afinanciera/cartera_cargar_manual_deb.php?ced2=1089295497&numcon=46427 HTTP/1.1" 200 75420 "http://www.asjudinet.com/afinanciera/cartera_consultar_cargar_deb.php" "Mozilla/5.0 (Windows NT 10.0; Win64; x64) AppleWebKit/537.36 (KHTML, like Gecko) Chrome/150.0.0.0 Safari/537.36"
114.119.130.177 - - [14/Jul/2026:12:58:15 +0000] "GET /index.php/zzztvsa/39aayzpksh_liqzne72382/principal/ELEMENTS/otros/principal/principal/pages/principal/principal/misionvision.php HTTP/1.1" 200 54693 "http://www.asjudinet.com/index.php/zzztvsa/39aayzpksh_liqzne72382/principal/ELEMENTS/otros/principal/principal/pages/principal/index.php" "Mozilla/5.0 (Linux; Android 7.0;) AppleWebKit/537.36 (HTML, like Gecko) Mobile Safari/537.36 (compatible; PetalBot;+https://webmaster.petalsearch.com/site/petalbot)"
190.85.87.250 - - [14/Jul/2026:12:59:08 +0000] "POST /afinanciera/cartera_cargar_manual_deb.php?ced2=1089295497&numcon=46427 HTTP/1.1" 200 77169 "http://www.asjudinet.com/afinanciera/cartera_cargar_manual_deb.php?ced2=1089295497&numcon=46427" "Mozilla/5.0 (Windows NT 10.0; Win64; x64) AppleWebKit/537.36 (KHTML, like Gecko) Chrome/150.0.0.0 Safari/537.36"
