185.104.164.179 - - [14/Jul/2026:20:41:42 +0000] "GET /cartera_procesos_juridicos_gerencia.php?cf=&nf=JALAL%20JULIO%20YAMILE HTTP/1.1" 200 494294 "http://www.asjudinet.com/menu_control_calidad.php?ced=34973320&nom=JALAL%20JULIO%20YAMILE&cod=126" "Mozilla/5.0 (Windows NT 10.0; Win64; x64) AppleWebKit/537.36 (KHTML, like Gecko) Chrome/150.0.0.0 Safari/537.36"
190.85.87.250 - - [14/Jul/2026:20:41:59 +0000] "POST /consulta_ced_info_servi.php HTTP/1.1" 200 6150 "http://www.asjudinet.com/consulta_ced_info_servi.php" "Mozilla/5.0 (Windows NT 10.0; Win64; x64) AppleWebKit/537.36 (KHTML, like Gecko) Chrome/150.0.0.0 Safari/537.36"
190.85.87.250 - - [14/Jul/2026:20:42:01 +0000] "POST /acobranzas/seguimiento_cobranza_captura_vigentes.php?id=1077431844&tipo=COA01&carpeta=20542 HTTP/1.1" 200 14093 "http://www.asjudinet.com/acobranzas/seguimiento_cobranza_captura_vigentes.php?id=1077431844&tipo=COA01&carpeta=20542" "Mozilla/5.0 (Windows NT 10.0; Win64; x64) AppleWebKit/537.36 (KHTML, like Gecko) Chrome/150.0.0.0 Safari/537.36"
190.85.87.250 - - [14/Jul/2026:20:42:01 +0000] "GET /acobranzas/consultar_cobranzas_vigentes.php?ced2=1077431844&numcon=26474 HTTP/1.1" 200 27417 "http://www.asjudinet.com/acobranzas/seguimiento_cobranza_captura_vigentes.php?id=1077431844&tipo=COA01&carpeta=20542" "Mozilla/5.0 (Windows NT 10.0; Win64; x64) AppleWebKit/537.36 (KHTML, like Gecko) Chrome/150.0.0.0 Safari/537.36"
190.85.87.250 - - [14/Jul/2026:20:41:01 +0000] "POST /callcenter/solicitud_cita.php?ced=1000505297&nom=CORTAZAR%20HERRERA%20SERGIO%20ALEJANDRO HTTP/1.1" 200 36822 "http://www.asjudinet.com/callcenter/solicitud_cita.php?ced=1000505297&nom=CORTAZAR%20HERRERA%20SERGIO%20ALEJANDRO" "Mozilla/5.0 (Windows NT 10.0; Win64; x64) AppleWebKit/537.36 (KHTML, like Gecko) Chrome/150.0.0.0 Safari/537.36"
114.119.137.103 - - [14/Jul/2026:20:42:02 +0000] "GET /index.php/zzztvsa/39aayzpksh_liqzne72382/pages/principal/principal/ELEMENTS/principal/pages/avigilajudicial/principal/sucursales_satelites.php HTTP/1.1" 200 54693 "http://www.asjudinet.com/index.php/zzztvsa/39aayzpksh_liqzne72382/pages/principal/principal/ELEMENTS/principal/pages/avigilajudicial/principal/sucursales_satelites.php" "Mozilla/5.0 (Linux; Android 7.0;) AppleWebKit/537.36 (HTML, like Gecko) Mobile Safari/537.36 (compatible; PetalBot;+https://webmaster.petalsearch.com/site/petalbot)"
51.68.32.135 - - [14/Jul/2026:20:42:14 +0000] "GET /robots.txt HTTP/1.1" 200 43 "-" "Mozilla/5.0 (compatible; MJ12bot/v1.4.8; http://mj12bot.com/)"
51.68.32.135 - - [14/Jul/2026:20:42:15 +0000] "GET /index.php/20/8op9a7i2/925048/avigilajudicial/avigilajudicial/avigilajudicial/avigilajudicial/avigilajudicial/avigilajudicial/avigilajudicial/avigilajudicial/avigilajudicial/avigilajudicial/avigilajudicial/avigilajudicial/avigilajudicial/avigilajudicial/avigilajudicial/avigilajudicial/avigilajudicial/principal/avigilajudicial/avigilajudicial/avigilajudicial/avigilajudicial/avigilajudicial/pages/avigilajudicial/avigilajudicial/pages/pages/pages/pages/principal/NoticiasImportantes.php HTTP/1.1" 200 54693 "-" "Mozilla/5.0 (compatible; MJ12bot/v1.4.8; http://mj12bot.com/)"
51.68.32.135 - - [14/Jul/2026:20:42:17 +0000] "GET /index.php/20/8op9a7i2/925048/avigilajudicial/avigilajudicial/avigilajudicial/avigilajudicial/avigilajudicial/avigilajudicial/avigilajudicial/avigilajudicial/avigilajudicial/avigilajudicial/avigilajudicial/avigilajudicial/avigilajudicial/avigilajudicial/avigilajudicial/avigilajudicial/avigilajudicial/principal/avigilajudicial/avigilajudicial/principal/avigilajudicial/avigilajudicial/principal/pages/principal/principal/avigilajudicial/principal/principal/pages/principal/enlaces.php HTTP/1.1" 200 54693 "-" "Mozilla/5.0 (compatible; MJ12bot/v1.4.8; http://mj12bot.com/)"
51.68.32.135 - - [14/Jul/2026:20:42:19 +0000] "GET /index.php/20/8op9a7i2/925048/avigilajudicial/avigilajudicial/avigilajudicial/avigilajudicial/avigilajudicial/avigilajudicial/avigilajudicial/avigilajudicial/avigilajudicial/avigilajudicial/avigilajudicial/avigilajudicial/avigilajudicial/avigilajudicial/avigilajudicial/avigilajudicial/avigilajudicial/principal/avigilajudicial/avigilajudicial/principal/avigilajudicial/pages/pages/principal/principal/pages/pages/avigilajudicial/principal/principal/principal/contactenos.php HTTP/1.1" 200 54693 "-" "Mozilla/5.0 (compatible; MJ12bot/v1.4.8; http://mj12bot.com/)"
51.68.32.135 - - [14/Jul/2026:20:42:21 +0000] "GET /index.php/20/8op9a7i2/925048/avigilajudicial/avigilajudicial/avigilajudicial/avigilajudicial/avigilajudicial/avigilajudicial/avigilajudicial/avigilajudicial/avigilajudicial/avigilajudicial/avigilajudicial/avigilajudicial/avigilajudicial/avigilajudicial/avigilajudicial/avigilajudicial/avigilajudicial/principal/avigilajudicial/avigilajudicial/principal/avigilajudicial/pages/pages/principal/principal/pages/pages/pages/avigilajudicial/avigilajudicial/pages/menu_creditos_rotativos.php HTTP/1.1" 200 54693 "-" "Mozilla/5.0 (compatible; MJ12bot/v1.4.8; http://mj12bot.com/)"
51.68.32.135 - - [14/Jul/2026:20:42:23 +0000] "GET /index.php/20/8op9a7i2/925048/avigilajudicial/avigilajudicial/avigilajudicial/avigilajudicial/avigilajudicial/avigilajudicial/avigilajudicial/avigilajudicial/avigilajudicial/avigilajudicial/avigilajudicial/avigilajudicial/avigilajudicial/avigilajudicial/avigilajudicial/avigilajudicial/avigilajudicial/principal/avigilajudicial/avigilajudicial/principal/avigilajudicial/pages/pages/principal/principal/pages/pages/pages/pages/avigilajudicial/principal/principal/trayectoria.php HTTP/1.1" 200 54693 "-" "Mozilla/5.0 (compatible; MJ12bot/v1.4.8; http://mj12bot.com/)"
51.68.32.135 - - [14/Jul/2026:20:42:25 +0000] "GET /index.php/20/8op9a7i2/925048/avigilajudicial/avigilajudicial/avigilajudicial/avigilajudicial/avigilajudicial/avigilajudicial/avigilajudicial/avigilajudicial/avigilajudicial/avigilajudicial/avigilajudicial/avigilajudicial/avigilajudicial/avigilajudicial/avigilajudicial/avigilajudicial/avigilajudicial/principal/avigilajudicial/avigilajudicial/principal/avigilajudicial/pages/pages/principal/principal/pages/pages/pages/pages/avigilajudicial/principal/principal/val_usuarios.php HTTP/1.1" 200 54693 "-" "Mozilla/5.0 (compatible; MJ12bot/v1.4.8; http://mj12bot.com/)"
51.68.32.135 - - [14/Jul/2026:20:42:27 +0000] "GET /index.php/20/8op9a7i2/925048/avigilajudicial/avigilajudicial/avigilajudicial/avigilajudicial/avigilajudicial/avigilajudicial/avigilajudicial/avigilajudicial/avigilajudicial/avigilajudicial/avigilajudicial/avigilajudicial/avigilajudicial/avigilajudicial/avigilajudicial/avigilajudicial/avigilajudicial/principal/avigilajudicial/avigilajudicial/principal/avigilajudicial/pages/pages/principal/principal/pages/pages/pages/pages/avigilajudicial/principal/principal/val_usuarios_IURIS.php HTTP/1.1" 200 54693 "-" "Mozilla/5.0 (compatible; MJ12bot/v1.4.8; http://mj12bot.com/)"
51.68.32.135 - - [14/Jul/2026:20:42:28 +0000] "GET /index.php/20/8op9a7i2/925048/avigilajudicial/avigilajudicial/avigilajudicial/avigilajudicial/avigilajudicial/avigilajudicial/avigilajudicial/avigilajudicial/avigilajudicial/avigilajudicial/avigilajudicial/avigilajudicial/avigilajudicial/avigilajudicial/avigilajudicial/avigilajudicial/avigilajudicial/principal/avigilajudicial/avigilajudicial/principal/avigilajudicial/pages/pages/principal/principal/pages/pages/pages/pages/avigilajudicial/principal/principal/ventajas.php HTTP/1.1" 200 54693 "-" "Mozilla/5.0 (compatible; MJ12bot/v1.4.8; http://mj12bot.com/)"
51.68.32.135 - - [14/Jul/2026:20:42:30 +0000] "GET /index.php/20/8op9a7i2/925048/avigilajudicial/avigilajudicial/avigilajudicial/avigilajudicial/avigilajudicial/avigilajudicial/avigilajudicial/avigilajudicial/avigilajudicial/avigilajudicial/avigilajudicial/avigilajudicial/avigilajudicial/avigilajudicial/avigilajudicial/avigilajudicial/avigilajudicial/principal/avigilajudicial/avigilajudicial/principal/avigilajudicial/pages/pages/principal/principal/pages/pages/pages/pages/avigilajudicial/principal/principal/video_empresa.php HTTP/1.1" 200 54693 "-" "Mozilla/5.0 (compatible; MJ12bot/v1.4.8; http://mj12bot.com/)"
51.68.32.135 - - [14/Jul/2026:20:42:32 +0000] "GET /index.php/20/8op9a7i2/925048/avigilajudicial/avigilajudicial/avigilajudicial/avigilajudicial/avigilajudicial/avigilajudicial/avigilajudicial/avigilajudicial/avigilajudicial/avigilajudicial/avigilajudicial/avigilajudicial/avigilajudicial/avigilajudicial/avigilajudicial/avigilajudicial/avigilajudicial/principal/avigilajudicial/avigilajudicial/principal/avigilajudicial/pages/pages/principal/principal/pages/pages/pages/pages/avigilajudicial/principal/quienes.php HTTP/1.1" 200 54693 "-" "Mozilla/5.0 (compatible; MJ12bot/v1.4.8; http://mj12bot.com/)"
51.68.32.135 - - [14/Jul/2026:20:42:34 +0000] "GET /index.php/20/8op9a7i2/925048/avigilajudicial/avigilajudicial/avigilajudicial/avigilajudicial/avigilajudicial/avigilajudicial/avigilajudicial/avigilajudicial/avigilajudicial/avigilajudicial/avigilajudicial/avigilajudicial/avigilajudicial/avigilajudicial/avigilajudicial/avigilajudicial/avigilajudicial/principal/avigilajudicial/avigilajudicial/principal/avigilajudicial/pages/pages/principal/principal/pages/pages/pages/pages/pages/avigilajudicial/pages/menu_creditos_rotativos.php HTTP/1.1" 200 54693 "-" "Mozilla/5.0 (compatible; MJ12bot/v1.4.8; http://mj12bot.com/)"
51.68.32.135 - - [14/Jul/2026:20:42:36 +0000] "GET /index.php/20/8op9a7i2/925048/avigilajudicial/avigilajudicial/avigilajudicial/avigilajudicial/avigilajudicial/avigilajudicial/avigilajudicial/avigilajudicial/avigilajudicial/avigilajudicial/avigilajudicial/avigilajudicial/avigilajudicial/avigilajudicial/avigilajudicial/avigilajudicial/avigilajudicial/principal/avigilajudicial/avigilajudicial/principal/avigilajudicial/pages/pages/principal/principal/pages/pages/pages/pages/pages/avigilajudicial/pages/menu_procesos_todos.php HTTP/1.1" 200 54693 "-" "Mozilla/5.0 (compatible; MJ12bot/v1.4.8; http://mj12bot.com/)"
51.68.32.135 - - [14/Jul/2026:20:42:38 +0000] "GET /index.php/20/8op9a7i2/925048/avigilajudicial/avigilajudicial/avigilajudicial/avigilajudicial/avigilajudicial/avigilajudicial/avigilajudicial/avigilajudicial/avigilajudicial/avigilajudicial/avigilajudicial/avigilajudicial/avigilajudicial/avigilajudicial/avigilajudicial/avigilajudicial/avigilajudicial/principal/avigilajudicial/avigilajudicial/principal/avigilajudicial/pages/pages/principal/principal/pages/pages/pages/pages/pages/avigilajudicial/principal/NoticiasImportantes.php HTTP/1.1" 200 54693 "-" "Mozilla/5.0 (compatible; MJ12bot/v1.4.8; http://mj12bot.com/)"
51.68.32.135 - - [14/Jul/2026:20:42:40 +0000] "GET /index.php/20/8op9a7i2/925048/avigilajudicial/avigilajudicial/avigilajudicial/avigilajudicial/avigilajudicial/avigilajudicial/avigilajudicial/avigilajudicial/avigilajudicial/avigilajudicial/avigilajudicial/avigilajudicial/avigilajudicial/avigilajudicial/avigilajudicial/avigilajudicial/avigilajudicial/principal/avigilajudicial/avigilajudicial/principal/avigilajudicial/pages/pages/principal/principal/pages/pages/pages/pages/pages/avigilajudicial/principal/casos_exito.php HTTP/1.1" 200 54693 "-" "Mozilla/5.0 (compatible; MJ12bot/v1.4.8; http://mj12bot.com/)"
51.68.32.135 - - [14/Jul/2026:20:42:42 +0000] "GET /index.php/20/8op9a7i2/925048/avigilajudicial/avigilajudicial/avigilajudicial/avigilajudicial/avigilajudicial/avigilajudicial/avigilajudicial/avigilajudicial/avigilajudicial/avigilajudicial/avigilajudicial/avigilajudicial/avigilajudicial/avigilajudicial/avigilajudicial/avigilajudicial/avigilajudicial/principal/avigilajudicial/avigilajudicial/principal/avigilajudicial/pages/pages/principal/principal/pages/pages/pages/pages/pages/avigilajudicial/principal/pages/index.php HTTP/1.1" 200 54693 "-" "Mozilla/5.0 (compatible; MJ12bot/v1.4.8; http://mj12bot.com/)"
51.68.32.135 - - [14/Jul/2026:20:42:43 +0000] "GET /index.php/20/8op9a7i2/925048/avigilajudicial/avigilajudicial/avigilajudicial/avigilajudicial/avigilajudicial/avigilajudicial/avigilajudicial/avigilajudicial/avigilajudicial/avigilajudicial/avigilajudicial/avigilajudicial/avigilajudicial/avigilajudicial/avigilajudicial/avigilajudicial/avigilajudicial/principal/avigilajudicial/avigilajudicial/principal/avigilajudicial/pages/pages/principal/principal/pages/pages/pages/pages/pages/avigilajudicial/principal/pages/principal/asesoria.php HTTP/1.1" 200 54693 "-" "Mozilla/5.0 (compatible; MJ12bot/v1.4.8; http://mj12bot.com/)"
51.68.32.135 - - [14/Jul/2026:20:42:45 +0000] "GET /index.php/20/8op9a7i2/925048/avigilajudicial/avigilajudicial/avigilajudicial/avigilajudicial/avigilajudicial/avigilajudicial/avigilajudicial/avigilajudicial/avigilajudicial/avigilajudicial/avigilajudicial/avigilajudicial/avigilajudicial/avigilajudicial/avigilajudicial/avigilajudicial/avigilajudicial/principal/avigilajudicial/avigilajudicial/principal/avigilajudicial/pages/pages/principal/principal/pages/pages/pages/pages/pages/avigilajudicial/principal/pages/principal/enlaces.php HTTP/1.1" 200 54693 "-" "Mozilla/5.0 (compatible; MJ12bot/v1.4.8; http://mj12bot.com/)"
51.68.32.135 - - [14/Jul/2026:20:42:47 +0000] "GET /index.php/20/8op9a7i2/925048/avigilajudicial/avigilajudicial/avigilajudicial/avigilajudicial/avigilajudicial/avigilajudicial/avigilajudicial/avigilajudicial/avigilajudicial/avigilajudicial/avigilajudicial/avigilajudicial/avigilajudicial/avigilajudicial/avigilajudicial/avigilajudicial/avigilajudicial/principal/avigilajudicial/avigilajudicial/principal/avigilajudicial/pages/pages/principal/principal/pages/pages/pages/pages/pages/avigilajudicial/principal/pages/principal/prepago.php HTTP/1.1" 200 54693 "-" "Mozilla/5.0 (compatible; MJ12bot/v1.4.8; http://mj12bot.com/)"
51.68.32.135 - - [14/Jul/2026:20:42:49 +0000] "GET /index.php/20/8op9a7i2/925048/avigilajudicial/avigilajudicial/avigilajudicial/avigilajudicial/avigilajudicial/avigilajudicial/avigilajudicial/avigilajudicial/avigilajudicial/avigilajudicial/avigilajudicial/avigilajudicial/avigilajudicial/avigilajudicial/avigilajudicial/avigilajudicial/avigilajudicial/principal/avigilajudicial/avigilajudicial/principal/avigilajudicial/pages/pages/principal/principal/pages/pages/pages/pages/pages/avigilajudicial/principal/pages/principal/quienes.php HTTP/1.1" 200 54693 "-" "Mozilla/5.0 (compatible; MJ12bot/v1.4.8; http://mj12bot.com/)"
51.68.32.135 - - [14/Jul/2026:20:42:51 +0000] "GET /index.php/20/8op9a7i2/925048/avigilajudicial/avigilajudicial/avigilajudicial/avigilajudicial/avigilajudicial/avigilajudicial/avigilajudicial/avigilajudicial/avigilajudicial/avigilajudicial/avigilajudicial/avigilajudicial/avigilajudicial/avigilajudicial/avigilajudicial/avigilajudicial/avigilajudicial/principal/avigilajudicial/avigilajudicial/principal/avigilajudicial/pages/pages/principal/principal/pages/pages/pages/pages/pages/avigilajudicial/principal/pages/principal/sucursales.php HTTP/1.1" 200 54693 "-" "Mozilla/5.0 (compatible; MJ12bot/v1.4.8; http://mj12bot.com/)"
51.68.32.135 - - [14/Jul/2026:20:42:52 +0000] "GET /index.php/20/8op9a7i2/925048/avigilajudicial/avigilajudicial/avigilajudicial/avigilajudicial/avigilajudicial/avigilajudicial/avigilajudicial/avigilajudicial/avigilajudicial/avigilajudicial/avigilajudicial/avigilajudicial/avigilajudicial/avigilajudicial/avigilajudicial/avigilajudicial/avigilajudicial/principal/avigilajudicial/avigilajudicial/principal/avigilajudicial/pages/pages/principal/principal/pages/pages/pages/pages/pages/avigilajudicial/principal/pages/principal/ventajas.php HTTP/1.1" 200 54693 "-" "Mozilla/5.0 (compatible; MJ12bot/v1.4.8; http://mj12bot.com/)"
51.68.32.135 - - [14/Jul/2026:20:42:54 +0000] "GET /index.php/20/8op9a7i2/925048/avigilajudicial/avigilajudicial/avigilajudicial/avigilajudicial/avigilajudicial/avigilajudicial/avigilajudicial/avigilajudicial/avigilajudicial/avigilajudicial/avigilajudicial/avigilajudicial/avigilajudicial/avigilajudicial/avigilajudicial/avigilajudicial/avigilajudicial/principal/avigilajudicial/avigilajudicial/principal/avigilajudicial/pages/pages/principal/principal/pages/pages/pages/pages/pages/avigilajudicial/principal/pages/val_usuarios.php HTTP/1.1" 200 54693 "-" "Mozilla/5.0 (compatible; MJ12bot/v1.4.8; http://mj12bot.com/)"
51.68.32.135 - - [14/Jul/2026:20:42:56 +0000] "GET /index.php/20/8op9a7i2/925048/avigilajudicial/avigilajudicial/avigilajudicial/avigilajudicial/avigilajudicial/avigilajudicial/avigilajudicial/avigilajudicial/avigilajudicial/avigilajudicial/avigilajudicial/avigilajudicial/avigilajudicial/avigilajudicial/avigilajudicial/avigilajudicial/avigilajudicial/principal/avigilajudicial/avigilajudicial/principal/avigilajudicial/pages/pages/principal/principal/pages/pages/pages/pages/pages/avigilajudicial/principal/principal/contactenos.php HTTP/1.1" 200 54693 "-" "Mozilla/5.0 (compatible; MJ12bot/v1.4.8; http://mj12bot.com/)"
51.68.32.135 - - [14/Jul/2026:20:42:58 +0000] "GET /index.php/20/8op9a7i2/925048/avigilajudicial/avigilajudicial/avigilajudicial/avigilajudicial/avigilajudicial/avigilajudicial/avigilajudicial/avigilajudicial/avigilajudicial/avigilajudicial/avigilajudicial/avigilajudicial/avigilajudicial/avigilajudicial/avigilajudicial/avigilajudicial/avigilajudicial/principal/avigilajudicial/avigilajudicial/principal/avigilajudicial/pages/pages/principal/principal/pages/pages/pages/pages/pages/avigilajudicial/principal/principal/contratopersonas.php HTTP/1.1" 200 54693 "-" "Mozilla/5.0 (compatible; MJ12bot/v1.4.8; http://mj12bot.com/)"
51.68.32.135 - - [14/Jul/2026:20:43:00 +0000] "GET /index.php/20/8op9a7i2/925048/avigilajudicial/avigilajudicial/avigilajudicial/avigilajudicial/avigilajudicial/avigilajudicial/avigilajudicial/avigilajudicial/avigilajudicial/avigilajudicial/avigilajudicial/avigilajudicial/avigilajudicial/avigilajudicial/avigilajudicial/avigilajudicial/avigilajudicial/principal/avigilajudicial/avigilajudicial/principal/avigilajudicial/pages/pages/principal/principal/pages/pages/pages/pages/pages/avigilajudicial/principal/principal/index.php HTTP/1.1" 200 54693 "-" "Mozilla/5.0 (compatible; MJ12bot/v1.4.8; http://mj12bot.com/)"
51.68.32.135 - - [14/Jul/2026:20:43:02 +0000] "GET /index.php/20/8op9a7i2/925048/avigilajudicial/avigilajudicial/avigilajudicial/avigilajudicial/avigilajudicial/avigilajudicial/avigilajudicial/avigilajudicial/avigilajudicial/avigilajudicial/avigilajudicial/avigilajudicial/avigilajudicial/avigilajudicial/avigilajudicial/avigilajudicial/avigilajudicial/principal/avigilajudicial/avigilajudicial/principal/avigilajudicial/pages/pages/principal/principal/pages/pages/pages/pages/pages/avigilajudicial/principal/principal/val_usuarios.php HTTP/1.1" 200 54693 "-" "Mozilla/5.0 (compatible; MJ12bot/v1.4.8; http://mj12bot.com/)"
51.68.32.135 - - [14/Jul/2026:20:43:04 +0000] "GET /index.php/20/8op9a7i2/925048/avigilajudicial/avigilajudicial/avigilajudicial/avigilajudicial/avigilajudicial/avigilajudicial/avigilajudicial/avigilajudicial/avigilajudicial/avigilajudicial/avigilajudicial/avigilajudicial/avigilajudicial/avigilajudicial/avigilajudicial/avigilajudicial/avigilajudicial/principal/avigilajudicial/avigilajudicial/principal/avigilajudicial/pages/pages/principal/principal/pages/pages/pages/pages/pages/pages/avigilajudicial/validar_vigi_judicial.php HTTP/1.1" 200 54693 "-" "Mozilla/5.0 (compatible; MJ12bot/v1.4.8; http://mj12bot.com/)"
51.68.32.135 - - [14/Jul/2026:20:43:06 +0000] "GET /index.php/20/8op9a7i2/925048/avigilajudicial/avigilajudicial/avigilajudicial/avigilajudicial/avigilajudicial/avigilajudicial/avigilajudicial/avigilajudicial/avigilajudicial/avigilajudicial/avigilajudicial/avigilajudicial/avigilajudicial/avigilajudicial/avigilajudicial/avigilajudicial/avigilajudicial/principal/avigilajudicial/avigilajudicial/principal/avigilajudicial/pages/pages/principal/principal/pages/pages/pages/pages/pages/pages/pages/avigilajudicial/formulario_seminario_dih.php HTTP/1.1" 200 54693 "-" "Mozilla/5.0 (compatible; MJ12bot/v1.4.8; http://mj12bot.com/)"
51.68.32.135 - - [14/Jul/2026:20:43:08 +0000] "GET /index.php/20/8op9a7i2/925048/avigilajudicial/avigilajudicial/avigilajudicial/avigilajudicial/avigilajudicial/avigilajudicial/avigilajudicial/avigilajudicial/avigilajudicial/avigilajudicial/avigilajudicial/avigilajudicial/avigilajudicial/avigilajudicial/avigilajudicial/avigilajudicial/avigilajudicial/principal/avigilajudicial/avigilajudicial/principal/avigilajudicial/pages/pages/principal/principal/pages/pages/pages/pages/pages/pages/pages/avigilajudicial/index.php HTTP/1.1" 200 54693 "-" "Mozilla/5.0 (compatible; MJ12bot/v1.4.8; http://mj12bot.com/)"
51.68.32.135 - - [14/Jul/2026:20:43:09 +0000] "GET /index.php/20/8op9a7i2/925048/avigilajudicial/avigilajudicial/avigilajudicial/avigilajudicial/avigilajudicial/avigilajudicial/avigilajudicial/avigilajudicial/avigilajudicial/avigilajudicial/avigilajudicial/avigilajudicial/avigilajudicial/avigilajudicial/avigilajudicial/avigilajudicial/avigilajudicial/principal/avigilajudicial/avigilajudicial/principal/avigilajudicial/pages/pages/principal/principal/pages/pages/pages/pages/pages/pages/pages/avigilajudicial/principal/asesoria.php HTTP/1.1" 200 54693 "-" "Mozilla/5.0 (compatible; MJ12bot/v1.4.8; http://mj12bot.com/)"
51.68.32.135 - - [14/Jul/2026:20:43:11 +0000] "GET /index.php/20/8op9a7i2/925048/avigilajudicial/avigilajudicial/avigilajudicial/avigilajudicial/avigilajudicial/avigilajudicial/avigilajudicial/avigilajudicial/avigilajudicial/avigilajudicial/avigilajudicial/avigilajudicial/avigilajudicial/avigilajudicial/avigilajudicial/avigilajudicial/avigilajudicial/principal/avigilajudicial/avigilajudicial/principal/avigilajudicial/pages/pages/principal/principal/pages/pages/pages/pages/pages/pages/pages/avigilajudicial/principal/casos_exito.php HTTP/1.1" 200 54693 "-" "Mozilla/5.0 (compatible; MJ12bot/v1.4.8; http://mj12bot.com/)"
190.85.191.209 - - [14/Jul/2026:20:43:11 +0000] "POST /afinanciera/cartera_consultar_cargar_deb.php HTTP/1.1" 200 6057 "http://www.asjudinet.com/afinanciera/cartera_consultar_cargar_deb.php" "Mozilla/5.0 (Windows NT 10.0; Win64; x64) AppleWebKit/537.36 (KHTML, like Gecko) Chrome/150.0.0.0 Safari/537.36"
51.68.32.135 - - [14/Jul/2026:20:43:13 +0000] "GET /index.php/20/8op9a7i2/925048/avigilajudicial/avigilajudicial/avigilajudicial/avigilajudicial/avigilajudicial/avigilajudicial/avigilajudicial/avigilajudicial/avigilajudicial/avigilajudicial/avigilajudicial/avigilajudicial/avigilajudicial/avigilajudicial/avigilajudicial/avigilajudicial/avigilajudicial/principal/avigilajudicial/avigilajudicial/principal/avigilajudicial/pages/pages/principal/principal/pages/pages/pages/pages/pages/pages/pages/avigilajudicial/principal/contactenos.php HTTP/1.1" 200 54693 "-" "Mozilla/5.0 (compatible; MJ12bot/v1.4.8; http://mj12bot.com/)"
51.68.32.135 - - [14/Jul/2026:20:43:15 +0000] "GET /index.php/20/8op9a7i2/925048/avigilajudicial/avigilajudicial/avigilajudicial/avigilajudicial/avigilajudicial/avigilajudicial/avigilajudicial/avigilajudicial/avigilajudicial/avigilajudicial/avigilajudicial/avigilajudicial/avigilajudicial/avigilajudicial/avigilajudicial/avigilajudicial/avigilajudicial/principal/avigilajudicial/avigilajudicial/principal/avigilajudicial/pages/pages/principal/principal/pages/pages/pages/pages/pages/pages/pages/avigilajudicial/principal/enlaces.php HTTP/1.1" 200 54693 "-" "Mozilla/5.0 (compatible; MJ12bot/v1.4.8; http://mj12bot.com/)"
190.85.191.209 - - [14/Jul/2026:20:43:13 +0000] "GET /afinanciera/cartera_cargar_manual_deb.php?ced2=1049412033&numcon=24844 HTTP/1.1" 200 241223 "http://www.asjudinet.com/afinanciera/cartera_consultar_cargar_deb.php" "Mozilla/5.0 (Windows NT 10.0; Win64; x64) AppleWebKit/537.36 (KHTML, like Gecko) Chrome/150.0.0.0 Safari/537.36"
51.68.32.135 - - [14/Jul/2026:20:43:17 +0000] "GET /index.php/20/8op9a7i2/925048/avigilajudicial/avigilajudicial/avigilajudicial/avigilajudicial/avigilajudicial/avigilajudicial/avigilajudicial/avigilajudicial/avigilajudicial/avigilajudicial/avigilajudicial/avigilajudicial/avigilajudicial/avigilajudicial/avigilajudicial/avigilajudicial/avigilajudicial/principal/avigilajudicial/avigilajudicial/principal/avigilajudicial/pages/pages/principal/principal/pages/pages/pages/pages/pages/pages/pages/avigilajudicial/principal/lista_email.php HTTP/1.1" 200 54693 "-" "Mozilla/5.0 (compatible; MJ12bot/v1.4.8; http://mj12bot.com/)"
51.68.32.135 - - [14/Jul/2026:20:43:19 +0000] "GET /index.php/20/8op9a7i2/925048/avigilajudicial/avigilajudicial/avigilajudicial/avigilajudicial/avigilajudicial/avigilajudicial/avigilajudicial/avigilajudicial/avigilajudicial/avigilajudicial/avigilajudicial/avigilajudicial/avigilajudicial/avigilajudicial/avigilajudicial/avigilajudicial/avigilajudicial/principal/avigilajudicial/avigilajudicial/principal/avigilajudicial/pages/pages/principal/principal/pages/pages/pages/pages/pages/pages/pages/avigilajudicial/principal/misionvision.php HTTP/1.1" 200 54693 "-" "Mozilla/5.0 (compatible; MJ12bot/v1.4.8; http://mj12bot.com/)"
51.68.32.135 - - [14/Jul/2026:20:43:20 +0000] "GET /index.php/20/8op9a7i2/925048/avigilajudicial/avigilajudicial/avigilajudicial/avigilajudicial/avigilajudicial/avigilajudicial/avigilajudicial/avigilajudicial/avigilajudicial/avigilajudicial/avigilajudicial/avigilajudicial/avigilajudicial/avigilajudicial/avigilajudicial/avigilajudicial/avigilajudicial/principal/avigilajudicial/avigilajudicial/principal/avigilajudicial/pages/pages/principal/principal/pages/pages/pages/pages/pages/pages/pages/avigilajudicial/principal/prepago.php HTTP/1.1" 200 54693 "-" "Mozilla/5.0 (compatible; MJ12bot/v1.4.8; http://mj12bot.com/)"
51.68.32.135 - - [14/Jul/2026:20:43:22 +0000] "GET /index.php/20/8op9a7i2/925048/avigilajudicial/avigilajudicial/avigilajudicial/avigilajudicial/avigilajudicial/avigilajudicial/avigilajudicial/avigilajudicial/avigilajudicial/avigilajudicial/avigilajudicial/avigilajudicial/avigilajudicial/avigilajudicial/avigilajudicial/avigilajudicial/avigilajudicial/principal/avigilajudicial/avigilajudicial/principal/avigilajudicial/pages/pages/principal/principal/pages/pages/pages/pages/pages/pages/pages/avigilajudicial/principal/quienes.php HTTP/1.1" 200 54693 "-" "Mozilla/5.0 (compatible; MJ12bot/v1.4.8; http://mj12bot.com/)"
51.68.32.135 - - [14/Jul/2026:20:43:24 +0000] "GET /index.php/20/8op9a7i2/925048/avigilajudicial/avigilajudicial/avigilajudicial/avigilajudicial/avigilajudicial/avigilajudicial/avigilajudicial/avigilajudicial/avigilajudicial/avigilajudicial/avigilajudicial/avigilajudicial/avigilajudicial/avigilajudicial/avigilajudicial/avigilajudicial/avigilajudicial/principal/avigilajudicial/avigilajudicial/principal/avigilajudicial/pages/pages/principal/principal/pages/pages/pages/pages/pages/pages/pages/avigilajudicial/principal/sucursales.php HTTP/1.1" 200 54693 "-" "Mozilla/5.0 (compatible; MJ12bot/v1.4.8; http://mj12bot.com/)"
114.119.156.102 - - [14/Jul/2026:20:43:25 +0000] "GET /index.php/zzztvsa/39aayzpksh_liqzne72382/pages/principal/pages/principal/principal/principal/quienes.php HTTP/1.1" 200 54693 "http://www.asjudinet.com/index.php/zzztvsa/39aayzpksh_liqzne72382/pages/principal/pages/principal/principal/enlaces.php" "Mozilla/5.0 (Linux; Android 7.0;) AppleWebKit/537.36 (HTML, like Gecko) Mobile Safari/537.36 (compatible; PetalBot;+https://webmaster.petalsearch.com/site/petalbot)"
51.68.32.135 - - [14/Jul/2026:20:43:26 +0000] "GET /index.php/20/8op9a7i2/925048/avigilajudicial/avigilajudicial/avigilajudicial/avigilajudicial/avigilajudicial/avigilajudicial/avigilajudicial/avigilajudicial/avigilajudicial/avigilajudicial/avigilajudicial/avigilajudicial/avigilajudicial/avigilajudicial/avigilajudicial/avigilajudicial/avigilajudicial/principal/avigilajudicial/avigilajudicial/principal/avigilajudicial/pages/pages/principal/principal/pages/pages/pages/pages/pages/pages/pages/avigilajudicial/principal/testimonios.php HTTP/1.1" 200 54693 "-" "Mozilla/5.0 (compatible; MJ12bot/v1.4.8; http://mj12bot.com/)"
51.68.32.135 - - [14/Jul/2026:20:43:27 +0000] "GET /index.php/20/8op9a7i2/925048/avigilajudicial/avigilajudicial/avigilajudicial/avigilajudicial/avigilajudicial/avigilajudicial/avigilajudicial/avigilajudicial/avigilajudicial/avigilajudicial/avigilajudicial/avigilajudicial/avigilajudicial/avigilajudicial/avigilajudicial/avigilajudicial/avigilajudicial/principal/avigilajudicial/avigilajudicial/principal/avigilajudicial/pages/pages/principal/principal/pages/pages/pages/pages/pages/pages/pages/avigilajudicial/principal/trayectoria.php HTTP/1.1" 200 54693 "-" "Mozilla/5.0 (compatible; MJ12bot/v1.4.8; http://mj12bot.com/)"
51.68.32.135 - - [14/Jul/2026:20:43:29 +0000] "GET /index.php/20/8op9a7i2/925048/avigilajudicial/avigilajudicial/avigilajudicial/avigilajudicial/avigilajudicial/avigilajudicial/avigilajudicial/avigilajudicial/avigilajudicial/avigilajudicial/avigilajudicial/avigilajudicial/avigilajudicial/avigilajudicial/avigilajudicial/avigilajudicial/avigilajudicial/principal/avigilajudicial/avigilajudicial/principal/avigilajudicial/pages/pages/principal/principal/pages/pages/pages/pages/pages/pages/pages/avigilajudicial/principal/ventajas.php HTTP/1.1" 200 54693 "-" "Mozilla/5.0 (compatible; MJ12bot/v1.4.8; http://mj12bot.com/)"
51.68.32.135 - - [14/Jul/2026:20:43:31 +0000] "GET /index.php/20/8op9a7i2/925048/avigilajudicial/avigilajudicial/avigilajudicial/avigilajudicial/avigilajudicial/avigilajudicial/avigilajudicial/avigilajudicial/avigilajudicial/avigilajudicial/avigilajudicial/avigilajudicial/avigilajudicial/avigilajudicial/avigilajudicial/avigilajudicial/avigilajudicial/principal/avigilajudicial/avigilajudicial/principal/avigilajudicial/pages/pages/principal/principal/pages/pages/pages/pages/pages/pages/pages/avigilajudicial/principal/video_empresa.php HTTP/1.1" 200 54693 "-" "Mozilla/5.0 (compatible; MJ12bot/v1.4.8; http://mj12bot.com/)"
51.68.32.135 - - [14/Jul/2026:20:43:33 +0000] "GET /index.php/20/8op9a7i2/925048/avigilajudicial/avigilajudicial/avigilajudicial/avigilajudicial/avigilajudicial/avigilajudicial/avigilajudicial/avigilajudicial/avigilajudicial/avigilajudicial/avigilajudicial/avigilajudicial/avigilajudicial/avigilajudicial/avigilajudicial/avigilajudicial/avigilajudicial/principal/avigilajudicial/avigilajudicial/principal/avigilajudicial/pages/pages/principal/principal/pages/pages/pages/pages/pages/pages/pages/avigilajudicial/val_usuarios.php HTTP/1.1" 200 54693 "-" "Mozilla/5.0 (compatible; MJ12bot/v1.4.8; http://mj12bot.com/)"
51.68.32.135 - - [14/Jul/2026:20:43:35 +0000] "GET /index.php/20/8op9a7i2/925048/avigilajudicial/avigilajudicial/avigilajudicial/avigilajudicial/avigilajudicial/avigilajudicial/avigilajudicial/avigilajudicial/avigilajudicial/avigilajudicial/avigilajudicial/avigilajudicial/avigilajudicial/avigilajudicial/avigilajudicial/avigilajudicial/avigilajudicial/principal/avigilajudicial/avigilajudicial/principal/avigilajudicial/pages/pages/principal/principal/pages/pages/pages/pages/pages/pages/pages/avigilajudicial/val_usuarios_IURIS.php HTTP/1.1" 200 54693 "-" "Mozilla/5.0 (compatible; MJ12bot/v1.4.8; http://mj12bot.com/)"
51.68.32.135 - - [14/Jul/2026:20:43:36 +0000] "GET /index.php/20/8op9a7i2/925048/avigilajudicial/avigilajudicial/avigilajudicial/avigilajudicial/avigilajudicial/avigilajudicial/avigilajudicial/avigilajudicial/avigilajudicial/avigilajudicial/avigilajudicial/avigilajudicial/avigilajudicial/avigilajudicial/avigilajudicial/avigilajudicial/avigilajudicial/principal/avigilajudicial/avigilajudicial/principal/avigilajudicial/pages/pages/principal/principal/pages/pages/pages/pages/pages/pages/pages/avigilajudicial/validar_usuarios_pagina.php HTTP/1.1" 200 54693 "-" "Mozilla/5.0 (compatible; MJ12bot/v1.4.8; http://mj12bot.com/)"
51.68.32.135 - - [14/Jul/2026:20:43:38 +0000] "GET /index.php/20/8op9a7i2/925048/avigilajudicial/avigilajudicial/avigilajudicial/avigilajudicial/avigilajudicial/avigilajudicial/avigilajudicial/avigilajudicial/avigilajudicial/avigilajudicial/avigilajudicial/avigilajudicial/avigilajudicial/avigilajudicial/avigilajudicial/avigilajudicial/avigilajudicial/principal/avigilajudicial/avigilajudicial/principal/avigilajudicial/pages/pages/principal/principal/pages/pages/pages/pages/pages/pages/pages/menu_creditos_rotativos.php HTTP/1.1" 200 54693 "-" "Mozilla/5.0 (compatible; MJ12bot/v1.4.8; http://mj12bot.com/)"
51.68.32.135 - - [14/Jul/2026:20:43:40 +0000] "GET /index.php/20/8op9a7i2/925048/avigilajudicial/avigilajudicial/avigilajudicial/avigilajudicial/avigilajudicial/avigilajudicial/avigilajudicial/avigilajudicial/avigilajudicial/avigilajudicial/avigilajudicial/avigilajudicial/avigilajudicial/avigilajudicial/avigilajudicial/avigilajudicial/avigilajudicial/principal/avigilajudicial/avigilajudicial/principal/avigilajudicial/pages/pages/principal/principal/pages/pages/pages/pages/pages/pages/pages/pages/formulario_seminario_dih.php HTTP/1.1" 200 54693 "-" "Mozilla/5.0 (compatible; MJ12bot/v1.4.8; http://mj12bot.com/)"
51.68.32.135 - - [14/Jul/2026:20:43:42 +0000] "GET /index.php/20/8op9a7i2/925048/avigilajudicial/avigilajudicial/avigilajudicial/avigilajudicial/avigilajudicial/avigilajudicial/avigilajudicial/avigilajudicial/avigilajudicial/avigilajudicial/avigilajudicial/avigilajudicial/avigilajudicial/avigilajudicial/avigilajudicial/avigilajudicial/avigilajudicial/principal/avigilajudicial/avigilajudicial/principal/avigilajudicial/pages/pages/principal/principal/pages/pages/pages/pages/pages/pages/pages/pages/index.php HTTP/1.1" 200 54693 "-" "Mozilla/5.0 (compatible; MJ12bot/v1.4.8; http://mj12bot.com/)"
51.68.32.135 - - [14/Jul/2026:20:43:43 +0000] "GET /index.php/20/8op9a7i2/925048/avigilajudicial/avigilajudicial/avigilajudicial/avigilajudicial/avigilajudicial/avigilajudicial/avigilajudicial/avigilajudicial/avigilajudicial/avigilajudicial/avigilajudicial/avigilajudicial/avigilajudicial/avigilajudicial/avigilajudicial/avigilajudicial/avigilajudicial/principal/avigilajudicial/avigilajudicial/principal/avigilajudicial/pages/pages/principal/principal/pages/pages/pages/pages/pages/pages/pages/pages/pages/menu_creditos_rotativos.php HTTP/1.1" 200 54693 "-" "Mozilla/5.0 (compatible; MJ12bot/v1.4.8; http://mj12bot.com/)"
51.68.32.135 - - [14/Jul/2026:20:43:45 +0000] "GET /index.php/20/8op9a7i2/925048/avigilajudicial/avigilajudicial/avigilajudicial/avigilajudicial/avigilajudicial/avigilajudicial/avigilajudicial/avigilajudicial/avigilajudicial/avigilajudicial/avigilajudicial/avigilajudicial/avigilajudicial/avigilajudicial/avigilajudicial/avigilajudicial/avigilajudicial/principal/avigilajudicial/avigilajudicial/principal/avigilajudicial/pages/pages/principal/principal/pages/pages/pages/pages/pages/pages/pages/pages/pages/menu_procesos_todos.php HTTP/1.1" 200 54693 "-" "Mozilla/5.0 (compatible; MJ12bot/v1.4.8; http://mj12bot.com/)"
51.68.32.135 - - [14/Jul/2026:20:43:47 +0000] "GET /index.php/20/8op9a7i2/925048/avigilajudicial/avigilajudicial/avigilajudicial/avigilajudicial/avigilajudicial/avigilajudicial/avigilajudicial/avigilajudicial/avigilajudicial/avigilajudicial/avigilajudicial/avigilajudicial/avigilajudicial/avigilajudicial/avigilajudicial/avigilajudicial/avigilajudicial/principal/avigilajudicial/avigilajudicial/principal/avigilajudicial/pages/pages/principal/principal/pages/pages/pages/pages/pages/pages/pages/pages/principal/NoticiasImportantes.php HTTP/1.1" 200 54693 "-" "Mozilla/5.0 (compatible; MJ12bot/v1.4.8; http://mj12bot.com/)"
51.68.32.135 - - [14/Jul/2026:20:43:49 +0000] "GET /index.php/20/8op9a7i2/925048/avigilajudicial/avigilajudicial/avigilajudicial/avigilajudicial/avigilajudicial/avigilajudicial/avigilajudicial/avigilajudicial/avigilajudicial/avigilajudicial/avigilajudicial/avigilajudicial/avigilajudicial/avigilajudicial/avigilajudicial/avigilajudicial/avigilajudicial/principal/avigilajudicial/avigilajudicial/principal/avigilajudicial/pages/pages/principal/principal/pages/pages/pages/pages/pages/pages/pages/pages/principal/asesoria.php HTTP/1.1" 200 54693 "-" "Mozilla/5.0 (compatible; MJ12bot/v1.4.8; http://mj12bot.com/)"
51.68.32.135 - - [14/Jul/2026:20:43:50 +0000] "GET /index.php/20/8op9a7i2/925048/avigilajudicial/avigilajudicial/avigilajudicial/avigilajudicial/avigilajudicial/avigilajudicial/avigilajudicial/avigilajudicial/avigilajudicial/avigilajudicial/avigilajudicial/avigilajudicial/avigilajudicial/avigilajudicial/avigilajudicial/avigilajudicial/avigilajudicial/principal/avigilajudicial/avigilajudicial/principal/avigilajudicial/pages/pages/principal/principal/pages/pages/pages/pages/pages/pages/pages/pages/principal/casos_exito.php HTTP/1.1" 200 54693 "-" "Mozilla/5.0 (compatible; MJ12bot/v1.4.8; http://mj12bot.com/)"
51.68.32.135 - - [14/Jul/2026:20:43:52 +0000] "GET /index.php/20/8op9a7i2/925048/avigilajudicial/avigilajudicial/avigilajudicial/avigilajudicial/avigilajudicial/avigilajudicial/avigilajudicial/avigilajudicial/avigilajudicial/avigilajudicial/avigilajudicial/avigilajudicial/avigilajudicial/avigilajudicial/avigilajudicial/avigilajudicial/avigilajudicial/principal/avigilajudicial/avigilajudicial/principal/avigilajudicial/pages/pages/principal/principal/pages/pages/pages/pages/pages/pages/pages/pages/principal/contactenos.php HTTP/1.1" 200 54693 "-" "Mozilla/5.0 (compatible; MJ12bot/v1.4.8; http://mj12bot.com/)"
51.68.32.135 - - [14/Jul/2026:20:43:54 +0000] "GET /index.php/20/8op9a7i2/925048/avigilajudicial/avigilajudicial/avigilajudicial/avigilajudicial/avigilajudicial/avigilajudicial/avigilajudicial/avigilajudicial/avigilajudicial/avigilajudicial/avigilajudicial/avigilajudicial/avigilajudicial/avigilajudicial/avigilajudicial/avigilajudicial/avigilajudicial/principal/avigilajudicial/avigilajudicial/principal/avigilajudicial/pages/pages/principal/principal/pages/pages/pages/pages/pages/pages/pages/pages/principal/contratopersonas.php HTTP/1.1" 200 54693 "-" "Mozilla/5.0 (compatible; MJ12bot/v1.4.8; http://mj12bot.com/)"
51.68.32.135 - - [14/Jul/2026:20:43:56 +0000] "GET /index.php/20/8op9a7i2/925048/avigilajudicial/avigilajudicial/avigilajudicial/avigilajudicial/avigilajudicial/avigilajudicial/avigilajudicial/avigilajudicial/avigilajudicial/avigilajudicial/avigilajudicial/avigilajudicial/avigilajudicial/avigilajudicial/avigilajudicial/avigilajudicial/avigilajudicial/principal/avigilajudicial/avigilajudicial/principal/avigilajudicial/pages/pages/principal/principal/pages/pages/pages/pages/pages/pages/pages/pages/principal/enlaces.php HTTP/1.1" 200 54693 "-" "Mozilla/5.0 (compatible; MJ12bot/v1.4.8; http://mj12bot.com/)"
51.68.32.135 - - [14/Jul/2026:20:43:57 +0000] "GET /index.php/20/8op9a7i2/925048/avigilajudicial/avigilajudicial/avigilajudicial/avigilajudicial/avigilajudicial/avigilajudicial/avigilajudicial/avigilajudicial/avigilajudicial/avigilajudicial/avigilajudicial/avigilajudicial/avigilajudicial/avigilajudicial/avigilajudicial/avigilajudicial/avigilajudicial/principal/avigilajudicial/avigilajudicial/principal/avigilajudicial/pages/pages/principal/principal/pages/pages/pages/pages/pages/pages/pages/pages/principal/lista_email.php HTTP/1.1" 200 54693 "-" "Mozilla/5.0 (compatible; MJ12bot/v1.4.8; http://mj12bot.com/)"
51.68.32.135 - - [14/Jul/2026:20:43:59 +0000] "GET /index.php/20/8op9a7i2/925048/avigilajudicial/avigilajudicial/avigilajudicial/avigilajudicial/avigilajudicial/avigilajudicial/avigilajudicial/avigilajudicial/avigilajudicial/avigilajudicial/avigilajudicial/avigilajudicial/avigilajudicial/avigilajudicial/avigilajudicial/avigilajudicial/avigilajudicial/principal/avigilajudicial/avigilajudicial/principal/avigilajudicial/pages/pages/principal/principal/pages/pages/pages/pages/pages/pages/pages/pages/principal/menu_comunicados.php HTTP/1.1" 200 54693 "-" "Mozilla/5.0 (compatible; MJ12bot/v1.4.8; http://mj12bot.com/)"
190.85.87.250 - - [14/Jul/2026:20:44:00 +0000] "POST /callcenter/solicitud_cita_ingreso.php?numcon=9789&cedulita=79427010&funcionario=1000505297 HTTP/1.1" 200 49299 "http://www.asjudinet.com/callcenter/solicitud_cita_ingreso.php?numcon=9789&cedulita=79427010&funcionario=1000505297" "Mozilla/5.0 (Windows NT 10.0; Win64; x64) AppleWebKit/537.36 (KHTML, like Gecko) Chrome/150.0.0.0 Safari/537.36"
51.68.32.135 - - [14/Jul/2026:20:44:01 +0000] "GET /index.php/20/8op9a7i2/925048/avigilajudicial/avigilajudicial/avigilajudicial/avigilajudicial/avigilajudicial/avigilajudicial/avigilajudicial/avigilajudicial/avigilajudicial/avigilajudicial/avigilajudicial/avigilajudicial/avigilajudicial/avigilajudicial/avigilajudicial/avigilajudicial/avigilajudicial/principal/avigilajudicial/avigilajudicial/principal/avigilajudicial/pages/pages/principal/principal/pages/pages/pages/pages/pages/pages/pages/pages/principal/misionvision.php HTTP/1.1" 200 54693 "-" "Mozilla/5.0 (compatible; MJ12bot/v1.4.8; http://mj12bot.com/)"
190.85.87.250 - - [14/Jul/2026:20:44:02 +0000] "GET /callcenter/menu_callcenter.php?ced=1000505297&nom=CORTAZAR%20HERRERA%20SERGIO%20ALEJANDRO HTTP/1.1" 200 11876 "http://www.asjudinet.com/callcenter/solicitud_cita_ingreso.php?numcon=9789&cedulita=79427010&funcionario=1000505297" "Mozilla/5.0 (Windows NT 10.0; Win64; x64) AppleWebKit/537.36 (KHTML, like Gecko) Chrome/150.0.0.0 Safari/537.36"
190.85.87.250 - - [14/Jul/2026:20:44:02 +0000] "GET /ELEMENTS/bannerInterasjudinet.png HTTP/1.1" 200 286717 "http://www.asjudinet.com/callcenter/menu_callcenter.php?ced=1000505297&nom=CORTAZAR%20HERRERA%20SERGIO%20ALEJANDRO" "Mozilla/5.0 (Windows NT 10.0; Win64; x64) AppleWebKit/537.36 (KHTML, like Gecko) Chrome/150.0.0.0 Safari/537.36"
190.85.87.250 - - [14/Jul/2026:20:44:02 +0000] "GET /ELEMENTS/fondo.jpg HTTP/1.1" 200 498245 "http://www.asjudinet.com/callcenter/menu_callcenter.php?ced=1000505297&nom=CORTAZAR%20HERRERA%20SERGIO%20ALEJANDRO" "Mozilla/5.0 (Windows NT 10.0; Win64; x64) AppleWebKit/537.36 (KHTML, like Gecko) Chrome/150.0.0.0 Safari/537.36"
190.85.87.250 - - [14/Jul/2026:20:44:03 +0000] "GET /callcenter/validar_recepcionistas.php?ced=1000505297&nom=CORTAZAR%20HERRERA%20SERGIO%20ALEJANDRO HTTP/1.1" 200 7971 "http://www.asjudinet.com/callcenter/menu_callcenter.php?ced=1000505297&nom=CORTAZAR%20HERRERA%20SERGIO%20ALEJANDRO" "Mozilla/5.0 (Windows NT 10.0; Win64; x64) AppleWebKit/537.36 (KHTML, like Gecko) Chrome/150.0.0.0 Safari/537.36"
51.68.32.135 - - [14/Jul/2026:20:44:03 +0000] "GET /index.php/20/8op9a7i2/925048/avigilajudicial/avigilajudicial/avigilajudicial/avigilajudicial/avigilajudicial/avigilajudicial/avigilajudicial/avigilajudicial/avigilajudicial/avigilajudicial/avigilajudicial/avigilajudicial/avigilajudicial/avigilajudicial/avigilajudicial/avigilajudicial/avigilajudicial/principal/avigilajudicial/avigilajudicial/principal/avigilajudicial/pages/pages/principal/principal/pages/pages/pages/pages/pages/pages/pages/pages/principal/prepago.php HTTP/1.1" 200 54693 "-" "Mozilla/5.0 (compatible; MJ12bot/v1.4.8; http://mj12bot.com/)"
190.85.87.250 - - [14/Jul/2026:20:44:03 +0000] "GET /css/bootstrap.min.css HTTP/1.1" 200 140930 "http://www.asjudinet.com/callcenter/validar_recepcionistas.php?ced=1000505297&nom=CORTAZAR%20HERRERA%20SERGIO%20ALEJANDRO" "Mozilla/5.0 (Windows NT 10.0; Win64; x64) AppleWebKit/537.36 (KHTML, like Gecko) Chrome/150.0.0.0 Safari/537.36"
51.68.32.135 - - [14/Jul/2026:20:44:04 +0000] "GET /index.php/20/8op9a7i2/925048/avigilajudicial/avigilajudicial/avigilajudicial/avigilajudicial/avigilajudicial/avigilajudicial/avigilajudicial/avigilajudicial/avigilajudicial/avigilajudicial/avigilajudicial/avigilajudicial/avigilajudicial/avigilajudicial/avigilajudicial/avigilajudicial/avigilajudicial/principal/avigilajudicial/avigilajudicial/principal/avigilajudicial/pages/pages/principal/principal/pages/pages/pages/pages/pages/pages/pages/pages/principal/quienes.php HTTP/1.1" 200 54693 "-" "Mozilla/5.0 (compatible; MJ12bot/v1.4.8; http://mj12bot.com/)"
190.85.87.250 - - [14/Jul/2026:20:44:04 +0000] "POST /callcenter/validar_recepcionistas.php HTTP/1.1" 200 8061 "http://www.asjudinet.com/callcenter/validar_recepcionistas.php?ced=1000505297&nom=CORTAZAR%20HERRERA%20SERGIO%20ALEJANDRO" "Mozilla/5.0 (Windows NT 10.0; Win64; x64) AppleWebKit/537.36 (KHTML, like Gecko) Chrome/150.0.0.0 Safari/537.36"
190.85.87.250 - - [14/Jul/2026:20:44:05 +0000] "GET /callcenter/solicitud_cita.php?ced=1000505297&nom=CORTAZAR%20HERRERA%20SERGIO%20ALEJANDRO HTTP/1.1" 200 5690 "http://www.asjudinet.com/callcenter/validar_recepcionistas.php" "Mozilla/5.0 (Windows NT 10.0; Win64; x64) AppleWebKit/537.36 (KHTML, like Gecko) Chrome/150.0.0.0 Safari/537.36"
51.68.32.135 - - [14/Jul/2026:20:44:06 +0000] "GET /index.php/20/8op9a7i2/925048/avigilajudicial/avigilajudicial/avigilajudicial/avigilajudicial/avigilajudicial/avigilajudicial/avigilajudicial/avigilajudicial/avigilajudicial/avigilajudicial/avigilajudicial/avigilajudicial/avigilajudicial/avigilajudicial/avigilajudicial/avigilajudicial/avigilajudicial/principal/avigilajudicial/avigilajudicial/principal/avigilajudicial/pages/pages/principal/principal/pages/pages/pages/pages/pages/pages/pages/pages/principal/soporteacademico.php HTTP/1.1" 200 54693 "-" "Mozilla/5.0 (compatible; MJ12bot/v1.4.8; http://mj12bot.com/)"
51.68.32.135 - - [14/Jul/2026:20:44:08 +0000] "GET /index.php/20/8op9a7i2/925048/avigilajudicial/avigilajudicial/avigilajudicial/avigilajudicial/avigilajudicial/avigilajudicial/avigilajudicial/avigilajudicial/avigilajudicial/avigilajudicial/avigilajudicial/avigilajudicial/avigilajudicial/avigilajudicial/avigilajudicial/avigilajudicial/avigilajudicial/principal/avigilajudicial/avigilajudicial/principal/avigilajudicial/pages/pages/principal/principal/pages/pages/pages/pages/pages/pages/pages/pages/principal/sucursales.php HTTP/1.1" 200 54693 "-" "Mozilla/5.0 (compatible; MJ12bot/v1.4.8; http://mj12bot.com/)"
190.85.87.250 - - [14/Jul/2026:20:44:09 +0000] "GET /consulta_cartera.php HTTP/1.1" 200 4668 "http://www.asjudinet.com/cartera_consulta_titu_usuario.php?ced2=93476640&numcon=I0910" "Mozilla/5.0 (Windows NT 10.0; Win64; x64) AppleWebKit/537.36 (KHTML, like Gecko) Chrome/150.0.0.0 Safari/537.36"
51.68.32.135 - - [14/Jul/2026:20:44:10 +0000] "GET /index.php/20/8op9a7i2/925048/avigilajudicial/avigilajudicial/avigilajudicial/avigilajudicial/avigilajudicial/avigilajudicial/avigilajudicial/avigilajudicial/avigilajudicial/avigilajudicial/avigilajudicial/avigilajudicial/avigilajudicial/avigilajudicial/avigilajudicial/avigilajudicial/avigilajudicial/principal/avigilajudicial/avigilajudicial/principal/avigilajudicial/pages/pages/principal/principal/pages/pages/pages/pages/pages/pages/pages/pages/principal/sucursales_satelites.php HTTP/1.1" 200 54693 "-" "Mozilla/5.0 (compatible; MJ12bot/v1.4.8; http://mj12bot.com/)"
190.85.87.250 - - [14/Jul/2026:20:44:10 +0000] "GET /consulta_ced_info_servi.php HTTP/1.1" 200 4523 "http://www.asjudinet.com/consulta_cartera.php" "Mozilla/5.0 (Windows NT 10.0; Win64; x64) AppleWebKit/537.36 (KHTML, like Gecko) Chrome/150.0.0.0 Safari/537.36"
51.68.32.135 - - [14/Jul/2026:20:44:12 +0000] "GET /index.php/20/8op9a7i2/925048/avigilajudicial/avigilajudicial/avigilajudicial/avigilajudicial/avigilajudicial/avigilajudicial/avigilajudicial/avigilajudicial/avigilajudicial/avigilajudicial/avigilajudicial/avigilajudicial/avigilajudicial/avigilajudicial/avigilajudicial/avigilajudicial/avigilajudicial/principal/avigilajudicial/avigilajudicial/principal/avigilajudicial/pages/pages/principal/principal/pages/pages/pages/pages/pages/pages/pages/pages/principal/testimonios.php HTTP/1.1" 200 54693 "-" "Mozilla/5.0 (compatible; MJ12bot/v1.4.8; http://mj12bot.com/)"
51.68.32.135 - - [14/Jul/2026:20:44:13 +0000] "GET /index.php/20/8op9a7i2/925048/avigilajudicial/avigilajudicial/avigilajudicial/avigilajudicial/avigilajudicial/avigilajudicial/avigilajudicial/avigilajudicial/avigilajudicial/avigilajudicial/avigilajudicial/avigilajudicial/avigilajudicial/avigilajudicial/avigilajudicial/avigilajudicial/avigilajudicial/principal/avigilajudicial/avigilajudicial/principal/avigilajudicial/pages/pages/principal/principal/pages/pages/pages/pages/pages/pages/pages/pages/principal/trayectoria.php HTTP/1.1" 200 54693 "-" "Mozilla/5.0 (compatible; MJ12bot/v1.4.8; http://mj12bot.com/)"
51.68.32.135 - - [14/Jul/2026:20:44:15 +0000] "GET /index.php/20/8op9a7i2/925048/avigilajudicial/avigilajudicial/avigilajudicial/avigilajudicial/avigilajudicial/avigilajudicial/avigilajudicial/avigilajudicial/avigilajudicial/avigilajudicial/avigilajudicial/avigilajudicial/avigilajudicial/avigilajudicial/avigilajudicial/avigilajudicial/avigilajudicial/principal/avigilajudicial/avigilajudicial/principal/avigilajudicial/pages/pages/principal/principal/pages/pages/pages/pages/pages/pages/pages/pages/principal/ventajas.php HTTP/1.1" 200 54693 "-" "Mozilla/5.0 (compatible; MJ12bot/v1.4.8; http://mj12bot.com/)"
51.68.32.135 - - [14/Jul/2026:20:44:17 +0000] "GET /index.php/20/8op9a7i2/925048/avigilajudicial/avigilajudicial/avigilajudicial/avigilajudicial/avigilajudicial/avigilajudicial/avigilajudicial/avigilajudicial/avigilajudicial/avigilajudicial/avigilajudicial/avigilajudicial/avigilajudicial/avigilajudicial/avigilajudicial/avigilajudicial/avigilajudicial/principal/avigilajudicial/avigilajudicial/principal/avigilajudicial/pages/pages/principal/principal/pages/pages/pages/pages/pages/pages/pages/pages/principal/video_empresa.php HTTP/1.1" 200 54693 "-" "Mozilla/5.0 (compatible; MJ12bot/v1.4.8; http://mj12bot.com/)"
51.68.32.135 - - [14/Jul/2026:20:44:19 +0000] "GET /index.php/20/8op9a7i2/925048/avigilajudicial/avigilajudicial/avigilajudicial/avigilajudicial/avigilajudicial/avigilajudicial/avigilajudicial/avigilajudicial/avigilajudicial/avigilajudicial/avigilajudicial/avigilajudicial/avigilajudicial/avigilajudicial/avigilajudicial/avigilajudicial/avigilajudicial/principal/avigilajudicial/avigilajudicial/principal/avigilajudicial/pages/pages/principal/principal/pages/pages/pages/pages/pages/pages/pages/pages/val_usuarios.php HTTP/1.1" 200 54693 "-" "Mozilla/5.0 (compatible; MJ12bot/v1.4.8; http://mj12bot.com/)"
