181.79.87.83 - - [14/Jul/2026:13:11:52 +0000] "GET /ELEMENTS/principal/i1.jpg HTTP/1.1" 200 60192 "http://www.asjudinet.com/css/asjudinet.css" "Mozilla/5.0 (Windows NT 10.0; Win64; x64) AppleWebKit/537.36 (KHTML, like Gecko) Chrome/150.0.0.0 Safari/537.36"
190.85.191.209 - - [14/Jul/2026:13:12:02 +0000] "POST /solicitud_viaticosga.php?solicitud=1606160 HTTP/1.1" 200 13910 "http://www.asjudinet.com/solicitud_viaticosga.php?solicitud=1606160" "Mozilla/5.0 (Windows NT 10.0; Win64; x64) AppleWebKit/537.36 (KHTML, like Gecko) Chrome/150.0.0.0 Safari/537.36"
190.85.87.250 - - [14/Jul/2026:13:11:05 +0000] "POST /callcenter/solicitud_cita.php?ced=1143339970&nom=FALCON%20TEJADA%20KAREN%20ELIANA HTTP/1.1" 200 14557 "http://www.asjudinet.com/callcenter/solicitud_cita.php?ced=1143339970&nom=FALCON%20TEJADA%20KAREN%20ELIANA" "Mozilla/5.0 (Windows NT 10.0; Win64; x64) AppleWebKit/537.36 (KHTML, like Gecko) Chrome/150.0.0.0 Safari/537.36"
181.79.87.83 - - [14/Jul/2026:13:12:09 +0000] "GET /ELEMENTS/principal/i4.jpg HTTP/1.1" 200 42781 "http://www.asjudinet.com/css/asjudinet.css" "Mozilla/5.0 (Windows NT 10.0; Win64; x64) AppleWebKit/537.36 (KHTML, like Gecko) Chrome/150.0.0.0 Safari/537.36"
181.79.87.83 - - [14/Jul/2026:13:12:10 +0000] "GET /ELEMENTS/principal/i2.jpg HTTP/1.1" 200 44952 "http://www.asjudinet.com/css/asjudinet.css" "Mozilla/5.0 (Windows NT 10.0; Win64; x64) AppleWebKit/537.36 (KHTML, like Gecko) Chrome/150.0.0.0 Safari/537.36"
114.119.156.102 - - [14/Jul/2026:13:12:11 +0000] "GET /index.php/zzztvsa/39aayzpksh_liqzne72382/principal/principal/principal/ELEMENTS/otros/avigilajudicial/pages/pages/principal/contratopersonas.php HTTP/1.1" 200 54693 "http://www.asjudinet.com/index.php/zzztvsa/39aayzpksh_liqzne72382/principal/principal/principal/ELEMENTS/otros/avigilajudicial/pages/pages/val_usuarios_IURIS.php" "Mozilla/5.0 (Linux; Android 7.0;) AppleWebKit/537.36 (HTML, like Gecko) Mobile Safari/537.36 (compatible; PetalBot;+https://webmaster.petalsearch.com/site/petalbot)"
190.85.191.209 - - [14/Jul/2026:13:12:18 +0000] "GET /revision_viaticosga.php?ced=41738943&nom=RODRIGUEZ%20%20MONTOYA%20ESPERANZA HTTP/1.1" 200 6971 "http://www.asjudinet.com/validar_rev_solga.php" "Mozilla/5.0 (Windows NT 10.0; Win64; x64) AppleWebKit/537.36 (KHTML, like Gecko) Chrome/150.0.0.0 Safari/537.36"
190.85.191.209 - - [14/Jul/2026:13:12:27 +0000] "GET /solicitud_viaticosga.php?solicitud=1606158 HTTP/1.1" 200 13556 "http://www.asjudinet.com/revision_viaticosga.php?ced=41738943&nom=RODRIGUEZ%20%20MONTOYA%20ESPERANZA" "Mozilla/5.0 (Windows NT 10.0; Win64; x64) AppleWebKit/537.36 (KHTML, like Gecko) Chrome/150.0.0.0 Safari/537.36"
190.85.87.250 - - [14/Jul/2026:13:12:51 +0000] "GET /callcenter/respuesta_tickets.php?cedulita=1052957823&numcon=26151&fecha=2026-07-14&atencion=107077 HTTP/1.1" 200 15491 "http://www.asjudinet.com/callcenter/solicitud_cita.php?ced=1143339970&nom=FALCON%20TEJADA%20KAREN%20ELIANA" "Mozilla/5.0 (Windows NT 10.0; Win64; x64) AppleWebKit/537.36 (KHTML, like Gecko) Chrome/150.0.0.0 Safari/537.36"
190.85.87.250 - - [14/Jul/2026:13:13:01 +0000] "GET /callcenter/solicitud_cita_ingreso.php?numcon=26151&cedulita=1052957823&funcionario=1143339970 HTTP/1.1" 200 49095 "http://www.asjudinet.com/callcenter/solicitud_cita.php?ced=1143339970&nom=FALCON%20TEJADA%20KAREN%20ELIANA" "Mozilla/5.0 (Windows NT 10.0; Win64; x64) AppleWebKit/537.36 (KHTML, like Gecko) Chrome/150.0.0.0 Safari/537.36"
114.119.142.179 - - [14/Jul/2026:13:13:34 +0000] "GET /index.php/zzztvsa/39aayzpksh_liqzne72382/principal/pages/avigilajudicial/avigilajudicial/pages/avigilajudicial/avigilajudicial/val_usuarios_IURIS.php HTTP/1.1" 200 54693 "http://www.asjudinet.com/index.php/zzztvsa/39aayzpksh_liqzne72382/principal/pages/avigilajudicial/avigilajudicial/pages/avigilajudicial/avigilajudicial/validar_usuarios_pagina.php" "Mozilla/5.0 (Linux; Android 7.0;) AppleWebKit/537.36 (HTML, like Gecko) Mobile Safari/537.36 (compatible; PetalBot;+https://webmaster.petalsearch.com/site/petalbot)"
190.85.87.250 - - [14/Jul/2026:13:14:16 +0000] "GET /acobranzas/cobranzas_serviasju1.php?ced2=1049412033&numcon=24844 HTTP/1.1" 200 16847 "http://www.asjudinet.com/acobranzas/cobranzas_consulta_cartera1.php" "Mozilla/5.0 (Windows NT 10.0; Win64; x64) AppleWebKit/537.36 (KHTML, like Gecko) Chrome/150.0.0.0 Safari/537.36"
190.85.87.250 - - [14/Jul/2026:13:14:16 +0000] "GET /acobranzas/cobranzas_serviasju1.php?ced2=1049412033&numcon=24844 HTTP/1.1" 200 242117 "http://www.asjudinet.com/acobranzas/cobranzas_consulta_cartera1.php" "Mozilla/5.0 (Windows NT 10.0; Win64; x64) AppleWebKit/537.36 (KHTML, like Gecko) Chrome/150.0.0.0 Safari/537.36"
190.85.87.250 - - [14/Jul/2026:13:14:40 +0000] "POST /callcenter/solicitud_cita_ingreso.php?numcon=26151&cedulita=1052957823&funcionario=1143339970 HTTP/1.1" 200 49319 "http://www.asjudinet.com/callcenter/solicitud_cita_ingreso.php?numcon=26151&cedulita=1052957823&funcionario=1143339970" "Mozilla/5.0 (Windows NT 10.0; Win64; x64) AppleWebKit/537.36 (KHTML, like Gecko) Chrome/150.0.0.0 Safari/537.36"
190.85.87.250 - - [14/Jul/2026:13:14:41 +0000] "POST /afinanciera/cartera_consultar_cargar_deb.php HTTP/1.1" 200 6061 "http://www.asjudinet.com/afinanciera/cartera_consultar_cargar_deb.php" "Mozilla/5.0 (Windows NT 10.0; Win64; x64) AppleWebKit/537.36 (KHTML, like Gecko) Chrome/150.0.0.0 Safari/537.36"
190.85.87.250 - - [14/Jul/2026:13:14:51 +0000] "GET /callcenter/menu_callcenter.php?ced=1143339970&nom=FALCON%20TEJADA%20KAREN%20ELIANA HTTP/1.1" 200 11645 "http://www.asjudinet.com/callcenter/solicitud_cita_ingreso.php?numcon=26151&cedulita=1052957823&funcionario=1143339970" "Mozilla/5.0 (Windows NT 10.0; Win64; x64) AppleWebKit/537.36 (KHTML, like Gecko) Chrome/150.0.0.0 Safari/537.36"
190.85.87.250 - - [14/Jul/2026:13:14:52 +0000] "GET /callcenter/validar_recepcionistas.php?ced=1143339970&nom=FALCON%20TEJADA%20KAREN%20ELIANA HTTP/1.1" 200 7964 "http://www.asjudinet.com/callcenter/menu_callcenter.php?ced=1143339970&nom=FALCON%20TEJADA%20KAREN%20ELIANA" "Mozilla/5.0 (Windows NT 10.0; Win64; x64) AppleWebKit/537.36 (KHTML, like Gecko) Chrome/150.0.0.0 Safari/537.36"
190.85.87.250 - - [14/Jul/2026:13:14:54 +0000] "POST /callcenter/validar_recepcionistas.php HTTP/1.1" 200 8054 "http://www.asjudinet.com/callcenter/validar_recepcionistas.php?ced=1143339970&nom=FALCON%20TEJADA%20KAREN%20ELIANA" "Mozilla/5.0 (Windows NT 10.0; Win64; x64) AppleWebKit/537.36 (KHTML, like Gecko) Chrome/150.0.0.0 Safari/537.36"
190.85.87.250 - - [14/Jul/2026:13:14:55 +0000] "GET /callcenter/solicitud_cita.php?ced=1110177572&nom=FERLA%20MORENO%20FRANCY%20LORENA HTTP/1.1" 200 5676 "http://www.asjudinet.com/callcenter/validar_recepcionistas.php" "Mozilla/5.0 (Windows NT 10.0; Win64; x64) AppleWebKit/537.36 (KHTML, like Gecko) Chrome/150.0.0.0 Safari/537.36"
114.119.142.135 - - [14/Jul/2026:13:14:57 +0000] "GET /index.php/zzztvsa/39aayzpksh_liqzne72382/principal/ELEMENTS/otros/principal/pages/principal/video_empresa.php HTTP/1.1" 200 54693 "http://www.asjudinet.com/index.php/zzztvsa/39aayzpksh_liqzne72382/principal/ELEMENTS/otros/principal/pages/menu_creditos_rotativos.php" "Mozilla/5.0 (Linux; Android 7.0;) AppleWebKit/537.36 (HTML, like Gecko) Mobile Safari/537.36 (compatible; PetalBot;+https://webmaster.petalsearch.com/site/petalbot)"
190.85.87.250 - - [14/Jul/2026:13:15:01 +0000] "GET /val_usuarios.php HTTP/1.1" 200 7808 "-" "Mozilla/5.0 (Windows NT 10.0; Win64; x64) AppleWebKit/537.36 (KHTML, like Gecko) Chrome/150.0.0.0 Safari/537.36"
190.85.87.250 - - [14/Jul/2026:13:15:03 +0000] "GET /consulta_ced_info_servi.php HTTP/1.1" 200 4523 "-" "Mozilla/5.0 (Windows NT 10.0; Win64; x64) AppleWebKit/537.36 (KHTML, like Gecko) Chrome/150.0.0.0 Safari/537.36"
114.119.128.77 - - [14/Jul/2026:13:16:20 +0000] "GET /index.php/zzztvsa/39aayzpksh_liqzne72382/principal/ELEMENTS/otros/principal/pages/principal/principal/principal/val_usuarios.php HTTP/1.1" 200 54693 "http://www.asjudinet.com/index.php/zzztvsa/39aayzpksh_liqzne72382/principal/ELEMENTS/otros/principal/pages/principal/principal/principal/formulario_seminario_dih.php" "Mozilla/5.0 (Linux; Android 7.0;) AppleWebKit/537.36 (HTML, like Gecko) Mobile Safari/537.36 (compatible; PetalBot;+https://webmaster.petalsearch.com/site/petalbot)"
190.85.191.209 - - [14/Jul/2026:13:17:06 +0000] "POST /solicitud_viaticosga.php?solicitud=1606158 HTTP/1.1" 200 13615 "http://www.asjudinet.com/solicitud_viaticosga.php?solicitud=1606158" "Mozilla/5.0 (Windows NT 10.0; Win64; x64) AppleWebKit/537.36 (KHTML, like Gecko) Chrome/150.0.0.0 Safari/537.36"
190.85.191.209 - - [14/Jul/2026:13:17:13 +0000] "GET /revision_viaticosga.php?ced=41738943&nom=RODRIGUEZ%20%20MONTOYA%20ESPERANZA HTTP/1.1" 200 6331 "http://www.asjudinet.com/validar_rev_solga.php" "Mozilla/5.0 (Windows NT 10.0; Win64; x64) AppleWebKit/537.36 (KHTML, like Gecko) Chrome/150.0.0.0 Safari/537.36"
190.85.191.209 - - [14/Jul/2026:13:17:17 +0000] "GET /solicitud_viaticosga.php?solicitud=1606163 HTTP/1.1" 200 13569 "http://www.asjudinet.com/revision_viaticosga.php?ced=41738943&nom=RODRIGUEZ%20%20MONTOYA%20ESPERANZA" "Mozilla/5.0 (Windows NT 10.0; Win64; x64) AppleWebKit/537.36 (KHTML, like Gecko) Chrome/150.0.0.0 Safari/537.36"
114.119.142.179 - - [14/Jul/2026:13:17:44 +0000] "GET /index.php/zzztvsa/39aayzpksh_liqzne72382/principal/ELEMENTS/otros/principal/pages/principal/principal/principal/sucursales_satelites.php HTTP/1.1" 200 54693 "http://www.asjudinet.com/index.php/zzztvsa/39aayzpksh_liqzne72382/principal/ELEMENTS/otros/principal/pages/principal/principal/video_empresa.php" "Mozilla/5.0 (Linux; Android 7.0;) AppleWebKit/537.36 (HTML, like Gecko) Mobile Safari/537.36 (compatible; PetalBot;+https://webmaster.petalsearch.com/site/petalbot)"
190.85.87.250 - - [14/Jul/2026:13:18:05 +0000] "POST /consulta_ced_info_servi.php HTTP/1.1" 200 6132 "http://www.asjudinet.com/consulta_ced_info_servi.php" "Mozilla/5.0 (Windows NT 10.0; Win64; x64) AppleWebKit/537.36 (KHTML, like Gecko) Chrome/150.0.0.0 Safari/537.36"
190.85.87.250 - - [14/Jul/2026:13:18:49 +0000] "GET /cartera_consulta_titu_usuario.php?ced2=10185882&numcon=23921 HTTP/1.1" 200 99708 "http://www.asjudinet.com/consulta_ced_info_servi.php" "Mozilla/5.0 (Windows NT 10.0; Win64; x64) AppleWebKit/537.36 (KHTML, like Gecko) Chrome/150.0.0.0 Safari/537.36"
114.119.128.77 - - [14/Jul/2026:13:19:08 +0000] "GET /index.php/zzztvsa/39aayzpksh_liqzne72382/principal/ELEMENTS/otros/principal/pages/principal/principal/principal/avigilajudicial/formulario_seminario_dih.php HTTP/1.1" 200 54693 "http://www.asjudinet.com/index.php/zzztvsa/39aayzpksh_liqzne72382/principal/ELEMENTS/otros/principal/pages/principal/principal/principal/avigilajudicial/validar_vigi_judicial.php" "Mozilla/5.0 (Linux; Android 7.0;) AppleWebKit/537.36 (HTML, like Gecko) Mobile Safari/537.36 (compatible; PetalBot;+https://webmaster.petalsearch.com/site/petalbot)"
190.85.87.250 - - [14/Jul/2026:13:20:01 +0000] "GET /index.php HTTP/1.1" 200 54693 "-" "Mozilla/5.0 (Windows NT 10.0; Win64; x64) AppleWebKit/537.36 (KHTML, like Gecko) Chrome/150.0.0.0 Safari/537.36"
190.85.87.250 - - [14/Jul/2026:13:20:01 +0000] "GET /css/all.min.css HTTP/1.1" 200 53592 "http://www.asjudinet.com/index.php" "Mozilla/5.0 (Windows NT 10.0; Win64; x64) AppleWebKit/537.36 (KHTML, like Gecko) Chrome/150.0.0.0 Safari/537.36"
190.85.87.250 - - [14/Jul/2026:13:20:01 +0000] "GET /css/menu_prueba.css HTTP/1.1" 200 7408 "http://www.asjudinet.com/index.php" "Mozilla/5.0 (Windows NT 10.0; Win64; x64) AppleWebKit/537.36 (KHTML, like Gecko) Chrome/150.0.0.0 Safari/537.36"
190.85.87.250 - - [14/Jul/2026:13:20:01 +0000] "GET /css/asjudinet.css HTTP/1.1" 200 21269 "http://www.asjudinet.com/index.php" "Mozilla/5.0 (Windows NT 10.0; Win64; x64) AppleWebKit/537.36 (KHTML, like Gecko) Chrome/150.0.0.0 Safari/537.36"
190.85.87.250 - - [14/Jul/2026:13:20:01 +0000] "GET /css/leaflet.css HTTP/1.1" 200 13471 "http://www.asjudinet.com/index.php" "Mozilla/5.0 (Windows NT 10.0; Win64; x64) AppleWebKit/537.36 (KHTML, like Gecko) Chrome/150.0.0.0 Safari/537.36"
190.85.87.250 - - [14/Jul/2026:13:20:01 +0000] "GET /js/jquery_3.3.1.js HTTP/1.1" 200 86926 "http://www.asjudinet.com/index.php" "Mozilla/5.0 (Windows NT 10.0; Win64; x64) AppleWebKit/537.36 (KHTML, like Gecko) Chrome/150.0.0.0 Safari/537.36"
190.85.87.250 - - [14/Jul/2026:13:20:01 +0000] "GET /css/bootstrap.min.css HTTP/1.1" 200 140930 "http://www.asjudinet.com/index.php" "Mozilla/5.0 (Windows NT 10.0; Win64; x64) AppleWebKit/537.36 (KHTML, like Gecko) Chrome/150.0.0.0 Safari/537.36"
190.85.87.250 - - [14/Jul/2026:13:20:01 +0000] "GET /ELEMENTS/otros/sesion.png HTTP/1.1" 200 4344 "http://www.asjudinet.com/index.php" "Mozilla/5.0 (Windows NT 10.0; Win64; x64) AppleWebKit/537.36 (KHTML, like Gecko) Chrome/150.0.0.0 Safari/537.36"
190.85.87.250 - - [14/Jul/2026:13:20:01 +0000] "GET /images/pse-logo.png HTTP/1.1" 200 57808 "http://www.asjudinet.com/index.php" "Mozilla/5.0 (Windows NT 10.0; Win64; x64) AppleWebKit/537.36 (KHTML, like Gecko) Chrome/150.0.0.0 Safari/537.36"
190.85.87.250 - - [14/Jul/2026:13:20:02 +0000] "GET /ELEMENTS/principal/suscri_contrato.jpg HTTP/1.1" 200 61301 "http://www.asjudinet.com/index.php" "Mozilla/5.0 (Windows NT 10.0; Win64; x64) AppleWebKit/537.36 (KHTML, like Gecko) Chrome/150.0.0.0 Safari/537.36"
190.85.87.250 - - [14/Jul/2026:13:20:02 +0000] "GET /ELEMENTS/principal/atenea.jpg HTTP/1.1" 200 168483 "http://www.asjudinet.com/index.php" "Mozilla/5.0 (Windows NT 10.0; Win64; x64) AppleWebKit/537.36 (KHTML, like Gecko) Chrome/150.0.0.0 Safari/537.36"
190.85.87.250 - - [14/Jul/2026:13:20:02 +0000] "GET /ELEMENTS/principal/login.png HTTP/1.1" 200 8013 "http://www.asjudinet.com/index.php" "Mozilla/5.0 (Windows NT 10.0; Win64; x64) AppleWebKit/537.36 (KHTML, like Gecko) Chrome/150.0.0.0 Safari/537.36"
190.85.87.250 - - [14/Jul/2026:13:20:02 +0000] "GET /js/leaflet.js HTTP/1.1" 200 141125 "http://www.asjudinet.com/index.php" "Mozilla/5.0 (Windows NT 10.0; Win64; x64) AppleWebKit/537.36 (KHTML, like Gecko) Chrome/150.0.0.0 Safari/537.36"
190.85.87.250 - - [14/Jul/2026:13:20:02 +0000] "GET /js/bootstrap.min.js HTTP/1.1" 200 50731 "http://www.asjudinet.com/index.php" "Mozilla/5.0 (Windows NT 10.0; Win64; x64) AppleWebKit/537.36 (KHTML, like Gecko) Chrome/150.0.0.0 Safari/537.36"
190.85.87.250 - - [14/Jul/2026:13:20:02 +0000] "GET /js/menu_prueba.js HTTP/1.1" 200 1678 "http://www.asjudinet.com/index.php" "Mozilla/5.0 (Windows NT 10.0; Win64; x64) AppleWebKit/537.36 (KHTML, like Gecko) Chrome/150.0.0.0 Safari/537.36"
190.85.87.250 - - [14/Jul/2026:13:20:02 +0000] "GET /ELEMENTS/principal/dinero1.jpg HTTP/1.1" 200 57035 "http://www.asjudinet.com/index.php" "Mozilla/5.0 (Windows NT 10.0; Win64; x64) AppleWebKit/537.36 (KHTML, like Gecko) Chrome/150.0.0.0 Safari/537.36"
190.85.87.250 - - [14/Jul/2026:13:20:02 +0000] "GET /ELEMENTS/fondos/blanco.jpg HTTP/1.1" 200 28580 "http://www.asjudinet.com/css/asjudinet.css" "Mozilla/5.0 (Windows NT 10.0; Win64; x64) AppleWebKit/537.36 (KHTML, like Gecko) Chrome/150.0.0.0 Safari/537.36"
190.85.87.250 - - [14/Jul/2026:13:20:02 +0000] "GET /webfonts/fa-brands-400.woff2 HTTP/1.1" 200 74288 "http://www.asjudinet.com/css/all.min.css" "Mozilla/5.0 (Windows NT 10.0; Win64; x64) AppleWebKit/537.36 (KHTML, like Gecko) Chrome/150.0.0.0 Safari/537.36"
190.85.87.250 - - [14/Jul/2026:13:20:02 +0000] "GET /ELEMENTS/bannerInterasjudinet.jpg HTTP/1.1" 200 286717 "http://www.asjudinet.com/css/asjudinet.css" "Mozilla/5.0 (Windows NT 10.0; Win64; x64) AppleWebKit/537.36 (KHTML, like Gecko) Chrome/150.0.0.0 Safari/537.36"
190.85.87.250 - - [14/Jul/2026:13:20:02 +0000] "GET /ELEMENTS/principal/agendarse.png HTTP/1.1" 200 72950 "http://www.asjudinet.com/index.php" "Mozilla/5.0 (Windows NT 10.0; Win64; x64) AppleWebKit/537.36 (KHTML, like Gecko) Chrome/150.0.0.0 Safari/537.36"
190.85.87.250 - - [14/Jul/2026:13:20:02 +0000] "GET /ELEMENTS/principal/iuris.png HTTP/1.1" 200 165644 "http://www.asjudinet.com/index.php" "Mozilla/5.0 (Windows NT 10.0; Win64; x64) AppleWebKit/537.36 (KHTML, like Gecko) Chrome/150.0.0.0 Safari/537.36"
190.85.87.250 - - [14/Jul/2026:13:20:02 +0000] "GET /ELEMENTS/principal/icallcenter4.jpg HTTP/1.1" 200 226303 "http://www.asjudinet.com/css/asjudinet.css" "Mozilla/5.0 (Windows NT 10.0; Win64; x64) AppleWebKit/537.36 (KHTML, like Gecko) Chrome/150.0.0.0 Safari/537.36"
190.85.87.250 - - [14/Jul/2026:13:20:02 +0000] "GET /ELEMENTS/principal/callcenter1.png HTTP/1.1" 200 127656 "http://www.asjudinet.com/index.php" "Mozilla/5.0 (Windows NT 10.0; Win64; x64) AppleWebKit/537.36 (KHTML, like Gecko) Chrome/150.0.0.0 Safari/537.36"
190.85.87.250 - - [14/Jul/2026:13:20:02 +0000] "GET /ELEMENTS/principal/proceso3.png HTTP/1.1" 200 437462 "http://www.asjudinet.com/index.php" "Mozilla/5.0 (Windows NT 10.0; Win64; x64) AppleWebKit/537.36 (KHTML, like Gecko) Chrome/150.0.0.0 Safari/537.36"
190.85.87.250 - - [14/Jul/2026:13:20:02 +0000] "GET /ELEMENTS/principal/proceso22.jpg HTTP/1.1" 200 53746 "http://www.asjudinet.com/index.php" "Mozilla/5.0 (Windows NT 10.0; Win64; x64) AppleWebKit/537.36 (KHTML, like Gecko) Chrome/150.0.0.0 Safari/537.36"
190.85.87.250 - - [14/Jul/2026:13:20:02 +0000] "GET /afinanciera/menu_cartera_debito.php?ced=1031124581&nom=PALOMA%20LINARES%20ANYI%20CATERIN HTTP/1.1" 200 38627 "-" "Mozilla/5.0 (Windows NT 10.0; Win64; x64) AppleWebKit/537.36 (KHTML, like Gecko) Chrome/150.0.0.0 Safari/537.36"
190.85.87.250 - - [14/Jul/2026:13:20:02 +0000] "GET /ELEMENTS/principal/ServicioCliente.jpg HTTP/1.1" 200 29935 "http://www.asjudinet.com/index.php" "Mozilla/5.0 (Windows NT 10.0; Win64; x64) AppleWebKit/537.36 (KHTML, like Gecko) Chrome/150.0.0.0 Safari/537.36"
190.85.87.250 - - [14/Jul/2026:13:20:02 +0000] "GET /webfonts/fa-solid-900.woff2 HTTP/1.1" 200 79100 "http://www.asjudinet.com/css/all.min.css" "Mozilla/5.0 (Windows NT 10.0; Win64; x64) AppleWebKit/537.36 (KHTML, like Gecko) Chrome/150.0.0.0 Safari/537.36"
190.85.87.250 - - [14/Jul/2026:13:20:02 +0000] "GET /ELEMENTS/principal/acciones_reclamar.png HTTP/1.1" 200 208890 "http://www.asjudinet.com/index.php" "Mozilla/5.0 (Windows NT 10.0; Win64; x64) AppleWebKit/537.36 (KHTML, like Gecko) Chrome/150.0.0.0 Safari/537.36"
190.85.87.250 - - [14/Jul/2026:13:20:02 +0000] "GET /ELEMENTS/principal/seminario1.png HTTP/1.1" 200 247245 "http://www.asjudinet.com/index.php" "Mozilla/5.0 (Windows NT 10.0; Win64; x64) AppleWebKit/537.36 (KHTML, like Gecko) Chrome/150.0.0.0 Safari/537.36"
190.85.87.250 - - [14/Jul/2026:13:20:02 +0000] "GET /ELEMENTS/principal/1.png HTTP/1.1" 200 97076 "http://www.asjudinet.com/index.php" "Mozilla/5.0 (Windows NT 10.0; Win64; x64) AppleWebKit/537.36 (KHTML, like Gecko) Chrome/150.0.0.0 Safari/537.36"
190.85.87.250 - - [14/Jul/2026:13:20:02 +0000] "GET /ELEMENTS/principal/2.png HTTP/1.1" 200 92941 "http://www.asjudinet.com/index.php" "Mozilla/5.0 (Windows NT 10.0; Win64; x64) AppleWebKit/537.36 (KHTML, like Gecko) Chrome/150.0.0.0 Safari/537.36"
190.85.87.250 - - [14/Jul/2026:13:20:02 +0000] "GET /ELEMENTS/bannerInterasjudinet.png HTTP/1.1" 200 286717 "http://www.asjudinet.com/afinanciera/menu_cartera_debito.php?ced=1031124581&nom=PALOMA%20LINARES%20ANYI%20CATERIN" "Mozilla/5.0 (Windows NT 10.0; Win64; x64) AppleWebKit/537.36 (KHTML, like Gecko) Chrome/150.0.0.0 Safari/537.36"
190.85.87.250 - - [14/Jul/2026:13:20:02 +0000] "GET /ELEMENTS/principal/3.png HTTP/1.1" 200 77498 "http://www.asjudinet.com/index.php" "Mozilla/5.0 (Windows NT 10.0; Win64; x64) AppleWebKit/537.36 (KHTML, like Gecko) Chrome/150.0.0.0 Safari/537.36"
190.85.87.250 - - [14/Jul/2026:13:20:02 +0000] "GET /ELEMENTS/fondo.jpg HTTP/1.1" 200 498245 "http://www.asjudinet.com/afinanciera/menu_cartera_debito.php?ced=1031124581&nom=PALOMA%20LINARES%20ANYI%20CATERIN" "Mozilla/5.0 (Windows NT 10.0; Win64; x64) AppleWebKit/537.36 (KHTML, like Gecko) Chrome/150.0.0.0 Safari/537.36"
190.85.87.250 - - [14/Jul/2026:13:20:04 +0000] "GET /afinanciera/cartera_consul_titu_deb.php HTTP/1.1" 200 5181 "http://www.asjudinet.com/afinanciera/menu_cartera_debito.php?ced=1031124581&nom=PALOMA%20LINARES%20ANYI%20CATERIN" "Mozilla/5.0 (Windows NT 10.0; Win64; x64) AppleWebKit/537.36 (KHTML, like Gecko) Chrome/150.0.0.0 Safari/537.36"
190.85.87.250 - - [14/Jul/2026:13:20:17 +0000] "POST /afinanciera/cartera_consul_titu_deb.php HTTP/1.1" 200 6057 "http://www.asjudinet.com/afinanciera/cartera_consul_titu_deb.php" "Mozilla/5.0 (Windows NT 10.0; Win64; x64) AppleWebKit/537.36 (KHTML, like Gecko) Chrome/150.0.0.0 Safari/537.36"
190.85.191.209 - - [14/Jul/2026:13:20:26 +0000] "GET /menu_recuperacion_car.php?ced=51940182&nom=GIRALDO%20ALBA%20MARGARITA HTTP/1.1" 200 7881 "-" "Mozilla/5.0 (Windows NT 10.0; Win64; x64) AppleWebKit/537.36 (KHTML, like Gecko) Chrome/150.0.0.0 Safari/537.36 Edg/150.0.0.0"
190.85.87.250 - - [14/Jul/2026:13:20:25 +0000] "GET /afinanciera/cartera_consulta_titu_usuario.php?ced2=1069754020&numcon=32942 HTTP/1.1" 200 128656 "http://www.asjudinet.com/afinanciera/cartera_consul_titu_deb.php" "Mozilla/5.0 (Windows NT 10.0; Win64; x64) AppleWebKit/537.36 (KHTML, like Gecko) Chrome/150.0.0.0 Safari/537.36"
190.85.191.209 - - [14/Jul/2026:13:20:28 +0000] "GET /cobranzas_captura_datos.php HTTP/1.1" 200 4178 "http://www.asjudinet.com/menu_recuperacion_car.php?ced=51940182&nom=GIRALDO%20ALBA%20MARGARITA" "Mozilla/5.0 (Windows NT 10.0; Win64; x64) AppleWebKit/537.36 (KHTML, like Gecko) Chrome/150.0.0.0 Safari/537.36 Edg/150.0.0.0"
114.119.150.5 - - [14/Jul/2026:13:20:33 +0000] "GET /index.php/zzztvsa/39aayzpksh_liqzne72382/principal/ELEMENTS/otros/principal/pages/principal/principal/pages/avigilajudicial/val_usuarios_IURIS.php HTTP/1.1" 200 54693 "http://www.asjudinet.com/index.php/zzztvsa/39aayzpksh_liqzne72382/principal/ELEMENTS/otros/principal/pages/principal/principal/pages/avigilajudicial/val_usuarios.php" "Mozilla/5.0 (Linux; Android 7.0;) AppleWebKit/537.36 (HTML, like Gecko) Mobile Safari/537.36 (compatible; PetalBot;+https://webmaster.petalsearch.com/site/petalbot)"
190.85.87.250 - - [14/Jul/2026:13:20:42 +0000] "GET /afinanciera/menu_cartera_debito.php HTTP/1.1" 200 38627 "http://www.asjudinet.com/afinanciera/cartera_consulta_titu_usuario.php?ced2=1069754020&numcon=32942" "Mozilla/5.0 (Windows NT 10.0; Win64; x64) AppleWebKit/537.36 (KHTML, like Gecko) Chrome/150.0.0.0 Safari/537.36"
190.85.87.250 - - [14/Jul/2026:13:20:43 +0000] "GET /afinanciera/cartera_consultar_cargar_deb.php HTTP/1.1" 200 5266 "http://www.asjudinet.com/afinanciera/menu_cartera_debito.php" "Mozilla/5.0 (Windows NT 10.0; Win64; x64) AppleWebKit/537.36 (KHTML, like Gecko) Chrome/150.0.0.0 Safari/537.36"
190.85.191.209 - - [14/Jul/2026:13:20:50 +0000] "POST /cobranzas_captura_datos.php HTTP/1.1" 200 6262 "http://www.asjudinet.com/cobranzas_captura_datos.php" "Mozilla/5.0 (Windows NT 10.0; Win64; x64) AppleWebKit/537.36 (KHTML, like Gecko) Chrome/150.0.0.0 Safari/537.36 Edg/150.0.0.0"
190.85.87.250 - - [14/Jul/2026:13:20:50 +0000] "POST /afinanciera/cartera_consultar_cargar_deb.php HTTP/1.1" 200 6061 "http://www.asjudinet.com/afinanciera/cartera_consultar_cargar_deb.php" "Mozilla/5.0 (Windows NT 10.0; Win64; x64) AppleWebKit/537.36 (KHTML, like Gecko) Chrome/150.0.0.0 Safari/537.36"
190.85.191.209 - - [14/Jul/2026:13:20:52 +0000] "GET / HTTP/1.1" 200 54693 "http://www.asjudinet.com/cobranzas_captura_datos.php" "Mozilla/5.0 (Windows NT 10.0; Win64; x64) AppleWebKit/537.36 (KHTML, like Gecko) Chrome/150.0.0.0 Safari/537.36 Edg/150.0.0.0"
190.85.87.250 - - [14/Jul/2026:13:20:52 +0000] "GET /afinanciera/cartera_cargar_manual_deb.php?ced2=1069754020&numcon=32942 HTTP/1.1" 200 125928 "http://www.asjudinet.com/afinanciera/cartera_consultar_cargar_deb.php" "Mozilla/5.0 (Windows NT 10.0; Win64; x64) AppleWebKit/537.36 (KHTML, like Gecko) Chrome/150.0.0.0 Safari/537.36"
190.85.191.209 - - [14/Jul/2026:13:20:55 +0000] "GET /val_usuarios.php HTTP/1.1" 200 7808 "http://www.asjudinet.com/" "Mozilla/5.0 (Windows NT 10.0; Win64; x64) AppleWebKit/537.36 (KHTML, like Gecko) Chrome/150.0.0.0 Safari/537.36 Edg/150.0.0.0"
190.85.191.209 - - [14/Jul/2026:13:20:56 +0000] "GET /val_usuarios.php HTTP/1.1" 200 7808 "-" "Mozilla/5.0 (Macintosh; Intel Mac OS X 10_15_7) AppleWebKit/537.36 (KHTML, like Gecko) Chrome/149.0.0.0 Safari/537.36"
190.85.87.250 - - [14/Jul/2026:13:20:58 +0000] "POST /val_usuarios.php HTTP/1.1" 200 149 "http://www.asjudinet.com/val_usuarios.php" "Mozilla/5.0 (Windows NT 10.0; Win64; x64) AppleWebKit/537.36 (KHTML, like Gecko) Chrome/150.0.0.0 Safari/537.36"
190.85.87.250 - - [14/Jul/2026:13:20:59 +0000] "GET /menu_admin.php?ced=1124077740&nom=ORTIZ%20SUAREZ%20YUSNEHIDI&aaa=2154&cargo=2154 HTTP/1.1" 200 55572 "http://www.asjudinet.com/val_usuarios.php" "Mozilla/5.0 (Windows NT 10.0; Win64; x64) AppleWebKit/537.36 (KHTML, like Gecko) Chrome/150.0.0.0 Safari/537.36"
190.85.87.250 - - [14/Jul/2026:13:21:13 +0000] "GET /consulta_cartera.php HTTP/1.1" 200 4668 "http://www.asjudinet.com/menu_admin.php?ced=1124077740&nom=ORTIZ%20SUAREZ%20YUSNEHIDI&aaa=2154&cargo=2154" "Mozilla/5.0 (Windows NT 10.0; Win64; x64) AppleWebKit/537.36 (KHTML, like Gecko) Chrome/150.0.0.0 Safari/537.36"
190.85.191.209 - - [14/Jul/2026:13:21:14 +0000] "POST /val_usuarios.php HTTP/1.1" 200 156 "http://www.asjudinet.com/val_usuarios.php" "Mozilla/5.0 (Macintosh; Intel Mac OS X 10_15_7) AppleWebKit/537.36 (KHTML, like Gecko) Chrome/149.0.0.0 Safari/537.36"
190.85.87.250 - - [14/Jul/2026:13:21:14 +0000] "GET /consulta_ced_info_servi.php HTTP/1.1" 200 4523 "http://www.asjudinet.com/consulta_cartera.php" "Mozilla/5.0 (Windows NT 10.0; Win64; x64) AppleWebKit/537.36 (KHTML, like Gecko) Chrome/150.0.0.0 Safari/537.36"
190.85.191.209 - - [14/Jul/2026:13:21:14 +0000] "GET /menu_admin.php?ced=1013657865&nom=SUAREZ%20SANCHEZ%20JESSICA%20MILENA&aaa=2156&cargo=2156 HTTP/1.1" 200 55572 "http://www.asjudinet.com/val_usuarios.php" "Mozilla/5.0 (Macintosh; Intel Mac OS X 10_15_7) AppleWebKit/537.36 (KHTML, like Gecko) Chrome/149.0.0.0 Safari/537.36"
190.85.191.209 - - [14/Jul/2026:13:21:16 +0000] "POST /val_usuarios.php HTTP/1.1" 200 145 "http://www.asjudinet.com/val_usuarios.php" "Mozilla/5.0 (Windows NT 10.0; Win64; x64) AppleWebKit/537.36 (KHTML, like Gecko) Chrome/150.0.0.0 Safari/537.36 Edg/150.0.0.0"
190.85.191.209 - - [14/Jul/2026:13:21:16 +0000] "GET /menu_admin.php?ced=51940182&nom=GIRALDO%20ALBA%20MARGARITA&aaa=137&cargo=137 HTTP/1.1" 200 55572 "http://www.asjudinet.com/val_usuarios.php" "Mozilla/5.0 (Windows NT 10.0; Win64; x64) AppleWebKit/537.36 (KHTML, like Gecko) Chrome/150.0.0.0 Safari/537.36 Edg/150.0.0.0"
190.85.191.209 - - [14/Jul/2026:13:21:18 +0000] "GET /consulta_cartera.php HTTP/1.1" 200 4668 "http://www.asjudinet.com/menu_admin.php?ced=1013657865&nom=SUAREZ%20SANCHEZ%20JESSICA%20MILENA&aaa=2156&cargo=2156" "Mozilla/5.0 (Macintosh; Intel Mac OS X 10_15_7) AppleWebKit/537.36 (KHTML, like Gecko) Chrome/149.0.0.0 Safari/537.36"
190.85.191.209 - - [14/Jul/2026:13:21:19 +0000] "GET /consulta_ced_info_servi.php HTTP/1.1" 200 4523 "http://www.asjudinet.com/consulta_cartera.php" "Mozilla/5.0 (Macintosh; Intel Mac OS X 10_15_7) AppleWebKit/537.36 (KHTML, like Gecko) Chrome/149.0.0.0 Safari/537.36"
190.85.191.209 - - [14/Jul/2026:13:21:21 +0000] "GET /val_recuper.php HTTP/1.1" 200 21770 "http://www.asjudinet.com/menu_admin.php?ced=51940182&nom=GIRALDO%20ALBA%20MARGARITA&aaa=137&cargo=137" "Mozilla/5.0 (Windows NT 10.0; Win64; x64) AppleWebKit/537.36 (KHTML, like Gecko) Chrome/150.0.0.0 Safari/537.36 Edg/150.0.0.0"
190.85.191.209 - - [14/Jul/2026:13:21:21 +0000] "GET /themes//style/style.css HTTP/1.1" 404 - "http://www.asjudinet.com/val_recuper.php" "Mozilla/5.0 (Windows NT 10.0; Win64; x64) AppleWebKit/537.36 (KHTML, like Gecko) Chrome/150.0.0.0 Safari/537.36 Edg/150.0.0.0"
190.85.191.209 - - [14/Jul/2026:13:21:27 +0000] "POST /val_recuper.php HTTP/1.1" 200 19249 "http://www.asjudinet.com/val_recuper.php" "Mozilla/5.0 (Windows NT 10.0; Win64; x64) AppleWebKit/537.36 (KHTML, like Gecko) Chrome/150.0.0.0 Safari/537.36 Edg/150.0.0.0"
190.85.87.250 - - [14/Jul/2026:13:21:27 +0000] "POST /acobranzas/cobranzas_consulta_cartera1.php HTTP/1.1" 200 5939 "http://www.asjudinet.com/acobranzas/cobranzas_consulta_cartera1.php" "Mozilla/5.0 (Windows NT 10.0; Win64; x64) AppleWebKit/537.36 (KHTML, like Gecko) Chrome/150.0.0.0 Safari/537.36"
190.85.191.209 - - [14/Jul/2026:13:21:27 +0000] "GET /themes//style/style.css HTTP/1.1" 404 - "http://www.asjudinet.com/val_recuper.php" "Mozilla/5.0 (Windows NT 10.0; Win64; x64) AppleWebKit/537.36 (KHTML, like Gecko) Chrome/150.0.0.0 Safari/537.36 Edg/150.0.0.0"
190.85.191.209 - - [14/Jul/2026:13:21:28 +0000] "GET /menu_recuperacion_car.php?ced=51940182&nom=GIRALDO%20ALBA%20MARGARITA HTTP/1.1" 200 7881 "http://www.asjudinet.com/val_recuper.php" "Mozilla/5.0 (Windows NT 10.0; Win64; x64) AppleWebKit/537.36 (KHTML, like Gecko) Chrome/150.0.0.0 Safari/537.36 Edg/150.0.0.0"
190.85.191.209 - - [14/Jul/2026:13:21:29 +0000] "GET /cobranzas_captura_datos.php HTTP/1.1" 200 4178 "http://www.asjudinet.com/menu_recuperacion_car.php?ced=51940182&nom=GIRALDO%20ALBA%20MARGARITA" "Mozilla/5.0 (Windows NT 10.0; Win64; x64) AppleWebKit/537.36 (KHTML, like Gecko) Chrome/150.0.0.0 Safari/537.36 Edg/150.0.0.0"
190.85.87.250 - - [14/Jul/2026:13:21:29 +0000] "GET /acobranzas/cobranzas_serviasju1.php?ced2=10185882&numcon=23921 HTTP/1.1" 200 16788 "http://www.asjudinet.com/acobranzas/cobranzas_consulta_cartera1.php" "Mozilla/5.0 (Windows NT 10.0; Win64; x64) AppleWebKit/537.36 (KHTML, like Gecko) Chrome/150.0.0.0 Safari/537.36"
190.85.87.250 - - [14/Jul/2026:13:21:29 +0000] "GET /acobranzas/cobranzas_serviasju1.php?ced2=10185882&numcon=23921 HTTP/1.1" 200 91876 "http://www.asjudinet.com/acobranzas/cobranzas_consulta_cartera1.php" "Mozilla/5.0 (Windows NT 10.0; Win64; x64) AppleWebKit/537.36 (KHTML, like Gecko) Chrome/150.0.0.0 Safari/537.36"
190.85.191.209 - - [14/Jul/2026:13:21:32 +0000] "POST /cobranzas_captura_datos.php HTTP/1.1" 200 6180 "http://www.asjudinet.com/cobranzas_captura_datos.php" "Mozilla/5.0 (Windows NT 10.0; Win64; x64) AppleWebKit/537.36 (KHTML, like Gecko) Chrome/150.0.0.0 Safari/537.36 Edg/150.0.0.0"
190.85.191.209 - - [14/Jul/2026:13:21:34 +0000] "POST /consulta_ced_info_servi.php HTTP/1.1" 200 6003 "http://www.asjudinet.com/consulta_ced_info_servi.php" "Mozilla/5.0 (Macintosh; Intel Mac OS X 10_15_7) AppleWebKit/537.36 (KHTML, like Gecko) Chrome/149.0.0.0 Safari/537.36"
190.85.191.209 - - [14/Jul/2026:13:21:37 +0000] "GET /cartera_consul_bene_usuario.php?ced2=1069853421&numcon=15018A HTTP/1.1" 200 19434 "http://www.asjudinet.com/consulta_ced_info_servi.php" "Mozilla/5.0 (Macintosh; Intel Mac OS X 10_15_7) AppleWebKit/537.36 (KHTML, like Gecko) Chrome/149.0.0.0 Safari/537.36"
190.85.191.209 - - [14/Jul/2026:13:21:38 +0000] "POST /solicitud_viaticosga.php?solicitud=1606163 HTTP/1.1" 200 13628 "http://www.asjudinet.com/solicitud_viaticosga.php?solicitud=1606163" "Mozilla/5.0 (Windows NT 10.0; Win64; x64) AppleWebKit/537.36 (KHTML, like Gecko) Chrome/150.0.0.0 Safari/537.36"
190.85.191.209 - - [14/Jul/2026:13:21:43 +0000] "GET /revision_viaticosga.php?ced=41738943&nom=RODRIGUEZ%20%20MONTOYA%20ESPERANZA HTTP/1.1" 200 5687 "http://www.asjudinet.com/validar_rev_solga.php" "Mozilla/5.0 (Windows NT 10.0; Win64; x64) AppleWebKit/537.36 (KHTML, like Gecko) Chrome/150.0.0.0 Safari/537.36"
190.85.191.209 - - [14/Jul/2026:13:21:46 +0000] "GET /solicitud_viaticosga.php?solicitud=1606164 HTTP/1.1" 200 13559 "http://www.asjudinet.com/revision_viaticosga.php?ced=41738943&nom=RODRIGUEZ%20%20MONTOYA%20ESPERANZA" "Mozilla/5.0 (Windows NT 10.0; Win64; x64) AppleWebKit/537.36 (KHTML, like Gecko) Chrome/150.0.0.0 Safari/537.36"
114.119.142.135 - - [14/Jul/2026:13:21:55 +0000] "GET /index.php/zzztvsa/39aayzpksh_liqzne72382/principal/ELEMENTS/otros/principal/pages/principal/pages/principal/menu_comunicados.php HTTP/1.1" 200 54693 "http://www.asjudinet.com/index.php/zzztvsa/39aayzpksh_liqzne72382/principal/ELEMENTS/otros/principal/pages/principal/pages/formulario_seminario_dih.php" "Mozilla/5.0 (Linux; Android 7.0;) AppleWebKit/537.36 (HTML, like Gecko) Mobile Safari/537.36 (compatible; PetalBot;+https://webmaster.petalsearch.com/site/petalbot)"
190.85.87.250 - - [14/Jul/2026:13:21:54 +0000] "POST /afinanciera/cartera_cargar_manual_deb.php?ced2=1069754020&numcon=32942 HTTP/1.1" 200 127677 "http://www.asjudinet.com/afinanciera/cartera_cargar_manual_deb.php?ced2=1069754020&numcon=32942" "Mozilla/5.0 (Windows NT 10.0; Win64; x64) AppleWebKit/537.36 (KHTML, like Gecko) Chrome/150.0.0.0 Safari/537.36"
190.85.87.250 - - [14/Jul/2026:13:22:03 +0000] "POST /afinanciera/cartera_consultar_cargar_deb.php HTTP/1.1" 200 6057 "http://www.asjudinet.com/afinanciera/cartera_consultar_cargar_deb.php" "Mozilla/5.0 (Windows NT 10.0; Win64; x64) AppleWebKit/537.36 (KHTML, like Gecko) Chrome/150.0.0.0 Safari/537.36"
190.85.87.250 - - [14/Jul/2026:13:22:04 +0000] "GET /afinanciera/cartera_cargar_manual_deb.php?ced2=1094167422&numcon=29949 HTTP/1.1" 200 160745 "http://www.asjudinet.com/afinanciera/cartera_consultar_cargar_deb.php" "Mozilla/5.0 (Windows NT 10.0; Win64; x64) AppleWebKit/537.36 (KHTML, like Gecko) Chrome/150.0.0.0 Safari/537.36"
190.85.191.209 - - [14/Jul/2026:13:22:14 +0000] "GET /index.php HTTP/1.1" 200 54693 "-" "Mozilla/5.0 (Windows NT 10.0; Win64; x64) AppleWebKit/537.36 (KHTML, like Gecko) Chrome/150.0.0.0 Safari/537.36 Edg/150.0.0.0"
190.85.191.209 - - [14/Jul/2026:13:22:15 +0000] "GET /validar_usuarios_pagina.php HTTP/1.1" 200 3665 "http://www.asjudinet.com/index.php" "Mozilla/5.0 (Windows NT 10.0; Win64; x64) AppleWebKit/537.36 (KHTML, like Gecko) Chrome/150.0.0.0 Safari/537.36 Edg/150.0.0.0"
190.85.191.209 - - [14/Jul/2026:13:22:15 +0000] "GET /ELEMENTOS/Logito2.JPG HTTP/1.1" 200 23988 "http://www.asjudinet.com/validar_usuarios_pagina.php" "Mozilla/5.0 (Windows NT 10.0; Win64; x64) AppleWebKit/537.36 (KHTML, like Gecko) Chrome/150.0.0.0 Safari/537.36 Edg/150.0.0.0"
190.85.191.209 - - [14/Jul/2026:13:22:15 +0000] "GET /ELEMENTOS/Keychain%20Access.png HTTP/1.1" 200 15719 "http://www.asjudinet.com/validar_usuarios_pagina.php" "Mozilla/5.0 (Windows NT 10.0; Win64; x64) AppleWebKit/537.36 (KHTML, like Gecko) Chrome/150.0.0.0 Safari/537.36 Edg/150.0.0.0"
190.85.191.209 - - [14/Jul/2026:13:22:15 +0000] "GET /ELEMENTOS/Lock.png HTTP/1.1" 200 13662 "http://www.asjudinet.com/validar_usuarios_pagina.php" "Mozilla/5.0 (Windows NT 10.0; Win64; x64) AppleWebKit/537.36 (KHTML, like Gecko) Chrome/150.0.0.0 Safari/537.36 Edg/150.0.0.0"
190.85.87.250 - - [14/Jul/2026:13:22:17 +0000] "GET /consulta_cartera.php HTTP/1.1" 200 4668 "http://www.asjudinet.com/cartera_consulta_titu_usuario.php?ced2=10185882&numcon=23921" "Mozilla/5.0 (Windows NT 10.0; Win64; x64) AppleWebKit/537.36 (KHTML, like Gecko) Chrome/150.0.0.0 Safari/537.36"
190.85.191.209 - - [14/Jul/2026:13:22:18 +0000] "POST /validar_usuarios_pagina.php? HTTP/1.1" 200 152 "http://www.asjudinet.com/validar_usuarios_pagina.php" "Mozilla/5.0 (Windows NT 10.0; Win64; x64) AppleWebKit/537.36 (KHTML, like Gecko) Chrome/150.0.0.0 Safari/537.36 Edg/150.0.0.0"
190.85.191.209 - - [14/Jul/2026:13:22:18 +0000] "GET /servicio_cliente.php?cedula=70472107&nom=%20GARCIA%20PULGARIN%20LUIS%20FERNANDO%20&estado=EN%20CARTERA HTTP/1.1" 200 29254 "http://www.asjudinet.com/validar_usuarios_pagina.php?" "Mozilla/5.0 (Windows NT 10.0; Win64; x64) AppleWebKit/537.36 (KHTML, like Gecko) Chrome/150.0.0.0 Safari/537.36 Edg/150.0.0.0"
190.85.191.209 - - [14/Jul/2026:13:22:19 +0000] "GET /themes//style/style.css HTTP/1.1" 404 - "http://www.asjudinet.com/servicio_cliente.php?cedula=70472107&nom=%20GARCIA%20PULGARIN%20LUIS%20FERNANDO%20&estado=EN%20CARTERA" "Mozilla/5.0 (Windows NT 10.0; Win64; x64) AppleWebKit/537.36 (KHTML, like Gecko) Chrome/150.0.0.0 Safari/537.36 Edg/150.0.0.0"
190.85.191.209 - - [14/Jul/2026:13:22:19 +0000] "GET /ELEMENTOS/descuentos.jpg HTTP/1.1" 200 105961 "http://www.asjudinet.com/servicio_cliente.php?cedula=70472107&nom=%20GARCIA%20PULGARIN%20LUIS%20FERNANDO%20&estado=EN%20CARTERA" "Mozilla/5.0 (Windows NT 10.0; Win64; x64) AppleWebKit/537.36 (KHTML, like Gecko) Chrome/150.0.0.0 Safari/537.36 Edg/150.0.0.0"
190.85.191.209 - - [14/Jul/2026:13:22:19 +0000] "GET /ELEMENTOS/respuesta.jpg HTTP/1.1" 200 3972 "http://www.asjudinet.com/servicio_cliente.php?cedula=70472107&nom=%20GARCIA%20PULGARIN%20LUIS%20FERNANDO%20&estado=EN%20CARTERA" "Mozilla/5.0 (Windows NT 10.0; Win64; x64) AppleWebKit/537.36 (KHTML, like Gecko) Chrome/150.0.0.0 Safari/537.36 Edg/150.0.0.0"
190.85.191.209 - - [14/Jul/2026:13:22:19 +0000] "GET /ELEMENTOS/solicitud.jpg HTTP/1.1" 200 3833 "http://www.asjudinet.com/servicio_cliente.php?cedula=70472107&nom=%20GARCIA%20PULGARIN%20LUIS%20FERNANDO%20&estado=EN%20CARTERA" "Mozilla/5.0 (Windows NT 10.0; Win64; x64) AppleWebKit/537.36 (KHTML, like Gecko) Chrome/150.0.0.0 Safari/537.36 Edg/150.0.0.0"
190.85.191.209 - - [14/Jul/2026:13:22:19 +0000] "GET /ELEMENTOS/sucursal.jpg HTTP/1.1" 200 3179 "http://www.asjudinet.com/servicio_cliente.php?cedula=70472107&nom=%20GARCIA%20PULGARIN%20LUIS%20FERNANDO%20&estado=EN%20CARTERA" "Mozilla/5.0 (Windows NT 10.0; Win64; x64) AppleWebKit/537.36 (KHTML, like Gecko) Chrome/150.0.0.0 Safari/537.36 Edg/150.0.0.0"
190.85.191.209 - - [14/Jul/2026:13:22:19 +0000] "GET /ELEMENTOS/actualice.jpg HTTP/1.1" 200 3784 "http://www.asjudinet.com/servicio_cliente.php?cedula=70472107&nom=%20GARCIA%20PULGARIN%20LUIS%20FERNANDO%20&estado=EN%20CARTERA" "Mozilla/5.0 (Windows NT 10.0; Win64; x64) AppleWebKit/537.36 (KHTML, like Gecko) Chrome/150.0.0.0 Safari/537.36 Edg/150.0.0.0"
190.85.191.209 - - [14/Jul/2026:13:22:19 +0000] "GET /ELEMENTOS/mision.jpg HTTP/1.1" 200 15024 "http://www.asjudinet.com/servicio_cliente.php?cedula=70472107&nom=%20GARCIA%20PULGARIN%20LUIS%20FERNANDO%20&estado=EN%20CARTERA" "Mozilla/5.0 (Windows NT 10.0; Win64; x64) AppleWebKit/537.36 (KHTML, like Gecko) Chrome/150.0.0.0 Safari/537.36 Edg/150.0.0.0"
190.85.191.209 - - [14/Jul/2026:13:22:19 +0000] "GET /ELEMENTOS/abogados.gif HTTP/1.1" 200 9193 "http://www.asjudinet.com/servicio_cliente.php?cedula=70472107&nom=%20GARCIA%20PULGARIN%20LUIS%20FERNANDO%20&estado=EN%20CARTERA" "Mozilla/5.0 (Windows NT 10.0; Win64; x64) AppleWebKit/537.36 (KHTML, like Gecko) Chrome/150.0.0.0 Safari/537.36 Edg/150.0.0.0"
190.85.191.209 - - [14/Jul/2026:13:22:19 +0000] "GET /ELEMENTOS/facturacion.jpg HTTP/1.1" 200 2952 "http://www.asjudinet.com/servicio_cliente.php?cedula=70472107&nom=%20GARCIA%20PULGARIN%20LUIS%20FERNANDO%20&estado=EN%20CARTERA" "Mozilla/5.0 (Windows NT 10.0; Win64; x64) AppleWebKit/537.36 (KHTML, like Gecko) Chrome/150.0.0.0 Safari/537.36 Edg/150.0.0.0"
190.85.191.209 - - [14/Jul/2026:13:22:19 +0000] "GET /ELEMENTOS/proceso.jpg HTTP/1.1" 200 3585 "http://www.asjudinet.com/servicio_cliente.php?cedula=70472107&nom=%20GARCIA%20PULGARIN%20LUIS%20FERNANDO%20&estado=EN%20CARTERA" "Mozilla/5.0 (Windows NT 10.0; Win64; x64) AppleWebKit/537.36 (KHTML, like Gecko) Chrome/150.0.0.0 Safari/537.36 Edg/150.0.0.0"
190.85.191.209 - - [14/Jul/2026:13:22:19 +0000] "GET /ELEMENTOS/soporte_tecnico.jpg HTTP/1.1" 200 27852 "http://www.asjudinet.com/servicio_cliente.php?cedula=70472107&nom=%20GARCIA%20PULGARIN%20LUIS%20FERNANDO%20&estado=EN%20CARTERA" "Mozilla/5.0 (Windows NT 10.0; Win64; x64) AppleWebKit/537.36 (KHTML, like Gecko) Chrome/150.0.0.0 Safari/537.36 Edg/150.0.0.0"
190.85.191.209 - - [14/Jul/2026:13:22:19 +0000] "GET /ELEMENTOS/disciplinarios.jpg HTTP/1.1" 200 3334 "http://www.asjudinet.com/servicio_cliente.php?cedula=70472107&nom=%20GARCIA%20PULGARIN%20LUIS%20FERNANDO%20&estado=EN%20CARTERA" "Mozilla/5.0 (Windows NT 10.0; Win64; x64) AppleWebKit/537.36 (KHTML, like Gecko) Chrome/150.0.0.0 Safari/537.36 Edg/150.0.0.0"
190.85.191.209 - - [14/Jul/2026:13:22:19 +0000] "GET /ELEMENTOS/quejas.jpg HTTP/1.1" 200 23158 "http://www.asjudinet.com/servicio_cliente.php?cedula=70472107&nom=%20GARCIA%20PULGARIN%20LUIS%20FERNANDO%20&estado=EN%20CARTERA" "Mozilla/5.0 (Windows NT 10.0; Win64; x64) AppleWebKit/537.36 (KHTML, like Gecko) Chrome/150.0.0.0 Safari/537.36 Edg/150.0.0.0"
190.85.191.209 - - [14/Jul/2026:13:22:19 +0000] "GET /ELEMENTOS/vision.jpg HTTP/1.1" 200 19262 "http://www.asjudinet.com/servicio_cliente.php?cedula=70472107&nom=%20GARCIA%20PULGARIN%20LUIS%20FERNANDO%20&estado=EN%20CARTERA" "Mozilla/5.0 (Windows NT 10.0; Win64; x64) AppleWebKit/537.36 (KHTML, like Gecko) Chrome/150.0.0.0 Safari/537.36 Edg/150.0.0.0"
190.85.87.250 - - [14/Jul/2026:13:22:19 +0000] "GET /consulta_ced_info_servi.php HTTP/1.1" 200 4523 "http://www.asjudinet.com/consulta_cartera.php" "Mozilla/5.0 (Windows NT 10.0; Win64; x64) AppleWebKit/537.36 (KHTML, like Gecko) Chrome/150.0.0.0 Safari/537.36"
190.85.191.209 - - [14/Jul/2026:13:22:20 +0000] "GET /Consultar_Respuestas_afiliados.php HTTP/1.1" 200 4374 "http://www.asjudinet.com/servicio_cliente.php?cedula=70472107&nom=%20GARCIA%20PULGARIN%20LUIS%20FERNANDO%20&estado=EN%20CARTERA" "Mozilla/5.0 (Windows NT 10.0; Win64; x64) AppleWebKit/537.36 (KHTML, like Gecko) Chrome/150.0.0.0 Safari/537.36 Edg/150.0.0.0"
190.85.87.250 - - [14/Jul/2026:13:22:17 +0000] "GET /callcenter/listado_por_sucursales.php?ced=79660662&nom=MORALES%20LOZANO%20JORGE%20LUIS&sucu=BOGOTA HTTP/1.1" 200 6865 "-" "Mozilla/5.0 (Windows NT 10.0; Win64; x64) AppleWebKit/537.36 (KHTML, like Gecko) Chrome/125.0.0.0 Safari/537.36"
190.85.87.250 - - [14/Jul/2026:13:22:22 +0000] "GET /favicon.ico HTTP/1.1" 200 9036 "http://www.asjudinet.com/callcenter/listado_por_sucursales.php?ced=79660662&nom=MORALES%20LOZANO%20JORGE%20LUIS&sucu=BOGOTA" "Mozilla/5.0 (Windows NT 10.0; Win64; x64) AppleWebKit/537.36 (KHTML, like Gecko) Chrome/125.0.0.0 Safari/537.36"
190.85.191.209 - - [14/Jul/2026:13:22:23 +0000] "GET /Consultar_Respuestas_afiliados.php?Identificacion=70472107+&submit=CONSULTAR HTTP/1.1" 200 5376 "http://www.asjudinet.com/Consultar_Respuestas_afiliados.php" "Mozilla/5.0 (Windows NT 10.0; Win64; x64) AppleWebKit/537.36 (KHTML, like Gecko) Chrome/150.0.0.0 Safari/537.36 Edg/150.0.0.0"
190.85.191.209 - - [14/Jul/2026:13:22:36 +0000] "POST /solicitud_viaticosga.php?solicitud=1606164 HTTP/1.1" 200 13618 "http://www.asjudinet.com/solicitud_viaticosga.php?solicitud=1606164" "Mozilla/5.0 (Windows NT 10.0; Win64; x64) AppleWebKit/537.36 (KHTML, like Gecko) Chrome/150.0.0.0 Safari/537.36"
190.85.191.209 - - [14/Jul/2026:13:22:41 +0000] "GET /solicitud_viaticosga.php?solicitud=1606165 HTTP/1.1" 200 13591 "http://www.asjudinet.com/revision_viaticosga.php?ced=41738943&nom=RODRIGUEZ%20%20MONTOYA%20ESPERANZA" "Mozilla/5.0 (Windows NT 10.0; Win64; x64) AppleWebKit/537.36 (KHTML, like Gecko) Chrome/150.0.0.0 Safari/537.36"
190.85.87.250 - - [14/Jul/2026:13:22:45 +0000] "POST /afinanciera/cartera_cargar_manual_deb.php?ced2=1094167422&numcon=29949 HTTP/1.1" 200 162494 "http://www.asjudinet.com/afinanciera/cartera_cargar_manual_deb.php?ced2=1094167422&numcon=29949" "Mozilla/5.0 (Windows NT 10.0; Win64; x64) AppleWebKit/537.36 (KHTML, like Gecko) Chrome/150.0.0.0 Safari/537.36"
190.85.87.250 - - [14/Jul/2026:13:22:55 +0000] "POST /afinanciera/cartera_consultar_cargar_deb.php HTTP/1.1" 200 6053 "http://www.asjudinet.com/afinanciera/cartera_consultar_cargar_deb.php" "Mozilla/5.0 (Windows NT 10.0; Win64; x64) AppleWebKit/537.36 (KHTML, like Gecko) Chrome/150.0.0.0 Safari/537.36"
190.85.87.250 - - [14/Jul/2026:13:23:00 +0000] "GET /afinanciera/cartera_cargar_manual_deb.php?ced2=1004712795&numcon=32634 HTTP/1.1" 200 141940 "http://www.asjudinet.com/afinanciera/cartera_consultar_cargar_deb.php" "Mozilla/5.0 (Windows NT 10.0; Win64; x64) AppleWebKit/537.36 (KHTML, like Gecko) Chrome/150.0.0.0 Safari/537.36"
114.119.150.5 - - [14/Jul/2026:13:23:18 +0000] "GET /index.php/zzztvsa/39aayzpksh_liqzne72382/principal/ELEMENTS/otros/principal/pages/principal/pages/avigilajudicial/principal/asesoria.php HTTP/1.1" 200 54693 "http://www.asjudinet.com/index.php/zzztvsa/39aayzpksh_liqzne72382/principal/ELEMENTS/otros/principal/pages/principal/pages/avigilajudicial/validar_usuarios_pagina.php" "Mozilla/5.0 (Linux; Android 7.0;) AppleWebKit/537.36 (HTML, like Gecko) Mobile Safari/537.36 (compatible; PetalBot;+https://webmaster.petalsearch.com/site/petalbot)"
190.85.87.250 - - [14/Jul/2026:13:24:04 +0000] "GET /afinanciera/cartera_consul_titu_deb.php HTTP/1.1" 200 5181 "-" "Mozilla/5.0 (Windows NT 10.0; Win64; x64) AppleWebKit/537.36 (KHTML, like Gecko) Chrome/150.0.0.0 Safari/537.36"
190.85.191.209 - - [14/Jul/2026:13:24:05 +0000] "POST /solicitud_viaticosga.php?solicitud=1606165 HTTP/1.1" 200 13650 "http://www.asjudinet.com/solicitud_viaticosga.php?solicitud=1606165" "Mozilla/5.0 (Windows NT 10.0; Win64; x64) AppleWebKit/537.36 (KHTML, like Gecko) Chrome/150.0.0.0 Safari/537.36"
190.85.191.209 - - [14/Jul/2026:13:24:22 +0000] "GET /revision_viaticosga.php?ced=41738943&nom=RODRIGUEZ%20%20MONTOYA%20ESPERANZA HTTP/1.1" 200 4411 "http://www.asjudinet.com/validar_rev_solga.php" "Mozilla/5.0 (Windows NT 10.0; Win64; x64) AppleWebKit/537.36 (KHTML, like Gecko) Chrome/150.0.0.0 Safari/537.36"
190.85.191.209 - - [14/Jul/2026:13:24:24 +0000] "GET /solicitud_viaticosga.php?solicitud=1606166 HTTP/1.1" 200 13644 "http://www.asjudinet.com/revision_viaticosga.php?ced=41738943&nom=RODRIGUEZ%20%20MONTOYA%20ESPERANZA" "Mozilla/5.0 (Windows NT 10.0; Win64; x64) AppleWebKit/537.36 (KHTML, like Gecko) Chrome/150.0.0.0 Safari/537.36"
114.119.142.135 - - [14/Jul/2026:13:24:42 +0000] "GET /index.php/zzztvsa/39aayzpksh_liqzne72382/principal/ELEMENTS/otros/principal/pages/principal/pages/avigilajudicial/pages/val_usuarios.php HTTP/1.1" 200 54693 "http://www.asjudinet.com/index.php/zzztvsa/39aayzpksh_liqzne72382/principal/ELEMENTS/otros/principal/pages/principal/pages/avigilajudicial/pages/menu_creditos_rotativos.php" "Mozilla/5.0 (Linux; Android 7.0;) AppleWebKit/537.36 (HTML, like Gecko) Mobile Safari/537.36 (compatible; PetalBot;+https://webmaster.petalsearch.com/site/petalbot)"
190.85.87.250 - - [14/Jul/2026:13:25:21 +0000] "POST /afinanciera/cartera_cargar_manual_deb.php?ced2=1004712795&numcon=32634 HTTP/1.1" 200 143689 "http://www.asjudinet.com/afinanciera/cartera_cargar_manual_deb.php?ced2=1004712795&numcon=32634" "Mozilla/5.0 (Windows NT 10.0; Win64; x64) AppleWebKit/537.36 (KHTML, like Gecko) Chrome/150.0.0.0 Safari/537.36"
190.85.87.250 - - [14/Jul/2026:13:25:36 +0000] "POST /afinanciera/cartera_consultar_cargar_deb.php HTTP/1.1" 200 6049 "http://www.asjudinet.com/afinanciera/cartera_consultar_cargar_deb.php" "Mozilla/5.0 (Windows NT 10.0; Win64; x64) AppleWebKit/537.36 (KHTML, like Gecko) Chrome/150.0.0.0 Safari/537.36"
190.85.87.250 - - [14/Jul/2026:13:25:39 +0000] "GET /afinanciera/cartera_cargar_manual_deb.php?ced2=88179984&numcon=11819 HTTP/1.1" 200 319564 "http://www.asjudinet.com/afinanciera/cartera_consultar_cargar_deb.php" "Mozilla/5.0 (Windows NT 10.0; Win64; x64) AppleWebKit/537.36 (KHTML, like Gecko) Chrome/150.0.0.0 Safari/537.36"
190.85.191.209 - - [14/Jul/2026:13:25:47 +0000] "POST /solicitud_viaticosga.php?solicitud=1606166 HTTP/1.1" 200 13703 "http://www.asjudinet.com/solicitud_viaticosga.php?solicitud=1606166" "Mozilla/5.0 (Windows NT 10.0; Win64; x64) AppleWebKit/537.36 (KHTML, like Gecko) Chrome/150.0.0.0 Safari/537.36"
190.85.191.209 - - [14/Jul/2026:13:25:59 +0000] "GET /revision_viaticosga.php?ced=41738943&nom=RODRIGUEZ%20%20MONTOYA%20ESPERANZA HTTP/1.1" 200 3247 "http://www.asjudinet.com/validar_rev_solga.php" "Mozilla/5.0 (Windows NT 10.0; Win64; x64) AppleWebKit/537.36 (KHTML, like Gecko) Chrome/150.0.0.0 Safari/537.36"
190.85.87.250 - - [14/Jul/2026:13:25:59 +0000] "POST /afinanciera/cartera_cargar_manual_deb.php?ced2=88179984&numcon=11819 HTTP/1.1" 200 321317 "http://www.asjudinet.com/afinanciera/cartera_cargar_manual_deb.php?ced2=88179984&numcon=11819" "Mozilla/5.0 (Windows NT 10.0; Win64; x64) AppleWebKit/537.36 (KHTML, like Gecko) Chrome/150.0.0.0 Safari/537.36"
190.85.191.209 - - [14/Jul/2026:13:26:02 +0000] "GET /revision_viaticosga.php?ced=41738943&nom=RODRIGUEZ%20%20MONTOYA%20ESPERANZA HTTP/1.1" 200 3247 "http://www.asjudinet.com/validar_rev_solga.php" "Mozilla/5.0 (Windows NT 10.0; Win64; x64) AppleWebKit/537.36 (KHTML, like Gecko) Chrome/150.0.0.0 Safari/537.36"
114.119.137.103 - - [14/Jul/2026:13:26:06 +0000] "GET /index.php/zzztvsa/39aayzpksh_liqzne72382/principal/ELEMENTS/otros/principal/pages/principal/misionvision.php HTTP/1.1" 200 54693 "http://www.asjudinet.com/index.php/zzztvsa/39aayzpksh_liqzne72382/principal/ELEMENTS/otros/principal/pages/menu_creditos_rotativos.php" "Mozilla/5.0 (Linux; Android 7.0;) AppleWebKit/537.36 (HTML, like Gecko) Mobile Safari/537.36 (compatible; PetalBot;+https://webmaster.petalsearch.com/site/petalbot)"
190.85.191.209 - - [14/Jul/2026:13:26:06 +0000] "GET /menu_viaticos.php HTTP/1.1" 200 5272 "http://www.asjudinet.com/revision_viaticosga.php?ced=41738943&nom=RODRIGUEZ%20%20MONTOYA%20ESPERANZA" "Mozilla/5.0 (Windows NT 10.0; Win64; x64) AppleWebKit/537.36 (KHTML, like Gecko) Chrome/150.0.0.0 Safari/537.36"
190.85.191.209 - - [14/Jul/2026:13:26:08 +0000] "GET /menu_admin.php HTTP/1.1" 200 55572 "http://www.asjudinet.com/menu_viaticos.php" "Mozilla/5.0 (Windows NT 10.0; Win64; x64) AppleWebKit/537.36 (KHTML, like Gecko) Chrome/150.0.0.0 Safari/537.36"
190.85.191.209 - - [14/Jul/2026:13:26:10 +0000] "GET /index.php HTTP/1.1" 200 54693 "http://www.asjudinet.com/menu_admin.php" "Mozilla/5.0 (Windows NT 10.0; Win64; x64) AppleWebKit/537.36 (KHTML, like Gecko) Chrome/150.0.0.0 Safari/537.36"
190.85.87.250 - - [14/Jul/2026:13:26:16 +0000] "POST /afinanciera/cartera_consultar_cargar_deb.php HTTP/1.1" 200 6052 "http://www.asjudinet.com/afinanciera/cartera_consultar_cargar_deb.php" "Mozilla/5.0 (Windows NT 10.0; Win64; x64) AppleWebKit/537.36 (KHTML, like Gecko) Chrome/150.0.0.0 Safari/537.36"
