190.85.195.125 - - [14/Jul/2026:13:36:39 +0000] "GET /menu_admin.php?ced=1144127030&nom=ROSALES%20VELEZ%20DIANA%20CAROLINA&aaa=686&cargo=686 HTTP/1.1" 200 55572 "http://www.asjudinet.com/val_usuarios.php" "Mozilla/5.0 (Windows NT 10.0; Win64; x64) AppleWebKit/537.36 (KHTML, like Gecko) Chrome/150.0.0.0 Safari/537.36"
190.85.195.125 - - [14/Jul/2026:13:36:39 +0000] "GET /css/menu_admin.css HTTP/1.1" 200 2437 "http://www.asjudinet.com/menu_admin.php?ced=1144127030&nom=ROSALES%20VELEZ%20DIANA%20CAROLINA&aaa=686&cargo=686" "Mozilla/5.0 (Windows NT 10.0; Win64; x64) AppleWebKit/537.36 (KHTML, like Gecko) Chrome/150.0.0.0 Safari/537.36"
190.85.195.125 - - [14/Jul/2026:13:36:39 +0000] "GET /ELEMENTS/fondolaw.jpg HTTP/1.1" 200 56543 "http://www.asjudinet.com/css/menu_admin.css" "Mozilla/5.0 (Windows NT 10.0; Win64; x64) AppleWebKit/537.36 (KHTML, like Gecko) Chrome/150.0.0.0 Safari/537.36"
114.119.136.100 - - [14/Jul/2026:13:37:16 +0000] "GET /index.php/zzztvsa/39aayzpksh_liqzne72382/principal/principal/Assets/principal/principal/avigilajudicial/principal/menu_comunicados.php HTTP/1.1" 200 54693 "http://www.asjudinet.com/index.php/zzztvsa/39aayzpksh_liqzne72382/principal/principal/Assets/principal/principal/avigilajudicial/validar_usuarios_pagina.php" "Mozilla/5.0 (Linux; Android 7.0;) AppleWebKit/537.36 (HTML, like Gecko) Mobile Safari/537.36 (compatible; PetalBot;+https://webmaster.petalsearch.com/site/petalbot)"
190.85.191.209 - - [14/Jul/2026:13:37:26 +0000] "GET /index.php HTTP/1.1" 200 54693 "-" "Mozilla/5.0 (Windows NT 10.0; Win64; x64) AppleWebKit/537.36 (KHTML, like Gecko) Chrome/150.0.0.0 Safari/537.36"
190.85.191.209 - - [14/Jul/2026:13:37:30 +0000] "GET /val_usuarios.php HTTP/1.1" 200 7808 "http://www.asjudinet.com/index.php" "Mozilla/5.0 (Windows NT 10.0; Win64; x64) AppleWebKit/537.36 (KHTML, like Gecko) Chrome/150.0.0.0 Safari/537.36"
190.85.191.209 - - [14/Jul/2026:13:37:47 +0000] "POST /val_usuarios.php HTTP/1.1" 200 151 "http://www.asjudinet.com/val_usuarios.php" "Mozilla/5.0 (Windows NT 10.0; Win64; x64) AppleWebKit/537.36 (KHTML, like Gecko) Chrome/150.0.0.0 Safari/537.36"
190.85.191.209 - - [14/Jul/2026:13:37:47 +0000] "GET /menu_admin.php?ced=41738943&nom=RODRIGUEZ%20%20MONTOYA%20ESPERANZA&aaa=135&cargo=135 HTTP/1.1" 200 55572 "http://www.asjudinet.com/val_usuarios.php" "Mozilla/5.0 (Windows NT 10.0; Win64; x64) AppleWebKit/537.36 (KHTML, like Gecko) Chrome/150.0.0.0 Safari/537.36"
190.85.191.209 - - [14/Jul/2026:13:37:50 +0000] "GET /validar_viaticos.php HTTP/1.1" 200 21744 "http://www.asjudinet.com/menu_admin.php?ced=41738943&nom=RODRIGUEZ%20%20MONTOYA%20ESPERANZA&aaa=135&cargo=135" "Mozilla/5.0 (Windows NT 10.0; Win64; x64) AppleWebKit/537.36 (KHTML, like Gecko) Chrome/150.0.0.0 Safari/537.36"
190.85.191.209 - - [14/Jul/2026:13:37:51 +0000] "GET /themes//style/style.css HTTP/1.1" 404 - "http://www.asjudinet.com/validar_viaticos.php" "Mozilla/5.0 (Windows NT 10.0; Win64; x64) AppleWebKit/537.36 (KHTML, like Gecko) Chrome/150.0.0.0 Safari/537.36"
190.85.87.250 - - [14/Jul/2026:13:37:56 +0000] "POST /cartera_num_procesos_sus.php?ced2=83254041&numcon=9725 HTTP/1.1" 200 29193 "http://www.asjudinet.com/cartera_num_procesos_sus.php?ced2=83254041&numcon=9725" "Mozilla/5.0 (Windows NT 10.0; Win64; x64) AppleWebKit/537.36 (KHTML, like Gecko) Chrome/150.0.0.0 Safari/537.36"
190.85.87.250 - - [14/Jul/2026:13:37:57 +0000] "GET /cartera_consulta_titu_usuario.php?ced2=83254041&numcon=9725 HTTP/1.1" 200 350284 "http://www.asjudinet.com/cartera_num_procesos_sus.php?ced2=83254041&numcon=9725" "Mozilla/5.0 (Windows NT 10.0; Win64; x64) AppleWebKit/537.36 (KHTML, like Gecko) Chrome/150.0.0.0 Safari/537.36"
190.85.87.250 - - [14/Jul/2026:13:37:59 +0000] "GET /consulta_cartera.php HTTP/1.1" 200 4668 "http://www.asjudinet.com/cartera_consulta_titu_usuario.php?ced2=83254041&numcon=9725" "Mozilla/5.0 (Windows NT 10.0; Win64; x64) AppleWebKit/537.36 (KHTML, like Gecko) Chrome/150.0.0.0 Safari/537.36"
190.85.191.209 - - [14/Jul/2026:13:37:59 +0000] "POST /validar_viaticos.php HTTP/1.1" 200 19246 "http://www.asjudinet.com/validar_viaticos.php" "Mozilla/5.0 (Windows NT 10.0; Win64; x64) AppleWebKit/537.36 (KHTML, like Gecko) Chrome/150.0.0.0 Safari/537.36"
190.85.191.209 - - [14/Jul/2026:13:37:59 +0000] "GET /themes//style/style.css HTTP/1.1" 404 - "http://www.asjudinet.com/validar_viaticos.php" "Mozilla/5.0 (Windows NT 10.0; Win64; x64) AppleWebKit/537.36 (KHTML, like Gecko) Chrome/150.0.0.0 Safari/537.36"
190.85.191.209 - - [14/Jul/2026:13:37:59 +0000] "GET /menu_viaticos.php?ced=41738943&nom=RODRIGUEZ%20%20MONTOYA%20ESPERANZA HTTP/1.1" 200 5272 "http://www.asjudinet.com/validar_viaticos.php" "Mozilla/5.0 (Windows NT 10.0; Win64; x64) AppleWebKit/537.36 (KHTML, like Gecko) Chrome/150.0.0.0 Safari/537.36"
190.85.87.250 - - [14/Jul/2026:13:38:00 +0000] "GET /index.php HTTP/1.1" 200 54693 "-" "Mozilla/5.0 (Windows NT 10.0; Win64; x64) AppleWebKit/537.36 (KHTML, like Gecko) Chrome/150.0.0.0 Safari/537.36"
190.85.87.250 - - [14/Jul/2026:13:38:00 +0000] "GET /consulta_ced_info_servi.php HTTP/1.1" 200 4523 "http://www.asjudinet.com/consulta_cartera.php" "Mozilla/5.0 (Windows NT 10.0; Win64; x64) AppleWebKit/537.36 (KHTML, like Gecko) Chrome/150.0.0.0 Safari/537.36"
190.85.191.209 - - [14/Jul/2026:13:38:01 +0000] "GET /seleccionar_rev_viaticos.php HTTP/1.1" 200 2560 "http://www.asjudinet.com/menu_viaticos.php?ced=41738943&nom=RODRIGUEZ%20%20MONTOYA%20ESPERANZA" "Mozilla/5.0 (Windows NT 10.0; Win64; x64) AppleWebKit/537.36 (KHTML, like Gecko) Chrome/150.0.0.0 Safari/537.36"
190.85.87.250 - - [14/Jul/2026:13:38:02 +0000] "GET /validar_usuarios_pagina.php HTTP/1.1" 200 3665 "http://www.asjudinet.com/index.php" "Mozilla/5.0 (Windows NT 10.0; Win64; x64) AppleWebKit/537.36 (KHTML, like Gecko) Chrome/150.0.0.0 Safari/537.36"
190.85.191.209 - - [14/Jul/2026:13:38:03 +0000] "GET /validar_rev_solga.php HTTP/1.1" 200 21746 "http://www.asjudinet.com/seleccionar_rev_viaticos.php" "Mozilla/5.0 (Windows NT 10.0; Win64; x64) AppleWebKit/537.36 (KHTML, like Gecko) Chrome/150.0.0.0 Safari/537.36"
190.85.191.209 - - [14/Jul/2026:13:38:04 +0000] "GET /themes//style/style.css HTTP/1.1" 404 - "http://www.asjudinet.com/validar_rev_solga.php" "Mozilla/5.0 (Windows NT 10.0; Win64; x64) AppleWebKit/537.36 (KHTML, like Gecko) Chrome/150.0.0.0 Safari/537.36"
190.85.87.250 - - [14/Jul/2026:13:38:05 +0000] "GET /callcenter/menu_acciones_constitucionales.php?ced=1000940633&nom=ROA%20PEDRAZA%20DANIEL HTTP/1.1" 200 3294 "http://www.asjudinet.com/callcenter/listado_acciones_constitucionales_pendientes.php?ced=1000940633&nom=ROA%20PEDRAZA%20DANIEL" "Mozilla/5.0 (Windows NT 10.0; Win64; x64) AppleWebKit/537.36 (KHTML, like Gecko) Chrome/150.0.0.0 Safari/537.36"
190.85.87.250 - - [14/Jul/2026:13:38:06 +0000] "GET /callcenter/listado_acciones_constitucionales.php?ced=1000940633&nom=ROA%20PEDRAZA%20DANIEL HTTP/1.1" 200 4426 "http://www.asjudinet.com/callcenter/menu_acciones_constitucionales.php?ced=1000940633&nom=ROA%20PEDRAZA%20DANIEL" "Mozilla/5.0 (Windows NT 10.0; Win64; x64) AppleWebKit/537.36 (KHTML, like Gecko) Chrome/150.0.0.0 Safari/537.36"
190.85.87.250 - - [14/Jul/2026:13:38:07 +0000] "GET /callcenter/menu_acciones_constitucionales.php?ced=1000940633&nom=ROA%20PEDRAZA%20DANIEL HTTP/1.1" 200 3294 "http://www.asjudinet.com/callcenter/listado_acciones_constitucionales.php?ced=1000940633&nom=ROA%20PEDRAZA%20DANIEL" "Mozilla/5.0 (Windows NT 10.0; Win64; x64) AppleWebKit/537.36 (KHTML, like Gecko) Chrome/150.0.0.0 Safari/537.36"
190.85.87.250 - - [14/Jul/2026:13:38:08 +0000] "GET /callcenter/listado_acciones_constitucionales.php?ced=1000940633&nom=ROA%20PEDRAZA%20DANIEL HTTP/1.1" 200 4426 "http://www.asjudinet.com/callcenter/menu_acciones_constitucionales.php?ced=1000940633&nom=ROA%20PEDRAZA%20DANIEL" "Mozilla/5.0 (Windows NT 10.0; Win64; x64) AppleWebKit/537.36 (KHTML, like Gecko) Chrome/150.0.0.0 Safari/537.36"
190.85.87.250 - - [14/Jul/2026:13:38:09 +0000] "POST /consulta_ced_info_servi.php HTTP/1.1" 200 7767 "http://www.asjudinet.com/consulta_ced_info_servi.php" "Mozilla/5.0 (Windows NT 10.0; Win64; x64) AppleWebKit/537.36 (KHTML, like Gecko) Chrome/150.0.0.0 Safari/537.36"
190.85.87.250 - - [14/Jul/2026:13:38:10 +0000] "GET /callcenter/respuesta_acciones_constitucional.php?cedulita=39546969&numcon=8197&fecha=2026-07-09&atencion=107037&funcionario=1000940633 HTTP/1.1" 200 22039 "http://www.asjudinet.com/callcenter/listado_acciones_constitucionales.php?ced=1000940633&nom=ROA%20PEDRAZA%20DANIEL" "Mozilla/5.0 (Windows NT 10.0; Win64; x64) AppleWebKit/537.36 (KHTML, like Gecko) Chrome/150.0.0.0 Safari/537.36"
190.85.191.209 - - [14/Jul/2026:13:38:11 +0000] "POST /validar_rev_solga.php HTTP/1.1" 200 19252 "http://www.asjudinet.com/validar_rev_solga.php" "Mozilla/5.0 (Windows NT 10.0; Win64; x64) AppleWebKit/537.36 (KHTML, like Gecko) Chrome/150.0.0.0 Safari/537.36"
190.85.191.209 - - [14/Jul/2026:13:38:11 +0000] "GET /themes//style/style.css HTTP/1.1" 404 - "http://www.asjudinet.com/validar_rev_solga.php" "Mozilla/5.0 (Windows NT 10.0; Win64; x64) AppleWebKit/537.36 (KHTML, like Gecko) Chrome/150.0.0.0 Safari/537.36"
190.85.191.209 - - [14/Jul/2026:13:38:11 +0000] "GET /revision_viaticosga.php?ced=41738943&nom=RODRIGUEZ%20%20MONTOYA%20ESPERANZA HTTP/1.1" 200 3247 "http://www.asjudinet.com/validar_rev_solga.php" "Mozilla/5.0 (Windows NT 10.0; Win64; x64) AppleWebKit/537.36 (KHTML, like Gecko) Chrome/150.0.0.0 Safari/537.36"
190.85.87.250 - - [14/Jul/2026:13:38:12 +0000] "POST /validar_usuarios_pagina.php? HTTP/1.1" 200 152 "http://www.asjudinet.com/validar_usuarios_pagina.php" "Mozilla/5.0 (Windows NT 10.0; Win64; x64) AppleWebKit/537.36 (KHTML, like Gecko) Chrome/150.0.0.0 Safari/537.36"
190.85.87.250 - - [14/Jul/2026:13:38:12 +0000] "GET /servicio_cliente.php?cedula=70472107&nom=%20GARCIA%20PULGARIN%20LUIS%20FERNANDO%20&estado=EN%20CARTERA HTTP/1.1" 200 29254 "http://www.asjudinet.com/validar_usuarios_pagina.php?" "Mozilla/5.0 (Windows NT 10.0; Win64; x64) AppleWebKit/537.36 (KHTML, like Gecko) Chrome/150.0.0.0 Safari/537.36"
190.85.87.250 - - [14/Jul/2026:13:38:12 +0000] "GET /themes//style/style.css HTTP/1.1" 404 - "http://www.asjudinet.com/servicio_cliente.php?cedula=70472107&nom=%20GARCIA%20PULGARIN%20LUIS%20FERNANDO%20&estado=EN%20CARTERA" "Mozilla/5.0 (Windows NT 10.0; Win64; x64) AppleWebKit/537.36 (KHTML, like Gecko) Chrome/150.0.0.0 Safari/537.36"
190.85.87.250 - - [14/Jul/2026:13:38:14 +0000] "GET /Consultar_Respuestas_afiliados.php HTTP/1.1" 200 4374 "http://www.asjudinet.com/servicio_cliente.php?cedula=70472107&nom=%20GARCIA%20PULGARIN%20LUIS%20FERNANDO%20&estado=EN%20CARTERA" "Mozilla/5.0 (Windows NT 10.0; Win64; x64) AppleWebKit/537.36 (KHTML, like Gecko) Chrome/150.0.0.0 Safari/537.36"
190.85.191.209 - - [14/Jul/2026:13:38:18 +0000] "GET /menu_viaticos.php HTTP/1.1" 200 5272 "http://www.asjudinet.com/revision_viaticosga.php?ced=41738943&nom=RODRIGUEZ%20%20MONTOYA%20ESPERANZA" "Mozilla/5.0 (Windows NT 10.0; Win64; x64) AppleWebKit/537.36 (KHTML, like Gecko) Chrome/150.0.0.0 Safari/537.36"
190.85.87.250 - - [14/Jul/2026:13:38:18 +0000] "GET /callcenter/menu_acciones_constitucionales.php?ced=1000940633&nom=ROA%20PEDRAZA%20DANIEL HTTP/1.1" 200 3294 "http://www.asjudinet.com/callcenter/listado_acciones_constitucionales.php?ced=1000940633&nom=ROA%20PEDRAZA%20DANIEL" "Mozilla/5.0 (Windows NT 10.0; Win64; x64) AppleWebKit/537.36 (KHTML, like Gecko) Chrome/150.0.0.0 Safari/537.36"
190.85.195.125 - - [14/Jul/2026:13:38:19 +0000] "GET /callcenter/validar_callcenter.php HTTP/1.1" 200 7839 "http://www.asjudinet.com/menu_admin.php?ced=1144127030&nom=ROSALES%20VELEZ%20DIANA%20CAROLINA&aaa=686&cargo=686" "Mozilla/5.0 (Windows NT 10.0; Win64; x64) AppleWebKit/537.36 (KHTML, like Gecko) Chrome/150.0.0.0 Safari/537.36"
190.85.87.250 - - [14/Jul/2026:13:38:19 +0000] "GET /callcenter/listado_acciones_constitucionales_pendientes.php?ced=1000940633&nom=ROA%20PEDRAZA%20DANIEL HTTP/1.1" 200 4541 "http://www.asjudinet.com/callcenter/menu_acciones_constitucionales.php?ced=1000940633&nom=ROA%20PEDRAZA%20DANIEL" "Mozilla/5.0 (Windows NT 10.0; Win64; x64) AppleWebKit/537.36 (KHTML, like Gecko) Chrome/150.0.0.0 Safari/537.36"
190.85.87.250 - - [14/Jul/2026:13:38:22 +0000] "GET /Consultar_Respuestas_afiliados.php?Identificacion=70472107&submit=CONSULTAR HTTP/1.1" 200 5375 "http://www.asjudinet.com/Consultar_Respuestas_afiliados.php" "Mozilla/5.0 (Windows NT 10.0; Win64; x64) AppleWebKit/537.36 (KHTML, like Gecko) Chrome/150.0.0.0 Safari/537.36"
190.85.191.209 - - [14/Jul/2026:13:38:21 +0000] "GET /sub_listado_viaticos.php HTTP/1.1" 200 1553011 "http://www.asjudinet.com/menu_viaticos.php" "Mozilla/5.0 (Windows NT 10.0; Win64; x64) AppleWebKit/537.36 (KHTML, like Gecko) Chrome/150.0.0.0 Safari/537.36"
190.85.195.125 - - [14/Jul/2026:13:38:23 +0000] "POST /callcenter/validar_callcenter.php HTTP/1.1" 200 7968 "http://www.asjudinet.com/callcenter/validar_callcenter.php" "Mozilla/5.0 (Windows NT 10.0; Win64; x64) AppleWebKit/537.36 (KHTML, like Gecko) Chrome/150.0.0.0 Safari/537.36"
190.85.195.125 - - [14/Jul/2026:13:38:23 +0000] "GET /callcenter/menu_callcenter.php?ced=1144127030&nom=ROSALES%20VELEZ%20DIANA%20CAROLINA HTTP/1.1" 200 11711 "http://www.asjudinet.com/callcenter/validar_callcenter.php" "Mozilla/5.0 (Windows NT 10.0; Win64; x64) AppleWebKit/537.36 (KHTML, like Gecko) Chrome/150.0.0.0 Safari/537.36"
190.85.195.125 - - [14/Jul/2026:13:38:23 +0000] "GET /ELEMENTS/fondo.jpg HTTP/1.1" 200 498245 "http://www.asjudinet.com/callcenter/menu_callcenter.php?ced=1144127030&nom=ROSALES%20VELEZ%20DIANA%20CAROLINA" "Mozilla/5.0 (Windows NT 10.0; Win64; x64) AppleWebKit/537.36 (KHTML, like Gecko) Chrome/150.0.0.0 Safari/537.36"
190.85.195.125 - - [14/Jul/2026:13:38:25 +0000] "GET /callcenter/validar_abogado.php?ced=1144127030&nom=ROSALES%20VELEZ%20DIANA%20CAROLINA HTTP/1.1" 200 7949 "http://www.asjudinet.com/callcenter/menu_callcenter.php?ced=1144127030&nom=ROSALES%20VELEZ%20DIANA%20CAROLINA" "Mozilla/5.0 (Windows NT 10.0; Win64; x64) AppleWebKit/537.36 (KHTML, like Gecko) Chrome/150.0.0.0 Safari/537.36"
190.85.87.250 - - [14/Jul/2026:13:38:28 +0000] "POST /consulta_ced_info_servi.php HTTP/1.1" 200 6969 "http://www.asjudinet.com/consulta_ced_info_servi.php" "Mozilla/5.0 (Windows NT 10.0; Win64; x64) AppleWebKit/537.36 (KHTML, like Gecko) Chrome/150.0.0.0 Safari/537.36"
190.85.87.250 - - [14/Jul/2026:13:38:26 +0000] "GET /Visualizar_Mensajes.php?numra=0-100&Id=128683&Identificacion=70472107 HTTP/1.1" 200 6691 "http://www.asjudinet.com/Consultar_Respuestas_afiliados.php?Identificacion=70472107&submit=CONSULTAR" "Mozilla/5.0 (Windows NT 10.0; Win64; x64) AppleWebKit/537.36 (KHTML, like Gecko) Chrome/150.0.0.0 Safari/537.36"
190.85.195.125 - - [14/Jul/2026:13:38:35 +0000] "POST /callcenter/validar_abogado.php HTTP/1.1" 200 8038 "http://www.asjudinet.com/callcenter/validar_abogado.php?ced=1144127030&nom=ROSALES%20VELEZ%20DIANA%20CAROLINA" "Mozilla/5.0 (Windows NT 10.0; Win64; x64) AppleWebKit/537.36 (KHTML, like Gecko) Chrome/150.0.0.0 Safari/537.36"
190.85.87.250 - - [14/Jul/2026:13:38:35 +0000] "GET /descargar_archivos.php?Id=65566 HTTP/1.1" 200 172249 "http://www.asjudinet.com/Visualizar_Mensajes.php?numra=0-100&Id=128683&Identificacion=70472107" "Mozilla/5.0 (Windows NT 10.0; Win64; x64) AppleWebKit/537.36 (KHTML, like Gecko) Chrome/150.0.0.0 Safari/537.36"
190.85.195.125 - - [14/Jul/2026:13:38:35 +0000] "GET /callcenter/menu_abogados.php?ced=1144127030&nom=ROSALES%20VELEZ%20DIANA%20CAROLINA HTTP/1.1" 200 3538 "http://www.asjudinet.com/callcenter/validar_abogado.php" "Mozilla/5.0 (Windows NT 10.0; Win64; x64) AppleWebKit/537.36 (KHTML, like Gecko) Chrome/150.0.0.0 Safari/537.36"
190.85.191.209 - - [14/Jul/2026:13:38:36 +0000] "GET /solicitud_viaticos_apro_gen.php?solicitud=1606166 HTTP/1.1" 200 15212 "http://www.asjudinet.com/sub_listado_viaticos.php" "Mozilla/5.0 (Windows NT 10.0; Win64; x64) AppleWebKit/537.36 (KHTML, like Gecko) Chrome/150.0.0.0 Safari/537.36"
190.85.195.125 - - [14/Jul/2026:13:38:37 +0000] "GET /callcenter/listado_por_abogado.php?ced=1144127030&nom=ROSALES%20VELEZ%20DIANA%20CAROLINA HTTP/1.1" 200 21960 "http://www.asjudinet.com/callcenter/menu_abogados.php?ced=1144127030&nom=ROSALES%20VELEZ%20DIANA%20CAROLINA" "Mozilla/5.0 (Windows NT 10.0; Win64; x64) AppleWebKit/537.36 (KHTML, like Gecko) Chrome/150.0.0.0 Safari/537.36"
114.119.142.135 - - [14/Jul/2026:13:38:40 +0000] "GET /index.php/zzztvsa/39aayzpksh_liqzne72382/principal/avigilajudicial/principal/principal/pages/avigilajudicial/principal/quienes.php HTTP/1.1" 200 54693 "http://www.asjudinet.com/index.php/zzztvsa/39aayzpksh_liqzne72382/principal/avigilajudicial/principal/principal/pages/avigilajudicial/val_usuarios.php" "Mozilla/5.0 (Linux; Android 7.0;) AppleWebKit/537.36 (HTML, like Gecko) Mobile Safari/537.36 (compatible; PetalBot;+https://webmaster.petalsearch.com/site/petalbot)"
190.85.191.209 - - [14/Jul/2026:13:38:41 +0000] "GET /mostrar_actuaciones2.php?proceso=472456001031201900284&id=1216965050 HTTP/1.1" 200 49940 "http://www.asjudinet.com/solicitud_viaticos_apro_gen.php?solicitud=1606166" "Mozilla/5.0 (Windows NT 10.0; Win64; x64) AppleWebKit/537.36 (KHTML, like Gecko) Chrome/150.0.0.0 Safari/537.36"
190.85.191.209 - - [14/Jul/2026:13:38:41 +0000] "POST /solicitud_viaticos_apro_gen.php?solicitud=1606166 HTTP/1.1" 200 15212 "http://www.asjudinet.com/solicitud_viaticos_apro_gen.php?solicitud=1606166" "Mozilla/5.0 (Windows NT 10.0; Win64; x64) AppleWebKit/537.36 (KHTML, like Gecko) Chrome/150.0.0.0 Safari/537.36"
190.85.191.209 - - [14/Jul/2026:13:38:41 +0000] "GET /fondo_argollado.gif HTTP/1.1" 404 - "http://www.asjudinet.com/mostrar_actuaciones2.php?proceso=472456001031201900284&id=1216965050" "Mozilla/5.0 (Windows NT 10.0; Win64; x64) AppleWebKit/537.36 (KHTML, like Gecko) Chrome/150.0.0.0 Safari/537.36"
190.85.87.250 - - [14/Jul/2026:13:39:01 +0000] "GET /callcenter/solicitud_cita.php?ced=1124077740&nom=ORTIZ%20YUSNEHIDI HTTP/1.1" 200 5654 "-" "Mozilla/5.0 (Windows NT 10.0; Win64; x64) AppleWebKit/537.36 (KHTML, like Gecko) Chrome/150.0.0.0 Safari/537.36"
190.85.87.250 - - [14/Jul/2026:13:39:09 +0000] "GET /cartera_consulta_titu_usuario.php?ced2=1129575036&numcon=27762 HTTP/1.1" 200 228269 "http://www.asjudinet.com/consulta_ced_info_servi.php" "Mozilla/5.0 (Windows NT 10.0; Win64; x64) AppleWebKit/537.36 (KHTML, like Gecko) Chrome/150.0.0.0 Safari/537.36"
190.85.87.250 - - [14/Jul/2026:13:39:16 +0000] "GET /callcenter/validar_recepcionistas.php?ced=1022986300&nom=NI%C3%91O%20GUERRERO%20CRISTIAN%20FELIPE HTTP/1.1" 200 7968 "http://www.asjudinet.com/callcenter/menu_callcenter.php?ced=1022986300&nom=NI%C3%91O%20GUERRERO%20CRISTIAN%20FELIPE" "Mozilla/5.0 (Windows NT 10.0; Win64; x64) AppleWebKit/537.36 (KHTML, like Gecko) Chrome/150.0.0.0 Safari/537.36"
190.85.87.250 - - [14/Jul/2026:13:39:16 +0000] "GET /css/bootstrap.min.css HTTP/1.1" 200 140930 "http://www.asjudinet.com/callcenter/validar_recepcionistas.php?ced=1022986300&nom=NI%C3%91O%20GUERRERO%20CRISTIAN%20FELIPE" "Mozilla/5.0 (Windows NT 10.0; Win64; x64) AppleWebKit/537.36 (KHTML, like Gecko) Chrome/150.0.0.0 Safari/537.36"
190.85.87.250 - - [14/Jul/2026:13:39:19 +0000] "POST /callcenter/validar_recepcionistas.php HTTP/1.1" 200 8061 "http://www.asjudinet.com/callcenter/validar_recepcionistas.php?ced=1022986300&nom=NI%C3%91O%20GUERRERO%20CRISTIAN%20FELIPE" "Mozilla/5.0 (Windows NT 10.0; Win64; x64) AppleWebKit/537.36 (KHTML, like Gecko) Chrome/150.0.0.0 Safari/537.36"
190.85.87.250 - - [14/Jul/2026:13:39:19 +0000] "GET /callcenter/solicitud_cita.php?ced=1000505297&nom=CORTAZAR%20HERRERA%20SERGIO%20ALEJANDRO HTTP/1.1" 200 5690 "http://www.asjudinet.com/callcenter/validar_recepcionistas.php" "Mozilla/5.0 (Windows NT 10.0; Win64; x64) AppleWebKit/537.36 (KHTML, like Gecko) Chrome/150.0.0.0 Safari/537.36"
190.85.191.209 - - [14/Jul/2026:13:39:25 +0000] "GET /menu_viaticos.php HTTP/1.1" 200 5272 "http://www.asjudinet.com/sub_listado_viaticos.php" "Mozilla/5.0 (Windows NT 10.0; Win64; x64) AppleWebKit/537.36 (KHTML, like Gecko) Chrome/150.0.0.0 Safari/537.36"
190.85.191.209 - - [14/Jul/2026:13:39:28 +0000] "GET /menu_admin.php HTTP/1.1" 200 55572 "http://www.asjudinet.com/menu_viaticos.php" "Mozilla/5.0 (Windows NT 10.0; Win64; x64) AppleWebKit/537.36 (KHTML, like Gecko) Chrome/150.0.0.0 Safari/537.36"
190.85.191.209 - - [14/Jul/2026:13:39:30 +0000] "GET /index.php HTTP/1.1" 200 54693 "http://www.asjudinet.com/menu_admin.php" "Mozilla/5.0 (Windows NT 10.0; Win64; x64) AppleWebKit/537.36 (KHTML, like Gecko) Chrome/150.0.0.0 Safari/537.36"
190.85.87.250 - - [14/Jul/2026:13:39:32 +0000] "GET /callcenter/respuesta_tickets.php?cedulita=9159492&numcon=24186&fecha=2026-05-27&atencion=106414 HTTP/1.1" 200 18687 "http://www.asjudinet.com/callcenter/solicitud_cita.php?ced=1110177572&nom=FERLA%20MORENO%20FRANCY%20LORENA" "Mozilla/5.0 (Windows NT 10.0; Win64; x64) AppleWebKit/537.36 (KHTML, like Gecko) Chrome/150.0.0.0 Safari/537.36"
190.85.87.250 - - [14/Jul/2026:13:39:35 +0000] "GET /callcenter/respuesta_tickets.php?cedulita=9159492&numcon=24186&fecha=2026-04-23&atencion=105952 HTTP/1.1" 200 17819 "http://www.asjudinet.com/callcenter/solicitud_cita.php?ced=1110177572&nom=FERLA%20MORENO%20FRANCY%20LORENA" "Mozilla/5.0 (Windows NT 10.0; Win64; x64) AppleWebKit/537.36 (KHTML, like Gecko) Chrome/150.0.0.0 Safari/537.36"
190.85.87.250 - - [14/Jul/2026:13:39:52 +0000] "GET /callcenter/solicitud_cita_ingreso.php?numcon=24186&cedulita=9159492&funcionario=1110177572 HTTP/1.1" 200 49114 "http://www.asjudinet.com/callcenter/solicitud_cita.php?ced=1110177572&nom=FERLA%20MORENO%20FRANCY%20LORENA" "Mozilla/5.0 (Windows NT 10.0; Win64; x64) AppleWebKit/537.36 (KHTML, like Gecko) Chrome/150.0.0.0 Safari/537.36"
114.119.156.102 - - [14/Jul/2026:13:40:03 +0000] "GET /index.php/zzztvsa/39aayzpksh_liqzne72382/principal/avigilajudicial/pages/pages/principal/principal/avigilajudicial/validar_usuarios_pagina.php HTTP/1.1" 200 54693 "http://www.asjudinet.com/index.php/zzztvsa/39aayzpksh_liqzne72382/principal/avigilajudicial/pages/pages/principal/principal/avigilajudicial/val_usuarios.php" "Mozilla/5.0 (Linux; Android 7.0;) AppleWebKit/537.36 (HTML, like Gecko) Mobile Safari/537.36 (compatible; PetalBot;+https://webmaster.petalsearch.com/site/petalbot)"
190.85.87.250 - - [14/Jul/2026:13:39:04 +0000] "POST /callcenter/solicitud_cita.php?ced=1124077740&nom=ORTIZ%20YUSNEHIDI HTTP/1.1" 200 136979 "http://www.asjudinet.com/callcenter/solicitud_cita.php?ced=1124077740&nom=ORTIZ%20YUSNEHIDI" "Mozilla/5.0 (Windows NT 10.0; Win64; x64) AppleWebKit/537.36 (KHTML, like Gecko) Chrome/150.0.0.0 Safari/537.36"
190.85.87.250 - - [14/Jul/2026:13:39:23 +0000] "POST /callcenter/solicitud_cita.php?ced=1000505297&nom=CORTAZAR%20HERRERA%20SERGIO%20ALEJANDRO HTTP/1.1" 200 116260 "http://www.asjudinet.com/callcenter/solicitud_cita.php?ced=1000505297&nom=CORTAZAR%20HERRERA%20SERGIO%20ALEJANDRO" "Mozilla/5.0 (Windows NT 10.0; Win64; x64) AppleWebKit/537.36 (KHTML, like Gecko) Chrome/150.0.0.0 Safari/537.36"
190.84.119.116 - - [14/Jul/2026:13:41:00 +0000] "GET /val_usuarios.php HTTP/1.1" 200 7808 "-" "Mozilla/5.0 (Windows NT 10.0; Win64; x64) AppleWebKit/537.36 (KHTML, like Gecko) Chrome/150.0.0.0 Safari/537.36 Edg/150.0.0.0"
190.84.119.116 - - [14/Jul/2026:13:41:00 +0000] "POST /val_usuarios.php HTTP/1.1" 200 142 "http://www.asjudinet.com/val_usuarios.php" "Mozilla/5.0 (Windows NT 10.0; Win64; x64) AppleWebKit/537.36 (KHTML, like Gecko) Chrome/150.0.0.0 Safari/537.36 Edg/150.0.0.0"
190.84.119.116 - - [14/Jul/2026:13:41:01 +0000] "GET /menu_admin.php?ced=72311716&nom=ROJANO%20HELD%20RICARDO&aaa=830&cargo=830 HTTP/1.1" 200 55572 "http://www.asjudinet.com/val_usuarios.php" "Mozilla/5.0 (Windows NT 10.0; Win64; x64) AppleWebKit/537.36 (KHTML, like Gecko) Chrome/150.0.0.0 Safari/537.36 Edg/150.0.0.0"
190.85.87.250 - - [14/Jul/2026:13:41:05 +0000] "GET /afinanciera/cartera_consul_titu_deb.php HTTP/1.1" 200 5181 "-" "Mozilla/5.0 (Windows NT 10.0; Win64; x64) AppleWebKit/537.36 (KHTML, like Gecko) Chrome/150.0.0.0 Safari/537.36"
190.84.119.116 - - [14/Jul/2026:13:41:06 +0000] "POST /val_usuarios.php HTTP/1.1" 200 142 "http://www.asjudinet.com/val_usuarios.php" "Mozilla/5.0 (Windows NT 10.0; Win64; x64) AppleWebKit/537.36 (KHTML, like Gecko) Chrome/150.0.0.0 Safari/537.36 Edg/150.0.0.0"
190.84.119.116 - - [14/Jul/2026:13:41:06 +0000] "GET /menu_admin.php?ced=72311716&nom=ROJANO%20HELD%20RICARDO&aaa=830&cargo=830 HTTP/1.1" 200 55572 "http://www.asjudinet.com/val_usuarios.php" "Mozilla/5.0 (Windows NT 10.0; Win64; x64) AppleWebKit/537.36 (KHTML, like Gecko) Chrome/150.0.0.0 Safari/537.36 Edg/150.0.0.0"
190.84.119.116 - - [14/Jul/2026:13:41:09 +0000] "GET /listado_procesos_abogados.php HTTP/1.1" 200 21476 "http://www.asjudinet.com/menu_admin.php?ced=72311716&nom=ROJANO%20HELD%20RICARDO&aaa=830&cargo=830" "Mozilla/5.0 (Windows NT 10.0; Win64; x64) AppleWebKit/537.36 (KHTML, like Gecko) Chrome/150.0.0.0 Safari/537.36 Edg/150.0.0.0"
190.84.119.116 - - [14/Jul/2026:13:41:24 +0000] "GET /listado_procesos_abogados.php?criterio=830 HTTP/1.1" 200 23632 "http://www.asjudinet.com/listado_procesos_abogados.php" "Mozilla/5.0 (Windows NT 10.0; Win64; x64) AppleWebKit/537.36 (KHTML, like Gecko) Chrome/150.0.0.0 Safari/537.36 Edg/150.0.0.0"
190.85.87.250 - - [14/Jul/2026:13:41:27 +0000] "GET /index.php HTTP/1.1" 200 54693 "-" "Mozilla/5.0 (Windows NT 10.0; Win64; x64) AppleWebKit/537.36 (KHTML, like Gecko) Chrome/150.0.0.0 Safari/537.36"
114.119.130.177 - - [14/Jul/2026:13:42:18 +0000] "GET /index.php/zzztvsa/39aayzpksh_liqzne72382/principal/avigilajudicial/ELEMENTS/principal/principal/avigilajudicial/pages/principal/consultar_contratos_escaneados_correo.php HTTP/1.1" 200 54693 "http://www.asjudinet.com/index.php/zzztvsa/39aayzpksh_liqzne72382/principal/avigilajudicial/ELEMENTS/principal/principal/avigilajudicial/pages/validar_usuarios_pagina.php" "Mozilla/5.0 (Linux; Android 7.0;) AppleWebKit/537.36 (HTML, like Gecko) Mobile Safari/537.36 (compatible; PetalBot;+https://webmaster.petalsearch.com/site/petalbot)"
190.85.87.250 - - [14/Jul/2026:13:42:22 +0000] "POST /callcenter/solicitud_cita_ingreso.php?numcon=3908&cedulita=83229558&funcionario=1124077740 HTTP/1.1" 200 49312 "http://www.asjudinet.com/callcenter/solicitud_cita_ingreso.php?numcon=3908&cedulita=83229558&funcionario=1124077740" "Mozilla/5.0 (Windows NT 10.0; Win64; x64) AppleWebKit/537.36 (KHTML, like Gecko) Chrome/150.0.0.0 Safari/537.36"
190.85.87.250 - - [14/Jul/2026:13:42:26 +0000] "GET /callcenter/menu_callcenter.php?ced=1124077740&nom=ORTIZ%20SUAREZ%20YUSNEHIDI HTTP/1.1" 200 11513 "http://www.asjudinet.com/callcenter/solicitud_cita_ingreso.php?numcon=3908&cedulita=83229558&funcionario=1124077740" "Mozilla/5.0 (Windows NT 10.0; Win64; x64) AppleWebKit/537.36 (KHTML, like Gecko) Chrome/150.0.0.0 Safari/537.36"
190.85.87.250 - - [14/Jul/2026:13:42:26 +0000] "POST /callcenter/respuesta_trabajo_pendiente.php?cedulita=94482263&numcon=11926&fecha=2026-07-02&atencion=106933&funcionario=1000940633 HTTP/1.1" 200 18334 "http://www.asjudinet.com/callcenter/respuesta_trabajo_pendiente.php?cedulita=94482263&numcon=11926&fecha=2026-07-02&atencion=106933&funcionario=1000940633" "Mozilla/5.0 (Windows NT 10.0; Win64; x64) AppleWebKit/537.36 (KHTML, like Gecko) Chrome/150.0.0.0 Safari/537.36"
190.85.87.250 - - [14/Jul/2026:13:42:31 +0000] "GET /callcenter/solicitud_cita.php?ced=1124077740&nom=ORTIZ%20YUSNEHIDI HTTP/1.1" 200 5654 "-" "Mozilla/5.0 (Windows NT 10.0; Win64; x64) AppleWebKit/537.36 (KHTML, like Gecko) Chrome/150.0.0.0 Safari/537.36"
190.85.87.250 - - [14/Jul/2026:13:42:38 +0000] "GET /callcenter/respuesta_trabajo_pendiente.php?cedulita=94482263&numcon=11926&fecha=2026-07-02&atencion=106933&funcionario=1000940633 HTTP/1.1" 200 18951 "http://www.asjudinet.com/callcenter/listado_acciones_constitucionales_pendientes.php?ced=1000940633&nom=ROA%20PEDRAZA%20DANIEL" "Mozilla/5.0 (Windows NT 10.0; Win64; x64) AppleWebKit/537.36 (KHTML, like Gecko) Chrome/150.0.0.0 Safari/537.36"
190.85.87.250 - - [14/Jul/2026:13:42:52 +0000] "POST /acobranzas/cobranzas_consulta_cartera1.php HTTP/1.1" 200 5951 "http://www.asjudinet.com/acobranzas/cobranzas_consulta_cartera1.php" "Mozilla/5.0 (Windows NT 10.0; Win64; x64) AppleWebKit/537.36 (KHTML, like Gecko) Chrome/150.0.0.0 Safari/537.36"
190.85.87.250 - - [14/Jul/2026:13:42:57 +0000] "GET /acobranzas/cobranzas_serviasju1.php?ced2=39639205&numcon=9711 HTTP/1.1" 200 16879 "http://www.asjudinet.com/acobranzas/cobranzas_consulta_cartera1.php" "Mozilla/5.0 (Windows NT 10.0; Win64; x64) AppleWebKit/537.36 (KHTML, like Gecko) Chrome/150.0.0.0 Safari/537.36"
190.85.87.250 - - [14/Jul/2026:13:42:57 +0000] "GET /acobranzas/cobranzas_serviasju1.php?ced2=39639205&numcon=9711 HTTP/1.1" 200 54242 "http://www.asjudinet.com/acobranzas/cobranzas_consulta_cartera1.php" "Mozilla/5.0 (Windows NT 10.0; Win64; x64) AppleWebKit/537.36 (KHTML, like Gecko) Chrome/150.0.0.0 Safari/537.36"
114.119.136.100 - - [14/Jul/2026:13:42:59 +0000] "GET /index.php/zzztvsa/39aayzpksh_liqzne72382/principal/ELEMENTS/principal/pages/principal/avigilajudicial/principal/ventajas.php HTTP/1.1" 200 54693 "http://www.asjudinet.com/index.php/zzztvsa/39aayzpksh_liqzne72382/principal/ELEMENTS/principal/pages/principal/avigilajudicial/validar_usuarios_pagina.php" "Mozilla/5.0 (Linux; Android 7.0;) AppleWebKit/537.36 (HTML, like Gecko) Mobile Safari/537.36 (compatible; PetalBot;+https://webmaster.petalsearch.com/site/petalbot)"
190.85.87.250 - - [14/Jul/2026:13:43:02 +0000] "GET /callcenter/listado_acciones_constitucionales_pendientes.php?ced=1000940633&nom=ROA%20PEDRAZA%20DANIEL HTTP/1.1" 200 3472 "http://www.asjudinet.com/callcenter/menu_acciones_constitucionales.php?ced=1000940633&nom=ROA%20PEDRAZA%20DANIEL" "Mozilla/5.0 (Windows NT 10.0; Win64; x64) AppleWebKit/537.36 (KHTML, like Gecko) Chrome/150.0.0.0 Safari/537.36"
190.85.87.250 - - [14/Jul/2026:13:43:01 +0000] "GET /callcenter/respuesta_tickets.php?cedulita=1129575036&numcon=27762&fecha=2026-07-10&atencion=107055 HTTP/1.1" 200 16916 "http://www.asjudinet.com/callcenter/solicitud_cita.php?ced=1000505297&nom=CORTAZAR%20HERRERA%20SERGIO%20ALEJANDRO" "Mozilla/5.0 (Windows NT 10.0; Win64; x64) AppleWebKit/537.36 (KHTML, like Gecko) Chrome/150.0.0.0 Safari/537.36"
190.85.87.250 - - [14/Jul/2026:13:43:05 +0000] "GET /callcenter/menu_acciones_constitucionales.php?ced=1000940633&nom=ROA%20PEDRAZA%20DANIEL HTTP/1.1" 200 3294 "http://www.asjudinet.com/callcenter/listado_acciones_constitucionales_pendientes.php?ced=1000940633&nom=ROA%20PEDRAZA%20DANIEL" "Mozilla/5.0 (Windows NT 10.0; Win64; x64) AppleWebKit/537.36 (KHTML, like Gecko) Chrome/150.0.0.0 Safari/537.36"
190.85.87.250 - - [14/Jul/2026:13:43:06 +0000] "GET /callcenter/listado_acciones_constitucionales_pendientes.php?ced=1000940633&nom=ROA%20PEDRAZA%20DANIEL HTTP/1.1" 200 3472 "http://www.asjudinet.com/callcenter/menu_acciones_constitucionales.php?ced=1000940633&nom=ROA%20PEDRAZA%20DANIEL" "Mozilla/5.0 (Windows NT 10.0; Win64; x64) AppleWebKit/537.36 (KHTML, like Gecko) Chrome/150.0.0.0 Safari/537.36"
190.85.87.250 - - [14/Jul/2026:13:43:08 +0000] "GET /callcenter/menu_acciones_constitucionales.php?ced=1000940633&nom=ROA%20PEDRAZA%20DANIEL HTTP/1.1" 200 3294 "http://www.asjudinet.com/callcenter/listado_acciones_constitucionales_pendientes.php?ced=1000940633&nom=ROA%20PEDRAZA%20DANIEL" "Mozilla/5.0 (Windows NT 10.0; Win64; x64) AppleWebKit/537.36 (KHTML, like Gecko) Chrome/150.0.0.0 Safari/537.36"
190.85.87.250 - - [14/Jul/2026:13:43:09 +0000] "GET /callcenter/listado_acciones_constitucionales.php?ced=1000940633&nom=ROA%20PEDRAZA%20DANIEL HTTP/1.1" 200 4426 "http://www.asjudinet.com/callcenter/menu_acciones_constitucionales.php?ced=1000940633&nom=ROA%20PEDRAZA%20DANIEL" "Mozilla/5.0 (Windows NT 10.0; Win64; x64) AppleWebKit/537.36 (KHTML, like Gecko) Chrome/150.0.0.0 Safari/537.36"
190.85.87.250 - - [14/Jul/2026:13:43:11 +0000] "GET /callcenter/respuesta_acciones_constitucional.php?cedulita=39546969&numcon=8197&fecha=2026-07-09&atencion=107037&funcionario=1000940633 HTTP/1.1" 200 22039 "http://www.asjudinet.com/callcenter/listado_acciones_constitucionales.php?ced=1000940633&nom=ROA%20PEDRAZA%20DANIEL" "Mozilla/5.0 (Windows NT 10.0; Win64; x64) AppleWebKit/537.36 (KHTML, like Gecko) Chrome/150.0.0.0 Safari/537.36"
190.85.87.250 - - [14/Jul/2026:13:43:12 +0000] "GET /callcenter/respuesta_tickets.php?cedulita=1129575036&numcon=27762&fecha=2026-07-09&atencion=107040 HTTP/1.1" 200 16715 "http://www.asjudinet.com/callcenter/solicitud_cita.php?ced=1000505297&nom=CORTAZAR%20HERRERA%20SERGIO%20ALEJANDRO" "Mozilla/5.0 (Windows NT 10.0; Win64; x64) AppleWebKit/537.36 (KHTML, like Gecko) Chrome/150.0.0.0 Safari/537.36"
190.84.119.116 - - [14/Jul/2026:13:43:15 +0000] "GET /abogados/validacion_revistas_judicial.php HTTP/1.1" 200 7841 "http://www.asjudinet.com/menu_admin.php?ced=72311716&nom=ROJANO%20HELD%20RICARDO&aaa=830&cargo=830" "Mozilla/5.0 (Windows NT 10.0; Win64; x64) AppleWebKit/537.36 (KHTML, like Gecko) Chrome/150.0.0.0 Safari/537.36 Edg/150.0.0.0"
190.85.87.250 - - [14/Jul/2026:13:43:16 +0000] "GET /callcenter/respuesta_tickets.php?cedulita=1129575036&numcon=27762&fecha=2026-07-06&atencion=106961 HTTP/1.1" 200 16736 "http://www.asjudinet.com/callcenter/solicitud_cita.php?ced=1000505297&nom=CORTAZAR%20HERRERA%20SERGIO%20ALEJANDRO" "Mozilla/5.0 (Windows NT 10.0; Win64; x64) AppleWebKit/537.36 (KHTML, like Gecko) Chrome/150.0.0.0 Safari/537.36"
190.85.87.250 - - [14/Jul/2026:13:43:23 +0000] "POST /callcenter/solicitud_cita_ingreso.php?numcon=24186&cedulita=9159492&funcionario=1110177572 HTTP/1.1" 200 49337 "http://www.asjudinet.com/callcenter/solicitud_cita_ingreso.php?numcon=24186&cedulita=9159492&funcionario=1110177572" "Mozilla/5.0 (Windows NT 10.0; Win64; x64) AppleWebKit/537.36 (KHTML, like Gecko) Chrome/150.0.0.0 Safari/537.36"
190.85.87.250 - - [14/Jul/2026:13:43:28 +0000] "GET /callcenter/respuesta_acciones_constitucional.php?cedulita=39546969&numcon=8197&fecha=2026-07-09&atencion=107037&funcionario=1000940633 HTTP/1.1" 200 22039 "http://www.asjudinet.com/callcenter/listado_acciones_constitucionales.php?ced=1000940633&nom=ROA%20PEDRAZA%20DANIEL" "Mozilla/5.0 (Windows NT 10.0; Win64; x64) AppleWebKit/537.36 (KHTML, like Gecko) Chrome/150.0.0.0 Safari/537.36"
190.85.87.250 - - [14/Jul/2026:13:43:28 +0000] "GET /callcenter/solicitud_cita_ingreso.php?numcon=27762&cedulita=1129575036&funcionario=1000505297 HTTP/1.1" 200 49115 "http://www.asjudinet.com/callcenter/solicitud_cita.php?ced=1000505297&nom=CORTAZAR%20HERRERA%20SERGIO%20ALEJANDRO" "Mozilla/5.0 (Windows NT 10.0; Win64; x64) AppleWebKit/537.36 (KHTML, like Gecko) Chrome/150.0.0.0 Safari/537.36"
190.84.119.116 - - [14/Jul/2026:13:43:32 +0000] "POST /abogados/validacion_revistas_judicial.php HTTP/1.1" 200 7968 "http://www.asjudinet.com/abogados/validacion_revistas_judicial.php" "Mozilla/5.0 (Windows NT 10.0; Win64; x64) AppleWebKit/537.36 (KHTML, like Gecko) Chrome/150.0.0.0 Safari/537.36 Edg/150.0.0.0"
190.84.119.116 - - [14/Jul/2026:13:43:32 +0000] "GET /abogados/menu_vigilancia_judicial.php?ced=72311716&nom=ROJANO%20HELD%20RICARDO HTTP/1.1" 200 6839 "http://www.asjudinet.com/abogados/validacion_revistas_judicial.php" "Mozilla/5.0 (Windows NT 10.0; Win64; x64) AppleWebKit/537.36 (KHTML, like Gecko) Chrome/150.0.0.0 Safari/537.36 Edg/150.0.0.0"
190.85.87.250 - - [14/Jul/2026:13:43:37 +0000] "POST /acobranzas/cobranzas_consulta_cartera1.php HTTP/1.1" 200 5945 "http://www.asjudinet.com/acobranzas/cobranzas_consulta_cartera1.php" "Mozilla/5.0 (Windows NT 10.0; Win64; x64) AppleWebKit/537.36 (KHTML, like Gecko) Chrome/150.0.0.0 Safari/537.36"
190.84.119.116 - - [14/Jul/2026:13:43:38 +0000] "GET /abogados/ingresar_revista_judicial.php?ced=72311716&nom=ROJANO%20HELD%20RICARDO HTTP/1.1" 200 4951 "http://www.asjudinet.com/abogados/menu_vigilancia_judicial.php?ced=72311716&nom=ROJANO%20HELD%20RICARDO" "Mozilla/5.0 (Windows NT 10.0; Win64; x64) AppleWebKit/537.36 (KHTML, like Gecko) Chrome/150.0.0.0 Safari/537.36 Edg/150.0.0.0"
190.85.87.250 - - [14/Jul/2026:13:43:39 +0000] "GET /acobranzas/cobranzas_serviasju1.php?ced2=13855781&numcon=12419 HTTP/1.1" 200 16873 "http://www.asjudinet.com/acobranzas/cobranzas_consulta_cartera1.php" "Mozilla/5.0 (Windows NT 10.0; Win64; x64) AppleWebKit/537.36 (KHTML, like Gecko) Chrome/150.0.0.0 Safari/537.36"
190.85.87.250 - - [14/Jul/2026:13:43:39 +0000] "GET /acobranzas/cobranzas_serviasju1.php?ced2=13855781&numcon=12419 HTTP/1.1" 200 200744 "http://www.asjudinet.com/acobranzas/cobranzas_consulta_cartera1.php" "Mozilla/5.0 (Windows NT 10.0; Win64; x64) AppleWebKit/537.36 (KHTML, like Gecko) Chrome/150.0.0.0 Safari/537.36"
190.85.87.250 - - [14/Jul/2026:13:43:41 +0000] "GET /callcenter/menu_callcenter.php?ced=1110177572&nom=FERLA%20MORENO%20FRANCY%20LORENA HTTP/1.1" 200 11645 "http://www.asjudinet.com/callcenter/solicitud_cita_ingreso.php?numcon=24186&cedulita=9159492&funcionario=1110177572" "Mozilla/5.0 (Windows NT 10.0; Win64; x64) AppleWebKit/537.36 (KHTML, like Gecko) Chrome/150.0.0.0 Safari/537.36"
190.85.87.250 - - [14/Jul/2026:13:43:42 +0000] "GET /callcenter/validar_recepcionistas.php?ced=1110177572&nom=FERLA%20MORENO%20FRANCY%20LORENA HTTP/1.1" 200 7964 "http://www.asjudinet.com/callcenter/menu_callcenter.php?ced=1110177572&nom=FERLA%20MORENO%20FRANCY%20LORENA" "Mozilla/5.0 (Windows NT 10.0; Win64; x64) AppleWebKit/537.36 (KHTML, like Gecko) Chrome/150.0.0.0 Safari/537.36"
190.85.87.250 - - [14/Jul/2026:13:43:44 +0000] "POST /callcenter/validar_recepcionistas.php HTTP/1.1" 200 8054 "http://www.asjudinet.com/callcenter/validar_recepcionistas.php?ced=1110177572&nom=FERLA%20MORENO%20FRANCY%20LORENA" "Mozilla/5.0 (Windows NT 10.0; Win64; x64) AppleWebKit/537.36 (KHTML, like Gecko) Chrome/150.0.0.0 Safari/537.36"
190.85.87.250 - - [14/Jul/2026:13:43:44 +0000] "GET /callcenter/solicitud_cita.php?ced=1110177572&nom=FERLA%20MORENO%20FRANCY%20LORENA HTTP/1.1" 200 5676 "http://www.asjudinet.com/callcenter/validar_recepcionistas.php" "Mozilla/5.0 (Windows NT 10.0; Win64; x64) AppleWebKit/537.36 (KHTML, like Gecko) Chrome/150.0.0.0 Safari/537.36"
190.85.87.250 - - [14/Jul/2026:13:43:47 +0000] "POST /cartera_num_procesos_sus.php?ced2=9159492&numcon=24186 HTTP/1.1" 200 19911 "http://www.asjudinet.com/cartera_num_procesos_sus.php?ced2=9159492&numcon=24186" "Mozilla/5.0 (Windows NT 10.0; Win64; x64) AppleWebKit/537.36 (KHTML, like Gecko) Chrome/150.0.0.0 Safari/537.36"
190.85.87.250 - - [14/Jul/2026:13:43:47 +0000] "GET /cartera_consulta_titu_usuario.php?ced2=9159492&numcon=24186 HTTP/1.1" 200 263382 "http://www.asjudinet.com/cartera_num_procesos_sus.php?ced2=9159492&numcon=24186" "Mozilla/5.0 (Windows NT 10.0; Win64; x64) AppleWebKit/537.36 (KHTML, like Gecko) Chrome/150.0.0.0 Safari/537.36"
190.84.119.116 - - [14/Jul/2026:13:43:48 +0000] "GET /listado_procesos_abogados.php?pagina=2&orden=numero_proceso&criterio=830 HTTP/1.1" 200 21202 "http://www.asjudinet.com/listado_procesos_abogados.php?criterio=830" "Mozilla/5.0 (Windows NT 10.0; Win64; x64) AppleWebKit/537.36 (KHTML, like Gecko) Chrome/150.0.0.0 Safari/537.36 Edg/150.0.0.0"
190.85.191.209 - - [14/Jul/2026:13:43:49 +0000] "GET /index.php HTTP/1.1" 200 54693 "-" "Mozilla/5.0 (Windows NT 10.0; Win64; x64) AppleWebKit/537.36 (KHTML, like Gecko) Chrome/150.0.0.0 Safari/537.36 Edg/150.0.0.0"
190.85.87.250 - - [14/Jul/2026:13:43:50 +0000] "GET /consulta_cartera.php HTTP/1.1" 200 4668 "http://www.asjudinet.com/cartera_consulta_titu_usuario.php?ced2=9159492&numcon=24186" "Mozilla/5.0 (Windows NT 10.0; Win64; x64) AppleWebKit/537.36 (KHTML, like Gecko) Chrome/150.0.0.0 Safari/537.36"
190.85.87.250 - - [14/Jul/2026:13:43:51 +0000] "GET /consulta_ced_info_servi.php HTTP/1.1" 200 4523 "http://www.asjudinet.com/consulta_cartera.php" "Mozilla/5.0 (Windows NT 10.0; Win64; x64) AppleWebKit/537.36 (KHTML, like Gecko) Chrome/150.0.0.0 Safari/537.36"
190.85.191.209 - - [14/Jul/2026:13:43:53 +0000] "GET /val_usuarios.php HTTP/1.1" 200 7808 "http://www.asjudinet.com/index.php" "Mozilla/5.0 (Windows NT 10.0; Win64; x64) AppleWebKit/537.36 (KHTML, like Gecko) Chrome/150.0.0.0 Safari/537.36 Edg/150.0.0.0"
190.85.87.250 - - [14/Jul/2026:13:44:07 +0000] "POST /callcenter/solicitud_cita_ingreso.php?numcon=27762&cedulita=1129575036&funcionario=1000505297 HTTP/1.1" 200 49345 "http://www.asjudinet.com/callcenter/solicitud_cita_ingreso.php?numcon=27762&cedulita=1129575036&funcionario=1000505297" "Mozilla/5.0 (Windows NT 10.0; Win64; x64) AppleWebKit/537.36 (KHTML, like Gecko) Chrome/150.0.0.0 Safari/537.36"
190.85.87.250 - - [14/Jul/2026:13:44:09 +0000] "GET /callcenter/menu_callcenter.php?ced=1000505297&nom=CORTAZAR%20HERRERA%20SERGIO%20ALEJANDRO HTTP/1.1" 200 11876 "http://www.asjudinet.com/callcenter/solicitud_cita_ingreso.php?numcon=27762&cedulita=1129575036&funcionario=1000505297" "Mozilla/5.0 (Windows NT 10.0; Win64; x64) AppleWebKit/537.36 (KHTML, like Gecko) Chrome/150.0.0.0 Safari/537.36"
190.85.87.250 - - [14/Jul/2026:13:44:10 +0000] "GET /callcenter/validar_recepcionistas.php?ced=1000505297&nom=CORTAZAR%20HERRERA%20SERGIO%20ALEJANDRO HTTP/1.1" 200 7971 "http://www.asjudinet.com/callcenter/menu_callcenter.php?ced=1000505297&nom=CORTAZAR%20HERRERA%20SERGIO%20ALEJANDRO" "Mozilla/5.0 (Windows NT 10.0; Win64; x64) AppleWebKit/537.36 (KHTML, like Gecko) Chrome/150.0.0.0 Safari/537.36"
190.85.87.250 - - [14/Jul/2026:13:44:13 +0000] "POST /callcenter/validar_recepcionistas.php HTTP/1.1" 200 8061 "http://www.asjudinet.com/callcenter/validar_recepcionistas.php?ced=1000505297&nom=CORTAZAR%20HERRERA%20SERGIO%20ALEJANDRO" "Mozilla/5.0 (Windows NT 10.0; Win64; x64) AppleWebKit/537.36 (KHTML, like Gecko) Chrome/150.0.0.0 Safari/537.36"
190.85.87.250 - - [14/Jul/2026:13:44:13 +0000] "GET /callcenter/solicitud_cita.php?ced=1000505297&nom=CORTAZAR%20HERRERA%20SERGIO%20ALEJANDRO HTTP/1.1" 200 5690 "http://www.asjudinet.com/callcenter/validar_recepcionistas.php" "Mozilla/5.0 (Windows NT 10.0; Win64; x64) AppleWebKit/537.36 (KHTML, like Gecko) Chrome/150.0.0.0 Safari/537.36"
190.85.191.209 - - [14/Jul/2026:13:44:14 +0000] "POST /val_usuarios.php HTTP/1.1" 200 145 "http://www.asjudinet.com/val_usuarios.php" "Mozilla/5.0 (Windows NT 10.0; Win64; x64) AppleWebKit/537.36 (KHTML, like Gecko) Chrome/150.0.0.0 Safari/537.36 Edg/150.0.0.0"
190.85.191.209 - - [14/Jul/2026:13:44:14 +0000] "GET /menu_admin.php?ced=51940182&nom=GIRALDO%20ALBA%20MARGARITA&aaa=137&cargo=137 HTTP/1.1" 200 55572 "http://www.asjudinet.com/val_usuarios.php" "Mozilla/5.0 (Windows NT 10.0; Win64; x64) AppleWebKit/537.36 (KHTML, like Gecko) Chrome/150.0.0.0 Safari/537.36 Edg/150.0.0.0"
114.119.137.103 - - [14/Jul/2026:13:44:14 +0000] "GET /index.php/zzztvsa/39aayzpksh_liqzne72382/principal/ELEMENTS/otros/principal/pages/pages/pages/principal/soporteacademico.php HTTP/1.1" 200 54693 "http://www.asjudinet.com/index.php/zzztvsa/39aayzpksh_liqzne72382/principal/ELEMENTS/otros/principal/pages/pages/pages/val_usuarios.php" "Mozilla/5.0 (Linux; Android 7.0;) AppleWebKit/537.36 (HTML, like Gecko) Mobile Safari/537.36 (compatible; PetalBot;+https://webmaster.petalsearch.com/site/petalbot)"
190.84.119.116 - - [14/Jul/2026:13:44:15 +0000] "GET /visualizar_actuaciones.php?proceso=47001315300320220022800&cedula=79937966 HTTP/1.1" 200 38786 "http://www.asjudinet.com/listado_procesos_abogados.php?pagina=2&orden=numero_proceso&criterio=830" "Mozilla/5.0 (Windows NT 10.0; Win64; x64) AppleWebKit/537.36 (KHTML, like Gecko) Chrome/150.0.0.0 Safari/537.36 Edg/150.0.0.0"
190.84.119.116 - - [14/Jul/2026:13:44:15 +0000] "GET /fondo_argollado.gif HTTP/1.1" 404 - "http://www.asjudinet.com/visualizar_actuaciones.php?proceso=47001315300320220022800&cedula=79937966" "Mozilla/5.0 (Windows NT 10.0; Win64; x64) AppleWebKit/537.36 (KHTML, like Gecko) Chrome/150.0.0.0 Safari/537.36 Edg/150.0.0.0"
190.85.87.250 - - [14/Jul/2026:13:44:16 +0000] "GET /consulta_cartera.php HTTP/1.1" 200 4668 "http://www.asjudinet.com/cartera_consulta_titu_usuario.php?ced2=1129575036&numcon=27762" "Mozilla/5.0 (Windows NT 10.0; Win64; x64) AppleWebKit/537.36 (KHTML, like Gecko) Chrome/150.0.0.0 Safari/537.36"
190.85.191.209 - - [14/Jul/2026:13:44:17 +0000] "GET /consulta_cartera.php HTTP/1.1" 200 4668 "http://www.asjudinet.com/menu_admin.php?ced=51940182&nom=GIRALDO%20ALBA%20MARGARITA&aaa=137&cargo=137" "Mozilla/5.0 (Windows NT 10.0; Win64; x64) AppleWebKit/537.36 (KHTML, like Gecko) Chrome/150.0.0.0 Safari/537.36 Edg/150.0.0.0"
190.85.191.209 - - [14/Jul/2026:13:44:17 +0000] "GET /ELEMENTOS/fondo_argollado.gif HTTP/1.1" 200 1751 "http://www.asjudinet.com/consulta_cartera.php" "Mozilla/5.0 (Windows NT 10.0; Win64; x64) AppleWebKit/537.36 (KHTML, like Gecko) Chrome/150.0.0.0 Safari/537.36 Edg/150.0.0.0"
190.85.87.250 - - [14/Jul/2026:13:44:18 +0000] "GET /consulta_ced_info_servi.php HTTP/1.1" 200 4523 "http://www.asjudinet.com/consulta_cartera.php" "Mozilla/5.0 (Windows NT 10.0; Win64; x64) AppleWebKit/537.36 (KHTML, like Gecko) Chrome/150.0.0.0 Safari/537.36"
190.85.191.209 - - [14/Jul/2026:13:44:19 +0000] "GET /consulta_ced_info_servi.php HTTP/1.1" 200 4523 "http://www.asjudinet.com/consulta_cartera.php" "Mozilla/5.0 (Windows NT 10.0; Win64; x64) AppleWebKit/537.36 (KHTML, like Gecko) Chrome/150.0.0.0 Safari/537.36 Edg/150.0.0.0"
190.84.119.116 - - [14/Jul/2026:13:44:26 +0000] "POST /abogados/ingresar_revista_judicial.php?ced=72311716&nom=ROJANO%20HELD%20RICARDO HTTP/1.1" 200 7472 "http://www.asjudinet.com/abogados/ingresar_revista_judicial.php?ced=72311716&nom=ROJANO%20HELD%20RICARDO" "Mozilla/5.0 (Windows NT 10.0; Win64; x64) AppleWebKit/537.36 (KHTML, like Gecko) Chrome/150.0.0.0 Safari/537.36 Edg/150.0.0.0"
190.84.119.116 - - [14/Jul/2026:13:44:29 +0000] "GET /abogados/formulario_ingreso_revista.php?proceso=47001315300320220022800&id=79937966&cc=72311716 HTTP/1.1" 200 46925 "http://www.asjudinet.com/abogados/ingresar_revista_judicial.php?ced=72311716&nom=ROJANO%20HELD%20RICARDO" "Mozilla/5.0 (Windows NT 10.0; Win64; x64) AppleWebKit/537.36 (KHTML, like Gecko) Chrome/150.0.0.0 Safari/537.36 Edg/150.0.0.0"
190.85.191.209 - - [14/Jul/2026:13:44:30 +0000] "POST /consulta_ced_info_servi.php HTTP/1.1" 200 6973 "http://www.asjudinet.com/consulta_ced_info_servi.php" "Mozilla/5.0 (Windows NT 10.0; Win64; x64) AppleWebKit/537.36 (KHTML, like Gecko) Chrome/150.0.0.0 Safari/537.36 Edg/150.0.0.0"
190.85.191.209 - - [14/Jul/2026:13:44:34 +0000] "GET /cartera_consulta_titu_usuario.php?ced2=70472107&numcon=I0790A HTTP/1.1" 200 101395 "http://www.asjudinet.com/consulta_ced_info_servi.php" "Mozilla/5.0 (Windows NT 10.0; Win64; x64) AppleWebKit/537.36 (KHTML, like Gecko) Chrome/150.0.0.0 Safari/537.36 Edg/150.0.0.0"
114.119.156.102 - - [14/Jul/2026:13:45:37 +0000] "GET /index.php/zzztvsa/39aayzpksh_liqzne72382/principal/ELEMENTS/otros/principal/pages/pages/pages/pages/menu_creditos_rotativos.php HTTP/1.1" 200 54693 "http://www.asjudinet.com/index.php/zzztvsa/39aayzpksh_liqzne72382/principal/ELEMENTS/otros/principal/pages/pages/pages/val_usuarios.php" "Mozilla/5.0 (Linux; Android 7.0;) AppleWebKit/537.36 (HTML, like Gecko) Mobile Safari/537.36 (compatible; PetalBot;+https://webmaster.petalsearch.com/site/petalbot)"
190.85.87.250 - - [14/Jul/2026:13:45:47 +0000] "GET /callcenter/respuesta_acciones_constitucional.php?cedulita=39546969&numcon=8197&fecha=2026-07-09&atencion=107037&funcionario=1000940633 HTTP/1.1" 200 22039 "http://www.asjudinet.com/callcenter/listado_acciones_constitucionales.php?ced=1000940633&nom=ROA%20PEDRAZA%20DANIEL" "Mozilla/5.0 (Windows NT 10.0; Win64; x64) AppleWebKit/537.36 (KHTML, like Gecko) Chrome/150.0.0.0 Safari/537.36"
190.84.119.116 - - [14/Jul/2026:13:46:02 +0000] "POST /abogados/formulario_ingreso_revista.php?proceso=47001315300320220022800&id=79937966&cc=72311716 HTTP/1.1" 200 47678 "http://www.asjudinet.com/abogados/formulario_ingreso_revista.php?proceso=47001315300320220022800&id=79937966&cc=72311716" "Mozilla/5.0 (Windows NT 10.0; Win64; x64) AppleWebKit/537.36 (KHTML, like Gecko) Chrome/150.0.0.0 Safari/537.36 Edg/150.0.0.0"
190.85.191.209 - - [14/Jul/2026:13:46:13 +0000] "POST /afinanciera/cartera_consultar_cargar_deb.php HTTP/1.1" 200 6057 "http://www.asjudinet.com/afinanciera/cartera_consultar_cargar_deb.php" "Mozilla/5.0 (Windows NT 10.0; Win64; x64) AppleWebKit/537.36 (KHTML, like Gecko) Chrome/150.0.0.0 Safari/537.36 Edg/150.0.0.0"
190.85.191.209 - - [14/Jul/2026:13:46:15 +0000] "GET /afinanciera/cartera_cargar_manual_deb.php?ced2=1049412033&numcon=24844 HTTP/1.1" 200 241223 "http://www.asjudinet.com/afinanciera/cartera_consultar_cargar_deb.php" "Mozilla/5.0 (Windows NT 10.0; Win64; x64) AppleWebKit/537.36 (KHTML, like Gecko) Chrome/150.0.0.0 Safari/537.36 Edg/150.0.0.0"
190.84.119.116 - - [14/Jul/2026:13:46:33 +0000] "GET /visualizar_actuaciones.php?proceso=47001418900220200088300&cedula=1082403328 HTTP/1.1" 200 33694 "http://www.asjudinet.com/listado_procesos_abogados.php?pagina=2&orden=numero_proceso&criterio=830" "Mozilla/5.0 (Windows NT 10.0; Win64; x64) AppleWebKit/537.36 (KHTML, like Gecko) Chrome/150.0.0.0 Safari/537.36 Edg/150.0.0.0"
190.84.119.116 - - [14/Jul/2026:13:46:33 +0000] "GET /fondo_argollado.gif HTTP/1.1" 404 - "http://www.asjudinet.com/visualizar_actuaciones.php?proceso=47001418900220200088300&cedula=1082403328" "Mozilla/5.0 (Windows NT 10.0; Win64; x64) AppleWebKit/537.36 (KHTML, like Gecko) Chrome/150.0.0.0 Safari/537.36 Edg/150.0.0.0"
190.84.119.116 - - [14/Jul/2026:13:46:41 +0000] "POST /abogados/ingresar_revista_judicial.php?ced=72311716&nom=ROJANO%20HELD%20RICARDO HTTP/1.1" 200 7447 "http://www.asjudinet.com/abogados/ingresar_revista_judicial.php?ced=72311716&nom=ROJANO%20HELD%20RICARDO" "Mozilla/5.0 (Windows NT 10.0; Win64; x64) AppleWebKit/537.36 (KHTML, like Gecko) Chrome/150.0.0.0 Safari/537.36 Edg/150.0.0.0"
